-- Table structure for table `quote_address_item`
--

CREATE TABLE `quote_address_item` (
  `address_item_id` int(10) unsigned NOT NULL AUTO_INCREMENT COMMENT 'Address Item ID',
  `parent_item_id` int(10) unsigned DEFAULT NULL COMMENT 'Parent Item ID',
  `quote_address_id` int(10) unsigned NOT NULL DEFAULT 0 COMMENT 'Quote Address ID',
  `quote_item_id` int(10) unsigned NOT NULL DEFAULT 0 COMMENT 'Quote Item ID',
  `created_at` timestamp NOT NULL DEFAULT current_timestamp() COMMENT 'Created At',
  `updated_at` timestamp NOT NULL DEFAULT current_timestamp() ON UPDATE current_timestamp() COMMENT 'Updated At',
  `applied_rule_ids` text DEFAULT NULL COMMENT 'Applied Rule Ids',
  `additional_data` text DEFAULT NULL COMMENT 'Additional Data',
  `weight` decimal(12,4) DEFAULT 0.0000 COMMENT 'Weight',
  `qty` decimal(12,4) NOT NULL DEFAULT 0.0000 COMMENT 'Qty',
  `discount_amount` decimal(20,4) DEFAULT 0.0000 COMMENT 'Discount Amount',
  `tax_amount` decimal(20,4) DEFAULT 0.0000 COMMENT 'Tax Amount',
  `row_total` decimal(20,4) NOT NULL DEFAULT 0.0000 COMMENT 'Row Total',
  `base_row_total` decimal(20,4) NOT NULL DEFAULT 0.0000 COMMENT 'Base Row Total',
  `row_total_with_discount` decimal(20,4) DEFAULT 0.0000 COMMENT 'Row Total With Discount',
  `base_discount_amount` decimal(20,4) DEFAULT 0.0000 COMMENT 'Base Discount Amount',
  `base_tax_amount` decimal(20,4) DEFAULT 0.0000 COMMENT 'Base Tax Amount',
  `row_weight` decimal(12,4) DEFAULT 0.0000 COMMENT 'Row Weight',
  `product_id` int(10) unsigned DEFAULT NULL COMMENT 'Product ID',
  `super_product_id` int(10) unsigned DEFAULT NULL COMMENT 'Super Product ID',
  `parent_product_id` int(10) unsigned DEFAULT NULL COMMENT 'Parent Product ID',
  `store_id` smallint(5) unsigned DEFAULT NULL COMMENT 'Store ID',
  `sku` varchar(255) DEFAULT NULL COMMENT 'Sku',
  `image` varchar(255) DEFAULT NULL COMMENT 'Image',
  `name` varchar(255) DEFAULT NULL COMMENT 'Name',
  `description` text DEFAULT NULL COMMENT 'Description',
  `is_qty_decimal` int(10) unsigned DEFAULT NULL COMMENT 'Is Qty Decimal',
  `price` decimal(12,4) DEFAULT NULL COMMENT 'Price',
  `discount_percent` decimal(12,4) DEFAULT NULL COMMENT 'Discount Percent',
  `no_discount` int(10) unsigned DEFAULT NULL COMMENT 'No Discount',
  `tax_percent` decimal(12,4) DEFAULT NULL COMMENT 'Tax Percent',
  `base_price` decimal(12,4) DEFAULT NULL COMMENT 'Base Price',
  `base_cost` decimal(12,4) DEFAULT NULL COMMENT 'Base Cost',
  `price_incl_tax` decimal(20,4) DEFAULT NULL COMMENT 'Price Incl Tax',
  `base_price_incl_tax` decimal(20,4) DEFAULT NULL COMMENT 'Base Price Incl Tax',
  `row_total_incl_tax` decimal(20,4) DEFAULT NULL COMMENT 'Row Total Incl Tax',
  `base_row_total_incl_tax` decimal(20,4) DEFAULT NULL COMMENT 'Base Row Total Incl Tax',
  `discount_tax_compensation_amount` decimal(20,4) DEFAULT NULL COMMENT 'Discount Tax Compensation Amount',
  `base_discount_tax_compensation_amount` decimal(20,4) DEFAULT NULL COMMENT 'Base Discount Tax Compensation Amount',
  `gift_message_id` int(11) DEFAULT NULL COMMENT 'Gift Message ID',
  `free_shipping` int(10) unsigned DEFAULT NULL COMMENT 'Free Shipping',
  PRIMARY KEY (`address_item_id`),
  KEY `QUOTE_ADDRESS_ITEM_QUOTE_ADDRESS_ID` (`quote_address_id`),
  KEY `QUOTE_ADDRESS_ITEM_PARENT_ITEM_ID` (`parent_item_id`),
  KEY `QUOTE_ADDRESS_ITEM_QUOTE_ITEM_ID` (`quote_item_id`),
  KEY `QUOTE_ADDRESS_ITEM_STORE_ID` (`store_id`),
  CONSTRAINT `QUOTE_ADDRESS_ITEM_QUOTE_ADDRESS_ID_QUOTE_ADDRESS_ADDRESS_ID` FOREIGN KEY (`quote_address_id`) REFERENCES `quote_address` (`address_id`) ON DELETE CASCADE,
  CONSTRAINT `QUOTE_ADDRESS_ITEM_QUOTE_ITEM_ID_QUOTE_ITEM_ITEM_ID` FOREIGN KEY (`quote_item_id`) REFERENCES `quote_item` (`item_id`) ON DELETE CASCADE,
  CONSTRAINT `QUOTE_ADDR_ITEM_PARENT_ITEM_ID_QUOTE_ADDR_ITEM_ADDR_ITEM_ID` FOREIGN KEY (`parent_item_id`) REFERENCES `quote_address_item` (`address_item_id`) ON DELETE CASCADE
) ENGINE=InnoDB DEFAULT CHARSET=utf8 COMMENT='Sales Flat Quote Address Item';

--
-- Dumping data for table `quote_address_item`
--


--
-- Table structure for table `quote_id_mask`
--

CREATE TABLE `quote_id_mask` (
  `entity_id` int(10) unsigned NOT NULL AUTO_INCREMENT COMMENT 'Entity ID',
  `quote_id` int(10) unsigned NOT NULL COMMENT 'Quote ID',
  `masked_id` varchar(32) DEFAULT NULL COMMENT 'Masked ID',
  PRIMARY KEY (`entity_id`,`quote_id`),
  KEY `QUOTE_ID_MASK_QUOTE_ID` (`quote_id`),
  KEY `QUOTE_ID_MASK_MASKED_ID` (`masked_id`),
  CONSTRAINT `QUOTE_ID_MASK_QUOTE_ID_QUOTE_ENTITY_ID` FOREIGN KEY (`quote_id`) REFERENCES `quote` (`entity_id`) ON DELETE CASCADE
) ENGINE=InnoDB AUTO_INCREMENT=95 DEFAULT CHARSET=utf8 COMMENT='Quote ID and masked ID mapping';

--
-- Dumping data for table `quote_id_mask`
--

INSERT INTO `quote_id_mask` VALUES (44,44,'0hfI7oPpe1kK4dHk41d1ECRHCzBNwTQm'),(59,61,'0QVDHhPEBGuln9Rxd8dJVYdbTBPQzJjw'),(46,46,'136KhAfBPScf5r2cNWKZAPNP0CtRj1YR'),(81,87,'1jP4E1bAOX07Oh3LHVS7YnsErCFdWHuz'),(89,96,'1syZbijXFOIZpvE92OIuyeUhs9xC4ZvX'),(76,78,'1teWzAg3zQgYFyM9eQL3Zr2EXaBKgo0I'),(60,62,'4ccjLUgRqTz8HEyNPiiLRPDEC0rrqTLf'),(58,60,'4yYcaSIAu4LjEQNvSreWPAVaS2udDhol'),(93,100,'6jdvdm8vj05V137iEPfdIrBTk0lEMfVM'),(74,76,'7AWrXbNkjUGjexwFLitYNi55DWgspr3i'),(22,22,'7wHVw1yIL2VoAttVUp2D6QIwfRqZASx5'),(57,59,'8GpmdK1z6Pe4sMsEdtrdVH69WWoWpadZ'),(10,10,'8p02dJ3gCG2yjZByiJ966amzdLj4MGOj'),(13,13,'8Q2VHp4omK6ev7WQihClV3XPRxLag9La'),(8,8,'9KbSH0UravhJXv8JDVWuATEYJHoTQLt0'),(11,11,'A35muMqzvuYVxY3WaE7E1d7NjBqsN1KS'),(63,65,'aBvPitccC6tlRx0noNvknM4neH84KOh8'),(87,94,'aWJiNrOUyJ9se4oIXfybtMCg0QGsCpyp'),(66,68,'B6j5jrRl4mTDwruzCZ3QophCWM7rbObw'),(32,32,'Bfv3BKf6NR6VShiXJ2tT7g0llDP4VKhY'),(48,48,'BRByHQV3zD5WVab2ZrYB8DM45dir5Vfu'),(25,25,'cCAe4CaRuwYSR6A3e92MpH7hIyIcBeDV'),(35,35,'CI5NyXuPrqbfN8sfKQRaCP3CGNQTCZUE'),(86,93,'cuSnEHnGKEUqifWHsP8J30Dv3TQOBqGa'),(20,20,'dfWmUAqdVRpwSn82OMNgVqgfD2Yn7nt8'),(27,27,'DJomTIZ9mEiq09YL9JExi5keuJzAXoo7'),(88,95,'dsPMlZfOv6MC7wxpAdudHSAcZvPc7REQ'),(82,89,'Dtd14ZH7FTCqelSJmUMtj5ZUSreGLpKW'),(65,67,'DTYaV2znSPY1Fbmj4KN6NKnET8WG6RIc'),(67,69,'e13cqodaI6g4Ojqd6l44DRRcchFHQoQN'),(34,34,'EscAuhnfmPx9QnId3OlQvkC90GOhsiFJ'),(64,66,'EyoVN4NG5IpJNYIyWd2JJ2kTcHMTS8Mz'),(15,15,'FpkyzhiLGVD46XWuSx2VMFe7oxTgOacD'),(94,101,'ftFFzgrcSWWhwvw9g8bVFV9YiLeKaEN8'),(7,7,'GSAZ00uK3wZIP9DK6AKXtJRQ2kcdtE9t'),(55,56,'GXuiYfUn8XCCgknE9iDm6AJuQRRrveMq'),(71,73,'gzSrIUUWgVgrplJjcvZNFQbPJ120l0Ky'),(52,53,'gzuhjm9buKXxW1OQarxTPoqnfVZ6POJJ'),(49,49,'H6t4cYTqlSscRV0NjhenLjlkQ8Qg0iDX'),(9,9,'hWVez1l2V9Wv7aFr5gifheuEwXsfBJsL'),(92,99,'hXED5IqNo5GOzoc7jhOpoonmALfhb3kS'),(50,50,'ikxaPUlZA8y0PXgHeuaqu1Fe3tQ9wcnO'),(68,70,'iL9EKx1yWzT1AZivyLOMQBwemqZgruP1'),(84,91,'iQCLruMQoPzCogeqL8XvrZmRkCbJpbc0'),(70,72,'iRzZLRC94qQOtlas5XMArWTKecxPqqnd'),(80,84,'iz2i9Wou7g4ZuhAvPGrLzkJleV7D0aFL'),(37,37,'kB5b1YSIaKFCEAkHaFd5agajylpGqO3U'),(90,97,'KyEzGSgMO4eQYUAiG2pvByCPHASpkXV4'),(40,40,'l3uA2lYciwEDrBHRsao2uQiYiD1uGtf3'),(3,3,'lDW81Q06I8gHWsCUMkwWrlZnYJ9J8qkG'),(16,16,'LISTO1wthxciqesdUYMmhBXqkbDxkaJM'),(45,45,'Mh97M0XbSKrkUmJCxmercQNSNOvt6BWL'),(2,2,'MkaPGch2Bb4MApQA2Ioi5LswwbdLpB6e'),(72,74,'N4PT8sdeVLoIJuExqWW77qfDsBcVXCuM'),(24,24,'n6Rj2dqfsqDxwO8hLIb2IOOsGpQZttqo'),(1,1,'NalhZxz27RKrhTv3VZawdd0LalvbzO1u'),(78,81,'nFPo0RmNDVL6Pf3vs7vQgyYFbPURMNy0'),(12,12,'NnGQghdTMIA3zhaETi2R7cPoIRQvbXit'),(5,5,'NoHzvjCQaund5sJSjrlOl3FU6Cs9oReh'),(17,17,'O0eA9TF5OPXR7abkMvQY4AfUwjJl8mbH'),(47,47,'o0kBZokJU108dmboP4mdYYe0zZmrp0Q8'),(18,18,'O7Wo8MApQ3Qgt8B4v44XhU3fwE7NMMxd'),(42,42,'oDp1isD6MbWWkRTrzXKBpbknaw1HIrat'),(41,41,'OHxSiWaAN0xdRaVNoAaDx1WfB3xIwV9p'),(53,54,'oMRh5jwZHuNPgPVJ7z3xkHzJAMcVb56H'),(75,77,'OOrYr0A2QQzuI2gQ8FF7mo7dhgmnypoV'),(28,28,'p56di9KCkLExZp3DX2DZeJ6NwMa3AjwU'),(79,83,'pbwnptR4is0vK0WuC47vIF2bwmfxB82d'),(62,64,'pDxqUHhxi4gwP7jvhhWBrtrAG4howoBO'),(33,33,'PLsSoXO440vCsXaNA7a2iNU3hbx8o61C'),(91,98,'QK80i1Zy5ndoLFMWJzwJ18gFDLBlMbY3'),(38,38,'QmeK7poj3hwRNrtfcF8C9XVCRmRMPGWq'),(51,52,'r1bfj5uKJMgIgcAvOUD83st1N8nWlQnw'),(85,92,'rhPwl4KD4Bb1lvM0BnPU0I90UTBiTiz8'),(21,21,'rO6D7EOwS5rC7IJf6yokBMBHfoWBVmyW'),(54,55,'rXLwsiqN3nfR4x1J8nNMcgbdeLlSQZ9t'),(31,31,'tHwZ3Ld0OfoyxpslGfeppLlRO6ZvqJbV'),(43,43,'THyyqNFMexUUjHHuokIbRQjh4YwYtsHt'),(56,58,'Tna4AtKqMzMPgs6xamXzsLVwyZtdRqU2'),(69,71,'tWtdpHAA1mdNB8shhr4KMK3arpHWV3Rr'),(14,14,'uknWa5ZDUMDctnAzvDgB2LFJ3KgnMgrG'),(36,36,'V3hvPnnTdicAyAEoD7KX7g4eSHB3ClMG'),(19,19,'wWrhbgUzSTwXXGKhGUUeidtHEr6QzSKq'),(83,90,'X5OllcVcnYomYT2wzvJnL80cOMcYv4Lt'),(4,4,'x9V4A9PqpIgFA8PlS8W5iAtEWw97Owvm'),(23,23,'xFutmgb0kw3PBk8H57QT4jA3wsvHIHcp'),(29,29,'xLJ9ywIbxpRkNXsdS1XcSWbHES2E3NTP'),(26,26,'xQduTskGqfn08AgAMJPpiAolD56Gk7vo'),(6,6,'XXWxYX5cX0KoMHuGfgxpJ5Jvkm9IsK2m'),(77,80,'XyU1ON6Q91SZNxpeyRZMHoc8mkVugrhr'),(73,75,'yHcbP1FZa6e4waZxEKslTyyx0JmKrKhT'),(39,39,'zHD4rX03YmNLBMqDXvaKpweluxLNvfI4'),(61,63,'zLDiOh3XO4fNhlQ0xUaiG8NeqpXZrUqL'),(30,30,'ZsiVTEtpYkFL5wEWfkYkJ6vSaUHZ85r0');

--
-- Table structure for table `quote_item`
--

CREATE TABLE `quote_item` (
  `item_id` int(10) unsigned NOT NULL AUTO_INCREMENT COMMENT 'Item ID',
  `quote_id` int(10) unsigned NOT NULL DEFAULT 0 COMMENT 'Quote ID',
  `created_at` timestamp NOT NULL DEFAULT current_timestamp() COMMENT 'Created At',
  `updated_at` timestamp NOT NULL DEFAULT current_timestamp() ON UPDATE current_timestamp() COMMENT 'Updated At',
  `product_id` int(10) unsigned DEFAULT NULL COMMENT 'Product ID',
  `store_id` smallint(5) unsigned DEFAULT NULL COMMENT 'Store ID',
  `parent_item_id` int(10) unsigned DEFAULT NULL COMMENT 'Parent Item ID',
  `is_virtual` smallint(5) unsigned DEFAULT NULL COMMENT 'Is Virtual',
  `sku` varchar(255) DEFAULT NULL COMMENT 'Sku',
  `name` varchar(255) DEFAULT NULL COMMENT 'Name',
  `description` text DEFAULT NULL COMMENT 'Description',
  `applied_rule_ids` text DEFAULT NULL COMMENT 'Applied Rule Ids',
  `additional_data` text DEFAULT NULL COMMENT 'Additional Data',
  `is_qty_decimal` smallint(5) unsigned DEFAULT NULL COMMENT 'Is Qty Decimal',
  `no_discount` smallint(5) unsigned DEFAULT 0 COMMENT 'No Discount',
  `weight` decimal(12,4) DEFAULT 0.0000 COMMENT 'Weight',
  `qty` decimal(12,4) NOT NULL DEFAULT 0.0000 COMMENT 'Qty',
  `price` decimal(12,4) NOT NULL DEFAULT 0.0000 COMMENT 'Price',
  `base_price` decimal(12,4) NOT NULL DEFAULT 0.0000 COMMENT 'Base Price',
  `custom_price` decimal(12,4) DEFAULT NULL COMMENT 'Custom Price',
  `discount_percent` decimal(12,4) DEFAULT 0.0000 COMMENT 'Discount Percent',
  `discount_amount` decimal(20,4) DEFAULT 0.0000 COMMENT 'Discount Amount',
  `base_discount_amount` decimal(20,4) DEFAULT 0.0000 COMMENT 'Base Discount Amount',
  `tax_percent` decimal(12,4) DEFAULT 0.0000 COMMENT 'Tax Percent',
  `tax_amount` decimal(20,4) DEFAULT 0.0000 COMMENT 'Tax Amount',
  `base_tax_amount` decimal(20,4) DEFAULT 0.0000 COMMENT 'Base Tax Amount',
  `row_total` decimal(20,4) NOT NULL DEFAULT 0.0000 COMMENT 'Row Total',
  `base_row_total` decimal(20,4) NOT NULL DEFAULT 0.0000 COMMENT 'Base Row Total',
  `row_total_with_discount` decimal(20,4) DEFAULT 0.0000 COMMENT 'Row Total With Discount',
  `row_weight` decimal(12,4) DEFAULT 0.0000 COMMENT 'Row Weight',
  `product_type` varchar(255) DEFAULT NULL COMMENT 'Product Type',
  `base_tax_before_discount` decimal(20,4) DEFAULT NULL COMMENT 'Base Tax Before Discount',
  `tax_before_discount` decimal(20,4) DEFAULT NULL COMMENT 'Tax Before Discount',
  `original_custom_price` decimal(12,4) DEFAULT NULL COMMENT 'Original Custom Price',
  `redirect_url` varchar(255) DEFAULT NULL COMMENT 'Redirect Url',
  `base_cost` decimal(12,4) DEFAULT NULL COMMENT 'Base Cost',
  `price_incl_tax` decimal(20,4) DEFAULT NULL COMMENT 'Price Incl Tax',
  `base_price_incl_tax` decimal(20,4) DEFAULT NULL COMMENT 'Base Price Incl Tax',
  `row_total_incl_tax` decimal(20,4) DEFAULT NULL COMMENT 'Row Total Incl Tax',
  `base_row_total_incl_tax` decimal(20,4) DEFAULT NULL COMMENT 'Base Row Total Incl Tax',
  `discount_tax_compensation_amount` decimal(20,4) DEFAULT NULL COMMENT 'Discount Tax Compensation Amount',
  `base_discount_tax_compensation_amount` decimal(20,4) DEFAULT NULL COMMENT 'Base Discount Tax Compensation Amount',
  `gift_message_id` int(11) DEFAULT NULL COMMENT 'Gift Message ID',
  `free_shipping` smallint(5) unsigned NOT NULL DEFAULT 0 COMMENT 'Free Shipping',
  `weee_tax_applied` text DEFAULT NULL COMMENT 'Weee Tax Applied',
  `weee_tax_applied_amount` decimal(12,4) DEFAULT NULL COMMENT 'Weee Tax Applied Amount',
  `weee_tax_applied_row_amount` decimal(12,4) DEFAULT NULL COMMENT 'Weee Tax Applied Row Amount',
  `weee_tax_disposition` decimal(12,4) DEFAULT NULL COMMENT 'Weee Tax Disposition',
  `weee_tax_row_disposition` decimal(12,4) DEFAULT NULL COMMENT 'Weee Tax Row Disposition',
  `base_weee_tax_applied_amount` decimal(12,4) DEFAULT NULL COMMENT 'Base Weee Tax Applied Amount',
  `base_weee_tax_applied_row_amnt` decimal(12,4) DEFAULT NULL COMMENT 'Base Weee Tax Applied Row Amnt',
  `base_weee_tax_disposition` decimal(12,4) DEFAULT NULL COMMENT 'Base Weee Tax Disposition',
  `base_weee_tax_row_disposition` decimal(12,4) DEFAULT NULL COMMENT 'Base Weee Tax Row Disposition',
  PRIMARY KEY (`item_id`),
  KEY `QUOTE_ITEM_PARENT_ITEM_ID` (`parent_item_id`),
  KEY `QUOTE_ITEM_PRODUCT_ID` (`product_id`),
  KEY `QUOTE_ITEM_QUOTE_ID` (`quote_id`),
  KEY `QUOTE_ITEM_STORE_ID` (`store_id`),
  CONSTRAINT `QUOTE_ITEM_PARENT_ITEM_ID_QUOTE_ITEM_ITEM_ID` FOREIGN KEY (`parent_item_id`) REFERENCES `quote_item` (`item_id`) ON DELETE CASCADE,
  CONSTRAINT `QUOTE_ITEM_QUOTE_ID_QUOTE_ENTITY_ID` FOREIGN KEY (`quote_id`) REFERENCES `quote` (`entity_id`) ON DELETE CASCADE,
  CONSTRAINT `QUOTE_ITEM_STORE_ID_STORE_STORE_ID` FOREIGN KEY (`store_id`) REFERENCES `store` (`store_id`) ON DELETE SET NULL
) ENGINE=InnoDB AUTO_INCREMENT=213 DEFAULT CHARSET=utf8 COMMENT='Sales Flat Quote Item';

--
-- Dumping data for table `quote_item`
--

INSERT INTO `quote_item` VALUES (1,1,'2020-11-15 14:32:57','2020-11-15 14:32:57',4,1,NULL,0,'XD2408','Grain pendant lamp                              ',NULL,NULL,NULL,0,0,NULL,1.0000,200.0000,200.0000,NULL,0.0000,0.0000,0.0000,0.0000,0.0000,0.0000,200.0000,200.0000,0.0000,0.0000,'simple',NULL,NULL,NULL,NULL,NULL,200.0000,200.0000,200.0000,200.0000,0.0000,0.0000,NULL,0,NULL,NULL,NULL,NULL,NULL,NULL,NULL,NULL,NULL),(2,1,'2020-11-15 14:33:10','2020-11-15 14:33:45',16,1,NULL,1,'CT1974','Grand Prix™ chair',NULL,NULL,NULL,0,0,NULL,2.0000,50.0000,50.0000,NULL,0.0000,0.0000,0.0000,0.0000,0.0000,0.0000,100.0000,100.0000,0.0000,0.0000,'downloadable',NULL,NULL,NULL,NULL,NULL,50.0000,50.0000,100.0000,100.0000,0.0000,0.0000,NULL,0,NULL,NULL,NULL,NULL,NULL,NULL,NULL,NULL,NULL),(3,2,'2020-11-18 09:52:22','2020-11-18 09:52:22',3,1,NULL,0,'XQ 241289',' PH 5 Pendant Lamp - Copper',NULL,NULL,NULL,0,0,NULL,1.0000,500.0000,500.0000,NULL,0.0000,0.0000,0.0000,0.0000,0.0000,0.0000,500.0000,500.0000,0.0000,0.0000,'simple',NULL,NULL,NULL,NULL,NULL,500.0000,500.0000,500.0000,500.0000,0.0000,0.0000,NULL,0,NULL,NULL,NULL,NULL,NULL,NULL,NULL,NULL,NULL),(4,3,'2020-11-19 09:32:57','2020-11-19 09:32:57',16,1,NULL,1,'CT1974','Grand Prix™ chair',NULL,NULL,NULL,0,0,NULL,1.0000,50.0000,50.0000,NULL,0.0000,0.0000,0.0000,0.0000,0.0000,0.0000,50.0000,50.0000,0.0000,0.0000,'downloadable',NULL,NULL,NULL,NULL,NULL,50.0000,50.0000,50.0000,50.0000,0.0000,0.0000,NULL,0,NULL,NULL,NULL,NULL,NULL,NULL,NULL,NULL,NULL),(5,4,'2020-11-20 07:49:27','2020-11-20 07:49:27',19,1,NULL,0,'EN1411','Tivoli Bazaar Vase',NULL,NULL,NULL,0,0,NULL,1.0000,250.0000,250.0000,NULL,0.0000,0.0000,0.0000,0.0000,0.0000,0.0000,250.0000,250.0000,0.0000,0.0000,'simple',NULL,NULL,NULL,NULL,NULL,250.0000,250.0000,250.0000,250.0000,0.0000,0.0000,NULL,0,NULL,NULL,NULL,NULL,NULL,NULL,NULL,NULL,NULL),(6,5,'2020-11-30 09:35:08','2020-11-30 09:36:14',3,1,NULL,0,'XQ 241289',' PH 5 Pendant Lamp - Copper',NULL,NULL,NULL,0,0,NULL,3.0000,500.0000,500.0000,NULL,0.0000,0.0000,0.0000,0.0000,0.0000,0.0000,1500.0000,1500.0000,0.0000,0.0000,'simple',NULL,NULL,NULL,NULL,NULL,500.0000,500.0000,1500.0000,1500.0000,0.0000,0.0000,NULL,0,NULL,NULL,NULL,NULL,NULL,NULL,NULL,NULL,NULL),(7,6,'2020-12-01 08:50:26','2020-12-01 08:50:26',1,1,NULL,0,'FU1259','360 S Carronade low floor lamp',NULL,NULL,NULL,0,0,NULL,1.0000,300.0000,300.0000,NULL,0.0000,0.0000,0.0000,0.0000,0.0000,0.0000,300.0000,300.0000,0.0000,0.0000,'simple',NULL,NULL,NULL,NULL,NULL,300.0000,300.0000,300.0000,300.0000,0.0000,0.0000,NULL,0,NULL,NULL,NULL,NULL,NULL,NULL,NULL,NULL,NULL),(8,7,'2020-12-02 09:45:42','2020-12-02 09:45:42',19,1,NULL,0,'EN1411','Tivoli Bazaar Vase',NULL,NULL,NULL,0,0,NULL,1.0000,250.0000,250.0000,NULL,0.0000,0.0000,0.0000,0.0000,0.0000,0.0000,250.0000,250.0000,0.0000,0.0000,'simple',NULL,NULL,NULL,NULL,NULL,250.0000,250.0000,250.0000,250.0000,0.0000,0.0000,NULL,0,NULL,NULL,NULL,NULL,NULL,NULL,NULL,NULL,NULL),(9,8,'2020-12-05 15:20:00','2020-12-05 15:20:00',4,1,NULL,0,'XD2408','Grain pendant lamp                              ',NULL,NULL,NULL,0,0,NULL,1.0000,200.0000,200.0000,NULL,0.0000,0.0000,0.0000,0.0000,0.0000,0.0000,200.0000,200.0000,0.0000,0.0000,'simple',NULL,NULL,NULL,NULL,NULL,200.0000,200.0000,200.0000,200.0000,0.0000,0.0000,NULL,0,NULL,NULL,NULL,NULL,NULL,NULL,NULL,NULL,NULL),(10,8,'2020-12-05 15:20:40','2020-12-05 15:20:40',18,1,NULL,0,'ON1999','Orbis vase',NULL,NULL,NULL,0,0,NULL,1.0000,89.0000,89.0000,NULL,0.0000,0.0000,0.0000,0.0000,0.0000,0.0000,89.0000,89.0000,0.0000,0.0000,'simple',NULL,NULL,NULL,NULL,NULL,89.0000,89.0000,89.0000,89.0000,0.0000,0.0000,NULL,0,NULL,NULL,NULL,NULL,NULL,NULL,NULL,NULL,NULL),(11,9,'2020-12-06 06:00:29','2020-12-06 09:16:15',22,5,NULL,0,'CH1977','Craft Salt and Pepper mill',NULL,NULL,NULL,0,0,NULL,1.0000,100.0000,100.0000,NULL,0.0000,0.0000,0.0000,0.0000,0.0000,0.0000,100.0000,100.0000,0.0000,0.0000,'simple',NULL,NULL,NULL,NULL,NULL,100.0000,100.0000,100.0000,100.0000,0.0000,0.0000,NULL,0,NULL,NULL,NULL,NULL,NULL,NULL,NULL,NULL,NULL),(12,9,'2020-12-06 08:56:48','2020-12-06 09:16:15',1,5,NULL,0,'FU1259','360 S Carronade low floor lamp',NULL,NULL,NULL,0,0,NULL,1.0000,300.0000,300.0000,NULL,0.0000,0.0000,0.0000,0.0000,0.0000,0.0000,300.0000,300.0000,0.0000,0.0000,'simple',NULL,NULL,NULL,NULL,NULL,300.0000,300.0000,300.0000,300.0000,0.0000,0.0000,NULL,0,NULL,NULL,NULL,NULL,NULL,NULL,NULL,NULL,NULL),(13,9,'2020-12-06 09:13:52','2020-12-06 09:13:52',3,5,NULL,0,'XQ 241289',' PH 5 Pendant Lamp - Copper',NULL,NULL,NULL,0,0,NULL,1.0000,500.0000,500.0000,NULL,0.0000,0.0000,0.0000,0.0000,0.0000,0.0000,500.0000,500.0000,0.0000,0.0000,'simple',NULL,NULL,NULL,NULL,NULL,500.0000,500.0000,500.0000,500.0000,0.0000,0.0000,NULL,0,NULL,NULL,NULL,NULL,NULL,NULL,NULL,NULL,NULL),(14,9,'2020-12-06 09:16:15','2020-12-06 09:16:15',2,1,NULL,0,'VH211093','260 Carronade table/wall lamp',NULL,NULL,NULL,0,0,NULL,1.0000,300.0000,300.0000,NULL,0.0000,0.0000,0.0000,0.0000,0.0000,0.0000,300.0000,300.0000,0.0000,0.0000,'simple',NULL,NULL,NULL,NULL,NULL,300.0000,300.0000,300.0000,300.0000,0.0000,0.0000,NULL,0,NULL,NULL,NULL,NULL,NULL,NULL,NULL,NULL,NULL),(15,10,'2020-12-10 01:29:58','2020-12-10 09:39:35',4,1,NULL,0,'XD2408','Grain pendant lamp                              ',NULL,NULL,NULL,0,0,NULL,1.0000,200.0000,200.0000,NULL,0.0000,0.0000,0.0000,0.0000,0.0000,0.0000,200.0000,200.0000,0.0000,0.0000,'simple',NULL,NULL,NULL,NULL,NULL,200.0000,200.0000,200.0000,200.0000,0.0000,0.0000,NULL,0,NULL,NULL,NULL,NULL,NULL,NULL,NULL,NULL,NULL),(16,11,'2020-12-12 01:57:28','2020-12-12 01:57:28',2,1,NULL,0,'VH211093','260 Carronade table/wall lamp',NULL,NULL,NULL,0,0,NULL,1.0000,300.0000,300.0000,NULL,0.0000,0.0000,0.0000,0.0000,0.0000,0.0000,300.0000,300.0000,0.0000,0.0000,'simple',NULL,NULL,NULL,NULL,NULL,300.0000,300.0000,300.0000,300.0000,0.0000,0.0000,NULL,0,NULL,NULL,NULL,NULL,NULL,NULL,NULL,NULL,NULL),(17,12,'2020-12-12 03:42:52','2020-12-12 04:10:00',3,1,NULL,0,'XQ 241289',' PH 5 Pendant Lamp - Copper',NULL,NULL,NULL,0,0,NULL,1.0000,500.0000,500.0000,NULL,0.0000,0.0000,0.0000,0.0000,0.0000,0.0000,500.0000,500.0000,0.0000,0.0000,'simple',NULL,NULL,NULL,NULL,NULL,500.0000,500.0000,500.0000,500.0000,0.0000,0.0000,NULL,0,NULL,NULL,NULL,NULL,NULL,NULL,NULL,NULL,NULL),(18,12,'2020-12-12 03:42:59','2020-12-12 04:10:00',17,1,NULL,0,'BN1932','Flower vase',NULL,NULL,NULL,0,0,NULL,1.0000,200.0000,200.0000,NULL,0.0000,0.0000,0.0000,0.0000,0.0000,0.0000,200.0000,200.0000,0.0000,0.0000,'simple',NULL,NULL,NULL,NULL,100.0000,200.0000,200.0000,200.0000,200.0000,0.0000,0.0000,NULL,0,NULL,NULL,NULL,NULL,NULL,NULL,NULL,NULL,NULL),(22,14,'2020-12-12 06:34:48','2020-12-12 06:34:48',4,1,NULL,0,'XD2408','Grain pendant lamp                              ',NULL,NULL,NULL,0,0,NULL,1.0000,200.0000,200.0000,NULL,0.0000,0.0000,0.0000,0.0000,0.0000,0.0000,200.0000,200.0000,0.0000,0.0000,'simple',NULL,NULL,NULL,NULL,NULL,200.0000,200.0000,200.0000,200.0000,0.0000,0.0000,NULL,0,NULL,NULL,NULL,NULL,NULL,NULL,NULL,NULL,NULL),(23,13,'2020-12-12 07:52:43','2020-12-12 07:52:43',2,1,NULL,0,'VH211093','260 Carronade table/wall lamp',NULL,NULL,NULL,0,0,NULL,1.0000,300.0000,300.0000,NULL,0.0000,0.0000,0.0000,0.0000,0.0000,0.0000,300.0000,300.0000,0.0000,0.0000,'simple',NULL,NULL,NULL,NULL,NULL,300.0000,300.0000,300.0000,300.0000,0.0000,0.0000,NULL,0,NULL,NULL,NULL,NULL,NULL,NULL,NULL,NULL,NULL),(24,15,'2020-12-12 08:15:22','2020-12-12 08:45:05',17,6,NULL,0,'BN1932','Flower vase',NULL,NULL,NULL,0,0,NULL,1.0000,200.0000,200.0000,NULL,0.0000,0.0000,0.0000,0.0000,0.0000,0.0000,200.0000,200.0000,0.0000,0.0000,'simple',NULL,NULL,NULL,NULL,100.0000,200.0000,200.0000,200.0000,200.0000,0.0000,0.0000,NULL,0,NULL,NULL,NULL,NULL,NULL,NULL,NULL,NULL,NULL),(25,15,'2020-12-12 08:25:35','2020-12-12 08:45:05',3,6,NULL,0,'XQ 241289',' PH 5 Pendant Lamp - Copper',NULL,NULL,NULL,0,0,NULL,2.0000,500.0000,500.0000,NULL,0.0000,0.0000,0.0000,0.0000,0.0000,0.0000,1000.0000,1000.0000,0.0000,0.0000,'simple',NULL,NULL,NULL,NULL,NULL,500.0000,500.0000,1000.0000,1000.0000,0.0000,0.0000,NULL,0,NULL,NULL,NULL,NULL,NULL,NULL,NULL,NULL,NULL),(26,16,'2020-12-14 06:36:04','2020-12-14 06:36:04',3,5,NULL,0,'XQ 241289',' PH 5 Pendant Lamp - Copper',NULL,NULL,NULL,0,0,NULL,1.0000,500.0000,500.0000,NULL,0.0000,0.0000,0.0000,0.0000,0.0000,0.0000,500.0000,500.0000,0.0000,0.0000,'simple',NULL,NULL,NULL,NULL,NULL,500.0000,500.0000,500.0000,500.0000,0.0000,0.0000,NULL,0,NULL,NULL,NULL,NULL,NULL,NULL,NULL,NULL,NULL),(28,18,'2020-12-15 02:40:28','2020-12-15 02:40:28',4,1,NULL,0,'XD2408','Grain pendant lamp                              ',NULL,NULL,NULL,0,0,NULL,1.0000,200.0000,200.0000,NULL,0.0000,0.0000,0.0000,0.0000,0.0000,0.0000,200.0000,200.0000,0.0000,0.0000,'simple',NULL,NULL,NULL,NULL,NULL,200.0000,200.0000,200.0000,200.0000,0.0000,0.0000,NULL,0,NULL,NULL,NULL,NULL,NULL,NULL,NULL,NULL,NULL),(29,18,'2020-12-15 02:40:42','2020-12-15 02:40:42',17,1,NULL,0,'BN1932','Flower vase',NULL,NULL,NULL,0,0,NULL,1.0000,200.0000,200.0000,NULL,0.0000,0.0000,0.0000,0.0000,0.0000,0.0000,200.0000,200.0000,0.0000,0.0000,'simple',NULL,NULL,NULL,NULL,100.0000,200.0000,200.0000,200.0000,200.0000,0.0000,0.0000,NULL,0,NULL,NULL,NULL,NULL,NULL,NULL,NULL,NULL,NULL),(30,17,'2020-12-15 03:30:48','2020-12-15 03:30:48',16,5,NULL,1,'CT1974','Grand Prix™ chair',NULL,NULL,NULL,0,0,NULL,1.0000,50.0000,50.0000,NULL,0.0000,0.0000,0.0000,0.0000,0.0000,0.0000,50.0000,50.0000,0.0000,0.0000,'downloadable',NULL,NULL,NULL,NULL,NULL,50.0000,50.0000,50.0000,50.0000,0.0000,0.0000,NULL,0,NULL,NULL,NULL,NULL,NULL,NULL,NULL,NULL,NULL),(31,17,'2020-12-15 03:30:53','2020-12-15 03:30:53',3,5,NULL,0,'XQ 241289',' PH 5 Pendant Lamp - Copper',NULL,NULL,NULL,0,0,NULL,1.0000,500.0000,500.0000,NULL,0.0000,0.0000,0.0000,0.0000,0.0000,0.0000,500.0000,500.0000,0.0000,0.0000,'simple',NULL,NULL,NULL,NULL,NULL,500.0000,500.0000,500.0000,500.0000,0.0000,0.0000,NULL,0,NULL,NULL,NULL,NULL,NULL,NULL,NULL,NULL,NULL),(32,19,'2020-12-16 07:16:32','2020-12-16 07:16:32',4,1,NULL,0,'XD2408','Grain pendant lamp                              ',NULL,NULL,NULL,0,0,NULL,1.0000,200.0000,200.0000,NULL,0.0000,0.0000,0.0000,0.0000,0.0000,0.0000,200.0000,200.0000,0.0000,0.0000,'simple',NULL,NULL,NULL,NULL,NULL,200.0000,200.0000,200.0000,200.0000,0.0000,0.0000,NULL,0,NULL,NULL,NULL,NULL,NULL,NULL,NULL,NULL,NULL),(33,19,'2020-12-16 07:16:42','2020-12-16 07:16:42',16,1,NULL,1,'CT1974','Grand Prix™ chair',NULL,NULL,NULL,0,0,NULL,1.0000,50.0000,50.0000,NULL,0.0000,0.0000,0.0000,0.0000,0.0000,0.0000,50.0000,50.0000,0.0000,0.0000,'downloadable',NULL,NULL,NULL,NULL,NULL,50.0000,50.0000,50.0000,50.0000,0.0000,0.0000,NULL,0,NULL,NULL,NULL,NULL,NULL,NULL,NULL,NULL,NULL),(34,20,'2020-12-17 08:20:09','2020-12-17 09:32:49',16,5,NULL,1,'CT1974','Grand Prix™ chair',NULL,NULL,NULL,0,0,NULL,1.0000,50.0000,50.0000,NULL,0.0000,0.0000,0.0000,0.0000,0.0000,0.0000,50.0000,50.0000,0.0000,0.0000,'downloadable',NULL,NULL,NULL,NULL,NULL,50.0000,50.0000,50.0000,50.0000,0.0000,0.0000,NULL,0,NULL,NULL,NULL,NULL,NULL,NULL,NULL,NULL,NULL),(35,21,'2020-12-17 16:33:14','2020-12-17 16:33:14',3,1,NULL,0,'XQ 241289',' PH 5 Pendant Lamp - Copper',NULL,NULL,NULL,0,0,NULL,1.0000,500.0000,500.0000,NULL,0.0000,0.0000,0.0000,0.0000,0.0000,0.0000,500.0000,500.0000,0.0000,0.0000,'simple',NULL,NULL,NULL,NULL,NULL,500.0000,500.0000,500.0000,500.0000,0.0000,0.0000,NULL,0,NULL,NULL,NULL,NULL,NULL,NULL,NULL,NULL,NULL),(36,22,'2020-12-18 01:25:19','2020-12-18 03:02:11',3,5,NULL,0,'XQ 241289',' PH 5 Pendant Lamp - Copper',NULL,NULL,NULL,0,0,NULL,1.0000,500.0000,500.0000,NULL,0.0000,0.0000,0.0000,0.0000,0.0000,0.0000,500.0000,500.0000,0.0000,0.0000,'simple',NULL,NULL,NULL,NULL,NULL,500.0000,500.0000,500.0000,500.0000,0.0000,0.0000,NULL,0,NULL,NULL,NULL,NULL,NULL,NULL,NULL,NULL,NULL),(37,22,'2020-12-18 01:25:25','2020-12-18 03:02:11',16,5,NULL,1,'CT1974','Grand Prix™ chair',NULL,NULL,NULL,0,0,NULL,2.0000,50.0000,50.0000,NULL,0.0000,0.0000,0.0000,0.0000,0.0000,0.0000,100.0000,100.0000,0.0000,0.0000,'downloadable',NULL,NULL,NULL,NULL,NULL,50.0000,50.0000,100.0000,100.0000,0.0000,0.0000,NULL,0,NULL,NULL,NULL,NULL,NULL,NULL,NULL,NULL,NULL),(38,23,'2020-12-30 09:28:10','2020-12-30 17:01:47',16,11,NULL,1,'CT1974','Grand Prix™ chair',NULL,NULL,NULL,0,0,NULL,1.0000,50.0000,50.0000,NULL,0.0000,0.0000,0.0000,0.0000,0.0000,0.0000,50.0000,50.0000,0.0000,0.0000,'virtual',NULL,NULL,NULL,NULL,NULL,50.0000,50.0000,50.0000,50.0000,0.0000,0.0000,NULL,0,NULL,NULL,NULL,NULL,NULL,NULL,NULL,NULL,NULL),(39,23,'2020-12-30 09:28:28','2020-12-30 17:01:47',15,11,NULL,0,'MT1961-FU1259',' Spade Chair',NULL,NULL,NULL,0,0,0.0000,1.0000,109.0000,109.0000,NULL,0.0000,0.0000,0.0000,NULL,0.0000,0.0000,109.0000,109.0000,0.0000,0.0000,'bundle',NULL,NULL,NULL,NULL,NULL,109.0000,109.0000,109.0000,109.0000,NULL,NULL,NULL,0,NULL,NULL,NULL,NULL,NULL,NULL,NULL,NULL,NULL),(40,23,'2020-12-30 09:28:28','2020-12-30 17:01:47',1,11,39,0,'FU1259','360 S Carronade low floor lamp',NULL,NULL,NULL,0,0,NULL,1.0000,109.0000,109.0000,NULL,0.0000,0.0000,0.0000,0.0000,0.0000,0.0000,109.0000,109.0000,0.0000,0.0000,'simple',NULL,NULL,NULL,NULL,NULL,109.0000,109.0000,109.0000,109.0000,0.0000,0.0000,NULL,0,NULL,NULL,NULL,NULL,NULL,NULL,NULL,NULL,NULL),(41,24,'2020-12-31 06:40:50','2020-12-31 06:40:50',1,11,NULL,0,'FU1259','360 S Carronade low floor lamp',NULL,NULL,NULL,0,0,NULL,1.0000,109.0000,109.0000,NULL,0.0000,0.0000,0.0000,0.0000,0.0000,0.0000,109.0000,109.0000,0.0000,0.0000,'simple',NULL,NULL,NULL,NULL,NULL,109.0000,109.0000,109.0000,109.0000,0.0000,0.0000,NULL,0,NULL,NULL,NULL,NULL,NULL,NULL,NULL,NULL,NULL),(42,25,'2020-12-31 09:03:09','2020-12-31 09:03:09',32,15,NULL,0,'Crewneck Blouse','Crewneck Blouse',NULL,NULL,NULL,0,0,NULL,1.0000,202.0000,202.0000,NULL,0.0000,0.0000,0.0000,0.0000,0.0000,0.0000,202.0000,202.0000,0.0000,0.0000,'simple',NULL,NULL,NULL,NULL,NULL,202.0000,202.0000,202.0000,202.0000,0.0000,0.0000,NULL,0,NULL,NULL,NULL,NULL,NULL,NULL,NULL,NULL,NULL),(43,26,'2021-01-05 07:22:19','2021-01-05 07:22:19',3,5,NULL,0,'XQ 241289',' PH 5 Pendant Lamp Copper',NULL,NULL,NULL,0,0,NULL,1.0000,500.0000,500.0000,NULL,0.0000,0.0000,0.0000,0.0000,0.0000,0.0000,500.0000,500.0000,0.0000,0.0000,'simple',NULL,NULL,NULL,NULL,NULL,500.0000,500.0000,500.0000,500.0000,0.0000,0.0000,NULL,0,NULL,NULL,NULL,NULL,NULL,NULL,NULL,NULL,NULL),(44,26,'2021-01-05 07:22:30','2021-01-05 07:22:30',23,5,NULL,0,'MH1996','Sarpaneva casserole',NULL,NULL,NULL,0,0,NULL,1.0000,300.0000,300.0000,NULL,0.0000,0.0000,0.0000,0.0000,0.0000,0.0000,300.0000,300.0000,0.0000,0.0000,'simple',NULL,NULL,NULL,NULL,NULL,300.0000,300.0000,300.0000,300.0000,0.0000,0.0000,NULL,0,NULL,NULL,NULL,NULL,NULL,NULL,NULL,NULL,NULL),(45,26,'2021-01-05 07:22:40','2021-01-05 07:22:40',25,5,NULL,0,'BN1273',' P12 Rockinghorse',NULL,NULL,NULL,0,0,NULL,1.0000,200.0000,200.0000,NULL,0.0000,0.0000,0.0000,0.0000,0.0000,0.0000,200.0000,200.0000,0.0000,0.0000,'simple',NULL,NULL,NULL,NULL,NULL,200.0000,200.0000,200.0000,200.0000,0.0000,0.0000,NULL,0,NULL,NULL,NULL,NULL,NULL,NULL,NULL,NULL,NULL),(46,27,'2021-01-07 02:18:48','2021-01-07 02:18:48',4,6,NULL,1,'XD2408-L','Grain pendant lamp                              ',NULL,NULL,NULL,0,0,NULL,1.0000,200.0000,200.0000,NULL,0.0000,0.0000,0.0000,0.0000,0.0000,0.0000,200.0000,200.0000,0.0000,0.0000,'configurable',NULL,NULL,NULL,NULL,NULL,200.0000,200.0000,200.0000,200.0000,0.0000,0.0000,NULL,0,NULL,NULL,NULL,NULL,NULL,NULL,NULL,NULL,NULL),(47,27,'2021-01-07 02:18:48','2021-01-07 02:18:48',58,6,46,1,'XD2408-L','Grain pendant lamp                              -L',NULL,NULL,NULL,0,0,NULL,1.0000,0.0000,0.0000,NULL,0.0000,0.0000,0.0000,0.0000,0.0000,0.0000,0.0000,0.0000,0.0000,0.0000,'virtual',NULL,NULL,NULL,NULL,NULL,NULL,NULL,NULL,NULL,NULL,NULL,NULL,0,NULL,NULL,NULL,NULL,NULL,NULL,NULL,NULL,NULL),(48,28,'2021-01-11 02:36:34','2021-01-11 02:37:21',56,16,NULL,0,'Nike Reposto Sneakers','Nike Reposto Sneakers',NULL,NULL,NULL,0,0,NULL,1.0000,99.0000,99.0000,NULL,0.0000,0.0000,0.0000,0.0000,0.0000,0.0000,99.0000,99.0000,0.0000,0.0000,'simple',NULL,NULL,NULL,NULL,144.0000,99.0000,99.0000,99.0000,99.0000,0.0000,0.0000,NULL,0,NULL,NULL,NULL,NULL,NULL,NULL,NULL,NULL,NULL),(49,29,'2021-01-11 03:04:03','2021-01-11 04:15:53',25,1,NULL,0,'BN1273',' P12 Rockinghorse',NULL,NULL,NULL,0,0,NULL,4.0000,300.0000,300.0000,NULL,0.0000,0.0000,0.0000,0.0000,0.0000,0.0000,1200.0000,1200.0000,0.0000,0.0000,'simple',NULL,NULL,NULL,NULL,NULL,300.0000,300.0000,1200.0000,1200.0000,0.0000,0.0000,NULL,0,NULL,NULL,NULL,NULL,NULL,NULL,NULL,NULL,NULL),(50,29,'2021-01-11 03:04:13','2021-01-11 03:04:13',23,1,NULL,0,'MH1996','Sarpaneva casserole',NULL,NULL,NULL,0,0,NULL,1.0000,249.0000,249.0000,NULL,0.0000,0.0000,0.0000,0.0000,0.0000,0.0000,249.0000,249.0000,0.0000,0.0000,'simple',NULL,NULL,NULL,NULL,300.0000,249.0000,249.0000,249.0000,249.0000,0.0000,0.0000,NULL,0,NULL,NULL,NULL,NULL,NULL,NULL,NULL,NULL,NULL),(51,30,'2021-01-11 03:53:27','2021-01-11 03:54:02',16,6,NULL,1,'CT1974','Grand Prix™ chair',NULL,NULL,NULL,0,0,NULL,4.0000,150.0000,150.0000,NULL,0.0000,0.0000,0.0000,0.0000,0.0000,0.0000,600.0000,600.0000,0.0000,0.0000,'virtual',NULL,NULL,NULL,NULL,200.0000,150.0000,150.0000,600.0000,600.0000,0.0000,0.0000,NULL,0,NULL,NULL,NULL,NULL,NULL,NULL,NULL,NULL,NULL),(52,29,'2021-01-11 04:11:19','2021-01-11 04:11:19',27,1,NULL,0,'CCC888','Drop colander',NULL,NULL,NULL,0,0,NULL,1.0000,250.0000,250.0000,NULL,0.0000,0.0000,0.0000,0.0000,0.0000,0.0000,250.0000,250.0000,0.0000,0.0000,'simple',NULL,NULL,NULL,NULL,500.0000,250.0000,250.0000,250.0000,250.0000,0.0000,0.0000,NULL,0,NULL,NULL,NULL,NULL,NULL,NULL,NULL,NULL,NULL),(53,29,'2021-01-11 04:13:32','2021-01-11 04:13:32',21,1,NULL,0,'BN1933','Salt & Pepper',NULL,NULL,NULL,0,0,NULL,1.0000,600.0000,600.0000,NULL,0.0000,0.0000,0.0000,0.0000,0.0000,0.0000,600.0000,600.0000,0.0000,0.0000,'simple',NULL,NULL,NULL,NULL,NULL,600.0000,600.0000,600.0000,600.0000,0.0000,0.0000,NULL,0,NULL,NULL,NULL,NULL,NULL,NULL,NULL,NULL,NULL),(54,30,'2021-01-11 05:26:46','2021-01-11 05:26:46',27,6,NULL,0,'CCC888','Drop colander',NULL,NULL,NULL,0,0,NULL,1.0000,250.0000,250.0000,NULL,0.0000,0.0000,0.0000,0.0000,0.0000,0.0000,250.0000,250.0000,0.0000,0.0000,'simple',NULL,NULL,NULL,NULL,500.0000,250.0000,250.0000,250.0000,250.0000,0.0000,0.0000,NULL,0,NULL,NULL,NULL,NULL,NULL,NULL,NULL,NULL,NULL),(55,31,'2021-01-11 06:27:21','2021-01-11 06:46:49',21,11,NULL,0,'BN1933','Salt & Pepper',NULL,NULL,NULL,0,0,NULL,3.0000,600.0000,600.0000,NULL,0.0000,0.0000,0.0000,0.0000,0.0000,0.0000,1800.0000,1800.0000,0.0000,0.0000,'simple',NULL,NULL,NULL,NULL,NULL,600.0000,600.0000,1800.0000,1800.0000,0.0000,0.0000,NULL,0,NULL,NULL,NULL,NULL,NULL,NULL,NULL,NULL,NULL),(56,32,'2021-01-11 06:53:29','2021-01-11 06:53:30',40,14,NULL,0,'Cotton Jacket','Cotton Jacket',NULL,NULL,NULL,0,0,NULL,2.0000,121.9900,121.9900,NULL,0.0000,0.0000,0.0000,0.0000,0.0000,0.0000,243.9800,243.9800,0.0000,0.0000,'simple',NULL,NULL,NULL,NULL,NULL,121.9900,121.9900,243.9800,243.9800,0.0000,0.0000,NULL,0,NULL,NULL,NULL,NULL,NULL,NULL,NULL,NULL,NULL),(57,33,'2021-01-11 07:04:07','2021-01-11 07:04:08',55,16,NULL,0,'Nike Lebron Witness','Nike Lebron Witness',NULL,NULL,NULL,0,0,NULL,2.0000,125.9900,125.9900,NULL,0.0000,0.0000,0.0000,0.0000,0.0000,0.0000,251.9800,251.9800,0.0000,0.0000,'simple',NULL,NULL,NULL,NULL,NULL,125.9900,125.9900,251.9800,251.9800,0.0000,0.0000,NULL,0,NULL,NULL,NULL,NULL,NULL,NULL,NULL,NULL,NULL),(58,34,'2021-01-11 07:11:05','2021-01-11 07:12:05',48,16,NULL,0,'Adidas Sport X Running Shoes','Adidas Sport X Running Shoes',NULL,NULL,NULL,0,0,NULL,3.0000,149.0000,149.0000,NULL,0.0000,0.0000,0.0000,0.0000,0.0000,0.0000,447.0000,447.0000,0.0000,0.0000,'simple',NULL,NULL,NULL,NULL,200.0000,149.0000,149.0000,447.0000,447.0000,0.0000,0.0000,NULL,0,NULL,NULL,NULL,NULL,NULL,NULL,NULL,NULL,NULL),(59,34,'2021-01-11 07:12:04','2021-01-11 07:12:05',50,16,NULL,0,'Asher Slip-On Skate Shoes','Asher Slip-On Skate Shoes',NULL,NULL,NULL,0,0,NULL,2.0000,126.5000,126.5000,NULL,0.0000,0.0000,0.0000,0.0000,0.0000,0.0000,253.0000,253.0000,0.0000,0.0000,'simple',NULL,NULL,NULL,NULL,NULL,126.5000,126.5000,253.0000,253.0000,0.0000,0.0000,NULL,0,NULL,NULL,NULL,NULL,NULL,NULL,NULL,NULL,NULL),(60,34,'2021-01-11 07:12:04','2021-01-11 07:12:05',49,16,NULL,0,'Puma Pacer Cage Sneakers','Puma Pacer Cage Sneakers',NULL,NULL,NULL,0,0,NULL,2.0000,149.0000,149.0000,NULL,0.0000,0.0000,0.0000,0.0000,0.0000,0.0000,298.0000,298.0000,0.0000,0.0000,'simple',NULL,NULL,NULL,NULL,NULL,149.0000,149.0000,298.0000,298.0000,0.0000,0.0000,NULL,0,NULL,NULL,NULL,NULL,NULL,NULL,NULL,NULL,NULL),(61,34,'2021-01-11 07:12:04','2021-01-11 07:12:05',47,16,NULL,0,'Dynamight Paradise Wave Sneakers','Dynamight Paradise Wave Sneakers',NULL,NULL,NULL,0,0,NULL,2.0000,198.0000,198.0000,NULL,0.0000,0.0000,0.0000,0.0000,0.0000,0.0000,396.0000,396.0000,0.0000,0.0000,'simple',NULL,NULL,NULL,NULL,399.0000,198.0000,198.0000,396.0000,396.0000,0.0000,0.0000,NULL,0,NULL,NULL,NULL,NULL,NULL,NULL,NULL,NULL,NULL),(62,34,'2021-01-11 07:12:04','2021-01-11 07:12:05',46,16,NULL,0,'New Balance Draft Running Shoes','New Balance Draft Running Shoes',NULL,NULL,NULL,0,0,NULL,2.0000,132.0000,132.0000,NULL,0.0000,0.0000,0.0000,0.0000,0.0000,0.0000,264.0000,264.0000,0.0000,0.0000,'simple',NULL,NULL,NULL,NULL,168.0000,132.0000,132.0000,264.0000,264.0000,0.0000,0.0000,NULL,0,NULL,NULL,NULL,NULL,NULL,NULL,NULL,NULL,NULL),(63,34,'2021-01-11 07:12:04','2021-01-11 07:12:05',45,16,NULL,0,'Fila Memory Vernato Windlift','Fila Memory Vernato Windlift',NULL,NULL,NULL,0,0,NULL,2.0000,129.0000,129.0000,NULL,0.0000,0.0000,0.0000,0.0000,0.0000,0.0000,258.0000,258.0000,0.0000,0.0000,'simple',NULL,NULL,NULL,NULL,NULL,129.0000,129.0000,258.0000,258.0000,0.0000,0.0000,NULL,0,NULL,NULL,NULL,NULL,NULL,NULL,NULL,NULL,NULL),(64,34,'2021-01-11 07:12:23','2021-01-11 07:12:24',56,16,NULL,0,'Nike Reposto Sneakers','Nike Reposto Sneakers',NULL,NULL,NULL,0,0,NULL,2.0000,99.0000,99.0000,NULL,0.0000,0.0000,0.0000,0.0000,0.0000,0.0000,198.0000,198.0000,0.0000,0.0000,'simple',NULL,NULL,NULL,NULL,144.0000,99.0000,99.0000,198.0000,198.0000,0.0000,0.0000,NULL,0,NULL,NULL,NULL,NULL,NULL,NULL,NULL,NULL,NULL),(67,35,'2021-01-12 01:57:04','2021-01-12 01:57:06',4,1,NULL,1,'XD2408-L','Grain pendant lamp                              ',NULL,NULL,NULL,0,0,NULL,2.0000,200.0000,200.0000,NULL,0.0000,0.0000,0.0000,0.0000,0.0000,0.0000,400.0000,400.0000,0.0000,0.0000,'configurable',NULL,NULL,NULL,NULL,NULL,200.0000,200.0000,400.0000,400.0000,0.0000,0.0000,NULL,0,NULL,NULL,NULL,NULL,NULL,NULL,NULL,NULL,NULL),(68,35,'2021-01-12 01:57:04','2021-01-12 01:57:04',58,1,67,1,'XD2408-L','Grain pendant lamp                              -L',NULL,NULL,NULL,0,0,NULL,1.0000,0.0000,0.0000,NULL,0.0000,0.0000,0.0000,0.0000,0.0000,0.0000,0.0000,0.0000,0.0000,0.0000,'virtual',NULL,NULL,NULL,NULL,NULL,NULL,NULL,NULL,NULL,NULL,NULL,NULL,0,NULL,NULL,NULL,NULL,NULL,NULL,NULL,NULL,NULL),(69,35,'2021-01-12 01:57:04','2021-01-12 03:58:44',1,1,NULL,0,'FU1259','360 S Carronade low floor lamp',NULL,NULL,NULL,0,0,NULL,4.0000,100.0000,100.0000,NULL,0.0000,0.0000,0.0000,0.0000,0.0000,0.0000,400.0000,400.0000,0.0000,0.0000,'simple',NULL,NULL,NULL,NULL,132.0000,100.0000,100.0000,400.0000,400.0000,0.0000,0.0000,NULL,0,NULL,NULL,NULL,NULL,NULL,NULL,NULL,NULL,NULL),(70,35,'2021-01-12 01:57:04','2021-01-12 03:58:44',3,1,NULL,0,'XQ 241289',' PH 5 Pendant Lamp Copper',NULL,NULL,NULL,0,0,NULL,4.0000,500.0000,500.0000,NULL,0.0000,0.0000,0.0000,0.0000,0.0000,0.0000,2000.0000,2000.0000,0.0000,0.0000,'simple',NULL,NULL,NULL,NULL,NULL,500.0000,500.0000,2000.0000,2000.0000,0.0000,0.0000,NULL,0,NULL,NULL,NULL,NULL,NULL,NULL,NULL,NULL,NULL),(71,35,'2021-01-12 03:58:42','2021-01-12 03:58:44',20,1,NULL,1,'HLCY710-S-yellow','Ribbed sweater ',NULL,NULL,NULL,0,0,NULL,2.0000,89.0000,89.0000,NULL,0.0000,0.0000,0.0000,0.0000,0.0000,0.0000,178.0000,178.0000,0.0000,0.0000,'configurable',NULL,NULL,NULL,NULL,NULL,89.0000,89.0000,178.0000,178.0000,0.0000,0.0000,NULL,0,NULL,NULL,NULL,NULL,NULL,NULL,NULL,NULL,NULL),(72,35,'2021-01-12 03:58:42','2021-01-12 03:58:42',61,1,71,1,'HLCY710-S-yellow','Ribbed sweater -S-yellow',NULL,NULL,NULL,0,0,NULL,1.0000,0.0000,0.0000,NULL,0.0000,0.0000,0.0000,0.0000,0.0000,0.0000,0.0000,0.0000,0.0000,0.0000,'virtual',NULL,NULL,NULL,NULL,NULL,NULL,NULL,NULL,NULL,NULL,NULL,NULL,0,NULL,NULL,NULL,NULL,NULL,NULL,NULL,NULL,NULL),(73,35,'2021-01-12 03:58:42','2021-01-12 03:58:44',5,1,NULL,0,'BC1963-pink',' Lune Pendant-pink',NULL,NULL,NULL,0,0,NULL,2.0000,400.0000,400.0000,NULL,0.0000,0.0000,0.0000,0.0000,0.0000,0.0000,800.0000,800.0000,0.0000,0.0000,'simple',NULL,NULL,NULL,NULL,600.0000,400.0000,400.0000,800.0000,800.0000,0.0000,0.0000,NULL,0,NULL,NULL,NULL,NULL,NULL,NULL,NULL,NULL,NULL),(74,35,'2021-01-12 06:29:40','2021-01-12 06:29:41',17,1,NULL,0,'BN1932','Flower vase',NULL,NULL,NULL,0,0,NULL,2.0000,200.0000,200.0000,NULL,0.0000,0.0000,0.0000,0.0000,0.0000,0.0000,400.0000,400.0000,0.0000,0.0000,'simple',NULL,NULL,NULL,NULL,100.0000,200.0000,200.0000,400.0000,400.0000,0.0000,0.0000,NULL,0,NULL,NULL,NULL,NULL,NULL,NULL,NULL,NULL,NULL),(76,37,'2021-01-13 02:29:14','2021-01-13 02:29:15',51,16,NULL,0,'Hike Slip-On Flatform Sneakers','Hike Slip-On Flatform Sneakers',NULL,NULL,NULL,0,0,NULL,2.0000,132.0000,132.0000,NULL,0.0000,0.0000,0.0000,0.0000,0.0000,0.0000,264.0000,264.0000,0.0000,0.0000,'simple',NULL,NULL,NULL,NULL,166.9900,132.0000,132.0000,264.0000,264.0000,0.0000,0.0000,NULL,0,NULL,NULL,NULL,NULL,NULL,NULL,NULL,NULL,NULL),(77,37,'2021-01-13 02:30:19','2021-01-13 02:41:24',56,16,NULL,0,'Nike Reposto Sneakers','Nike Reposto Sneakers',NULL,NULL,NULL,0,0,NULL,6.0000,99.0000,99.0000,NULL,0.0000,0.0000,0.0000,0.0000,0.0000,0.0000,594.0000,594.0000,0.0000,0.0000,'simple',NULL,NULL,NULL,NULL,144.0000,99.0000,99.0000,594.0000,594.0000,0.0000,0.0000,NULL,0,NULL,NULL,NULL,NULL,NULL,NULL,NULL,NULL,NULL),(78,37,'2021-01-13 02:40:15','2021-01-13 02:40:17',53,16,NULL,0,'Strength Slip-On Sneakers','Strength Slip-On Sneakers',NULL,NULL,NULL,0,0,NULL,2.0000,112.9900,112.9900,NULL,0.0000,0.0000,0.0000,0.0000,0.0000,0.0000,225.9800,225.9800,0.0000,0.0000,'simple',NULL,NULL,NULL,NULL,NULL,112.9900,112.9900,225.9800,225.9800,0.0000,0.0000,NULL,0,NULL,NULL,NULL,NULL,NULL,NULL,NULL,NULL,NULL),(79,38,'2021-01-13 02:40:29','2021-01-13 02:41:24',25,1,NULL,0,'BN1273',' P12 Rockinghorse',NULL,NULL,NULL,0,0,NULL,4.0000,300.0000,300.0000,NULL,0.0000,0.0000,0.0000,0.0000,0.0000,0.0000,1200.0000,1200.0000,0.0000,0.0000,'simple',NULL,NULL,NULL,NULL,NULL,300.0000,300.0000,1200.0000,1200.0000,0.0000,0.0000,NULL,0,NULL,NULL,NULL,NULL,NULL,NULL,NULL,NULL,NULL),(80,37,'2021-01-13 02:40:57','2021-01-13 02:40:58',44,16,NULL,0,'Nike Air Max Motion 2 Sneakers','Nike Air Max Motion 2 Sneakers',NULL,NULL,NULL,0,0,0.0000,2.0000,99.0000,99.0000,NULL,0.0000,0.0000,0.0000,0.0000,0.0000,0.0000,198.0000,198.0000,0.0000,0.0000,'simple',NULL,NULL,NULL,NULL,NULL,99.0000,99.0000,198.0000,198.0000,0.0000,0.0000,NULL,0,NULL,NULL,NULL,NULL,NULL,NULL,NULL,NULL,NULL),(81,38,'2021-01-13 02:47:08','2021-01-13 02:47:10',20,1,NULL,1,'HLCY710-S-yellow','Ribbed sweater ',NULL,NULL,NULL,0,0,NULL,2.0000,89.0000,89.0000,NULL,0.0000,0.0000,0.0000,0.0000,0.0000,0.0000,178.0000,178.0000,0.0000,0.0000,'configurable',NULL,NULL,NULL,NULL,NULL,89.0000,89.0000,178.0000,178.0000,0.0000,0.0000,NULL,0,NULL,NULL,NULL,NULL,NULL,NULL,NULL,NULL,NULL),(82,38,'2021-01-13 02:47:08','2021-01-13 02:47:08',61,1,81,1,'HLCY710-S-yellow','Ribbed sweater -S-yellow',NULL,NULL,NULL,0,0,NULL,1.0000,0.0000,0.0000,NULL,0.0000,0.0000,0.0000,0.0000,0.0000,0.0000,0.0000,0.0000,0.0000,0.0000,'virtual',NULL,NULL,NULL,NULL,NULL,NULL,NULL,NULL,NULL,NULL,NULL,NULL,0,NULL,NULL,NULL,NULL,NULL,NULL,NULL,NULL,NULL),(83,38,'2021-01-13 02:50:19','2021-01-13 02:50:48',22,1,NULL,0,'CH1977','Craft Salt and Pepper mill',NULL,NULL,NULL,0,0,NULL,4.0000,100.0000,100.0000,NULL,0.0000,0.0000,0.0000,0.0000,0.0000,0.0000,400.0000,400.0000,0.0000,0.0000,'simple',NULL,NULL,NULL,NULL,NULL,100.0000,100.0000,400.0000,400.0000,0.0000,0.0000,NULL,0,NULL,NULL,NULL,NULL,NULL,NULL,NULL,NULL,NULL),(84,39,'2021-01-13 03:05:15','2021-01-13 03:05:16',56,16,NULL,0,'Nike Reposto Sneakers','Nike Reposto Sneakers',NULL,NULL,NULL,0,0,NULL,2.0000,99.0000,99.0000,NULL,0.0000,0.0000,0.0000,0.0000,0.0000,0.0000,198.0000,198.0000,0.0000,0.0000,'simple',NULL,NULL,NULL,NULL,144.0000,99.0000,99.0000,198.0000,198.0000,0.0000,0.0000,NULL,0,NULL,NULL,NULL,NULL,NULL,NULL,NULL,NULL,NULL),(88,40,'2021-01-13 04:48:16','2021-01-13 05:06:48',25,1,NULL,0,'BN1273',' P12 Rockinghorse',NULL,NULL,NULL,0,0,NULL,6.0000,300.0000,300.0000,NULL,0.0000,0.0000,0.0000,0.0000,0.0000,0.0000,1800.0000,1800.0000,0.0000,0.0000,'simple',NULL,NULL,NULL,NULL,NULL,300.0000,300.0000,1800.0000,1800.0000,0.0000,0.0000,NULL,0,NULL,NULL,NULL,NULL,NULL,NULL,NULL,NULL,NULL),(89,36,'2021-01-13 06:19:20','2021-01-13 06:19:20',17,5,NULL,0,'BN1932','Flower vase',NULL,NULL,NULL,0,0,NULL,1.0000,200.0000,200.0000,NULL,0.0000,0.0000,0.0000,0.0000,0.0000,0.0000,200.0000,200.0000,0.0000,0.0000,'simple',NULL,NULL,NULL,NULL,100.0000,200.0000,200.0000,200.0000,200.0000,0.0000,0.0000,NULL,0,NULL,NULL,NULL,NULL,NULL,NULL,NULL,NULL,NULL),(90,36,'2021-01-13 06:19:52','2021-01-13 06:19:52',3,5,NULL,0,'XQ 241289',' PH 5 Pendant Lamp Copper',NULL,NULL,NULL,0,0,NULL,1.0000,500.0000,500.0000,NULL,0.0000,0.0000,0.0000,0.0000,0.0000,0.0000,500.0000,500.0000,0.0000,0.0000,'simple',NULL,NULL,NULL,NULL,NULL,500.0000,500.0000,500.0000,500.0000,0.0000,0.0000,NULL,0,NULL,NULL,NULL,NULL,NULL,NULL,NULL,NULL,NULL),(91,36,'2021-01-13 06:20:04','2021-01-13 06:20:04',22,5,NULL,0,'CH1977','Craft Salt and Pepper mill',NULL,NULL,NULL,0,0,NULL,1.0000,100.0000,100.0000,NULL,0.0000,0.0000,0.0000,0.0000,0.0000,0.0000,100.0000,100.0000,0.0000,0.0000,'simple',NULL,NULL,NULL,NULL,NULL,100.0000,100.0000,100.0000,100.0000,0.0000,0.0000,NULL,0,NULL,NULL,NULL,NULL,NULL,NULL,NULL,NULL,NULL),(92,41,'2021-01-14 07:33:48','2021-01-14 07:33:48',23,1,NULL,0,'MH1996','Sarpaneva casserole',NULL,NULL,NULL,0,0,NULL,1.0000,249.0000,249.0000,NULL,0.0000,0.0000,0.0000,0.0000,0.0000,0.0000,249.0000,249.0000,0.0000,0.0000,'simple',NULL,NULL,NULL,NULL,300.0000,249.0000,249.0000,249.0000,249.0000,0.0000,0.0000,NULL,0,NULL,NULL,NULL,NULL,NULL,NULL,NULL,NULL,NULL),(93,42,'2021-01-14 07:41:33','2021-01-14 07:41:33',20,1,NULL,1,'HLCY710-S-yellow','Ribbed sweater ',NULL,NULL,NULL,0,0,NULL,1.0000,89.0000,89.0000,NULL,0.0000,0.0000,0.0000,0.0000,0.0000,0.0000,89.0000,89.0000,0.0000,0.0000,'configurable',NULL,NULL,NULL,NULL,NULL,89.0000,89.0000,89.0000,89.0000,0.0000,0.0000,NULL,0,NULL,NULL,NULL,NULL,NULL,NULL,NULL,NULL,NULL),(94,42,'2021-01-14 07:41:33','2021-01-14 07:41:33',61,1,93,1,'HLCY710-S-yellow','Ribbed sweater -S-yellow',NULL,NULL,NULL,0,0,NULL,1.0000,0.0000,0.0000,NULL,0.0000,0.0000,0.0000,0.0000,0.0000,0.0000,0.0000,0.0000,0.0000,0.0000,'virtual',NULL,NULL,NULL,NULL,NULL,NULL,NULL,NULL,NULL,NULL,NULL,NULL,0,NULL,NULL,NULL,NULL,NULL,NULL,NULL,NULL,NULL),(95,42,'2021-01-14 07:42:34','2021-01-14 07:42:34',23,1,NULL,0,'MH1996','Sarpaneva casserole',NULL,NULL,NULL,0,0,NULL,1.0000,249.0000,249.0000,NULL,0.0000,0.0000,0.0000,0.0000,0.0000,0.0000,249.0000,249.0000,0.0000,0.0000,'simple',NULL,NULL,NULL,NULL,300.0000,249.0000,249.0000,249.0000,249.0000,0.0000,0.0000,NULL,0,NULL,NULL,NULL,NULL,NULL,NULL,NULL,NULL,NULL),(96,43,'2021-01-15 01:48:09','2021-01-15 01:48:09',3,1,NULL,0,'XQ 241289',' PH 5 Pendant Lamp Copper',NULL,NULL,NULL,0,0,NULL,1.0000,500.0000,500.0000,NULL,0.0000,0.0000,0.0000,0.0000,0.0000,0.0000,500.0000,500.0000,0.0000,0.0000,'simple',NULL,NULL,NULL,NULL,NULL,500.0000,500.0000,500.0000,500.0000,0.0000,0.0000,NULL,0,NULL,NULL,NULL,NULL,NULL,NULL,NULL,NULL,NULL),(97,43,'2021-01-15 01:49:57','2021-01-15 01:49:57',5,1,NULL,0,'BC1963-pink',' Lune Pendant-pink',NULL,NULL,NULL,0,0,NULL,1.0000,400.0000,400.0000,NULL,0.0000,0.0000,0.0000,0.0000,0.0000,0.0000,400.0000,400.0000,0.0000,0.0000,'simple',NULL,NULL,NULL,NULL,600.0000,400.0000,400.0000,400.0000,400.0000,0.0000,0.0000,NULL,0,NULL,NULL,NULL,NULL,NULL,NULL,NULL,NULL,NULL),(98,43,'2021-01-15 01:54:17','2021-01-15 01:54:17',21,1,NULL,0,'BN1933','Salt & Pepper',NULL,NULL,NULL,0,0,NULL,1.0000,600.0000,600.0000,NULL,0.0000,0.0000,0.0000,0.0000,0.0000,0.0000,600.0000,600.0000,0.0000,0.0000,'simple',NULL,NULL,NULL,NULL,NULL,600.0000,600.0000,600.0000,600.0000,0.0000,0.0000,NULL,0,NULL,NULL,NULL,NULL,NULL,NULL,NULL,NULL,NULL),(99,43,'2021-01-15 01:58:07','2021-01-15 01:58:07',24,1,NULL,0,'ON1265','Marble wall clock',NULL,NULL,NULL,0,0,NULL,1.0000,300.0000,300.0000,NULL,0.0000,0.0000,0.0000,0.0000,0.0000,0.0000,300.0000,300.0000,0.0000,0.0000,'simple',NULL,NULL,NULL,NULL,NULL,300.0000,300.0000,300.0000,300.0000,0.0000,0.0000,NULL,0,NULL,NULL,NULL,NULL,NULL,NULL,NULL,NULL,NULL),(100,44,'2021-01-18 01:12:31','2021-01-18 01:12:31',22,1,NULL,0,'CH1977','Craft Salt and Pepper mill',NULL,NULL,NULL,0,0,NULL,1.0000,100.0000,100.0000,NULL,0.0000,0.0000,0.0000,0.0000,0.0000,0.0000,100.0000,100.0000,0.0000,0.0000,'simple',NULL,NULL,NULL,NULL,NULL,100.0000,100.0000,100.0000,100.0000,0.0000,0.0000,NULL,0,NULL,NULL,NULL,NULL,NULL,NULL,NULL,NULL,NULL),(101,44,'2021-01-18 01:44:29','2021-01-18 01:44:29',24,1,NULL,0,'ON1265','Marble wall clock',NULL,NULL,NULL,0,0,NULL,2.0000,300.0000,300.0000,NULL,0.0000,0.0000,0.0000,0.0000,0.0000,0.0000,600.0000,600.0000,0.0000,0.0000,'simple',NULL,NULL,NULL,NULL,NULL,300.0000,300.0000,600.0000,600.0000,0.0000,0.0000,NULL,0,NULL,NULL,NULL,NULL,NULL,NULL,NULL,NULL,NULL),(102,45,'2021-01-19 01:41:14','2021-01-19 10:08:40',16,1,NULL,1,'CT1974','Grand Prix™ chair',NULL,NULL,NULL,0,0,NULL,7.0000,150.0000,150.0000,NULL,0.0000,0.0000,0.0000,0.0000,0.0000,0.0000,1050.0000,1050.0000,0.0000,0.0000,'virtual',NULL,NULL,NULL,NULL,200.0000,150.0000,150.0000,1050.0000,1050.0000,0.0000,0.0000,NULL,0,NULL,NULL,NULL,NULL,NULL,NULL,NULL,NULL,NULL),(103,46,'2021-01-19 01:50:57','2021-01-19 02:35:12',24,1,NULL,0,'ON1265','Marble wall clock',NULL,NULL,NULL,0,0,NULL,9.0000,300.0000,300.0000,NULL,0.0000,0.0000,0.0000,0.0000,0.0000,0.0000,2700.0000,2700.0000,0.0000,0.0000,'simple',NULL,NULL,NULL,NULL,NULL,300.0000,300.0000,2700.0000,2700.0000,0.0000,0.0000,NULL,0,NULL,NULL,NULL,NULL,NULL,NULL,NULL,NULL,NULL),(104,47,'2021-01-19 02:22:30','2021-01-19 02:32:52',19,7,NULL,0,'EN1411','Tivoli Bazaar Vase',NULL,NULL,NULL,0,0,NULL,1.0000,250.0000,250.0000,NULL,0.0000,0.0000,0.0000,0.0000,0.0000,0.0000,250.0000,250.0000,0.0000,0.0000,'simple',NULL,NULL,NULL,NULL,NULL,250.0000,250.0000,250.0000,250.0000,0.0000,0.0000,NULL,0,NULL,NULL,NULL,NULL,NULL,NULL,NULL,NULL,NULL),(105,45,'2021-01-19 02:31:58','2021-01-19 04:41:40',17,1,NULL,0,'BN1932','Flower vase',NULL,NULL,NULL,0,0,NULL,18.0000,200.0000,200.0000,NULL,0.0000,0.0000,0.0000,0.0000,0.0000,0.0000,3600.0000,3600.0000,0.0000,0.0000,'simple',NULL,NULL,NULL,NULL,100.0000,200.0000,200.0000,3600.0000,3600.0000,0.0000,0.0000,NULL,0,NULL,NULL,NULL,NULL,NULL,NULL,NULL,NULL,NULL),(106,47,'2021-01-19 02:32:48','2021-01-19 02:32:52',17,7,NULL,0,'BN1932','Flower vase',NULL,NULL,NULL,0,0,NULL,2.0000,200.0000,200.0000,NULL,0.0000,0.0000,0.0000,0.0000,0.0000,0.0000,400.0000,400.0000,0.0000,0.0000,'simple',NULL,NULL,NULL,NULL,100.0000,200.0000,200.0000,400.0000,400.0000,0.0000,0.0000,NULL,0,NULL,NULL,NULL,NULL,NULL,NULL,NULL,NULL,NULL),(107,46,'2021-01-19 02:33:14','2021-01-19 02:33:14',4,1,NULL,1,'XD2408-M','Grain pendant lamp                              ',NULL,NULL,NULL,0,0,NULL,1.0000,200.0000,200.0000,NULL,0.0000,0.0000,0.0000,0.0000,0.0000,0.0000,200.0000,200.0000,0.0000,0.0000,'configurable',NULL,NULL,NULL,NULL,NULL,200.0000,200.0000,200.0000,200.0000,0.0000,0.0000,NULL,0,NULL,NULL,NULL,NULL,NULL,NULL,NULL,NULL,NULL),(108,46,'2021-01-19 02:33:14','2021-01-19 02:33:14',59,1,107,1,'XD2408-M','Grain pendant lamp                              -M',NULL,NULL,NULL,0,0,NULL,1.0000,0.0000,0.0000,NULL,0.0000,0.0000,0.0000,0.0000,0.0000,0.0000,0.0000,0.0000,0.0000,0.0000,'virtual',NULL,NULL,NULL,NULL,NULL,NULL,NULL,NULL,NULL,NULL,NULL,NULL,0,NULL,NULL,NULL,NULL,NULL,NULL,NULL,NULL,NULL),(109,46,'2021-01-19 02:34:40','2021-01-19 02:34:40',5,1,NULL,0,'BC1963-pink',' Lune Pendant-pink',NULL,NULL,NULL,0,0,NULL,1.0000,400.0000,400.0000,NULL,0.0000,0.0000,0.0000,0.0000,0.0000,0.0000,400.0000,400.0000,0.0000,0.0000,'simple',NULL,NULL,NULL,NULL,600.0000,400.0000,400.0000,400.0000,400.0000,0.0000,0.0000,NULL,0,NULL,NULL,NULL,NULL,NULL,NULL,NULL,NULL,NULL),(110,46,'2021-01-19 02:34:40','2021-01-19 02:34:40',16,1,NULL,1,'CT1974','Grand Prix™ chair',NULL,NULL,NULL,0,0,NULL,1.0000,150.0000,150.0000,NULL,0.0000,0.0000,0.0000,0.0000,0.0000,0.0000,150.0000,150.0000,0.0000,0.0000,'virtual',NULL,NULL,NULL,NULL,200.0000,150.0000,150.0000,150.0000,150.0000,0.0000,0.0000,NULL,0,NULL,NULL,NULL,NULL,NULL,NULL,NULL,NULL,NULL),(111,46,'2021-01-19 02:34:40','2021-01-19 02:34:40',17,1,NULL,0,'BN1932','Flower vase',NULL,NULL,NULL,0,0,NULL,1.0000,200.0000,200.0000,NULL,0.0000,0.0000,0.0000,0.0000,0.0000,0.0000,200.0000,200.0000,0.0000,0.0000,'simple',NULL,NULL,NULL,NULL,100.0000,200.0000,200.0000,200.0000,200.0000,0.0000,0.0000,NULL,0,NULL,NULL,NULL,NULL,NULL,NULL,NULL,NULL,NULL),(112,46,'2021-01-19 02:34:40','2021-01-19 02:34:40',18,1,NULL,0,'ON1999','Orbis vase',NULL,NULL,NULL,0,0,NULL,1.0000,189.0000,189.0000,NULL,0.0000,0.0000,0.0000,0.0000,0.0000,0.0000,189.0000,189.0000,0.0000,0.0000,'simple',NULL,NULL,NULL,NULL,300.0000,189.0000,189.0000,189.0000,189.0000,0.0000,0.0000,NULL,0,NULL,NULL,NULL,NULL,NULL,NULL,NULL,NULL,NULL),(113,46,'2021-01-19 02:34:40','2021-01-19 02:34:40',19,1,NULL,0,'EN1411','Tivoli Bazaar Vase',NULL,NULL,NULL,0,0,NULL,1.0000,250.0000,250.0000,NULL,0.0000,0.0000,0.0000,0.0000,0.0000,0.0000,250.0000,250.0000,0.0000,0.0000,'simple',NULL,NULL,NULL,NULL,NULL,250.0000,250.0000,250.0000,250.0000,0.0000,0.0000,NULL,0,NULL,NULL,NULL,NULL,NULL,NULL,NULL,NULL,NULL),(114,46,'2021-01-19 02:34:40','2021-01-19 02:34:40',21,1,NULL,0,'BN1933','Salt & Pepper',NULL,NULL,NULL,0,0,NULL,1.0000,600.0000,600.0000,NULL,0.0000,0.0000,0.0000,0.0000,0.0000,0.0000,600.0000,600.0000,0.0000,0.0000,'simple',NULL,NULL,NULL,NULL,NULL,600.0000,600.0000,600.0000,600.0000,0.0000,0.0000,NULL,0,NULL,NULL,NULL,NULL,NULL,NULL,NULL,NULL,NULL),(115,46,'2021-01-19 02:34:40','2021-01-19 02:34:40',22,1,NULL,0,'CH1977','Craft Salt and Pepper mill',NULL,NULL,NULL,0,0,NULL,1.0000,100.0000,100.0000,NULL,0.0000,0.0000,0.0000,0.0000,0.0000,0.0000,100.0000,100.0000,0.0000,0.0000,'simple',NULL,NULL,NULL,NULL,NULL,100.0000,100.0000,100.0000,100.0000,0.0000,0.0000,NULL,0,NULL,NULL,NULL,NULL,NULL,NULL,NULL,NULL,NULL),(116,46,'2021-01-19 02:34:40','2021-01-19 02:34:40',23,1,NULL,0,'MH1996','Sarpaneva casserole',NULL,NULL,NULL,0,0,NULL,1.0000,249.0000,249.0000,NULL,0.0000,0.0000,0.0000,0.0000,0.0000,0.0000,249.0000,249.0000,0.0000,0.0000,'simple',NULL,NULL,NULL,NULL,300.0000,249.0000,249.0000,249.0000,249.0000,0.0000,0.0000,NULL,0,NULL,NULL,NULL,NULL,NULL,NULL,NULL,NULL,NULL),(117,45,'2021-01-19 02:34:42','2021-01-19 02:34:42',22,1,NULL,0,'CH1977','Craft Salt and Pepper mill',NULL,NULL,NULL,0,0,NULL,1.0000,100.0000,100.0000,NULL,0.0000,0.0000,0.0000,0.0000,0.0000,0.0000,100.0000,100.0000,0.0000,0.0000,'simple',NULL,NULL,NULL,NULL,NULL,100.0000,100.0000,100.0000,100.0000,0.0000,0.0000,NULL,0,NULL,NULL,NULL,NULL,NULL,NULL,NULL,NULL,NULL),(118,48,'2021-01-19 02:48:37','2021-01-19 02:56:18',26,9,NULL,0,'CBD123','Small Dustpan & Brush Set',NULL,NULL,NULL,0,0,NULL,1.0000,100.0000,100.0000,NULL,0.0000,0.0000,0.0000,0.0000,0.0000,0.0000,100.0000,100.0000,0.0000,0.0000,'simple',NULL,NULL,NULL,NULL,200.0000,100.0000,100.0000,100.0000,100.0000,0.0000,0.0000,NULL,0,NULL,NULL,NULL,NULL,NULL,NULL,NULL,NULL,NULL),(119,49,'2021-01-19 03:11:50','2021-01-19 03:11:50',3,5,NULL,0,'XQ 241289',' PH 5 Pendant Lamp Copper',NULL,NULL,NULL,0,0,NULL,1.0000,500.0000,500.0000,NULL,0.0000,0.0000,0.0000,0.0000,0.0000,0.0000,500.0000,500.0000,0.0000,0.0000,'simple',NULL,NULL,NULL,NULL,NULL,500.0000,500.0000,500.0000,500.0000,0.0000,0.0000,NULL,0,NULL,NULL,NULL,NULL,NULL,NULL,NULL,NULL,NULL),(120,50,'2021-01-19 03:15:39','2021-01-19 03:15:39',32,14,NULL,0,'Crewneck Blouse','Crewneck Blouse',NULL,NULL,NULL,0,0,NULL,1.0000,202.0000,202.0000,NULL,0.0000,0.0000,0.0000,0.0000,0.0000,0.0000,202.0000,202.0000,0.0000,0.0000,'simple',NULL,NULL,NULL,NULL,NULL,202.0000,202.0000,202.0000,202.0000,0.0000,0.0000,NULL,0,NULL,NULL,NULL,NULL,NULL,NULL,NULL,NULL,NULL),(121,45,'2021-01-19 03:32:24','2021-01-19 06:21:11',21,1,NULL,0,'BN1933','Salt & Pepper',NULL,NULL,NULL,0,0,NULL,3.0000,600.0000,600.0000,NULL,0.0000,0.0000,0.0000,0.0000,0.0000,0.0000,1800.0000,1800.0000,0.0000,0.0000,'simple',NULL,NULL,NULL,NULL,NULL,600.0000,600.0000,1800.0000,1800.0000,0.0000,0.0000,NULL,0,NULL,NULL,NULL,NULL,NULL,NULL,NULL,NULL,NULL),(122,52,'2021-01-19 04:27:10','2021-01-19 04:27:10',24,7,NULL,0,'ON1265','Marble wall clock',NULL,NULL,NULL,0,0,NULL,1.0000,300.0000,300.0000,NULL,0.0000,0.0000,0.0000,0.0000,0.0000,0.0000,300.0000,300.0000,0.0000,0.0000,'simple',NULL,NULL,NULL,NULL,NULL,300.0000,300.0000,300.0000,300.0000,0.0000,0.0000,NULL,0,NULL,NULL,NULL,NULL,NULL,NULL,NULL,NULL,NULL),(123,53,'2021-01-19 04:35:35','2021-01-19 04:35:35',3,7,NULL,0,'XQ 241289',' PH 5 Pendant Lamp Copper',NULL,NULL,NULL,0,0,NULL,1.0000,500.0000,500.0000,NULL,0.0000,0.0000,0.0000,0.0000,0.0000,0.0000,500.0000,500.0000,0.0000,0.0000,'simple',NULL,NULL,NULL,NULL,NULL,500.0000,500.0000,500.0000,500.0000,0.0000,0.0000,NULL,0,NULL,NULL,NULL,NULL,NULL,NULL,NULL,NULL,NULL),(124,45,'2021-01-19 04:37:57','2021-01-19 06:28:35',5,1,NULL,0,'BC1963-pink',' Lune Pendant-pink',NULL,NULL,NULL,0,0,NULL,7.0000,400.0000,400.0000,NULL,0.0000,0.0000,0.0000,0.0000,0.0000,0.0000,2800.0000,2800.0000,0.0000,0.0000,'simple',NULL,NULL,NULL,NULL,600.0000,400.0000,400.0000,2800.0000,2800.0000,0.0000,0.0000,NULL,0,NULL,NULL,NULL,NULL,NULL,NULL,NULL,NULL,NULL),(125,54,'2021-01-19 04:51:53','2021-01-19 04:55:05',22,1,NULL,0,'CH1977','Craft Salt and Pepper mill',NULL,NULL,NULL,0,0,NULL,2.0000,100.0000,100.0000,NULL,0.0000,0.0000,0.0000,0.0000,0.0000,0.0000,200.0000,200.0000,0.0000,0.0000,'simple',NULL,NULL,NULL,NULL,NULL,100.0000,100.0000,200.0000,200.0000,0.0000,0.0000,NULL,0,NULL,NULL,NULL,NULL,NULL,NULL,NULL,NULL,NULL),(126,54,'2021-01-19 04:51:57','2021-01-19 04:51:57',18,1,NULL,0,'ON1999','Orbis vase',NULL,NULL,NULL,0,0,NULL,1.0000,189.0000,189.0000,NULL,0.0000,0.0000,0.0000,0.0000,0.0000,0.0000,189.0000,189.0000,0.0000,0.0000,'simple',NULL,NULL,NULL,NULL,300.0000,189.0000,189.0000,189.0000,189.0000,0.0000,0.0000,NULL,0,NULL,NULL,NULL,NULL,NULL,NULL,NULL,NULL,NULL),(127,54,'2021-01-19 04:57:07','2021-01-19 04:57:07',3,1,NULL,0,'XQ 241289',' PH 5 Pendant Lamp Copper',NULL,NULL,NULL,0,0,NULL,1.0000,500.0000,500.0000,NULL,0.0000,0.0000,0.0000,0.0000,0.0000,0.0000,500.0000,500.0000,0.0000,0.0000,'simple',NULL,NULL,NULL,NULL,NULL,500.0000,500.0000,500.0000,500.0000,0.0000,0.0000,NULL,0,NULL,NULL,NULL,NULL,NULL,NULL,NULL,NULL,NULL),(128,55,'2021-01-19 08:20:19','2021-01-19 08:20:19',16,1,NULL,1,'CT1974','Grand Prix™ chair',NULL,NULL,NULL,0,0,NULL,1.0000,150.0000,150.0000,NULL,0.0000,0.0000,0.0000,0.0000,0.0000,0.0000,150.0000,150.0000,0.0000,0.0000,'virtual',NULL,NULL,NULL,NULL,200.0000,150.0000,150.0000,150.0000,150.0000,0.0000,0.0000,NULL,0,NULL,NULL,NULL,NULL,NULL,NULL,NULL,NULL,NULL),(129,56,'2021-01-19 08:31:18','2021-01-19 08:31:18',20,1,NULL,1,'HLCY710-S-yellow','Ribbed sweater ',NULL,NULL,NULL,0,0,NULL,1.0000,89.0000,89.0000,NULL,0.0000,0.0000,0.0000,0.0000,0.0000,0.0000,89.0000,89.0000,0.0000,0.0000,'configurable',NULL,NULL,NULL,NULL,NULL,89.0000,89.0000,89.0000,89.0000,0.0000,0.0000,NULL,0,NULL,NULL,NULL,NULL,NULL,NULL,NULL,NULL,NULL),(130,56,'2021-01-19 08:31:18','2021-01-19 08:31:18',61,1,129,1,'HLCY710-S-yellow','Ribbed sweater -S-yellow',NULL,NULL,NULL,0,0,NULL,1.0000,0.0000,0.0000,NULL,0.0000,0.0000,0.0000,0.0000,0.0000,0.0000,0.0000,0.0000,0.0000,0.0000,'virtual',NULL,NULL,NULL,NULL,NULL,NULL,NULL,NULL,NULL,NULL,NULL,NULL,0,NULL,NULL,NULL,NULL,NULL,NULL,NULL,NULL,NULL),(131,56,'2021-01-19 08:47:06','2021-01-19 08:47:06',19,1,NULL,0,'EN1411','Tivoli Bazaar Vase',NULL,NULL,NULL,0,0,NULL,1.0000,250.0000,250.0000,NULL,0.0000,0.0000,0.0000,0.0000,0.0000,0.0000,250.0000,250.0000,0.0000,0.0000,'simple',NULL,NULL,NULL,NULL,NULL,250.0000,250.0000,250.0000,250.0000,0.0000,0.0000,NULL,0,NULL,NULL,NULL,NULL,NULL,NULL,NULL,NULL,NULL),(132,57,'2021-01-19 13:41:02','2021-01-19 15:35:34',16,11,NULL,1,'CT1974','Grand Prix™ chair',NULL,NULL,NULL,0,0,NULL,1.0000,150.0000,150.0000,NULL,0.0000,0.0000,0.0000,0.0000,0.0000,0.0000,150.0000,150.0000,0.0000,0.0000,'virtual',NULL,NULL,NULL,NULL,200.0000,150.0000,150.0000,150.0000,150.0000,0.0000,0.0000,NULL,0,NULL,NULL,NULL,NULL,NULL,NULL,NULL,NULL,NULL),(133,57,'2021-01-19 15:34:57','2021-01-19 15:34:57',3,11,NULL,0,'XQ 241289',' PH 5 Pendant Lamp Copper',NULL,NULL,NULL,0,0,NULL,1.0000,500.0000,500.0000,NULL,0.0000,0.0000,0.0000,0.0000,0.0000,0.0000,500.0000,500.0000,0.0000,0.0000,'simple',NULL,NULL,NULL,NULL,NULL,500.0000,500.0000,500.0000,500.0000,0.0000,0.0000,NULL,0,NULL,NULL,NULL,NULL,NULL,NULL,NULL,NULL,NULL),(134,57,'2021-01-19 15:35:34','2021-01-19 15:35:34',26,11,NULL,0,'CBD123','Small Dustpan & Brush Set',NULL,NULL,NULL,0,0,NULL,1.0000,100.0000,100.0000,NULL,0.0000,0.0000,0.0000,0.0000,0.0000,0.0000,100.0000,100.0000,0.0000,0.0000,'simple',NULL,NULL,NULL,NULL,200.0000,100.0000,100.0000,100.0000,100.0000,0.0000,0.0000,NULL,0,NULL,NULL,NULL,NULL,NULL,NULL,NULL,NULL,NULL),(135,58,'2021-01-20 02:35:01','2021-01-20 02:35:01',18,1,NULL,0,'ON1999','Orbis vase',NULL,NULL,NULL,0,0,NULL,1.0000,189.0000,189.0000,NULL,0.0000,0.0000,0.0000,0.0000,0.0000,0.0000,189.0000,189.0000,0.0000,0.0000,'simple',NULL,NULL,NULL,NULL,300.0000,189.0000,189.0000,189.0000,189.0000,0.0000,0.0000,NULL,0,NULL,NULL,NULL,NULL,NULL,NULL,NULL,NULL,NULL),(136,59,'2021-01-20 02:56:06','2021-01-20 02:56:54',53,16,NULL,0,'Strength Slip-On Sneakers','Strength Slip-On Sneakers',NULL,NULL,NULL,0,0,NULL,2.0000,112.9900,112.9900,NULL,0.0000,0.0000,0.0000,0.0000,0.0000,0.0000,225.9800,225.9800,0.0000,0.0000,'simple',NULL,NULL,NULL,NULL,NULL,112.9900,112.9900,225.9800,225.9800,0.0000,0.0000,NULL,0,NULL,NULL,NULL,NULL,NULL,NULL,NULL,NULL,NULL),(137,60,'2021-01-20 03:01:48','2021-01-20 03:01:48',46,16,NULL,0,'New Balance Draft Running Shoes','New Balance Draft Running Shoes',NULL,NULL,NULL,0,0,NULL,1.0000,132.0000,132.0000,NULL,0.0000,0.0000,0.0000,0.0000,0.0000,0.0000,132.0000,132.0000,0.0000,0.0000,'simple',NULL,NULL,NULL,NULL,168.0000,132.0000,132.0000,132.0000,132.0000,0.0000,0.0000,NULL,0,NULL,NULL,NULL,NULL,NULL,NULL,NULL,NULL,NULL),(138,61,'2021-01-20 03:06:25','2021-01-20 06:46:01',20,1,NULL,1,'HLCY710-S-yellow','Ribbed sweater ',NULL,NULL,NULL,0,0,NULL,1.0000,89.0000,89.0000,NULL,0.0000,0.0000,0.0000,0.0000,0.0000,0.0000,89.0000,89.0000,0.0000,0.0000,'configurable',NULL,NULL,NULL,NULL,NULL,89.0000,89.0000,89.0000,89.0000,0.0000,0.0000,NULL,0,NULL,NULL,NULL,NULL,NULL,NULL,NULL,NULL,NULL),(139,61,'2021-01-20 03:06:25','2021-01-20 06:46:01',61,1,138,1,'HLCY710-S-yellow','Ribbed sweater -S-yellow',NULL,NULL,NULL,0,0,NULL,1.0000,0.0000,0.0000,NULL,0.0000,0.0000,0.0000,0.0000,0.0000,0.0000,0.0000,0.0000,0.0000,0.0000,'virtual',NULL,NULL,NULL,NULL,NULL,NULL,NULL,NULL,NULL,NULL,NULL,NULL,0,NULL,NULL,NULL,NULL,NULL,NULL,NULL,NULL,NULL),(140,62,'2021-01-20 04:25:57','2021-01-20 04:26:38',16,1,NULL,1,'CT1974','Grand Prix™ chair',NULL,NULL,NULL,0,0,NULL,2.0000,150.0000,150.0000,NULL,0.0000,0.0000,0.0000,0.0000,0.0000,0.0000,300.0000,300.0000,0.0000,0.0000,'virtual',NULL,NULL,NULL,NULL,200.0000,150.0000,150.0000,300.0000,300.0000,0.0000,0.0000,NULL,0,NULL,NULL,NULL,NULL,NULL,NULL,NULL,NULL,NULL),(141,62,'2021-01-20 04:26:38','2021-01-20 06:59:08',1,1,NULL,0,'FU1259','360 S Carronade low floor lamp',NULL,NULL,NULL,0,0,NULL,3.0000,100.0000,100.0000,NULL,0.0000,0.0000,0.0000,0.0000,0.0000,0.0000,300.0000,300.0000,0.0000,0.0000,'simple',NULL,NULL,NULL,NULL,132.0000,100.0000,100.0000,300.0000,300.0000,0.0000,0.0000,NULL,0,NULL,NULL,NULL,NULL,NULL,NULL,NULL,NULL,NULL),(142,62,'2021-01-20 04:26:38','2021-01-20 06:59:08',3,1,NULL,0,'XQ 241289',' PH 5 Pendant Lamp Copper',NULL,NULL,NULL,0,0,NULL,3.0000,500.0000,500.0000,NULL,0.0000,0.0000,0.0000,0.0000,0.0000,0.0000,1500.0000,1500.0000,0.0000,0.0000,'simple',NULL,NULL,NULL,NULL,NULL,500.0000,500.0000,1500.0000,1500.0000,0.0000,0.0000,NULL,0,NULL,NULL,NULL,NULL,NULL,NULL,NULL,NULL,NULL),(143,62,'2021-01-20 04:26:38','2021-01-20 06:59:08',5,1,NULL,0,'BC1963-pink',' Lune Pendant-pink',NULL,NULL,NULL,0,0,NULL,3.0000,400.0000,400.0000,NULL,0.0000,0.0000,0.0000,0.0000,0.0000,0.0000,1200.0000,1200.0000,0.0000,0.0000,'simple',NULL,NULL,NULL,NULL,600.0000,400.0000,400.0000,1200.0000,1200.0000,0.0000,0.0000,NULL,0,NULL,NULL,NULL,NULL,NULL,NULL,NULL,NULL,NULL),(144,61,'2021-01-20 06:46:01','2021-01-20 06:46:01',16,1,NULL,1,'CT1974','Grand Prix™ chair',NULL,NULL,NULL,0,0,NULL,1.0000,150.0000,150.0000,NULL,0.0000,0.0000,0.0000,0.0000,0.0000,0.0000,150.0000,150.0000,0.0000,0.0000,'virtual',NULL,NULL,NULL,NULL,200.0000,150.0000,150.0000,150.0000,150.0000,0.0000,0.0000,NULL,0,NULL,NULL,NULL,NULL,NULL,NULL,NULL,NULL,NULL),(145,63,'2021-01-20 06:49:39','2021-01-20 06:49:39',16,1,NULL,1,'CT1974','Grand Prix™ chair',NULL,NULL,NULL,0,0,NULL,1.0000,150.0000,150.0000,NULL,0.0000,0.0000,0.0000,0.0000,0.0000,0.0000,150.0000,150.0000,0.0000,0.0000,'virtual',NULL,NULL,NULL,NULL,200.0000,150.0000,150.0000,150.0000,150.0000,0.0000,0.0000,NULL,0,NULL,NULL,NULL,NULL,NULL,NULL,NULL,NULL,NULL),(146,62,'2021-01-20 06:52:23','2021-01-20 06:59:08',19,1,NULL,0,'EN1411','Tivoli Bazaar Vase',NULL,NULL,NULL,0,0,NULL,2.0000,250.0000,250.0000,NULL,0.0000,0.0000,0.0000,0.0000,0.0000,0.0000,500.0000,500.0000,0.0000,0.0000,'simple',NULL,NULL,NULL,NULL,NULL,250.0000,250.0000,500.0000,500.0000,0.0000,0.0000,NULL,0,NULL,NULL,NULL,NULL,NULL,NULL,NULL,NULL,NULL),(152,65,'2021-01-20 08:14:34','2021-01-20 08:14:34',16,1,NULL,1,'CT1974','Grand Prix™ chair',NULL,NULL,NULL,0,0,NULL,1.0000,150.0000,150.0000,NULL,0.0000,0.0000,0.0000,0.0000,0.0000,0.0000,150.0000,150.0000,0.0000,0.0000,'virtual',NULL,NULL,NULL,NULL,200.0000,150.0000,150.0000,150.0000,150.0000,0.0000,0.0000,NULL,0,NULL,NULL,NULL,NULL,NULL,NULL,NULL,NULL,NULL),(153,66,'2021-01-20 09:34:27','2021-01-20 09:51:27',1,6,NULL,0,'FU1259','360 S Carronade low floor lamp',NULL,NULL,NULL,0,0,NULL,3.0000,100.0000,100.0000,NULL,0.0000,0.0000,0.0000,0.0000,0.0000,0.0000,300.0000,300.0000,0.0000,0.0000,'simple',NULL,NULL,NULL,NULL,132.0000,100.0000,100.0000,300.0000,300.0000,0.0000,0.0000,NULL,0,NULL,NULL,NULL,NULL,NULL,NULL,NULL,NULL,NULL),(154,66,'2021-01-20 09:35:35','2021-01-20 09:51:27',17,6,NULL,0,'BN1932','Flower vase',NULL,NULL,NULL,0,0,NULL,1.0000,200.0000,200.0000,NULL,0.0000,0.0000,0.0000,0.0000,0.0000,0.0000,200.0000,200.0000,0.0000,0.0000,'simple',NULL,NULL,NULL,NULL,100.0000,200.0000,200.0000,200.0000,200.0000,0.0000,0.0000,NULL,0,NULL,NULL,NULL,NULL,NULL,NULL,NULL,NULL,NULL),(155,66,'2021-01-20 09:35:35','2021-01-20 09:51:27',3,6,NULL,0,'XQ 241289',' PH 5 Pendant Lamp Copper',NULL,NULL,NULL,0,0,NULL,1.0000,500.0000,500.0000,NULL,0.0000,0.0000,0.0000,0.0000,0.0000,0.0000,500.0000,500.0000,0.0000,0.0000,'simple',NULL,NULL,NULL,NULL,NULL,500.0000,500.0000,500.0000,500.0000,0.0000,0.0000,NULL,0,NULL,NULL,NULL,NULL,NULL,NULL,NULL,NULL,NULL),(156,66,'2021-01-20 09:35:35','2021-01-20 09:51:27',5,6,NULL,0,'BC1963-pink',' Lune Pendant-pink',NULL,NULL,NULL,0,0,NULL,1.0000,400.0000,400.0000,NULL,0.0000,0.0000,0.0000,0.0000,0.0000,0.0000,400.0000,400.0000,0.0000,0.0000,'simple',NULL,NULL,NULL,NULL,600.0000,400.0000,400.0000,400.0000,400.0000,0.0000,0.0000,NULL,0,NULL,NULL,NULL,NULL,NULL,NULL,NULL,NULL,NULL),(157,66,'2021-01-20 09:35:35','2021-01-20 09:51:27',16,6,NULL,1,'CT1974','Grand Prix™ chair',NULL,NULL,NULL,0,0,NULL,1.0000,150.0000,150.0000,NULL,0.0000,0.0000,0.0000,0.0000,0.0000,0.0000,150.0000,150.0000,0.0000,0.0000,'virtual',NULL,NULL,NULL,NULL,200.0000,150.0000,150.0000,150.0000,150.0000,0.0000,0.0000,NULL,0,NULL,NULL,NULL,NULL,NULL,NULL,NULL,NULL,NULL),(158,67,'2021-01-20 09:51:19','2021-01-20 09:51:19',3,1,NULL,0,'XQ 241289',' PH 5 Pendant Lamp Copper',NULL,NULL,NULL,0,0,NULL,1.0000,500.0000,500.0000,NULL,0.0000,0.0000,0.0000,0.0000,0.0000,0.0000,500.0000,500.0000,0.0000,0.0000,'simple',NULL,NULL,NULL,NULL,NULL,500.0000,500.0000,500.0000,500.0000,0.0000,0.0000,NULL,0,NULL,NULL,NULL,NULL,NULL,NULL,NULL,NULL,NULL),(159,67,'2021-01-20 09:51:35','2021-01-20 09:51:35',16,1,NULL,1,'CT1974','Grand Prix™ chair',NULL,NULL,NULL,0,0,NULL,1.0000,150.0000,150.0000,NULL,0.0000,0.0000,0.0000,0.0000,0.0000,0.0000,150.0000,150.0000,0.0000,0.0000,'virtual',NULL,NULL,NULL,NULL,200.0000,150.0000,150.0000,150.0000,150.0000,0.0000,0.0000,NULL,0,NULL,NULL,NULL,NULL,NULL,NULL,NULL,NULL,NULL),(160,67,'2021-01-20 09:51:44','2021-01-20 09:51:44',20,1,NULL,1,'HLCY710-S-yellow','Ribbed sweater ',NULL,NULL,NULL,0,0,NULL,1.0000,89.0000,89.0000,NULL,0.0000,0.0000,0.0000,0.0000,0.0000,0.0000,89.0000,89.0000,0.0000,0.0000,'configurable',NULL,NULL,NULL,NULL,NULL,89.0000,89.0000,89.0000,89.0000,0.0000,0.0000,NULL,0,NULL,NULL,NULL,NULL,NULL,NULL,NULL,NULL,NULL),(161,67,'2021-01-20 09:51:44','2021-01-20 09:51:44',61,1,160,1,'HLCY710-S-yellow','Ribbed sweater -S-yellow',NULL,NULL,NULL,0,0,NULL,1.0000,0.0000,0.0000,NULL,0.0000,0.0000,0.0000,0.0000,0.0000,0.0000,0.0000,0.0000,0.0000,0.0000,'virtual',NULL,NULL,NULL,NULL,NULL,NULL,NULL,NULL,NULL,NULL,NULL,NULL,0,NULL,NULL,NULL,NULL,NULL,NULL,NULL,NULL,NULL),(162,68,'2021-01-20 09:59:27','2021-01-20 10:07:29',3,11,NULL,0,'XQ 241289',' PH 5 Pendant Lamp Copper',NULL,NULL,NULL,0,0,NULL,1.0000,500.0000,500.0000,NULL,0.0000,0.0000,0.0000,0.0000,0.0000,0.0000,500.0000,500.0000,0.0000,0.0000,'simple',NULL,NULL,NULL,NULL,NULL,500.0000,500.0000,500.0000,500.0000,0.0000,0.0000,NULL,0,NULL,NULL,NULL,NULL,NULL,NULL,NULL,NULL,NULL),(163,69,'2021-01-21 07:10:44','2021-01-21 07:10:44',16,1,NULL,1,'CT1974','Grand Prix™ chair',NULL,NULL,NULL,0,0,NULL,1.0000,150.0000,150.0000,NULL,0.0000,0.0000,0.0000,0.0000,0.0000,0.0000,150.0000,150.0000,0.0000,0.0000,'virtual',NULL,NULL,NULL,NULL,200.0000,150.0000,150.0000,150.0000,150.0000,0.0000,0.0000,NULL,0,NULL,NULL,NULL,NULL,NULL,NULL,NULL,NULL,NULL),(164,70,'2021-01-21 07:30:45','2021-01-21 07:30:45',16,1,NULL,1,'CT1974','Grand Prix™ chair',NULL,NULL,NULL,0,0,NULL,1.0000,150.0000,150.0000,NULL,0.0000,0.0000,0.0000,0.0000,0.0000,0.0000,150.0000,150.0000,0.0000,0.0000,'virtual',NULL,NULL,NULL,NULL,200.0000,150.0000,150.0000,150.0000,150.0000,0.0000,0.0000,NULL,0,NULL,NULL,NULL,NULL,NULL,NULL,NULL,NULL,NULL),(165,71,'2021-01-26 15:04:10','2021-01-26 15:04:10',34,14,NULL,0,'Blue Raincoat','Blue Raincoat',NULL,NULL,NULL,0,0,NULL,1.0000,99.9900,99.9900,NULL,0.0000,0.0000,0.0000,0.0000,0.0000,0.0000,99.9900,99.9900,0.0000,0.0000,'simple',NULL,NULL,NULL,NULL,124.9900,99.9900,99.9900,99.9900,99.9900,0.0000,0.0000,NULL,0,NULL,NULL,NULL,NULL,NULL,NULL,NULL,NULL,NULL),(166,71,'2021-01-26 15:09:42','2021-01-26 15:09:42',32,14,NULL,0,'Crewneck Blouse','Crewneck Blouse',NULL,NULL,NULL,0,0,NULL,1.0000,202.0000,202.0000,NULL,0.0000,0.0000,0.0000,0.0000,0.0000,0.0000,202.0000,202.0000,0.0000,0.0000,'simple',NULL,NULL,NULL,NULL,NULL,202.0000,202.0000,202.0000,202.0000,0.0000,0.0000,NULL,0,NULL,NULL,NULL,NULL,NULL,NULL,NULL,NULL,NULL),(167,72,'2021-01-26 15:11:13','2021-01-26 15:11:13',21,7,NULL,0,'BN1933','Salt & Pepper',NULL,NULL,NULL,0,0,NULL,1.0000,600.0000,600.0000,NULL,0.0000,0.0000,0.0000,0.0000,0.0000,0.0000,600.0000,600.0000,0.0000,0.0000,'simple',NULL,NULL,NULL,NULL,NULL,600.0000,600.0000,600.0000,600.0000,0.0000,0.0000,NULL,0,NULL,NULL,NULL,NULL,NULL,NULL,NULL,NULL,NULL),(168,73,'2021-02-03 03:42:51','2021-02-03 03:42:51',16,6,NULL,1,'CT1974','Grand Prix™ chair',NULL,NULL,NULL,0,0,NULL,1.0000,150.0000,150.0000,NULL,0.0000,0.0000,0.0000,0.0000,0.0000,0.0000,150.0000,150.0000,0.0000,0.0000,'virtual',NULL,NULL,NULL,NULL,200.0000,150.0000,150.0000,150.0000,150.0000,0.0000,0.0000,NULL,0,NULL,NULL,NULL,NULL,NULL,NULL,NULL,NULL,NULL),(169,74,'2021-02-03 04:38:49','2021-02-03 04:38:49',36,14,NULL,0,'Sleeveless Dress','Sleeveless Dress',NULL,NULL,NULL,0,0,NULL,1.0000,132.0000,132.0000,NULL,0.0000,0.0000,0.0000,0.0000,0.0000,0.0000,132.0000,132.0000,0.0000,0.0000,'simple',NULL,NULL,NULL,NULL,223.9900,132.0000,132.0000,132.0000,132.0000,0.0000,0.0000,NULL,0,NULL,NULL,NULL,NULL,NULL,NULL,NULL,NULL,NULL),(170,74,'2021-02-03 04:48:10','2021-02-03 04:48:10',38,14,NULL,0,'Light Felt Coat','Light Felt Coat',NULL,NULL,NULL,0,0,NULL,1.0000,132.0000,132.0000,NULL,0.0000,0.0000,0.0000,0.0000,0.0000,0.0000,132.0000,132.0000,0.0000,0.0000,'simple',NULL,NULL,NULL,NULL,172.9900,132.0000,132.0000,132.0000,132.0000,0.0000,0.0000,NULL,0,NULL,NULL,NULL,NULL,NULL,NULL,NULL,NULL,NULL),(171,75,'2021-02-25 07:10:56','2021-02-25 08:08:07',21,11,NULL,0,'BN1933','Salt & Pepper',NULL,NULL,NULL,0,0,NULL,2.0000,600.0000,600.0000,NULL,0.0000,0.0000,0.0000,0.0000,0.0000,0.0000,1200.0000,1200.0000,0.0000,0.0000,'simple',NULL,NULL,NULL,NULL,NULL,600.0000,600.0000,1200.0000,1200.0000,0.0000,0.0000,NULL,0,NULL,NULL,NULL,NULL,NULL,NULL,NULL,NULL,NULL),(173,75,'2021-02-25 08:07:57','2021-02-25 08:08:07',20,11,NULL,1,'HLCY710-S-yellow','Ribbed sweater ',NULL,NULL,NULL,0,0,NULL,1.0000,89.0000,89.0000,NULL,0.0000,0.0000,0.0000,0.0000,0.0000,0.0000,89.0000,89.0000,0.0000,0.0000,'configurable',NULL,NULL,NULL,NULL,NULL,89.0000,89.0000,89.0000,89.0000,0.0000,0.0000,NULL,0,NULL,NULL,NULL,NULL,NULL,NULL,NULL,NULL,NULL),(174,75,'2021-02-25 08:07:57','2021-02-25 08:08:08',61,11,173,1,'HLCY710-S-yellow','Ribbed sweater -S-yellow',NULL,NULL,NULL,0,0,NULL,1.0000,0.0000,0.0000,NULL,0.0000,0.0000,0.0000,0.0000,0.0000,0.0000,0.0000,0.0000,0.0000,0.0000,'virtual',NULL,NULL,NULL,NULL,NULL,NULL,NULL,NULL,NULL,NULL,NULL,NULL,0,NULL,NULL,NULL,NULL,NULL,NULL,NULL,NULL,NULL),(175,76,'2021-02-25 08:09:47','2021-02-25 08:09:47',50,16,NULL,0,'Asher Slip-On Skate Shoes','Asher Slip-On Skate Shoes',NULL,NULL,NULL,0,0,NULL,1.0000,126.5000,126.5000,NULL,0.0000,0.0000,0.0000,0.0000,0.0000,0.0000,126.5000,126.5000,0.0000,0.0000,'simple',NULL,NULL,NULL,NULL,NULL,126.5000,126.5000,126.5000,126.5000,0.0000,0.0000,NULL,0,NULL,NULL,NULL,NULL,NULL,NULL,NULL,NULL,NULL),(176,77,'2021-04-01 15:19:02','2021-04-01 15:19:02',20,1,NULL,1,'HLCY710-S-yellow','Ribbed sweater ',NULL,NULL,NULL,0,0,NULL,1.0000,89.0000,89.0000,NULL,0.0000,0.0000,0.0000,0.0000,0.0000,0.0000,89.0000,89.0000,0.0000,0.0000,'configurable',NULL,NULL,NULL,NULL,NULL,89.0000,89.0000,89.0000,89.0000,0.0000,0.0000,NULL,0,NULL,NULL,NULL,NULL,NULL,NULL,NULL,NULL,NULL),(177,77,'2021-04-01 15:19:02','2021-04-01 15:19:02',61,1,176,1,'HLCY710-S-yellow','Ribbed sweater -S-yellow',NULL,NULL,NULL,0,0,NULL,1.0000,0.0000,0.0000,NULL,0.0000,0.0000,0.0000,0.0000,0.0000,0.0000,0.0000,0.0000,0.0000,0.0000,'virtual',NULL,NULL,NULL,NULL,NULL,NULL,NULL,NULL,NULL,NULL,NULL,NULL,0,NULL,NULL,NULL,NULL,NULL,NULL,NULL,NULL,NULL),(178,78,'2021-04-26 16:15:24','2021-04-26 16:15:24',21,1,NULL,0,'BN1933','Salt & Pepper',NULL,NULL,NULL,0,0,NULL,1.0000,600.0000,600.0000,NULL,0.0000,0.0000,0.0000,0.0000,0.0000,0.0000,600.0000,600.0000,0.0000,0.0000,'simple',NULL,NULL,NULL,NULL,NULL,600.0000,600.0000,600.0000,600.0000,0.0000,0.0000,NULL,0,NULL,NULL,NULL,NULL,NULL,NULL,NULL,NULL,NULL),(179,80,'2021-07-06 03:53:36','2021-07-06 03:53:36',42,14,NULL,0,'Cotton T-shirt','Cotton T-shirt',NULL,NULL,NULL,0,0,NULL,1.0000,155.0000,155.0000,NULL,0.0000,0.0000,0.0000,0.0000,0.0000,0.0000,155.0000,155.0000,0.0000,0.0000,'simple',NULL,NULL,NULL,NULL,NULL,155.0000,155.0000,155.0000,155.0000,0.0000,0.0000,NULL,0,NULL,NULL,NULL,NULL,NULL,NULL,NULL,NULL,NULL),(180,80,'2021-07-06 03:53:43','2021-07-06 03:53:43',40,14,NULL,0,'Cotton Jacket','Cotton Jacket',NULL,NULL,NULL,0,0,NULL,1.0000,121.9900,121.9900,NULL,0.0000,0.0000,0.0000,0.0000,0.0000,0.0000,121.9900,121.9900,0.0000,0.0000,'simple',NULL,NULL,NULL,NULL,NULL,121.9900,121.9900,121.9900,121.9900,0.0000,0.0000,NULL,0,NULL,NULL,NULL,NULL,NULL,NULL,NULL,NULL,NULL),(181,81,'2021-07-06 04:01:54','2021-07-06 04:02:57',1,1,NULL,0,'FU1259','360 S Carronade low floor lamp',NULL,NULL,NULL,0,0,NULL,6.0000,100.0000,100.0000,NULL,0.0000,0.0000,0.0000,0.0000,0.0000,0.0000,600.0000,600.0000,0.0000,0.0000,'simple',NULL,NULL,NULL,NULL,132.0000,100.0000,100.0000,600.0000,600.0000,0.0000,0.0000,NULL,0,NULL,NULL,NULL,NULL,NULL,NULL,NULL,NULL,NULL),(182,82,'2021-07-06 04:11:23','2021-07-06 04:11:23',3,1,NULL,0,'XQ 241289',' PH 5 Pendant Lamp Copper',NULL,NULL,NULL,0,0,NULL,1.0000,500.0000,500.0000,NULL,0.0000,0.0000,0.0000,0.0000,0.0000,0.0000,500.0000,500.0000,0.0000,0.0000,'simple',NULL,NULL,NULL,NULL,NULL,500.0000,500.0000,500.0000,500.0000,0.0000,0.0000,NULL,0,NULL,NULL,NULL,NULL,NULL,NULL,NULL,NULL,NULL),(183,83,'2021-07-06 08:53:50','2021-07-06 08:53:50',22,1,NULL,0,'CH1977','Craft Salt and Pepper mill',NULL,NULL,NULL,0,0,NULL,1.0000,100.0000,100.0000,NULL,0.0000,0.0000,0.0000,0.0000,0.0000,0.0000,100.0000,100.0000,0.0000,0.0000,'simple',NULL,NULL,NULL,NULL,NULL,100.0000,100.0000,100.0000,100.0000,0.0000,0.0000,NULL,0,NULL,NULL,NULL,NULL,NULL,NULL,NULL,NULL,NULL),(187,85,'2021-09-03 13:36:21','2021-09-03 13:37:00',1,1,NULL,0,'FU1259','360 S Carronade low floor lamp',NULL,NULL,NULL,0,0,NULL,4.0000,100.0000,100.0000,NULL,0.0000,0.0000,0.0000,0.0000,0.0000,0.0000,400.0000,400.0000,0.0000,0.0000,'simple',NULL,NULL,NULL,NULL,132.0000,100.0000,100.0000,400.0000,400.0000,0.0000,0.0000,NULL,0,NULL,NULL,NULL,NULL,NULL,NULL,NULL,NULL,NULL),(188,85,'2021-09-03 13:37:06','2021-09-03 13:37:06',3,1,NULL,0,'XQ 241289',' PH 5 Pendant Lamp Copper',NULL,NULL,NULL,0,0,NULL,1.0000,500.0000,500.0000,NULL,0.0000,0.0000,0.0000,0.0000,0.0000,0.0000,500.0000,500.0000,0.0000,0.0000,'simple',NULL,NULL,NULL,NULL,NULL,500.0000,500.0000,500.0000,500.0000,0.0000,0.0000,NULL,0,NULL,NULL,NULL,NULL,NULL,NULL,NULL,NULL,NULL),(189,86,'2021-09-03 13:47:31','2021-09-03 13:47:31',3,1,NULL,0,'XQ 241289',' PH 5 Pendant Lamp Copper',NULL,NULL,NULL,0,0,NULL,1.0000,500.0000,500.0000,NULL,0.0000,0.0000,0.0000,0.0000,0.0000,0.0000,500.0000,500.0000,0.0000,0.0000,'simple',NULL,NULL,NULL,NULL,NULL,500.0000,500.0000,500.0000,500.0000,0.0000,0.0000,NULL,0,NULL,NULL,NULL,NULL,NULL,NULL,NULL,NULL,NULL),(190,87,'2021-09-03 16:07:24','2021-09-03 16:07:24',21,9,NULL,0,'BN1933','Salt & Pepper',NULL,NULL,NULL,0,0,NULL,1.0000,600.0000,600.0000,NULL,0.0000,0.0000,0.0000,0.0000,0.0000,0.0000,600.0000,600.0000,0.0000,0.0000,'simple',NULL,NULL,NULL,NULL,NULL,600.0000,600.0000,600.0000,600.0000,0.0000,0.0000,NULL,0,NULL,NULL,NULL,NULL,NULL,NULL,NULL,NULL,NULL),(191,88,'2021-09-03 16:12:39','2021-09-03 16:18:35',4,1,NULL,1,'XD2408-L','Grain pendant lamp                              ',NULL,NULL,NULL,0,0,NULL,2.0000,200.0000,200.0000,NULL,0.0000,0.0000,0.0000,0.0000,0.0000,0.0000,400.0000,400.0000,0.0000,0.0000,'configurable',NULL,NULL,NULL,NULL,NULL,200.0000,200.0000,400.0000,400.0000,0.0000,0.0000,NULL,0,NULL,NULL,NULL,NULL,NULL,NULL,NULL,NULL,NULL),(192,88,'2021-09-03 16:12:39','2021-09-03 16:18:35',58,1,191,1,'XD2408-L','Grain pendant lamp                              -L',NULL,NULL,NULL,0,0,NULL,1.0000,0.0000,0.0000,NULL,0.0000,0.0000,0.0000,0.0000,0.0000,0.0000,0.0000,0.0000,0.0000,0.0000,'virtual',NULL,NULL,NULL,NULL,NULL,NULL,NULL,NULL,NULL,NULL,NULL,NULL,0,NULL,NULL,NULL,NULL,NULL,NULL,NULL,NULL,NULL),(193,88,'2021-09-03 16:27:15','2021-09-03 16:27:15',3,1,NULL,0,'XQ 241289',' PH 5 Pendant Lamp Copper',NULL,NULL,NULL,0,0,NULL,1.0000,500.0000,500.0000,NULL,0.0000,0.0000,0.0000,0.0000,0.0000,0.0000,500.0000,500.0000,0.0000,0.0000,'simple',NULL,NULL,NULL,NULL,NULL,500.0000,500.0000,500.0000,500.0000,0.0000,0.0000,NULL,0,NULL,NULL,NULL,NULL,NULL,NULL,NULL,NULL,NULL),(194,89,'2021-09-05 00:38:03','2021-09-05 07:05:35',21,7,NULL,0,'BN1933','Salt & Pepper',NULL,NULL,NULL,0,0,NULL,2.0000,600.0000,600.0000,NULL,0.0000,0.0000,0.0000,0.0000,0.0000,0.0000,1200.0000,1200.0000,0.0000,0.0000,'simple',NULL,NULL,NULL,NULL,NULL,600.0000,600.0000,1200.0000,1200.0000,0.0000,0.0000,NULL,0,NULL,NULL,NULL,NULL,NULL,NULL,NULL,NULL,NULL),(195,89,'2021-09-05 03:04:25','2021-09-05 07:05:35',19,7,NULL,0,'EN1411','Tivoli Bazaar Vase',NULL,NULL,NULL,0,0,NULL,1.0000,250.0000,250.0000,NULL,0.0000,0.0000,0.0000,0.0000,0.0000,0.0000,250.0000,250.0000,0.0000,0.0000,'simple',NULL,NULL,NULL,NULL,NULL,250.0000,250.0000,250.0000,250.0000,0.0000,0.0000,NULL,0,NULL,NULL,NULL,NULL,NULL,NULL,NULL,NULL,NULL),(196,90,'2021-09-08 10:34:03','2021-09-08 10:34:03',22,1,NULL,0,'CH1977','Craft Salt and Pepper mill',NULL,NULL,NULL,0,0,NULL,1.0000,100.0000,100.0000,NULL,0.0000,0.0000,0.0000,0.0000,0.0000,0.0000,100.0000,100.0000,0.0000,0.0000,'simple',NULL,NULL,NULL,NULL,NULL,100.0000,100.0000,100.0000,100.0000,0.0000,0.0000,NULL,0,NULL,NULL,NULL,NULL,NULL,NULL,NULL,NULL,NULL),(198,92,'2021-09-09 10:17:14','2021-09-09 10:20:21',3,1,NULL,0,'XQ 241289',' PH 5 Pendant Lamp Copper',NULL,NULL,NULL,0,0,NULL,2.0000,500.0000,500.0000,NULL,0.0000,0.0000,0.0000,0.0000,0.0000,0.0000,1000.0000,1000.0000,0.0000,0.0000,'simple',NULL,NULL,NULL,NULL,NULL,500.0000,500.0000,1000.0000,1000.0000,0.0000,0.0000,NULL,0,NULL,NULL,NULL,NULL,NULL,NULL,NULL,NULL,NULL),(199,93,'2021-09-09 12:47:09','2021-09-09 12:53:56',5,1,NULL,0,'BC1963-pink',' Lune Pendant-pink',NULL,NULL,NULL,0,0,NULL,2.0000,400.0000,400.0000,NULL,0.0000,0.0000,0.0000,0.0000,0.0000,0.0000,800.0000,800.0000,0.0000,0.0000,'simple',NULL,NULL,NULL,NULL,600.0000,400.0000,400.0000,800.0000,800.0000,0.0000,0.0000,NULL,0,NULL,NULL,NULL,NULL,NULL,NULL,NULL,NULL,NULL),(200,93,'2021-09-09 16:52:07','2021-09-09 16:52:07',20,1,NULL,1,'HLCY710-S-yellow','Ribbed sweater ',NULL,NULL,NULL,0,0,NULL,1.0000,89.0000,89.0000,NULL,0.0000,0.0000,0.0000,0.0000,0.0000,0.0000,89.0000,89.0000,0.0000,0.0000,'configurable',NULL,NULL,NULL,NULL,NULL,89.0000,89.0000,89.0000,89.0000,0.0000,0.0000,NULL,0,NULL,NULL,NULL,NULL,NULL,NULL,NULL,NULL,NULL),(201,93,'2021-09-09 16:52:07','2021-09-09 16:52:07',61,1,200,1,'HLCY710-S-yellow','Ribbed sweater -S-yellow',NULL,NULL,NULL,0,0,NULL,1.0000,0.0000,0.0000,NULL,0.0000,0.0000,0.0000,0.0000,0.0000,0.0000,0.0000,0.0000,0.0000,0.0000,'virtual',NULL,NULL,NULL,NULL,NULL,NULL,NULL,NULL,NULL,NULL,NULL,NULL,0,NULL,NULL,NULL,NULL,NULL,NULL,NULL,NULL,NULL),(202,94,'2021-12-07 03:20:35','2021-12-07 03:20:45',19,1,NULL,0,'EN1411','Tivoli Bazaar Vase',NULL,NULL,NULL,0,0,NULL,2.0000,250.0000,250.0000,NULL,0.0000,0.0000,0.0000,0.0000,0.0000,0.0000,500.0000,500.0000,0.0000,0.0000,'simple',NULL,NULL,NULL,NULL,NULL,250.0000,250.0000,500.0000,500.0000,0.0000,0.0000,NULL,0,NULL,NULL,NULL,NULL,NULL,NULL,NULL,NULL,NULL),(203,94,'2021-12-07 03:20:54','2021-12-07 03:20:54',21,1,NULL,0,'BN1933','Salt & Pepper',NULL,NULL,NULL,0,0,NULL,1.0000,600.0000,600.0000,NULL,0.0000,0.0000,0.0000,0.0000,0.0000,0.0000,600.0000,600.0000,0.0000,0.0000,'simple',NULL,NULL,NULL,NULL,NULL,600.0000,600.0000,600.0000,600.0000,0.0000,0.0000,NULL,0,NULL,NULL,NULL,NULL,NULL,NULL,NULL,NULL,NULL),(204,95,'2021-12-07 03:24:22','2021-12-07 03:24:22',1,1,NULL,0,'FU1259','360 S Carronade low floor lamp',NULL,NULL,NULL,0,0,NULL,1.0000,100.0000,100.0000,NULL,0.0000,0.0000,0.0000,0.0000,0.0000,0.0000,100.0000,100.0000,0.0000,0.0000,'simple',NULL,NULL,NULL,NULL,132.0000,100.0000,100.0000,100.0000,100.0000,0.0000,0.0000,NULL,0,NULL,NULL,NULL,NULL,NULL,NULL,NULL,NULL,NULL),(205,96,'2022-05-11 01:55:50','2022-05-11 02:21:29',3,1,NULL,0,'XQ 241289',' PH 5 Pendant Lamp Copper',NULL,NULL,NULL,0,0,NULL,1.0000,500.0000,500.0000,NULL,0.0000,0.0000,0.0000,0.0000,0.0000,0.0000,500.0000,500.0000,0.0000,0.0000,'simple',NULL,NULL,NULL,NULL,NULL,500.0000,500.0000,500.0000,500.0000,0.0000,0.0000,NULL,0,NULL,NULL,NULL,NULL,NULL,NULL,NULL,NULL,NULL),(207,97,'2022-05-11 02:13:31','2022-05-11 02:13:31',3,1,NULL,0,'XQ 241289',' PH 5 Pendant Lamp Copper',NULL,NULL,NULL,0,0,NULL,1.0000,500.0000,500.0000,NULL,0.0000,0.0000,0.0000,0.0000,0.0000,0.0000,500.0000,500.0000,0.0000,0.0000,'simple',NULL,NULL,NULL,NULL,NULL,500.0000,500.0000,500.0000,500.0000,0.0000,0.0000,NULL,0,NULL,NULL,NULL,NULL,NULL,NULL,NULL,NULL,NULL),(208,96,'2022-05-11 02:14:28','2022-05-11 02:21:29',1,1,NULL,0,'FU1259','360 S Carronade low floor lamp',NULL,NULL,NULL,0,0,NULL,1.0000,100.0000,100.0000,NULL,0.0000,0.0000,0.0000,0.0000,0.0000,0.0000,100.0000,100.0000,0.0000,0.0000,'simple',NULL,NULL,NULL,NULL,132.0000,100.0000,100.0000,100.0000,100.0000,0.0000,0.0000,NULL,0,NULL,NULL,NULL,NULL,NULL,NULL,NULL,NULL,NULL),(209,98,'2022-05-11 02:24:30','2022-05-11 02:24:30',32,14,NULL,0,'Crewneck Blouse','Crewneck Blouse',NULL,NULL,NULL,0,0,NULL,1.0000,202.0000,202.0000,NULL,0.0000,0.0000,0.0000,0.0000,0.0000,0.0000,202.0000,202.0000,0.0000,0.0000,'simple',NULL,NULL,NULL,NULL,NULL,202.0000,202.0000,202.0000,202.0000,0.0000,0.0000,NULL,0,NULL,NULL,NULL,NULL,NULL,NULL,NULL,NULL,NULL),(210,99,'2022-05-11 06:59:17','2022-05-11 06:59:31',32,14,NULL,0,'Crewneck Blouse','Crewneck Blouse',NULL,NULL,NULL,0,0,NULL,2.0000,202.0000,202.0000,NULL,0.0000,0.0000,0.0000,0.0000,0.0000,0.0000,404.0000,404.0000,0.0000,0.0000,'simple',NULL,NULL,NULL,NULL,NULL,202.0000,202.0000,404.0000,404.0000,0.0000,0.0000,NULL,0,NULL,NULL,NULL,NULL,NULL,NULL,NULL,NULL,NULL),(211,100,'2022-05-12 05:06:48','2022-05-12 05:06:48',32,14,NULL,0,'Crewneck Blouse','Crewneck Blouse',NULL,NULL,NULL,0,0,NULL,1.0000,202.0000,202.0000,NULL,0.0000,0.0000,0.0000,0.0000,0.0000,0.0000,202.0000,202.0000,0.0000,0.0000,'simple',NULL,NULL,NULL,NULL,NULL,202.0000,202.0000,202.0000,202.0000,0.0000,0.0000,NULL,0,NULL,NULL,NULL,NULL,NULL,NULL,NULL,NULL,NULL),(212,101,'2022-05-12 06:38:52','2022-05-12 06:38:52',32,14,NULL,0,'Crewneck Blouse','Crewneck Blouse',NULL,NULL,NULL,0,0,NULL,1.0000,202.0000,202.0000,NULL,0.0000,0.0000,0.0000,0.0000,0.0000,0.0000,202.0000,202.0000,0.0000,0.0000,'simple',NULL,NULL,NULL,NULL,NULL,202.0000,202.0000,202.0000,202.0000,0.0000,0.0000,NULL,0,NULL,NULL,NULL,NULL,NULL,NULL,NULL,NULL,NULL);

--
-- Table structure for table `quote_item_option`
--

CREATE TABLE `quote_item_option` (
  `option_id` int(10) unsigned NOT NULL AUTO_INCREMENT COMMENT 'Option ID',
  `item_id` int(10) unsigned NOT NULL COMMENT 'Item ID',
  `product_id` int(10) unsigned NOT NULL COMMENT 'Product ID',
  `code` varchar(255) NOT NULL COMMENT 'Code',
  `value` text DEFAULT NULL COMMENT 'Value',
  PRIMARY KEY (`option_id`),
  KEY `QUOTE_ITEM_OPTION_ITEM_ID` (`item_id`),
  CONSTRAINT `QUOTE_ITEM_OPTION_ITEM_ID_QUOTE_ITEM_ITEM_ID` FOREIGN KEY (`item_id`) REFERENCES `quote_item` (`item_id`) ON DELETE CASCADE
) ENGINE=InnoDB AUTO_INCREMENT=289 DEFAULT CHARSET=utf8 COMMENT='Sales Flat Quote Item Option';

--
-- Dumping data for table `quote_item_option`
--

INSERT INTO `quote_item_option` VALUES (1,1,4,'info_buyRequest','{\"uenc\":\"aHR0cDovL2JsdWVza3l0ZWNoY28ubmV0L2tvbGxlci9wcm9kdWN0dGFiL3RhYi92aWV3L3R5cGUvMi9saW1pdC8xMC9pbWdUL3NtYWxsX2ltYWdlL2ltZ1cvMzUwL2ltZ0gvNDQ2L3Byb2R1Y3RfbGlzdF9tb2RlL2dyaWQvbnVtYmVyX3Jvdy8yL3Byb2R1Y3RfbGlzdF9vcmRlci9wb3NpdGlvbi8,\",\"product\":\"4\",\"qty\":1}'),(2,2,16,'info_buyRequest','{\"uenc\":\"aHR0cDovL2JsdWVza3l0ZWNoY28ubmV0L2tvbGxlci9wcm9kdWN0dGFiL3RhYi92aWV3L3R5cGUvMi9saW1pdC8xMC9pbWdUL3NtYWxsX2ltYWdlL2ltZ1cvMzUwL2ltZ0gvNDQ2L3Byb2R1Y3RfbGlzdF9tb2RlL2dyaWQvbnVtYmVyX3Jvdy8yL3Byb2R1Y3RfbGlzdF9vcmRlci9wb3NpdGlvbi8,\",\"product\":\"16\",\"qty\":1}'),(3,2,16,'downloadable_link_ids','1'),(4,3,3,'info_buyRequest','{\"uenc\":\"aHR0cDovL2JsdWVza3l0ZWNoY28ubmV0L2tvbGxlci9wcm9kdWN0dGFiL3RhYi92aWV3L3R5cGUvMi9saW1pdC8xMC9pbWdUL3NtYWxsX2ltYWdlL2ltZ1cvMzUwL2ltZ0gvNDQ2L3Byb2R1Y3RfbGlzdF9tb2RlL2dyaWQvbnVtYmVyX3Jvdy8yL3Byb2R1Y3RfbGlzdF9vcmRlci9wb3NpdGlvbi8,\",\"product\":\"3\",\"qty\":1}'),(5,4,16,'info_buyRequest','{\"uenc\":\"aHR0cDovL2JsdWVza3l0ZWNoY28ubmV0L2tvbGxlci9ncmFuZC1wcml4dG0tY2hhaXIuaHRtbA,,\",\"product\":\"16\",\"selected_configurable_option\":\"\",\"related_product\":\"\",\"item\":\"16\",\"qty\":\"1\"}'),(6,4,16,'downloadable_link_ids','1'),(7,5,19,'info_buyRequest','{\"uenc\":\"aHR0cDovL2JsdWVza3l0ZWNoY28ubmV0L2tvbGxlci9zaG9wLmh0bWw_cHJvZHVjdF9saXN0X21vZGU9bGlzdA,,\",\"product\":\"19\",\"qty\":1}'),(8,6,3,'info_buyRequest','{\"uenc\":\"aHR0cDovL2JsdWVza3l0ZWNoY28ubmV0L2tvbGxlci9kaW5pbmctcm9vbS5odG1s\",\"product\":\"3\",\"selected_configurable_option\":\"\",\"related_product\":\"\",\"item\":\"3\",\"qty\":\"1\"}'),(9,7,1,'info_buyRequest','{\"uenc\":\"aHR0cDovL2JsdWVza3l0ZWNoY28ubmV0L2tvbGxlci9jaGFpcnMtd2l0aC1tZXRhbC1sZWdzLmh0bWw,\",\"product\":\"1\",\"selected_configurable_option\":\"\",\"related_product\":\"\",\"item\":\"1\",\"qty\":\"1\"}'),(10,8,19,'info_buyRequest','{\"uenc\":\"aHR0cDovL2JsdWVza3l0ZWNoY28ubmV0L2tvbGxlci9zaG9wLmh0bWw_cHJvZHVjdF9saXN0X21vZGU9bGlzdA,,\",\"product\":\"19\",\"qty\":1}'),(11,9,4,'info_buyRequest','{\"uenc\":\"aHR0cDovL2JsdWVza3l0ZWNoY28ubmV0L2tvbGxlci9lbjEvdGFibGUtdGVtcG9yYXJ5LWdsYXNzLmh0bWw,\",\"product\":\"4\",\"selected_configurable_option\":\"\",\"related_product\":\"\",\"item\":\"4\",\"qty\":\"1\"}'),(12,10,18,'info_buyRequest','{\"uenc\":\"aHR0cDovL2JsdWVza3l0ZWNoY28ubmV0L2tvbGxlci9lbjEvcHJvZHVjdHRhYi90YWIvdmlldy90eXBlLzEvbGltaXQvMTAvaW1nVC90aHVtYm5haWwvaW1nVy8zNTAvaW1nSC80NDYvaW1nSG92ZXIvc3dhdGNoX2ltYWdlL3Byb2R1Y3RfbGlzdF9tb2RlL2dyaWQvbnVtYmVyX3Jvdy8yL3Byb2R1Y3RfbGlzdF9vcmRlci9wb3NpdGlvbi8,\",\"product\":\"18\",\"qty\":1}'),(13,11,22,'info_buyRequest','{\"uenc\":\"aHR0cDovL2JsdWVza3l0ZWNoY28ubmV0L2tvbGxlci9lbjEvcHJvZHVjdHRhYi90YWIvdmlldy90eXBlLzEvbGltaXQvMTAvaW1nVC90aHVtYm5haWwvaW1nVy8zNTAvaW1nSC80NDYvaW1nSG92ZXIvc3dhdGNoX2ltYWdlL3Byb2R1Y3RfbGlzdF9tb2RlL2dyaWQvbnVtYmVyX3Jvdy8yL3Byb2R1Y3RfbGlzdF9vcmRlci9wb3NpdGlvbi8,\",\"product\":\"22\",\"qty\":1}'),(14,12,1,'info_buyRequest','{\"uenc\":\"aHR0cDovL2JsdWVza3l0ZWNoY28ubmV0L2tvbGxlci9lbjEvc2hvcC5odG1s\",\"product\":\"1\",\"qty\":1}'),(15,13,3,'info_buyRequest','{\"uenc\":\"aHR0cDovL2JsdWVza3l0ZWNoY28ubmV0L2tvbGxlci9lbjMvcHJvZHVjdHRhYi90YWIvdmlldy90eXBlLzIvbGltaXQvMTAvaW1nVC9zbWFsbF9pbWFnZS9pbWdXLzM1MC9pbWdILzQ0Ni9pbWdIb3Zlci90aHVtYm5haWwvcHJvZHVjdF9saXN0X21vZGUvZ3JpZC9udW1iZXJfcm93LzEvcHJvZHVjdF9saXN0X29yZGVyL3Bvc2l0aW9uLw,,\",\"product\":\"3\",\"qty\":1}'),(16,14,2,'info_buyRequest','{\"uenc\":\"aHR0cDovL2JsdWVza3l0ZWNoY28ubmV0L2tvbGxlci9lbjEvc2hvcC5odG1s\",\"product\":\"2\",\"qty\":1}'),(17,15,4,'info_buyRequest','{\"uenc\":\"aHR0cDovL2JsdWVza3l0ZWNoY28ubmV0L2tvbGxlci9lbjEvcHJvZHVjdHRhYi90YWIvdmlldy90eXBlLzEvbGltaXQvMTAvaW1nVC90aHVtYm5haWwvaW1nVy8zNTAvaW1nSC80NDYvaW1nSG92ZXIvc3dhdGNoX2ltYWdlL3Byb2R1Y3RfbGlzdF9tb2RlL2dyaWQvbnVtYmVyX3Jvdy8yL3Byb2R1Y3RfbGlzdF9vcmRlci9wb3NpdGlvbi8,\",\"product\":\"4\",\"qty\":1}'),(18,16,2,'info_buyRequest','{\"uenc\":\"aHR0cDovL2JsdWVza3l0ZWNoY28ubmV0L2tvbGxlci9lbjEvcHJvZHVjdHRhYi90YWIvdmlldy90eXBlLzEvbGltaXQvMTAvaW1nVC90aHVtYm5haWwvaW1nVy8zNTAvaW1nSC80NDYvaW1nSG92ZXIvc3dhdGNoX2ltYWdlL3Byb2R1Y3RfbGlzdF9tb2RlL2dyaWQvbnVtYmVyX3Jvdy8yL3Byb2R1Y3RfbGlzdF9vcmRlci9wb3NpdGlvbi8,\",\"product\":\"2\",\"qty\":1}'),(19,17,3,'info_buyRequest','{\"uenc\":\"aHR0cDovL2JsdWVza3l0ZWNoY28ubmV0L2tvbGxlci9lbjEvcHJvZHVjdHRhYi90YWIvdmlldy90eXBlLzIvbGltaXQvMTAvaW1nVC9zbWFsbF9pbWFnZS9pbWdXLzM1MC9pbWdILzQ0Ni9pbWdIb3Zlci90aHVtYm5haWwvcHJvZHVjdF9saXN0X21vZGUvZ3JpZC9udW1iZXJfcm93LzIvcHJvZHVjdF9saXN0X29yZGVyL3Bvc2l0aW9uLw,,\",\"product\":\"3\",\"qty\":1}'),(20,18,17,'info_buyRequest','{\"uenc\":\"aHR0cDovL2JsdWVza3l0ZWNoY28ubmV0L2tvbGxlci9lbjEvcHJvZHVjdHRhYi90YWIvdmlldy90eXBlLzIvbGltaXQvMTAvaW1nVC9zbWFsbF9pbWFnZS9pbWdXLzM1MC9pbWdILzQ0Ni9pbWdIb3Zlci90aHVtYm5haWwvcHJvZHVjdF9saXN0X21vZGUvZ3JpZC9udW1iZXJfcm93LzIvcHJvZHVjdF9saXN0X29yZGVyL3Bvc2l0aW9uLw,,\",\"product\":\"17\",\"qty\":1}'),(25,22,4,'info_buyRequest','{\"uenc\":\"aHR0cDovL2JsdWVza3l0ZWNoY28ubmV0L2tvbGxlci9lbjEvcHJvZHVjdHRhYi90YWIvdmlldy90eXBlLzIvbGltaXQvMTAvaW1nVC9zbWFsbF9pbWFnZS9pbWdXLzM1MC9pbWdILzQ0Ni9pbWdIb3Zlci90aHVtYm5haWwvcHJvZHVjdF9saXN0X21vZGUvZ3JpZC9udW1iZXJfcm93LzIvcHJvZHVjdF9saXN0X29yZGVyL3Bvc2l0aW9uLw,,\",\"product\":\"4\",\"qty\":1}'),(26,23,2,'info_buyRequest','{\"uenc\":\"aHR0cDovL2JsdWVza3l0ZWNoY28ubmV0L2tvbGxlci9lbjEvcHJvZHVjdHRhYi90YWIvdmlldy90eXBlLzIvbGltaXQvMTAvaW1nVC9zbWFsbF9pbWFnZS9pbWdXLzM1MC9pbWdILzQ0Ni9pbWdIb3Zlci90aHVtYm5haWwvcHJvZHVjdF9saXN0X21vZGUvZ3JpZC9udW1iZXJfcm93LzIvcHJvZHVjdF9saXN0X29yZGVyL3Bvc2l0aW9uLw,,\",\"product\":\"2\",\"qty\":1}'),(27,24,17,'info_buyRequest','{\"uenc\":\"aHR0cDovL2JsdWVza3l0ZWNoY28ubmV0L2tvbGxlci9lbjEvcHJvZHVjdHRhYi90YWIvdmlldy90eXBlLzIvbGltaXQvMTAvaW1nVC9zbWFsbF9pbWFnZS9pbWdXLzM1MC9pbWdILzQ0Ni9pbWdIb3Zlci90aHVtYm5haWwvcHJvZHVjdF9saXN0X21vZGUvZ3JpZC9udW1iZXJfcm93LzIvcHJvZHVjdF9saXN0X29yZGVyL3Bvc2l0aW9uLw,,\",\"product\":\"17\",\"qty\":1}'),(28,25,3,'info_buyRequest','{\"uenc\":\"aHR0cDovL2JsdWVza3l0ZWNoY28ubmV0L2tvbGxlci9lbjEvZGluaW5nLXJvb20uaHRtbA,,\",\"product\":\"3\",\"selected_configurable_option\":\"\",\"related_product\":\"\",\"item\":\"3\",\"qty\":\"1\"}'),(29,26,3,'info_buyRequest','{\"uenc\":\"aHR0cDovL2JsdWVza3l0ZWNoY28ubmV0L2tvbGxlci9lbjMvcHJvZHVjdHRhYi90YWIvdmlldy90eXBlLzIvbGltaXQvMTAvaW1nVC9zbWFsbF9pbWFnZS9pbWdXLzM1MC9pbWdILzQ0Ni9pbWdIb3Zlci90aHVtYm5haWwvcHJvZHVjdF9saXN0X21vZGUvZ3JpZC9udW1iZXJfcm93LzEvcHJvZHVjdF9saXN0X29yZGVyL3Bvc2l0aW9uLw,,\",\"product\":\"3\",\"qty\":1}'),(31,28,4,'info_buyRequest','{\"uenc\":\"aHR0cDovL2JsdWVza3l0ZWNoY28ubmV0L2tvbGxlci9lbjEvcHJvZHVjdHRhYi90YWIvdmlldy90eXBlLzEvbGltaXQvMTAvaW1nVC90aHVtYm5haWwvaW1nVy8zNTAvaW1nSC80NDYvaW1nSG92ZXIvc3dhdGNoX2ltYWdlL3Byb2R1Y3RfbGlzdF9tb2RlL2dyaWQvbnVtYmVyX3Jvdy8yL3Byb2R1Y3RfbGlzdF9vcmRlci9wb3NpdGlvbi8,\",\"product\":\"4\",\"qty\":1}'),(32,29,17,'info_buyRequest','{\"uenc\":\"aHR0cDovL2JsdWVza3l0ZWNoY28ubmV0L2tvbGxlci9lbjEvcHJvZHVjdHRhYi90YWIvdmlldy90eXBlLzEvbGltaXQvMTAvaW1nVC90aHVtYm5haWwvaW1nVy8zNTAvaW1nSC80NDYvaW1nSG92ZXIvc3dhdGNoX2ltYWdlL3Byb2R1Y3RfbGlzdF9tb2RlL2dyaWQvbnVtYmVyX3Jvdy8yL3Byb2R1Y3RfbGlzdF9vcmRlci9wb3NpdGlvbi8,\",\"product\":\"17\",\"qty\":1}'),(33,30,16,'info_buyRequest','{\"uenc\":\"aHR0cDovL2JsdWVza3l0ZWNoY28ubmV0L2tvbGxlci9lbjMvcHJvZHVjdHRhYi90YWIvdmlldy90eXBlLzEvbGltaXQvMTAvaW1nVC90aHVtYm5haWwvaW1nVy8zNTAvaW1nSC80NDYvaW1nSG92ZXIvc3dhdGNoX2ltYWdlL3Byb2R1Y3RfbGlzdF9tb2RlL2dyaWQvbnVtYmVyX3Jvdy8yL3Byb2R1Y3RfbGlzdF9vcmRlci9wb3NpdGlvbi8,\",\"product\":\"16\",\"qty\":1}'),(34,30,16,'downloadable_link_ids','1'),(35,31,3,'info_buyRequest','{\"uenc\":\"aHR0cDovL2JsdWVza3l0ZWNoY28ubmV0L2tvbGxlci9lbjMvcHJvZHVjdHRhYi90YWIvdmlldy90eXBlLzEvbGltaXQvMTAvaW1nVC90aHVtYm5haWwvaW1nVy8zNTAvaW1nSC80NDYvaW1nSG92ZXIvc3dhdGNoX2ltYWdlL3Byb2R1Y3RfbGlzdF9tb2RlL2dyaWQvbnVtYmVyX3Jvdy8yL3Byb2R1Y3RfbGlzdF9vcmRlci9wb3NpdGlvbi8,\",\"product\":\"3\",\"qty\":1}'),(36,32,4,'info_buyRequest','{\"uenc\":\"aHR0cDovL2JsdWVza3l0ZWNoY28ubmV0L2tvbGxlci9lbjEvc2hvcC5odG1s\",\"product\":\"4\",\"qty\":1}'),(37,33,16,'info_buyRequest','{\"uenc\":\"aHR0cDovL2JsdWVza3l0ZWNoY28ubmV0L2tvbGxlci9lbjEvc2hvcC5odG1s\",\"product\":\"16\",\"qty\":1}'),(38,33,16,'downloadable_link_ids','1'),(39,34,16,'info_buyRequest','{\"uenc\":\"aHR0cDovL2JsdWVza3l0ZWNoY28ubmV0L2tvbGxlci9lbjEvZ3JhbmQtcHJpeHRtLWNoYWlyLmh0bWw,\",\"product\":\"16\",\"selected_configurable_option\":\"\",\"related_product\":\"\",\"item\":\"16\",\"qty\":\"1\"}'),(40,34,16,'downloadable_link_ids','1'),(41,35,3,'info_buyRequest','{\"uenc\":\"aHR0cDovL2JsdWVza3l0ZWNoY28ubmV0L2tvbGxlci9lbjEvcHJvZHVjdHRhYi90YWIvdmlldy90eXBlLzIvbGltaXQvMTAvaW1nVC9zbWFsbF9pbWFnZS9pbWdXLzM1MC9pbWdILzQ0Ni9pbWdIb3Zlci90aHVtYm5haWwvcHJvZHVjdF9saXN0X21vZGUvZ3JpZC9udW1iZXJfcm93LzIvcHJvZHVjdF9saXN0X29yZGVyL3Bvc2l0aW9uLw,,\",\"product\":\"3\",\"qty\":1}'),(42,36,3,'info_buyRequest','{\"uenc\":\"aHR0cDovL2JsdWVza3l0ZWNoY28ubmV0L2tvbGxlci9lbjEvcHJvZHVjdHRhYi90YWIvdmlldy90eXBlLzIvbGltaXQvMTAvaW1nVC9zbWFsbF9pbWFnZS9pbWdXLzM1MC9pbWdILzQ0Ni9pbWdIb3Zlci90aHVtYm5haWwvcHJvZHVjdF9saXN0X21vZGUvZ3JpZC9udW1iZXJfcm93LzIvcHJvZHVjdF9saXN0X29yZGVyL3Bvc2l0aW9uLw,,\",\"product\":\"3\",\"qty\":1}'),(43,37,16,'info_buyRequest','{\"uenc\":\"aHR0cDovL2JsdWVza3l0ZWNoY28ubmV0L2tvbGxlci9lbjEvcHJvZHVjdHRhYi90YWIvdmlldy90eXBlLzIvbGltaXQvMTAvaW1nVC9zbWFsbF9pbWFnZS9pbWdXLzM1MC9pbWdILzQ0Ni9pbWdIb3Zlci90aHVtYm5haWwvcHJvZHVjdF9saXN0X21vZGUvZ3JpZC9udW1iZXJfcm93LzIvcHJvZHVjdF9saXN0X29yZGVyL3Bvc2l0aW9uLw,,\",\"product\":\"16\",\"qty\":1}'),(44,37,16,'downloadable_link_ids','1'),(45,38,16,'info_buyRequest','{\"uenc\":\"aHR0cDovL2JsdWVza3l0ZWNoY28ubmV0L2tvbGxlci9lbjEvcHJvZHVjdHRhYi90YWIvdmlldy90eXBlLzIvbGltaXQvMTAvaW1nVC9zbWFsbF9pbWFnZS9pbWdXLzM1MC9pbWdILzQ0Ni9pbWdIb3Zlci90aHVtYm5haWwvcHJvZHVjdF9saXN0X21vZGUvZ3JpZC9udW1iZXJfcm93LzIvcHJvZHVjdF9saXN0X29yZGVyL3Bvc2l0aW9uLw,,\",\"product\":\"16\",\"qty\":1}'),(46,39,15,'info_buyRequest','{\"uenc\":\"aHR0cDovL2JsdWVza3l0ZWNoY28ubmV0L2tvbGxlci9lbjEvcHJvZHVjdHRhYi90YWIvdmlldy90eXBlLzIvbGltaXQvMTAvaW1nVC9zbWFsbF9pbWFnZS9pbWdXLzM1MC9pbWdILzQ0Ni9pbWdIb3Zlci90aHVtYm5haWwvcHJvZHVjdF9saXN0X21vZGUvZ3JpZC9udW1iZXJfcm93LzIvcHJvZHVjdF9saXN0X29yZGVyL3Bvc2l0aW9uLw,,\",\"product\":\"15\",\"qty\":1}'),(47,39,1,'selection_qty_1','1'),(48,39,1,'product_qty_1','1'),(49,39,15,'bundle_identity','15_1_1'),(50,39,15,'bundle_option_ids','[1]'),(51,39,15,'bundle_selection_ids','[\"1\"]'),(52,40,1,'selection_id','1'),(53,40,1,'info_buyRequest','{\"uenc\":\"aHR0cDovL2JsdWVza3l0ZWNoY28ubmV0L2tvbGxlci9lbjEvcHJvZHVjdHRhYi90YWIvdmlldy90eXBlLzIvbGltaXQvMTAvaW1nVC9zbWFsbF9pbWFnZS9pbWdXLzM1MC9pbWdILzQ0Ni9pbWdIb3Zlci90aHVtYm5haWwvcHJvZHVjdF9saXN0X21vZGUvZ3JpZC9udW1iZXJfcm93LzIvcHJvZHVjdF9saXN0X29yZGVyL3Bvc2l0aW9uLw,,\",\"product\":\"15\",\"qty\":1}'),(54,40,1,'bundle_option_ids','[1]'),(55,40,1,'bundle_selection_attributes','{\"price\":109,\"qty\":1,\"option_label\":\"Funiture\",\"option_id\":\"1\"}'),(56,40,1,'bundle_identity','15_1_1'),(57,41,1,'info_buyRequest','{\"uenc\":\"aHR0cDovL2JsdWVza3l0ZWNoY28ubmV0L2tvbGxlci9lbjgvY2hhaXJzLXdpdGgtbWV0YWwtbGVncy5odG1s\",\"product\":\"1\",\"selected_configurable_option\":\"\",\"related_product\":\"\",\"item\":\"1\",\"qty\":\"1\"}'),(58,42,32,'info_buyRequest','{\"uenc\":\"aHR0cDovL2JsdWVza3l0ZWNoY28ubmV0L2tvbGxlci9lbjkvc2hvcC5odG1sP3Byb2R1Y3RfbGlzdF9tb2RlPWxpc3Q,\",\"product\":\"32\",\"qty\":1}'),(59,43,3,'info_buyRequest','{\"uenc\":\"aHR0cDovL2JsdWVza3l0ZWNoY28ubmV0L2tvbGxlci9lbjMvcHJvZHVjdHRhYi90YWIvdmlldy90eXBlLzIvbGltaXQvMTAvaW1nVC9zbWFsbF9pbWFnZS9pbWdXLzM1MC9pbWdILzQ0Ni9pbWdIb3Zlci90aHVtYm5haWwvcHJvZHVjdF9saXN0X21vZGUvZ3JpZC9udW1iZXJfcm93LzEvcHJvZHVjdF9saXN0X29yZGVyL3Bvc2l0aW9uLw,,\",\"product\":\"3\",\"qty\":1}'),(60,44,23,'info_buyRequest','{\"uenc\":\"aHR0cDovL2JsdWVza3l0ZWNoY28ubmV0L2tvbGxlci9lbjMvcHJvZHVjdHRhYi90YWIvdmlldy90eXBlLzEvbGltaXQvMTAvaW1nVC90aHVtYm5haWwvaW1nVy8zNTAvaW1nSC80NDYvaW1nSG92ZXIvc3dhdGNoX2ltYWdlL3Byb2R1Y3RfbGlzdF9tb2RlL2dyaWQvbnVtYmVyX3Jvdy8yL3Byb2R1Y3RfbGlzdF9vcmRlci9wb3NpdGlvbi8,\",\"product\":\"23\",\"qty\":1}'),(61,45,25,'info_buyRequest','{\"uenc\":\"aHR0cDovL2JsdWVza3l0ZWNoY28ubmV0L2tvbGxlci9lbjMvcHJvZHVjdHRhYi90YWIvdmlldy90eXBlLzEvbGltaXQvMTAvaW1nVC90aHVtYm5haWwvaW1nVy8zNTAvaW1nSC80NDYvaW1nSG92ZXIvc3dhdGNoX2ltYWdlL3Byb2R1Y3RfbGlzdF9tb2RlL2dyaWQvbnVtYmVyX3Jvdy8yL3Byb2R1Y3RfbGlzdF9vcmRlci9wb3NpdGlvbi8,\",\"product\":\"25\",\"qty\":1}'),(62,46,4,'info_buyRequest','{\"uenc\":\"aHR0cDovL2JsdWVza3l0ZWNoY28ubmV0L2tvbGxlci9lbjQvdGFibGUtdGVtcG9yYXJ5LWdsYXNzLmh0bWw,\",\"product\":\"4\",\"selected_configurable_option\":\"\",\"related_product\":\"\",\"item\":\"4\",\"super_attribute\":{\"173\":\"14\"},\"qty\":\"1\"}'),(63,46,4,'attributes','{\"173\":\"14\"}'),(64,46,58,'product_qty_58','1'),(65,46,58,'simple_product','58'),(66,47,58,'info_buyRequest','{\"uenc\":\"aHR0cDovL2JsdWVza3l0ZWNoY28ubmV0L2tvbGxlci9lbjQvdGFibGUtdGVtcG9yYXJ5LWdsYXNzLmh0bWw,\",\"product\":\"4\",\"selected_configurable_option\":\"\",\"related_product\":\"\",\"item\":\"4\",\"super_attribute\":{\"173\":\"14\"},\"qty\":\"1\"}'),(67,47,58,'parent_product_id','4'),(68,48,56,'info_buyRequest','{\"uenc\":\"aHR0cDovL2JsdWVza3l0ZWNoY28ubmV0L2tvbGxlci9lbjEyL3Byb2R1Y3R0YWIvdGFiL3ZpZXcvdHlwZS8yL2xpbWl0LzEwL2ltZ1Qvc21hbGxfaW1hZ2UvaW1nVy8zMzAvaW1nSC80MjAvaW1nSG92ZXIvdGh1bWJuYWlsL3Byb2R1Y3RfbGlzdF9tb2RlL2dyaWQvbnVtYmVyX3Jvdy8xL3Byb2R1Y3RfbGlzdF9vcmRlci9wb3NpdGlvbi8,\",\"product\":\"56\",\"qty\":1}'),(69,49,25,'info_buyRequest','{\"uenc\":\"aHR0cDovL2JsdWVza3l0ZWNoY28ubmV0L2tvbGxlci9lbjEvYnJhbmQvYnJhbmQtMi5odG1sP3ByaWNlPTIwMC0zMTQmcHJvZHVjdF9saXN0X21vZGU9bGlzdA,,\",\"product\":\"25\",\"qty\":1}'),(70,50,23,'info_buyRequest','{\"uenc\":\"aHR0cDovL2JsdWVza3l0ZWNoY28ubmV0L2tvbGxlci9lbjEvYnJhbmQvYnJhbmQtMi5odG1sP3ByaWNlPTIwMC0zMTQmcHJvZHVjdF9saXN0X21vZGU9bGlzdA,,\",\"product\":\"23\",\"qty\":1}'),(71,51,16,'info_buyRequest','{\"uenc\":\"aHR0cDovL2JsdWVza3l0ZWNoY28ubmV0L2tvbGxlci9lbjQvcHJvZHVjdHRhYi90YWIvdmlldy90eXBlLzIvbGltaXQvMTAvaW1nVC9zbWFsbF9pbWFnZS9pbWdXLzMzMC9pbWdILzQyMC9pbWdIb3Zlci90aHVtYm5haWwvcHJvZHVjdF9saXN0X21vZGUvZ3JpZC9udW1iZXJfcm93LzEvcHJvZHVjdF9saXN0X29yZGVyL3Bvc2l0aW9uLw,,\",\"product\":\"16\",\"qty\":1}'),(72,52,27,'info_buyRequest','{\"uenc\":\"aHR0cDovL2JsdWVza3l0ZWNoY28ubmV0L2tvbGxlci9lbjEvc2hvcC5odG1sP3A9MiZwcm9kdWN0X2xpc3RfbW9kZT1saXN0\",\"product\":\"27\",\"qty\":1}'),(73,53,21,'info_buyRequest','{\"uenc\":\"aHR0cDovL2JsdWVza3l0ZWNoY28ubmV0L2tvbGxlci9lbjEvc2hvcC5odG1sP3A9MiZwcm9kdWN0X2xpc3RfbW9kZT1saXN0\",\"product\":\"21\",\"qty\":1}'),(74,54,27,'info_buyRequest','{\"uenc\":\"aHR0cDovL2JsdWVza3l0ZWNoY28ubmV0L2tvbGxlci9lbjQvc2hvcC5odG1s\",\"product\":\"27\",\"qty\":1}'),(75,55,21,'info_buyRequest','{\"uenc\":\"aHR0cDovL2JsdWVza3l0ZWNoY28ubmV0L2tvbGxlci9lbjEvcHJvZHVjdHRhYi90YWIvdmlldy90eXBlLzEvbGltaXQvMTAvaW1nVC90aHVtYm5haWwvaW1nVy8zNTAvaW1nSC80NDYvaW1nSG92ZXIvc3dhdGNoX2ltYWdlL3Byb2R1Y3RfbGlzdF9tb2RlL2dyaWQvbnVtYmVyX3Jvdy8yL3Byb2R1Y3RfbGlzdF9vcmRlci9wb3NpdGlvbi8,\",\"product\":\"21\",\"qty\":1}'),(76,56,40,'info_buyRequest','{\"uenc\":\"aHR0cDovL2JsdWVza3l0ZWNoY28ubmV0L2tvbGxlci9lbjEwL3Byb2R1Y3R0YWIvdGFiL3ZpZXcvdHlwZS8xL2xpbWl0LzEwL2ltZ1QvdGh1bWJuYWlsL2ltZ1cvMzMwL2ltZ0gvNDIwL2ltZ0hvdmVyL3N3YXRjaF9pbWFnZS9wcm9kdWN0X2xpc3RfbW9kZS9ncmlkL251bWJlcl9yb3cvMi9wcm9kdWN0X2xpc3Rfb3JkZXIvcG9zaXRpb24v\",\"product\":\"40\",\"qty\":1}'),(77,57,55,'info_buyRequest','{\"uenc\":\"aHR0cDovL2JsdWVza3l0ZWNoY28ubmV0L2tvbGxlci9lbjExL3Byb2R1Y3R0YWIvdGFiL3ZpZXcvdHlwZS8yL2xpbWl0LzEwL2ltZ1Qvc21hbGxfaW1hZ2UvaW1nVy8zMzAvaW1nSC80MjAvaW1nSG92ZXIvdGh1bWJuYWlsL3Byb2R1Y3RfbGlzdF9tb2RlL2dyaWQvbnVtYmVyX3Jvdy8xL3Byb2R1Y3RfbGlzdF9vcmRlci9wb3NpdGlvbi8,\",\"product\":\"55\",\"qty\":1}'),(78,58,48,'info_buyRequest','{\"uenc\":\"aHR0cDovL2JsdWVza3l0ZWNoY28ubmV0L2tvbGxlci9lbjExL2NhdGFsb2cvcHJvZHVjdC92aWV3L2lkLzQ4L3F1aWNrdmlldy8xLw,,\",\"product\":\"48\",\"selected_configurable_option\":\"\",\"related_product\":\"\",\"item\":\"48\",\"qty\":\"1\"}'),(79,59,50,'info_buyRequest','{\"qty\":1}'),(80,60,49,'info_buyRequest','{\"qty\":1}'),(81,61,47,'info_buyRequest','{\"qty\":1}'),(82,62,46,'info_buyRequest','{\"qty\":1}'),(83,63,45,'info_buyRequest','{\"qty\":1}'),(84,64,56,'info_buyRequest','{\"uenc\":\"aHR0cDovL2JsdWVza3l0ZWNoY28ubmV0L2tvbGxlci9lbjExL2NhdGFsb2cvcHJvZHVjdC92aWV3L2lkLzU2L3F1aWNrdmlldy8xLw,,\",\"product\":\"56\",\"selected_configurable_option\":\"\",\"related_product\":\"\",\"item\":\"56\",\"qty\":\"1\"}'),(91,67,4,'info_buyRequest','{\"uenc\":\"aHR0cDovL2JsdWVza3l0ZWNoY28ubmV0L2tvbGxlci9lbjEvdGFibGUtdGVtcG9yYXJ5LWdsYXNzLmh0bWw,\",\"product\":\"4\",\"selected_configurable_option\":\"\",\"related_product\":\"1,3\",\"item\":\"4\",\"super_attribute\":{\"173\":\"14\"},\"qty\":\"1\"}'),(92,67,4,'attributes','{\"173\":\"14\"}'),(93,67,58,'product_qty_58','1'),(94,67,58,'simple_product','58'),(95,68,58,'info_buyRequest','{\"uenc\":\"aHR0cDovL2JsdWVza3l0ZWNoY28ubmV0L2tvbGxlci9lbjEvdGFibGUtdGVtcG9yYXJ5LWdsYXNzLmh0bWw,\",\"product\":\"4\",\"selected_configurable_option\":\"\",\"related_product\":\"1,3\",\"item\":\"4\",\"super_attribute\":{\"173\":\"14\"},\"qty\":\"1\"}'),(96,68,58,'parent_product_id','4'),(97,69,1,'info_buyRequest','{\"qty\":1}'),(98,70,3,'info_buyRequest','{\"qty\":1}'),(99,71,20,'info_buyRequest','{\"uenc\":\"aHR0cDovL2JsdWVza3l0ZWNoY28ubmV0L2tvbGxlci9lbjEvcmliYmVkLXN3ZWF0ZXIuaHRtbA,,\",\"product\":\"20\",\"selected_configurable_option\":\"\",\"related_product\":\"1,3,5\",\"item\":\"20\",\"super_attribute\":{\"173\":\"16\",\"93\":\"5\"},\"qty\":\"1\"}'),(100,71,20,'attributes','{\"173\":\"16\",\"93\":\"5\"}'),(101,71,61,'product_qty_61','1'),(102,71,61,'simple_product','61'),(103,72,61,'info_buyRequest','{\"uenc\":\"aHR0cDovL2JsdWVza3l0ZWNoY28ubmV0L2tvbGxlci9lbjEvcmliYmVkLXN3ZWF0ZXIuaHRtbA,,\",\"product\":\"20\",\"selected_configurable_option\":\"\",\"related_product\":\"1,3,5\",\"item\":\"20\",\"super_attribute\":{\"173\":\"16\",\"93\":\"5\"},\"qty\":\"1\"}'),(104,72,61,'parent_product_id','20'),(105,73,5,'info_buyRequest','{\"qty\":1}'),(106,74,17,'info_buyRequest','{\"uenc\":\"aHR0cDovL2JsdWVza3l0ZWNoY28ubmV0L2tvbGxlci9lbjEvcHJvZHVjdHRhYi90YWIvdmlldy90eXBlLzEvbGltaXQvMTAvaW1nVC90aHVtYm5haWwvaW1nVy8zNTAvaW1nSC80NDYvaW1nSG92ZXIvc3dhdGNoX2ltYWdlL3Byb2R1Y3RfbGlzdF9tb2RlL2dyaWQvbnVtYmVyX3Jvdy8yL3Byb2R1Y3RfbGlzdF9vcmRlci9wb3NpdGlvbi8,\",\"product\":\"17\",\"qty\":1}'),(108,76,51,'info_buyRequest','{\"uenc\":\"aHR0cDovL2JsdWVza3l0ZWNoY28ubmV0L2tvbGxlci9lbjExL3Byb2R1Y3R0YWIvdGFiL3ZpZXcvdHlwZS8xL2xpbWl0LzEwL2ltZ1Qvc21hbGxfaW1hZ2UvaW1nVy8zMzAvaW1nSC80MjAvaW1nSG92ZXIvdGh1bWJuYWlsL3Byb2R1Y3RfbGlzdF9tb2RlL2dyaWQvbnVtYmVyX3Jvdy8yL3Byb2R1Y3RfbGlzdF9vcmRlci9wb3NpdGlvbi8,\",\"product\":\"51\",\"qty\":1}'),(109,77,56,'info_buyRequest','{\"uenc\":\"aHR0cDovL2JsdWVza3l0ZWNoY28ubmV0L2tvbGxlci9lbjExL3Byb2R1Y3R0YWIvdGFiL3ZpZXcvdHlwZS8yL2xpbWl0LzEwL2ltZ1Qvc21hbGxfaW1hZ2UvaW1nVy8zMzAvaW1nSC80MjAvaW1nSG92ZXIvdGh1bWJuYWlsL3Byb2R1Y3RfbGlzdF9tb2RlL2dyaWQvbnVtYmVyX3Jvdy8xL3Byb2R1Y3RfbGlzdF9vcmRlci9wb3NpdGlvbi8,\",\"product\":\"56\",\"qty\":1}'),(110,78,53,'info_buyRequest','{\"uenc\":\"aHR0cDovL2JsdWVza3l0ZWNoY28ubmV0L2tvbGxlci9lbjExL3Byb2R1Y3R0YWIvdGFiL3ZpZXcvdHlwZS8yL2xpbWl0LzEwL2ltZ1Qvc21hbGxfaW1hZ2UvaW1nVy8zMzAvaW1nSC80MjAvaW1nSG92ZXIvdGh1bWJuYWlsL3Byb2R1Y3RfbGlzdF9tb2RlL2dyaWQvbnVtYmVyX3Jvdy8xL3Byb2R1Y3RfbGlzdF9vcmRlci9wb3NpdGlvbi8,\",\"product\":\"53\",\"qty\":1}'),(111,79,25,'info_buyRequest','{\"uenc\":\"aHR0cDovL2JsdWVza3l0ZWNoY28ubmV0L2tvbGxlci9lbjEvcHJvZHVjdHRhYi90YWIvdmlldy90eXBlLzIvbGltaXQvMTAvaW1nVC9zbWFsbF9pbWFnZS9pbWdXLzM1MC9pbWdILzQ0Ni9pbWdIb3Zlci90aHVtYm5haWwvcHJvZHVjdF9saXN0X21vZGUvZ3JpZC9udW1iZXJfcm93LzIvcHJvZHVjdF9saXN0X29yZGVyL3Bvc2l0aW9uLw,,\",\"product\":\"25\",\"qty\":1}'),(112,80,44,'info_buyRequest','{\"uenc\":\"aHR0cDovL2JsdWVza3l0ZWNoY28ubmV0L2tvbGxlci9lbjExL3Byb2R1Y3R0YWIvdGFiL3ZpZXcvdHlwZS8yL2xpbWl0LzEwL2ltZ1Qvc21hbGxfaW1hZ2UvaW1nVy8zMzAvaW1nSC80MjAvaW1nSG92ZXIvdGh1bWJuYWlsL3Byb2R1Y3RfbGlzdF9tb2RlL2dyaWQvbnVtYmVyX3Jvdy8xL3Byb2R1Y3RfbGlzdF9vcmRlci9wb3NpdGlvbi8,\",\"product\":\"44\",\"qty\":1}'),(113,81,20,'info_buyRequest','{\"uenc\":\"aHR0cDovL2JsdWVza3l0ZWNoY28ubmV0L2tvbGxlci9lbjEvcmliYmVkLXN3ZWF0ZXIuaHRtbA,,\",\"product\":\"20\",\"selected_configurable_option\":\"\",\"related_product\":\"\",\"item\":\"20\",\"super_attribute\":{\"173\":\"16\",\"93\":\"5\"},\"qty\":\"1\"}'),(114,81,20,'attributes','{\"173\":\"16\",\"93\":\"5\"}'),(115,81,61,'product_qty_61','1'),(116,81,61,'simple_product','61'),(117,82,61,'info_buyRequest','{\"uenc\":\"aHR0cDovL2JsdWVza3l0ZWNoY28ubmV0L2tvbGxlci9lbjEvcmliYmVkLXN3ZWF0ZXIuaHRtbA,,\",\"product\":\"20\",\"selected_configurable_option\":\"\",\"related_product\":\"\",\"item\":\"20\",\"super_attribute\":{\"173\":\"16\",\"93\":\"5\"},\"qty\":\"1\"}'),(118,82,61,'parent_product_id','20'),(119,83,22,'info_buyRequest','{\"uenc\":\"aHR0cDovL2JsdWVza3l0ZWNoY28ubmV0L2tvbGxlci9lbjEvcHJvZHVjdHRhYi90YWIvdmlldy90eXBlLzIvbGltaXQvMTAvaW1nVC9zbWFsbF9pbWFnZS9pbWdXLzM1MC9pbWdILzQ0Ni9pbWdIb3Zlci90aHVtYm5haWwvcHJvZHVjdF9saXN0X21vZGUvZ3JpZC9udW1iZXJfcm93LzIvcHJvZHVjdF9saXN0X29yZGVyL3Bvc2l0aW9uLw,,\",\"product\":\"22\",\"qty\":1}'),(120,84,56,'info_buyRequest','{\"uenc\":\"aHR0cDovL2JsdWVza3l0ZWNoY28ubmV0L2tvbGxlci9lbjExL3Byb2R1Y3R0YWIvdGFiL3ZpZXcvdHlwZS8yL2xpbWl0LzEwL2ltZ1Qvc21hbGxfaW1hZ2UvaW1nVy8zMzAvaW1nSC80MjAvaW1nSG92ZXIvdGh1bWJuYWlsL3Byb2R1Y3RfbGlzdF9tb2RlL2dyaWQvbnVtYmVyX3Jvdy8xL3Byb2R1Y3RfbGlzdF9vcmRlci9wb3NpdGlvbi8,\",\"product\":\"56\",\"qty\":1}'),(124,88,25,'info_buyRequest','{\"uenc\":\"aHR0cDovL2JsdWVza3l0ZWNoY28ubmV0L2tvbGxlci9lbjEvcHJvZHVjdHRhYi90YWIvdmlldy90eXBlLzIvbGltaXQvMTAvaW1nVC9zbWFsbF9pbWFnZS9pbWdXLzM1MC9pbWdILzQ0Ni9pbWdIb3Zlci90aHVtYm5haWwvcHJvZHVjdF9saXN0X21vZGUvZ3JpZC9udW1iZXJfcm93LzIvcHJvZHVjdF9saXN0X29yZGVyL3Bvc2l0aW9uLw,,\",\"product\":\"25\",\"qty\":1}'),(125,89,17,'info_buyRequest','{\"uenc\":\"aHR0cDovL2JsdWVza3l0ZWNoY28ubmV0L2tvbGxlci9lbjMvcHJvZHVjdHRhYi90YWIvdmlldy90eXBlLzEvbGltaXQvMTAvaW1nVC90aHVtYm5haWwvaW1nVy8zNTAvaW1nSC80NDYvaW1nSG92ZXIvc3dhdGNoX2ltYWdlL3Byb2R1Y3RfbGlzdF9tb2RlL2dyaWQvbnVtYmVyX3Jvdy8yL3Byb2R1Y3RfbGlzdF9vcmRlci9wb3NpdGlvbi8,\",\"product\":\"17\",\"qty\":1}'),(126,90,3,'info_buyRequest','{\"uenc\":\"aHR0cDovL2JsdWVza3l0ZWNoY28ubmV0L2tvbGxlci9lbjMvcHJvZHVjdHRhYi90YWIvdmlldy90eXBlLzIvbGltaXQvMTAvaW1nVC9zbWFsbF9pbWFnZS9pbWdXLzM1MC9pbWdILzQ0Ni9pbWdIb3Zlci90aHVtYm5haWwvcHJvZHVjdF9saXN0X21vZGUvZ3JpZC9udW1iZXJfcm93LzEvcHJvZHVjdF9saXN0X29yZGVyL3Bvc2l0aW9uLw,,\",\"product\":\"3\",\"qty\":1}'),(127,91,22,'info_buyRequest','{\"uenc\":\"aHR0cDovL2JsdWVza3l0ZWNoY28ubmV0L2tvbGxlci9lbjMvcHJvZHVjdHRhYi90YWIvdmlldy90eXBlLzIvbGltaXQvMTAvaW1nVC9zbWFsbF9pbWFnZS9pbWdXLzM1MC9pbWdILzQ0Ni9pbWdIb3Zlci90aHVtYm5haWwvcHJvZHVjdF9saXN0X21vZGUvZ3JpZC9udW1iZXJfcm93LzEvcHJvZHVjdF9saXN0X29yZGVyL3Bvc2l0aW9uLw,,\",\"product\":\"22\",\"qty\":1}'),(128,92,23,'info_buyRequest','{\"uenc\":\"aHR0cDovL2JsdWVza3l0ZWNoY28ubmV0L2tvbGxlci9lbjEvcHJvZHVjdHRhYi90YWIvdmlldy90eXBlLzYvbGltaXQvMTAvaW1nVC9zbWFsbF9pbWFnZS9pbWdXLzM1MC9pbWdILzQ0Ni9pbWdIb3Zlci90aHVtYm5haWwvcHJvZHVjdF9saXN0X21vZGUvZ3JpZC9udW1iZXJfcm93LzIvcHJvZHVjdF9saXN0X29yZGVyL3Bvc2l0aW9uLz9fPTE2MTA2MDk1NzkyNTc,\",\"product\":\"23\",\"qty\":1}'),(129,93,20,'info_buyRequest','{\"uenc\":\"aHR0cDovL2JsdWVza3l0ZWNoY28ubmV0L2tvbGxlci9lbjEvY2F0YWxvZy9wcm9kdWN0L3ZpZXcvaWQvMjAvcXVpY2t2aWV3LzEv\",\"product\":\"20\",\"selected_configurable_option\":\"\",\"related_product\":\"\",\"item\":\"20\",\"super_attribute\":{\"173\":\"16\",\"93\":\"5\"},\"qty\":\"1\"}'),(130,93,20,'attributes','{\"173\":\"16\",\"93\":\"5\"}'),(131,93,61,'product_qty_61','1'),(132,93,61,'simple_product','61'),(133,94,61,'info_buyRequest','{\"uenc\":\"aHR0cDovL2JsdWVza3l0ZWNoY28ubmV0L2tvbGxlci9lbjEvY2F0YWxvZy9wcm9kdWN0L3ZpZXcvaWQvMjAvcXVpY2t2aWV3LzEv\",\"product\":\"20\",\"selected_configurable_option\":\"\",\"related_product\":\"\",\"item\":\"20\",\"super_attribute\":{\"173\":\"16\",\"93\":\"5\"},\"qty\":\"1\"}'),(134,94,61,'parent_product_id','20'),(135,95,23,'info_buyRequest','{\"uenc\":\"aHR0cDovL2JsdWVza3l0ZWNoY28ubmV0L2tvbGxlci9lbjEvc2hvcC5odG1s\",\"product\":\"23\",\"qty\":1}'),(136,96,3,'info_buyRequest','{\"uenc\":\"aHR0cDovL2JsdWVza3l0ZWNoY28ubmV0L2tvbGxlci9lbjEvc2hvcC5odG1sP3ByaWNlPTMwNi01NDM,\",\"product\":\"3\",\"qty\":1}'),(137,97,5,'info_buyRequest','{\"uenc\":\"aHR0cDovL2JsdWVza3l0ZWNoY28ubmV0L2tvbGxlci9lbjEvc2hvcC5odG1sP3ByaWNlPTMwNi01NDM,\",\"product\":\"5\",\"qty\":1}'),(138,98,21,'info_buyRequest','{\"uenc\":\"aHR0cDovL2JsdWVza3l0ZWNoY28ubmV0L2tvbGxlci9lbjEvcHJvZHVjdHRhYi90YWIvdmlldy90eXBlLzIvbGltaXQvMTAvaW1nVC9zbWFsbF9pbWFnZS9pbWdXLzM1MC9pbWdILzQ0Ni9pbWdIb3Zlci90aHVtYm5haWwvcHJvZHVjdF9saXN0X21vZGUvZ3JpZC9udW1iZXJfcm93LzIvcHJvZHVjdF9saXN0X29yZGVyL3Bvc2l0aW9uLw,,\",\"product\":\"21\",\"qty\":1}'),(139,99,24,'info_buyRequest','{\"uenc\":\"aHR0cDovL2JsdWVza3l0ZWNoY28ubmV0L2tvbGxlci9lbjEvcHJvZHVjdHRhYi90YWIvdmlldy90eXBlLzIvbGltaXQvMTAvaW1nVC9zbWFsbF9pbWFnZS9pbWdXLzM1MC9pbWdILzQ0Ni9pbWdIb3Zlci90aHVtYm5haWwvcHJvZHVjdF9saXN0X21vZGUvZ3JpZC9udW1iZXJfcm93LzIvcHJvZHVjdF9saXN0X29yZGVyL3Bvc2l0aW9uLw,,\",\"product\":\"24\",\"qty\":1}'),(140,100,22,'info_buyRequest','{\"uenc\":\"aHR0cDovL2JsdWVza3l0ZWNoY28ubmV0L2tvbGxlci9lbjEvcHJvZHVjdHRhYi90YWIvdmlldy90eXBlLzEvbGltaXQvMTAvaW1nVC90aHVtYm5haWwvaW1nVy8zNTAvaW1nSC80NDYvaW1nSG92ZXIvc3dhdGNoX2ltYWdlL3Byb2R1Y3RfbGlzdF9tb2RlL2dyaWQvbnVtYmVyX3Jvdy8yL3Byb2R1Y3RfbGlzdF9vcmRlci9wb3NpdGlvbi8,\",\"product\":\"22\",\"qty\":1}'),(141,101,24,'info_buyRequest','{\"uenc\":\"aHR0cDovL2JsdWVza3l0ZWNoY28ubmV0L2tvbGxlci9lbjEvbWFyYmxlLXdhbGwtY2xvY2suaHRtbA,,\",\"product\":\"24\",\"selected_configurable_option\":\"\",\"related_product\":\"\",\"item\":\"24\",\"qty\":\"2\"}'),(142,102,16,'info_buyRequest','{\"uenc\":\"aHR0cDovL2JsdWVza3l0ZWNoY28ubmV0L2tvbGxlci9lbjEvY2F0YWxvZy9wcm9kdWN0L3ZpZXcvaWQvMTYvcXVpY2t2aWV3LzEv\",\"product\":\"16\",\"selected_configurable_option\":\"\",\"related_product\":\"\",\"item\":\"16\",\"qty\":\"1\"}'),(143,103,24,'info_buyRequest','{\"uenc\":\"aHR0cDovL2JsdWVza3l0ZWNoY28ubmV0L2tvbGxlci9lbjEvc2hvcC5odG1sP3Byb2R1Y3RfbGlzdF9tb2RlPWxpc3Q,\",\"product\":\"24\",\"qty\":1}'),(144,104,19,'info_buyRequest','{\"uenc\":\"aHR0cDovL2JsdWVza3l0ZWNoY28ubmV0L2tvbGxlci9lbjEvcHJvZHVjdHRhYi90YWIvdmlldy90eXBlLzQvbGltaXQvMTAvaW1nVC9zbWFsbF9pbWFnZS9pbWdXLzM1MC9pbWdILzQ0Ni9pbWdIb3Zlci90aHVtYm5haWwvcHJvZHVjdF9saXN0X21vZGUvZ3JpZC9udW1iZXJfcm93LzIvcHJvZHVjdF9saXN0X29yZGVyL3Bvc2l0aW9uLz9fPTE2MTEwMjI2MDgwMzM,\",\"product\":\"19\",\"qty\":1}'),(145,105,17,'info_buyRequest','{\"uenc\":\"aHR0cDovL2JsdWVza3l0ZWNoY28ubmV0L2tvbGxlci9lbjEvcHJvZHVjdHRhYi90YWIvdmlldy90eXBlLzEvbGltaXQvMTAvaW1nVC90aHVtYm5haWwvaW1nVy8zNTAvaW1nSC80NDYvaW1nSG92ZXIvc3dhdGNoX2ltYWdlL3Byb2R1Y3RfbGlzdF9tb2RlL2dyaWQvbnVtYmVyX3Jvdy8yL3Byb2R1Y3RfbGlzdF9vcmRlci9wb3NpdGlvbi8,\",\"product\":\"17\",\"qty\":1}'),(146,106,17,'info_buyRequest','{\"uenc\":\"aHR0cDovL2JsdWVza3l0ZWNoY28ubmV0L2tvbGxlci9lbjIvc2hvcC5odG1sP3Byb2R1Y3RfbGlzdF9tb2RlPWxpc3Q,\",\"product\":\"17\",\"qty\":1}'),(147,107,4,'info_buyRequest','{\"uenc\":\"aHR0cDovL2JsdWVza3l0ZWNoY28ubmV0L2tvbGxlci9lbjEvdGFibGUtdGVtcG9yYXJ5LWdsYXNzLmh0bWw,\",\"product\":\"4\",\"selected_configurable_option\":\"\",\"related_product\":\"\",\"item\":\"4\",\"super_attribute\":{\"173\":\"15\"},\"qty\":\"1\"}'),(148,107,4,'attributes','{\"173\":\"15\"}'),(149,107,59,'product_qty_59','1'),(150,107,59,'simple_product','59'),(151,108,59,'info_buyRequest','{\"uenc\":\"aHR0cDovL2JsdWVza3l0ZWNoY28ubmV0L2tvbGxlci9lbjEvdGFibGUtdGVtcG9yYXJ5LWdsYXNzLmh0bWw,\",\"product\":\"4\",\"selected_configurable_option\":\"\",\"related_product\":\"\",\"item\":\"4\",\"super_attribute\":{\"173\":\"15\"},\"qty\":\"1\"}'),(152,108,59,'parent_product_id','4'),(153,109,5,'info_buyRequest','{\"qty\":1}'),(154,110,16,'info_buyRequest','{\"qty\":1}'),(155,111,17,'info_buyRequest','{\"qty\":1}'),(156,112,18,'info_buyRequest','{\"qty\":1}'),(157,113,19,'info_buyRequest','{\"qty\":1}'),(158,114,21,'info_buyRequest','{\"qty\":1}'),(159,115,22,'info_buyRequest','{\"qty\":1}'),(160,116,23,'info_buyRequest','{\"qty\":1}'),(161,117,22,'info_buyRequest','{\"uenc\":\"aHR0cDovL2JsdWVza3l0ZWNoY28ubmV0L2tvbGxlci9lbjEvcHJvZHVjdHRhYi90YWIvdmlldy90eXBlLzEvbGltaXQvMTAvaW1nVC90aHVtYm5haWwvaW1nVy8zNTAvaW1nSC80NDYvaW1nSG92ZXIvc3dhdGNoX2ltYWdlL3Byb2R1Y3RfbGlzdF9tb2RlL2dyaWQvbnVtYmVyX3Jvdy8yL3Byb2R1Y3RfbGlzdF9vcmRlci9wb3NpdGlvbi8,\",\"product\":\"22\",\"qty\":1}'),(162,118,26,'info_buyRequest','{\"uenc\":\"aHR0cDovL2JsdWVza3l0ZWNoY28ubmV0L2tvbGxlci9lbjEvc2hvcC5odG1sP3Byb2R1Y3RfbGlzdF9tb2RlPWxpc3Q,\",\"product\":\"26\",\"qty\":1}'),(163,119,3,'info_buyRequest','{\"uenc\":\"aHR0cDovL2JsdWVza3l0ZWNoY28ubmV0L2tvbGxlci9lbjMvZGluaW5nLXJvb20uaHRtbA,,\",\"product\":\"3\",\"selected_configurable_option\":\"\",\"related_product\":\"\",\"item\":\"3\",\"qty\":\"1\"}'),(164,120,32,'info_buyRequest','{\"uenc\":\"aHR0cDovL2JsdWVza3l0ZWNoY28ubmV0L2tvbGxlci9lbjEwL3Byb2R1Y3R0YWIvdGFiL3ZpZXcvdHlwZS8xL2xpbWl0LzEwL2ltZ1QvdGh1bWJuYWlsL2ltZ1cvMzMwL2ltZ0gvNDIwL2ltZ0hvdmVyL3N3YXRjaF9pbWFnZS9wcm9kdWN0X2xpc3RfbW9kZS9ncmlkL251bWJlcl9yb3cvMi9wcm9kdWN0X2xpc3Rfb3JkZXIvcG9zaXRpb24v\",\"product\":\"32\",\"qty\":1}'),(165,121,21,'info_buyRequest','{\"uenc\":\"aHR0cDovL2JsdWVza3l0ZWNoY28ubmV0L2tvbGxlci9lbjEvcHJvZHVjdHRhYi90YWIvdmlldy90eXBlLzIvbGltaXQvMTAvaW1nVC9zbWFsbF9pbWFnZS9pbWdXLzM1MC9pbWdILzQ0Ni9pbWdIb3Zlci90aHVtYm5haWwvcHJvZHVjdF9saXN0X21vZGUvZ3JpZC9udW1iZXJfcm93LzIvcHJvZHVjdF9saXN0X29yZGVyL3Bvc2l0aW9uLw,,\",\"product\":\"21\",\"qty\":1}'),(166,122,24,'info_buyRequest','{\"uenc\":\"aHR0cDovL2JsdWVza3l0ZWNoY28ubmV0L2tvbGxlci9lbjIvY2F0YWxvZy9wcm9kdWN0L3ZpZXcvaWQvMjQvcXVpY2t2aWV3LzEv\",\"product\":\"24\",\"selected_configurable_option\":\"\",\"related_product\":\"\",\"item\":\"24\",\"qty\":\"1\"}'),(167,123,3,'info_buyRequest','{\"uenc\":\"aHR0cDovL2JsdWVza3l0ZWNoY28ubmV0L2tvbGxlci9lbjIvc2hvcC5odG1sP3Byb2R1Y3RfbGlzdF9tb2RlPWxpc3Q,\",\"product\":\"3\",\"qty\":1}'),(168,124,5,'info_buyRequest','{\"uenc\":\"aHR0cDovL2JsdWVza3l0ZWNoY28ubmV0L2tvbGxlci9lbjEvcHJvZHVjdHRhYi90YWIvdmlldy90eXBlLzEvbGltaXQvMTAvaW1nVC90aHVtYm5haWwvaW1nVy8zNTAvaW1nSC80NDYvaW1nSG92ZXIvc3dhdGNoX2ltYWdlL3Byb2R1Y3RfbGlzdF9tb2RlL2dyaWQvbnVtYmVyX3Jvdy8yL3Byb2R1Y3RfbGlzdF9vcmRlci9wb3NpdGlvbi8,\",\"product\":\"5\",\"qty\":1}'),(169,125,22,'info_buyRequest','{\"uenc\":\"aHR0cDovL2JsdWVza3l0ZWNoY28ubmV0L2tvbGxlci9lbjEvcHJvZHVjdHRhYi90YWIvdmlldy90eXBlLzEvbGltaXQvMTAvaW1nVC90aHVtYm5haWwvaW1nVy8zNTAvaW1nSC80NDYvaW1nSG92ZXIvc3dhdGNoX2ltYWdlL3Byb2R1Y3RfbGlzdF9tb2RlL2dyaWQvbnVtYmVyX3Jvdy8yL3Byb2R1Y3RfbGlzdF9vcmRlci9wb3NpdGlvbi8,\",\"product\":\"22\",\"qty\":1}'),(170,126,18,'info_buyRequest','{\"uenc\":\"aHR0cDovL2JsdWVza3l0ZWNoY28ubmV0L2tvbGxlci9lbjEvcHJvZHVjdHRhYi90YWIvdmlldy90eXBlLzEvbGltaXQvMTAvaW1nVC90aHVtYm5haWwvaW1nVy8zNTAvaW1nSC80NDYvaW1nSG92ZXIvc3dhdGNoX2ltYWdlL3Byb2R1Y3RfbGlzdF9tb2RlL2dyaWQvbnVtYmVyX3Jvdy8yL3Byb2R1Y3RfbGlzdF9vcmRlci9wb3NpdGlvbi8,\",\"product\":\"18\",\"qty\":1}'),(171,127,3,'info_buyRequest','{\"uenc\":\"aHR0cDovL2JsdWVza3l0ZWNoY28ubmV0L2tvbGxlci9lbjEvc2hvcC9lYXN5LWNoYWlyL3dhbGwtY2VpbGluZy5odG1sP3Byb2R1Y3RfbGlzdF9tb2RlPWxpc3Q,\",\"product\":\"3\",\"qty\":1}'),(172,128,16,'info_buyRequest','{\"uenc\":\"aHR0cDovL2JsdWVza3l0ZWNoY28ubmV0L2tvbGxlci9lbjEvcHJvZHVjdHRhYi90YWIvdmlldy90eXBlLzIvbGltaXQvMTAvaW1nVC9zbWFsbF9pbWFnZS9pbWdXLzM1MC9pbWdILzQ0Ni9pbWdIb3Zlci90aHVtYm5haWwvcHJvZHVjdF9saXN0X21vZGUvZ3JpZC9udW1iZXJfcm93LzEvcHJvZHVjdF9saXN0X29yZGVyL3Bvc2l0aW9uLw,,\",\"product\":\"16\",\"qty\":1}'),(173,129,20,'info_buyRequest','{\"uenc\":\"aHR0cDovL2JsdWVza3l0ZWNoY28ubmV0L2tvbGxlci9lbjEvcmliYmVkLXN3ZWF0ZXIuaHRtbA,,\",\"product\":\"20\",\"selected_configurable_option\":\"\",\"related_product\":\"\",\"item\":\"20\",\"super_attribute\":{\"173\":\"16\",\"93\":\"5\"},\"qty\":\"1\"}'),(174,129,20,'attributes','{\"173\":\"16\",\"93\":\"5\"}'),(175,129,61,'product_qty_61','1'),(176,129,61,'simple_product','61'),(177,130,61,'info_buyRequest','{\"uenc\":\"aHR0cDovL2JsdWVza3l0ZWNoY28ubmV0L2tvbGxlci9lbjEvcmliYmVkLXN3ZWF0ZXIuaHRtbA,,\",\"product\":\"20\",\"selected_configurable_option\":\"\",\"related_product\":\"\",\"item\":\"20\",\"super_attribute\":{\"173\":\"16\",\"93\":\"5\"},\"qty\":\"1\"}'),(178,130,61,'parent_product_id','20'),(179,131,19,'info_buyRequest','{\"uenc\":\"aHR0cDovL2JsdWVza3l0ZWNoY28ubmV0L2tvbGxlci9lbjEvcHJvZHVjdHRhYi90YWIvdmlldy90eXBlLzEvbGltaXQvMTAvaW1nVC90aHVtYm5haWwvaW1nVy8zNTAvaW1nSC80NDYvaW1nSG92ZXIvc3dhdGNoX2ltYWdlL3Byb2R1Y3RfbGlzdF9tb2RlL2dyaWQvbnVtYmVyX3Jvdy8yL3Byb2R1Y3RfbGlzdF9vcmRlci9wb3NpdGlvbi8,\",\"product\":\"19\",\"qty\":1}'),(180,132,16,'info_buyRequest','{\"uenc\":\"aHR0cDovL2JsdWVza3l0ZWNoY28ubmV0L2tvbGxlci9lbjEvcHJvZHVjdHRhYi90YWIvdmlldy90eXBlLzIvbGltaXQvMTAvaW1nVC9zbWFsbF9pbWFnZS9pbWdXLzM1MC9pbWdILzQ0Ni9pbWdIb3Zlci90aHVtYm5haWwvcHJvZHVjdF9saXN0X21vZGUvZ3JpZC9udW1iZXJfcm93LzEvcHJvZHVjdF9saXN0X29yZGVyL3Bvc2l0aW9uLw,,\",\"product\":\"16\",\"qty\":1}'),(181,133,3,'info_buyRequest','{\"uenc\":\"aHR0cDovL2JsdWVza3l0ZWNoY28ubmV0L2tvbGxlci9lbjgvcHJvZHVjdHRhYi90YWIvdmlldy90eXBlLzEvbGltaXQvMTAvaW1nVC9zbWFsbF9pbWFnZS9pbWdXLzM1MC9pbWdILzQ0Ni9pbWdIb3Zlci90aHVtYm5haWwvcHJvZHVjdF9saXN0X21vZGUvZ3JpZC9udW1iZXJfcm93LzEvcHJvZHVjdF9saXN0X29yZGVyL3Bvc2l0aW9uLw,,\",\"product\":\"3\",\"qty\":1}'),(182,134,26,'info_buyRequest','{\"uenc\":\"aHR0cDovL2JsdWVza3l0ZWNoY28ubmV0L2tvbGxlci9lbjgvcHJvZHVjdHRhYi90YWIvdmlldy90eXBlLzQvbGltaXQvMTAvaW1nVC9zbWFsbF9pbWFnZS9pbWdXLzMzMC9pbWdILzQyMC9pbWdIb3Zlci90aHVtYm5haWwvcHJvZHVjdF9saXN0X21vZGUvZ3JpZC9udW1iZXJfcm93LzEvcHJvZHVjdF9saXN0X29yZGVyL3Bvc2l0aW9uLw,,\",\"product\":\"26\",\"qty\":1}'),(183,135,18,'info_buyRequest','{\"uenc\":\"aHR0cDovL2JsdWVza3l0ZWNoY28ubmV0L2tvbGxlci9lbjEvc2hvcC5odG1s\",\"product\":\"18\",\"qty\":1}'),(184,136,53,'info_buyRequest','{\"uenc\":\"aHR0cDovL2JsdWVza3l0ZWNoY28ubmV0L2tvbGxlci9lbjExL3Byb2R1Y3R0YWIvdGFiL3ZpZXcvdHlwZS8yL2xpbWl0LzEwL2ltZ1Qvc21hbGxfaW1hZ2UvaW1nVy8zMzAvaW1nSC80MjAvaW1nSG92ZXIvdGh1bWJuYWlsL3Byb2R1Y3RfbGlzdF9tb2RlL2dyaWQvbnVtYmVyX3Jvdy8xL3Byb2R1Y3RfbGlzdF9vcmRlci9wb3NpdGlvbi8,\",\"product\":\"53\",\"qty\":1}'),(185,137,46,'info_buyRequest','{\"uenc\":\"aHR0cDovL2JsdWVza3l0ZWNoY28ubmV0L2tvbGxlci9lbjExL3Byb2R1Y3R0YWIvdGFiL3ZpZXcvdHlwZS8xL2xpbWl0LzEwL2ltZ1Qvc21hbGxfaW1hZ2UvaW1nVy8zMzAvaW1nSC80MjAvaW1nSG92ZXIvdGh1bWJuYWlsL3Byb2R1Y3RfbGlzdF9tb2RlL2dyaWQvbnVtYmVyX3Jvdy8yL3Byb2R1Y3RfbGlzdF9vcmRlci9wb3NpdGlvbi8,\",\"product\":\"46\",\"qty\":1}'),(186,138,20,'info_buyRequest','{\"uenc\":\"aHR0cDovL2JsdWVza3l0ZWNoY28ubmV0L2tvbGxlci9lbjIvcmliYmVkLXN3ZWF0ZXIuaHRtbA,,\",\"product\":\"20\",\"selected_configurable_option\":\"\",\"related_product\":\"\",\"item\":\"20\",\"super_attribute\":{\"173\":\"16\",\"93\":\"5\"},\"qty\":\"1\"}'),(187,138,20,'attributes','{\"173\":\"16\",\"93\":\"5\"}'),(188,138,61,'product_qty_61','1'),(189,138,61,'simple_product','61'),(190,139,61,'info_buyRequest','{\"uenc\":\"aHR0cDovL2JsdWVza3l0ZWNoY28ubmV0L2tvbGxlci9lbjIvcmliYmVkLXN3ZWF0ZXIuaHRtbA,,\",\"product\":\"20\",\"selected_configurable_option\":\"\",\"related_product\":\"\",\"item\":\"20\",\"super_attribute\":{\"173\":\"16\",\"93\":\"5\"},\"qty\":\"1\"}'),(191,139,61,'parent_product_id','20'),(192,140,16,'info_buyRequest','{\"uenc\":\"aHR0cDovL2JsdWVza3l0ZWNoY28ubmV0L2tvbGxlci9lbjEvZ3JhbmQtcHJpeHRtLWNoYWlyLmh0bWw,\",\"product\":\"16\",\"selected_configurable_option\":\"\",\"related_product\":\"\",\"item\":\"16\",\"qty\":\"1\"}'),(193,141,1,'info_buyRequest','{\"qty\":1}'),(194,142,3,'info_buyRequest','{\"qty\":1}'),(195,143,5,'info_buyRequest','{\"qty\":1}'),(196,144,16,'info_buyRequest','{\"uenc\":\"aHR0cDovL2JsdWVza3l0ZWNoY28ubmV0L2tvbGxlci9lbjEvcHJvZHVjdHRhYi90YWIvdmlldy90eXBlLzIvbGltaXQvMTAvaW1nVC9zbWFsbF9pbWFnZS9pbWdXLzM1MC9pbWdILzQ0Ni9pbWdIb3Zlci90aHVtYm5haWwvcHJvZHVjdF9saXN0X21vZGUvZ3JpZC9udW1iZXJfcm93LzEvcHJvZHVjdF9saXN0X29yZGVyL3Bvc2l0aW9uLw,,\",\"product\":\"16\",\"qty\":1}'),(197,145,16,'info_buyRequest','{\"uenc\":\"aHR0cDovL2JsdWVza3l0ZWNoY28ubmV0L2tvbGxlci9lbjEvcHJvZHVjdHRhYi90YWIvdmlldy90eXBlLzIvbGltaXQvMTAvaW1nVC9zbWFsbF9pbWFnZS9pbWdXLzM1MC9pbWdILzQ0Ni9pbWdIb3Zlci90aHVtYm5haWwvcHJvZHVjdF9saXN0X21vZGUvZ3JpZC9udW1iZXJfcm93LzEvcHJvZHVjdF9saXN0X29yZGVyL3Bvc2l0aW9uLw,,\",\"product\":\"16\",\"qty\":1}'),(198,146,19,'info_buyRequest','{\"uenc\":\"aHR0cDovL2JsdWVza3l0ZWNoY28ubmV0L2tvbGxlci9lbjEvdGl2b2xpLWJhemFhci12YXNlLmh0bWw,\",\"product\":\"19\",\"selected_configurable_option\":\"\",\"related_product\":\"1,3,5\",\"item\":\"19\",\"qty\":\"1\"}'),(204,152,16,'info_buyRequest','{\"uenc\":\"aHR0cDovL2JsdWVza3l0ZWNoY28ubmV0L2tvbGxlci9lbjEvcHJvZHVjdHRhYi90YWIvdmlldy90eXBlLzEvbGltaXQvMTAvaW1nVC90aHVtYm5haWwvaW1nVy8zNTAvaW1nSC80NDYvaW1nSG92ZXIvc3dhdGNoX2ltYWdlL3Byb2R1Y3RfbGlzdF9tb2RlL2dyaWQvbnVtYmVyX3Jvdy8yL3Byb2R1Y3RfbGlzdF9vcmRlci9wb3NpdGlvbi8,\",\"product\":\"16\",\"qty\":1}'),(205,153,1,'info_buyRequest','{\"uenc\":\"aHR0cDovL2JsdWVza3l0ZWNoY28ubmV0L2tvbGxlci9lbjEvc2hvcC5odG1sP3Byb2R1Y3RfbGlzdF9tb2RlPWxpc3Q,\",\"product\":\"1\",\"qty\":1}'),(206,154,17,'info_buyRequest','{\"uenc\":\"aHR0cDovL2JsdWVza3l0ZWNoY28ubmV0L2tvbGxlci9lbjEvZmxvd2VyLXZhc2UuaHRtbA,,\",\"product\":\"17\",\"selected_configurable_option\":\"\",\"related_product\":\"1,3,5,16\",\"item\":\"17\",\"qty\":\"1\"}'),(207,155,3,'info_buyRequest','{\"qty\":1}'),(208,156,5,'info_buyRequest','{\"qty\":1}'),(209,157,16,'info_buyRequest','{\"qty\":1}'),(210,158,3,'info_buyRequest','{\"uenc\":\"aHR0cDovL2JsdWVza3l0ZWNoY28ubmV0L2tvbGxlci9lbjEvcHJvZHVjdHRhYi90YWIvdmlldy90eXBlLzIvbGltaXQvMTAvaW1nVC9zbWFsbF9pbWFnZS9pbWdXLzM1MC9pbWdILzQ0Ni9pbWdIb3Zlci90aHVtYm5haWwvcHJvZHVjdF9saXN0X21vZGUvZ3JpZC9udW1iZXJfcm93LzEvcHJvZHVjdF9saXN0X29yZGVyL3Bvc2l0aW9uLw,,\",\"product\":\"3\",\"qty\":1}'),(211,159,16,'info_buyRequest','{\"uenc\":\"aHR0cDovL2JsdWVza3l0ZWNoY28ubmV0L2tvbGxlci9lbjEvcHJvZHVjdHRhYi90YWIvdmlldy90eXBlLzIvbGltaXQvMTAvaW1nVC9zbWFsbF9pbWFnZS9pbWdXLzM1MC9pbWdILzQ0Ni9pbWdIb3Zlci90aHVtYm5haWwvcHJvZHVjdF9saXN0X21vZGUvZ3JpZC9udW1iZXJfcm93LzEvcHJvZHVjdF9saXN0X29yZGVyL3Bvc2l0aW9uLw,,\",\"product\":\"16\",\"qty\":1}'),(212,160,20,'info_buyRequest','{\"uenc\":\"aHR0cDovL2JsdWVza3l0ZWNoY28ubmV0L2tvbGxlci9lbjEvcmliYmVkLXN3ZWF0ZXIuaHRtbA,,\",\"product\":\"20\",\"selected_configurable_option\":\"\",\"related_product\":\"\",\"item\":\"20\",\"super_attribute\":{\"173\":\"16\",\"93\":\"5\"},\"qty\":\"1\"}'),(213,160,20,'attributes','{\"173\":\"16\",\"93\":\"5\"}'),(214,160,61,'product_qty_61','1'),(215,160,61,'simple_product','61'),(216,161,61,'info_buyRequest','{\"uenc\":\"aHR0cDovL2JsdWVza3l0ZWNoY28ubmV0L2tvbGxlci9lbjEvcmliYmVkLXN3ZWF0ZXIuaHRtbA,,\",\"product\":\"20\",\"selected_configurable_option\":\"\",\"related_product\":\"\",\"item\":\"20\",\"super_attribute\":{\"173\":\"16\",\"93\":\"5\"},\"qty\":\"1\"}'),(217,161,61,'parent_product_id','20'),(218,162,3,'info_buyRequest','{\"uenc\":\"aHR0cDovL2JsdWVza3l0ZWNoY28ubmV0L2tvbGxlci9lbjMvZGluaW5nLXJvb20uaHRtbA,,\",\"product\":\"3\",\"selected_configurable_option\":\"\",\"related_product\":\"\",\"item\":\"3\",\"qty\":\"1\"}'),(219,163,16,'info_buyRequest','{\"uenc\":\"aHR0cDovL2F6ZXhjaGFuZ2VjbHViLmNvbS9rb2xsZXIvZW4xL3Byb2R1Y3R0YWIvdGFiL3ZpZXcvdHlwZS8yL2xpbWl0LzEwL2ltZ1Qvc21hbGxfaW1hZ2UvaW1nVy8zNTAvaW1nSC80NDYvaW1nSG92ZXIvdGh1bWJuYWlsL3Byb2R1Y3RfbGlzdF9tb2RlL2dyaWQvbnVtYmVyX3Jvdy8xL3Byb2R1Y3RfbGlzdF9vcmRlci9wb3NpdGlvbi8,\",\"product\":\"16\",\"qty\":1}'),(220,164,16,'info_buyRequest','{\"uenc\":\"aHR0cDovL2F6ZXhjaGFuZ2VjbHViLmNvbS9rb2xsZXIvZW4xL3Byb2R1Y3R0YWIvdGFiL3ZpZXcvdHlwZS8yL2xpbWl0LzEwL2ltZ1Qvc21hbGxfaW1hZ2UvaW1nVy8zNTAvaW1nSC80NDYvaW1nSG92ZXIvdGh1bWJuYWlsL3Byb2R1Y3RfbGlzdF9tb2RlL2dyaWQvbnVtYmVyX3Jvdy8xL3Byb2R1Y3RfbGlzdF9vcmRlci9wb3NpdGlvbi8,\",\"product\":\"16\",\"qty\":1}'),(221,165,34,'info_buyRequest','{\"uenc\":\"aHR0cDovL2F6ZXhjaGFuZ2VjbHViLmNvbS9rb2xsZXIvZW4xMC9tYWdld29yeF9zZWFyY2hzdWl0ZWF1dG9jb21wbGV0ZS9hamF4L2luZGV4Lz9xPWJsdWUmXz0xNjExNjczNDY0NDg5\",\"product\":\"34\",\"mageworx_searchsuiteautocomplete\":\"1\",\"qty\":1}'),(222,166,32,'info_buyRequest','{\"uenc\":\"aHR0cDovL2F6ZXhjaGFuZ2VjbHViLmNvbS9rb2xsZXIvZW4xMC9tYWdld29yeF9zZWFyY2hzdWl0ZWF1dG9jb21wbGV0ZS9hamF4L2luZGV4Lz9xPWJsdWUmXz0xNjExNjczNDY0NDg5\",\"product\":\"32\",\"mageworx_searchsuiteautocomplete\":\"1\",\"qty\":1}'),(223,167,21,'info_buyRequest','{\"uenc\":\"aHR0cDovL2F6ZXhjaGFuZ2VjbHViLmNvbS9rb2xsZXIvZW4yL3Byb2R1Y3R0YWIvdGFiL3ZpZXcvdHlwZS8yL2xpbWl0LzEwL2ltZ1Qvc21hbGxfaW1hZ2UvaW1nVy8zNTAvaW1nSC80NDYvaW1nSG92ZXIvdGh1bWJuYWlsL3Byb2R1Y3RfbGlzdF9tb2RlL2dyaWQvbnVtYmVyX3Jvdy8yL3Byb2R1Y3RfbGlzdF9vcmRlci9wb3NpdGlvbi8,\",\"product\":\"21\",\"qty\":1}'),(224,168,16,'info_buyRequest','{\"uenc\":\"aHR0cDovL2F6ZXhjaGFuZ2VjbHViLmNvbS9rb2xsZXIvZW40L21hZ2V3b3J4X3NlYXJjaHN1aXRlYXV0b2NvbXBsZXRlL2FqYXgvaW5kZXgvP3E9Y2hhaXImXz0xNjEyMzIzNzYwMTU4\",\"product\":\"16\",\"mageworx_searchsuiteautocomplete\":\"1\",\"qty\":1}'),(225,169,36,'info_buyRequest','{\"uenc\":\"aHR0cDovL2F6ZXhjaGFuZ2VjbHViLmNvbS9rb2xsZXIvZW4xMC9wcm9kdWN0dGFiL3RhYi92aWV3L3R5cGUvMS9saW1pdC8xMC9pbWdUL3RodW1ibmFpbC9pbWdXLzMzMC9pbWdILzQyMC9pbWdIb3Zlci9zd2F0Y2hfaW1hZ2UvcHJvZHVjdF9saXN0X21vZGUvZ3JpZC9udW1iZXJfcm93LzIvcHJvZHVjdF9saXN0X29yZGVyL3Bvc2l0aW9uLw,,\",\"product\":\"36\",\"qty\":1}'),(226,170,38,'info_buyRequest','{\"uenc\":\"aHR0cDovL2F6ZXhjaGFuZ2VjbHViLmNvbS9rb2xsZXIvZW4xMC9wcm9kdWN0dGFiL3RhYi92aWV3L3R5cGUvMS9saW1pdC8xMC9pbWdUL3RodW1ibmFpbC9pbWdXLzMzMC9pbWdILzQyMC9pbWdIb3Zlci9zd2F0Y2hfaW1hZ2UvcHJvZHVjdF9saXN0X21vZGUvZ3JpZC9udW1iZXJfcm93LzIvcHJvZHVjdF9saXN0X29yZGVyL3Bvc2l0aW9uLw,,\",\"product\":\"38\",\"qty\":1}'),(227,171,21,'info_buyRequest','{\"uenc\":\"aHR0cDovL2F6ZXhjaGFuZ2VjbHViLmNvbS9rb2xsZXIyNDIvZW4yL3Byb2R1Y3R0YWIvdGFiL3ZpZXcvdHlwZS8yL2xpbWl0LzEwL2ltZ1Qvc21hbGxfaW1hZ2UvaW1nVy8zNTAvaW1nSC80NDYvaW1nSG92ZXIvdGh1bWJuYWlsL3Byb2R1Y3RfbGlzdF9tb2RlL2dyaWQvbnVtYmVyX3Jvdy8yL3Byb2R1Y3RfbGlzdF9vcmRlci9wb3NpdGlvbi8,\",\"product\":\"21\",\"qty\":1}'),(229,173,20,'info_buyRequest','{\"uenc\":\"aHR0cDovL2F6ZXhjaGFuZ2VjbHViLmNvbS9rb2xsZXIyNDIvZW4xL3JpYmJlZC1zd2VhdGVyLmh0bWw,\",\"product\":\"20\",\"selected_configurable_option\":\"\",\"related_product\":\"\",\"item\":\"20\",\"super_attribute\":{\"173\":\"16\",\"93\":\"5\"},\"qty\":\"1\"}'),(230,173,20,'attributes','{\"173\":\"16\",\"93\":\"5\"}'),(231,173,61,'product_qty_61','1'),(232,173,61,'simple_product','61'),(233,174,61,'info_buyRequest','{\"uenc\":\"aHR0cDovL2F6ZXhjaGFuZ2VjbHViLmNvbS9rb2xsZXIyNDIvZW4xL3JpYmJlZC1zd2VhdGVyLmh0bWw,\",\"product\":\"20\",\"selected_configurable_option\":\"\",\"related_product\":\"\",\"item\":\"20\",\"super_attribute\":{\"173\":\"16\",\"93\":\"5\"},\"qty\":\"1\"}'),(234,174,61,'parent_product_id','20'),(235,175,50,'info_buyRequest','{\"uenc\":\"aHR0cDovL2F6ZXhjaGFuZ2VjbHViLmNvbS9rb2xsZXIyNDIvZW4xMS9hc2hlci1zbGlwLW9uLXNrYXRlLXNob2VzLmh0bWw,\",\"product\":\"50\",\"selected_configurable_option\":\"\",\"related_product\":\"\",\"item\":\"50\",\"qty\":\"1\"}'),(236,176,20,'info_buyRequest','{\"uenc\":\"aHR0cDovL2F6ZXhjaGFuZ2VjbHViLmNvbS9rb2xsZXIyNDIvZW4xL3JpYmJlZC1zd2VhdGVyLmh0bWw,\",\"product\":\"20\",\"selected_configurable_option\":\"\",\"related_product\":\"\",\"item\":\"20\",\"super_attribute\":{\"173\":\"16\",\"93\":\"5\"},\"qty\":\"1\"}'),(237,176,20,'attributes','{\"173\":\"16\",\"93\":\"5\"}'),(238,176,61,'product_qty_61','1'),(239,176,61,'simple_product','61'),(240,177,61,'info_buyRequest','{\"uenc\":\"aHR0cDovL2F6ZXhjaGFuZ2VjbHViLmNvbS9rb2xsZXIyNDIvZW4xL3JpYmJlZC1zd2VhdGVyLmh0bWw,\",\"product\":\"20\",\"selected_configurable_option\":\"\",\"related_product\":\"\",\"item\":\"20\",\"super_attribute\":{\"173\":\"16\",\"93\":\"5\"},\"qty\":\"1\"}'),(241,177,61,'parent_product_id','20'),(242,178,21,'info_buyRequest','{\"uenc\":\"aHR0cDovL2F6ZXhjaGFuZ2VjbHViLmNvbS9rb2xsZXIyNDIvZW4xL3Byb2R1Y3R0YWIvdGFiL3ZpZXcvdHlwZS8yL2xpbWl0LzEwL2ltZ1Qvc21hbGxfaW1hZ2UvaW1nVy8zNTAvaW1nSC80NDYvaW1nSG92ZXIvdGh1bWJuYWlsL3Byb2R1Y3RfbGlzdF9tb2RlL2dyaWQvbnVtYmVyX3Jvdy8xL3Byb2R1Y3RfbGlzdF9vcmRlci9wb3NpdGlvbi8,\",\"product\":\"21\",\"qty\":1}'),(243,179,42,'info_buyRequest','{\"uenc\":\"aHR0cDovL2F6ZXhjaGFuZ2VjbHViLmNvbS9rb2xsZXIyNDIvZW4xMC9wcm9kdWN0dGFiL3RhYi92aWV3L3R5cGUvMS9saW1pdC8xMC9pbWdUL3RodW1ibmFpbC9pbWdXLzMzMC9pbWdILzQyMC9pbWdIb3Zlci9zd2F0Y2hfaW1hZ2UvcHJvZHVjdF9saXN0X21vZGUvZ3JpZC9udW1iZXJfcm93LzIvcHJvZHVjdF9saXN0X29yZGVyL3Bvc2l0aW9uLw,,\",\"product\":\"42\",\"qty\":1}'),(244,180,40,'info_buyRequest','{\"uenc\":\"aHR0cDovL2F6ZXhjaGFuZ2VjbHViLmNvbS9rb2xsZXIyNDIvZW4xMC9wcm9kdWN0dGFiL3RhYi92aWV3L3R5cGUvMS9saW1pdC8xMC9pbWdUL3RodW1ibmFpbC9pbWdXLzMzMC9pbWdILzQyMC9pbWdIb3Zlci9zd2F0Y2hfaW1hZ2UvcHJvZHVjdF9saXN0X21vZGUvZ3JpZC9udW1iZXJfcm93LzIvcHJvZHVjdF9saXN0X29yZGVyL3Bvc2l0aW9uLw,,\",\"product\":\"40\",\"qty\":1}'),(245,181,1,'info_buyRequest','{\"uenc\":\"aHR0cDovL2F6ZXhjaGFuZ2VjbHViLmNvbS9rb2xsZXIyNDIvZW4xL3Nob3AuaHRtbA,,\",\"product\":\"1\",\"qty\":1}'),(246,182,3,'info_buyRequest','{\"uenc\":\"aHR0cDovL2F6ZXhjaGFuZ2VjbHViLmNvbS9rb2xsZXIyNDIvZW4xL2RpbmluZy1yb29tLmh0bWw,\",\"product\":\"3\",\"selected_configurable_option\":\"\",\"related_product\":\"\",\"item\":\"3\",\"qty\":\"1\"}'),(247,183,22,'info_buyRequest','{\"uenc\":\"aHR0cDovL2F6ZXhjaGFuZ2VjbHViLmNvbS9rb2xsZXIyNDIvZW4xL3Byb2R1Y3R0YWIvdGFiL3ZpZXcvdHlwZS8yL2xpbWl0LzEwL2ltZ1Qvc21hbGxfaW1hZ2UvaW1nVy8zNTAvaW1nSC80NDYvaW1nSG92ZXIvdGh1bWJuYWlsL3Byb2R1Y3RfbGlzdF9tb2RlL2dyaWQvbnVtYmVyX3Jvdy8xL3Byb2R1Y3RfbGlzdF9vcmRlci9wb3NpdGlvbi8,\",\"product\":\"22\",\"qty\":1}'),(255,187,1,'info_buyRequest','{\"uenc\":\"aHR0cDovL2F6ZXhjaGFuZ2VjbHViLmNvbS9rb2xsZXIyNDMvZW4xL3Nob3AuaHRtbA,,\",\"product\":\"1\",\"qty\":1}'),(256,188,3,'info_buyRequest','{\"uenc\":\"aHR0cDovL2F6ZXhjaGFuZ2VjbHViLmNvbS9rb2xsZXIyNDMvZW4xL3Nob3AuaHRtbA,,\",\"product\":\"3\",\"qty\":1}'),(257,189,3,'info_buyRequest','{\"uenc\":\"aHR0cDovL2F6ZXhjaGFuZ2VjbHViLmNvbS9rb2xsZXIyNDMvZW4xL3Nob3AvbGl2aW5ncm9vbS9jaGFpcnMuaHRtbD9wcmljZT00MTktNjAw\",\"product\":\"3\",\"qty\":1}'),(258,190,21,'info_buyRequest','{\"product\":\"21\",\"uenc\":\"aHR0cDovL2F6ZXhjaGFuZ2VjbHViLmNvbS9rb2xsZXIyNDMvZW42L2NhdGFsb2cvcHJvZHVjdF9jb21wYXJlLw,,\",\"qty\":1}'),(259,191,4,'info_buyRequest','{\"uenc\":\"aHR0cDovL2F6ZXhjaGFuZ2VjbHViLmNvbS9rb2xsZXIyNDMvZW4yL3RhYmxlLXRlbXBvcmFyeS1nbGFzcy5odG1s\",\"product\":\"4\",\"selected_configurable_option\":\"\",\"related_product\":\"\",\"item\":\"4\",\"super_attribute\":{\"173\":\"14\"},\"qty\":\"1\"}'),(260,191,4,'attributes','{\"173\":\"14\"}'),(261,191,58,'product_qty_58','1'),(262,191,58,'simple_product','58'),(263,192,58,'info_buyRequest','{\"uenc\":\"aHR0cDovL2F6ZXhjaGFuZ2VjbHViLmNvbS9rb2xsZXIyNDMvZW4yL3RhYmxlLXRlbXBvcmFyeS1nbGFzcy5odG1s\",\"product\":\"4\",\"selected_configurable_option\":\"\",\"related_product\":\"\",\"item\":\"4\",\"super_attribute\":{\"173\":\"14\"},\"qty\":\"1\"}'),(264,192,58,'parent_product_id','4'),(265,193,3,'info_buyRequest','{\"uenc\":\"aHR0cDovL2F6ZXhjaGFuZ2VjbHViLmNvbS9rb2xsZXIyNDMvZW4xL2RpbmluZy1yb29tLmh0bWw,\",\"product\":\"3\",\"selected_configurable_option\":\"\",\"related_product\":\"\",\"item\":\"3\",\"qty\":\"1\"}'),(266,194,21,'info_buyRequest','{\"uenc\":\"aHR0cDovL2F6ZXhjaGFuZ2VjbHViLmNvbS9rb2xsZXIyNDMvZW4xL2NhdGFsb2cvcHJvZHVjdC92aWV3L2lkLzIxL3F1aWNrdmlldy8xLw,,\",\"product\":\"21\",\"selected_configurable_option\":\"\",\"related_product\":\"\",\"item\":\"21\",\"qty\":\"1\"}'),(267,195,19,'info_buyRequest','{\"uenc\":\"aHR0cDovL2F6ZXhjaGFuZ2VjbHViLmNvbS9rb2xsZXIyNDMvZW4zL3Byb2R1Y3R0YWIvdGFiL3ZpZXcvdHlwZS8xL2xpbWl0LzEwL2ltZ1QvdGh1bWJuYWlsL2ltZ1cvMzUwL2ltZ0gvNDQ2L2ltZ0hvdmVyL3N3YXRjaF9pbWFnZS9wcm9kdWN0X2xpc3RfbW9kZS9ncmlkL251bWJlcl9yb3cvMi9wcm9kdWN0X2xpc3Rfb3JkZXIvcG9zaXRpb24v\",\"product\":\"19\",\"qty\":1}'),(268,196,22,'info_buyRequest','{\"uenc\":\"aHR0cDovL2F6ZXhjaGFuZ2VjbHViLmNvbS9rb2xsZXIyNDMvZW4xL3Byb2R1Y3R0YWIvdGFiL3ZpZXcvdHlwZS8xL2xpbWl0LzEwL2ltZ1QvdGh1bWJuYWlsL2ltZ1cvMzUwL2ltZ0gvNDQ2L2ltZ0hvdmVyL3N3YXRjaF9pbWFnZS9wcm9kdWN0X2xpc3RfbW9kZS9ncmlkL251bWJlcl9yb3cvMi9wcm9kdWN0X2xpc3Rfb3JkZXIvcG9zaXRpb24v\",\"product\":\"22\",\"qty\":1}'),(270,198,3,'info_buyRequest','{\"uenc\":\"aHR0cDovL2F6ZXhjaGFuZ2VjbHViLmNvbS9rb2xsZXIyNDMvZW4xL3Nob3AuaHRtbA,,\",\"product\":\"3\",\"qty\":1}'),(271,199,5,'info_buyRequest','{\"uenc\":\"aHR0cDovL2F6ZXhjaGFuZ2VjbHViLmNvbS9rb2xsZXIyNDMvZW4xL2x1bmUtcGVuZGFudC1waW5rLmh0bWw,\",\"product\":\"5\",\"selected_configurable_option\":\"\",\"related_product\":\"\",\"item\":\"5\",\"qty\":\"1\"}'),(272,200,20,'info_buyRequest','{\"uenc\":\"aHR0cDovL2F6ZXhjaGFuZ2VjbHViLmNvbS9rb2xsZXIyNDMvZW4xL3JpYmJlZC1zd2VhdGVyLmh0bWw,\",\"product\":\"20\",\"selected_configurable_option\":\"\",\"related_product\":\"\",\"item\":\"20\",\"super_attribute\":{\"173\":\"16\",\"93\":\"5\"},\"qty\":\"1\"}'),(273,200,20,'attributes','{\"173\":\"16\",\"93\":\"5\"}'),(274,200,61,'product_qty_61','1'),(275,200,61,'simple_product','61'),(276,201,61,'info_buyRequest','{\"uenc\":\"aHR0cDovL2F6ZXhjaGFuZ2VjbHViLmNvbS9rb2xsZXIyNDMvZW4xL3JpYmJlZC1zd2VhdGVyLmh0bWw,\",\"product\":\"20\",\"selected_configurable_option\":\"\",\"related_product\":\"\",\"item\":\"20\",\"super_attribute\":{\"173\":\"16\",\"93\":\"5\"},\"qty\":\"1\"}'),(277,201,61,'parent_product_id','20'),(278,202,19,'info_buyRequest','{\"uenc\":\"aHR0cDovL2F6ZXhjaGFuZ2VjbHViLmNvbS9rb2xsZXIyNDMvZW4xL3Nob3AvbGl2aW5ncm9vbS5odG1s\",\"product\":\"19\",\"qty\":1}'),(279,203,21,'info_buyRequest','{\"uenc\":\"aHR0cDovL2F6ZXhjaGFuZ2VjbHViLmNvbS9rb2xsZXIyNDMvZW4xL3Nob3AvbGl2aW5ncm9vbS5odG1s\",\"product\":\"21\",\"qty\":1}'),(280,204,1,'info_buyRequest','{\"uenc\":\"aHR0cDovL2F6ZXhjaGFuZ2VjbHViLmNvbS9rb2xsZXIyNDMvZW4xL3Nob3AuaHRtbA,,\",\"product\":\"1\",\"qty\":1}'),(281,205,3,'info_buyRequest','{\"uenc\":\"aHR0cDovLzE3My4yNDkuMS4xNjcva29sbGVyL2VuMS9zaG9wLmh0bWw,\",\"product\":\"3\",\"qty\":1}'),(283,207,3,'info_buyRequest','{\"uenc\":\"aHR0cDovLzE3My4yNDkuMS4xNjcva29sbGVyL2VuMS9kaW5pbmctcm9vbS5odG1s\",\"product\":\"3\",\"selected_configurable_option\":\"\",\"related_product\":\"\",\"item\":\"3\",\"qty\":\"1\"}'),(284,208,1,'info_buyRequest','{\"uenc\":\"aHR0cDovLzE3My4yNDkuMS4xNjcva29sbGVyL2VuNi9jaGFpcnMtd2l0aC1tZXRhbC1sZWdzLmh0bWw,\",\"product\":\"1\",\"selected_configurable_option\":\"\",\"related_product\":\"\",\"item\":\"1\",\"qty\":\"1\"}'),(285,209,32,'info_buyRequest','{\"uenc\":\"aHR0cDovLzE3My4yNDkuMS4xNjcva29sbGVyL2VuMTAvY3Jld25lY2stYmxvdXNlLmh0bWw,\",\"product\":\"32\",\"selected_configurable_option\":\"\",\"related_product\":\"\",\"item\":\"32\",\"qty\":\"1\"}'),(286,210,32,'info_buyRequest','{\"uenc\":\"aHR0cDovLzE3My4yNDkuMS4xNjcva29sbGVyL2VuMTAvcHJvZHVjdHRhYi90YWIvdmlldy90eXBlLzEvbGltaXQvMTAvaW1nVC90aHVtYm5haWwvaW1nVy8zMzAvaW1nSC80MjAvaW1nSG92ZXIvc3dhdGNoX2ltYWdlL3Byb2R1Y3RfbGlzdF9tb2RlL2dyaWQvbnVtYmVyX3Jvdy8yL3Byb2R1Y3RfbGlzdF9vcmRlci9wb3NpdGlvbi8,\",\"product\":\"32\",\"qty\":1}'),(287,211,32,'info_buyRequest','{\"uenc\":\"aHR0cDovLzE3My4yNDkuMS4xNjcva29sbGVyL2VuMTAvcHJvZHVjdHRhYi90YWIvdmlldy90eXBlLzEvbGltaXQvMTAvaW1nVC90aHVtYm5haWwvaW1nVy8zMzAvaW1nSC80MjAvaW1nSG92ZXIvc3dhdGNoX2ltYWdlL3Byb2R1Y3RfbGlzdF9tb2RlL2dyaWQvbnVtYmVyX3Jvdy8yL3Byb2R1Y3RfbGlzdF9vcmRlci9wb3NpdGlvbi8_Xz0xNjUyMzMxOTk4MTk5\",\"product\":\"32\",\"qty\":1}'),(288,212,32,'info_buyRequest','{\"uenc\":\"aHR0cDovLzE3My4yNDkuMS4xNjcva29sbGVyL2VuMTAvcHJvZHVjdHRhYi90YWIvdmlldy90eXBlLzEvbGltaXQvMTAvaW1nVC90aHVtYm5haWwvaW1nVy8zMzAvaW1nSC80MjAvaW1nSG92ZXIvc3dhdGNoX2ltYWdlL3Byb2R1Y3RfbGlzdF9tb2RlL2dyaWQvbnVtYmVyX3Jvdy8yL3Byb2R1Y3RfbGlzdF9vcmRlci9wb3NpdGlvbi8,\",\"product\":\"32\",\"qty\":1}');

--
-- Table structure for table `quote_payment`
--

CREATE TABLE `quote_payment` (
  `payment_id` int(10) unsigned NOT NULL AUTO_INCREMENT COMMENT 'Payment ID',
  `quote_id` int(10) unsigned NOT NULL DEFAULT 0 COMMENT 'Quote ID',
  `created_at` timestamp NOT NULL DEFAULT current_timestamp() COMMENT 'Created At',
  `updated_at` timestamp NOT NULL DEFAULT current_timestamp() ON UPDATE current_timestamp() COMMENT 'Updated At',
  `method` varchar(255) DEFAULT NULL COMMENT 'Method',
  `cc_type` varchar(255) DEFAULT NULL COMMENT 'Cc Type',
  `cc_number_enc` varchar(255) DEFAULT NULL COMMENT 'Cc Number Enc',
  `cc_last_4` varchar(255) DEFAULT NULL COMMENT 'Cc Last 4',
  `cc_cid_enc` varchar(255) DEFAULT NULL COMMENT 'Cc Cid Enc',
  `cc_owner` varchar(255) DEFAULT NULL COMMENT 'Cc Owner',
  `cc_exp_month` varchar(255) DEFAULT NULL COMMENT 'Cc Exp Month',
  `cc_exp_year` smallint(5) unsigned DEFAULT 0 COMMENT 'Cc Exp Year',
  `cc_ss_owner` varchar(255) DEFAULT NULL COMMENT 'Cc Ss Owner',
  `cc_ss_start_month` smallint(5) unsigned DEFAULT 0 COMMENT 'Cc Ss Start Month',
  `cc_ss_start_year` smallint(5) unsigned DEFAULT 0 COMMENT 'Cc Ss Start Year',
  `po_number` varchar(255) DEFAULT NULL COMMENT 'Po Number',
  `additional_data` text DEFAULT NULL COMMENT 'Additional Data',
  `cc_ss_issue` varchar(255) DEFAULT NULL COMMENT 'Cc Ss Issue',
  `additional_information` text DEFAULT NULL COMMENT 'Additional Information',
  `paypal_payer_id` varchar(255) DEFAULT NULL COMMENT 'Paypal Payer ID',
  `paypal_payer_status` varchar(255) DEFAULT NULL COMMENT 'Paypal Payer Status',
  `paypal_correlation_id` varchar(255) DEFAULT NULL COMMENT 'Paypal Correlation ID',
  PRIMARY KEY (`payment_id`),
  KEY `QUOTE_PAYMENT_QUOTE_ID` (`quote_id`),
  CONSTRAINT `QUOTE_PAYMENT_QUOTE_ID_QUOTE_ENTITY_ID` FOREIGN KEY (`quote_id`) REFERENCES `quote` (`entity_id`) ON DELETE CASCADE
) ENGINE=InnoDB AUTO_INCREMENT=10 DEFAULT CHARSET=utf8 COMMENT='Sales Flat Quote Payment';

--
-- Dumping data for table `quote_payment`
--

INSERT INTO `quote_payment` VALUES (1,33,'2021-01-11 07:04:51','2021-01-11 07:04:51','checkmo',NULL,NULL,NULL,NULL,NULL,NULL,0,NULL,0,0,NULL,NULL,NULL,'null',NULL,NULL,NULL),(2,37,'2021-01-13 02:59:51','2021-01-13 02:59:51','checkmo',NULL,NULL,NULL,NULL,NULL,NULL,0,NULL,0,0,NULL,NULL,NULL,'null',NULL,NULL,NULL),(3,42,'2021-01-14 07:44:53','2021-01-14 07:44:53','checkmo',NULL,NULL,NULL,NULL,NULL,NULL,0,NULL,0,0,NULL,NULL,NULL,'null',NULL,NULL,NULL),(4,46,'2021-01-19 02:45:30','2021-01-19 02:45:30','checkmo',NULL,NULL,NULL,NULL,NULL,NULL,0,NULL,0,0,NULL,NULL,NULL,'null',NULL,NULL,NULL),(5,45,'2021-01-19 10:14:08','2021-01-19 10:14:08','checkmo',NULL,NULL,NULL,NULL,NULL,NULL,0,NULL,0,0,NULL,NULL,NULL,'null',NULL,NULL,NULL),(6,58,'2021-01-20 02:36:08','2021-01-20 02:36:08','cashondelivery',NULL,NULL,NULL,NULL,NULL,NULL,0,NULL,0,0,NULL,NULL,NULL,'null',NULL,NULL,NULL),(7,81,'2021-07-06 04:08:23','2021-07-06 04:08:23','cashondelivery',NULL,NULL,NULL,NULL,NULL,NULL,0,NULL,0,0,NULL,NULL,NULL,'null',NULL,NULL,NULL),(8,85,'2021-09-03 13:37:57','2021-09-03 13:37:57','cashondelivery',NULL,NULL,NULL,NULL,NULL,NULL,0,NULL,0,0,NULL,NULL,NULL,'null',NULL,NULL,NULL),(9,92,'2021-09-09 10:24:19','2021-09-09 10:24:19','cashondelivery',NULL,NULL,NULL,NULL,NULL,NULL,0,NULL,0,0,NULL,NULL,NULL,'null',NULL,NULL,NULL);

--
-- Table structure for table `quote_shipping_rate`
--

CREATE TABLE `quote_shipping_rate` (
  `rate_id` int(10) unsigned NOT NULL AUTO_INCREMENT COMMENT 'Rate ID',
  `address_id` int(10) unsigned NOT NULL DEFAULT 0 COMMENT 'Address ID',
  `created_at` timestamp NOT NULL DEFAULT current_timestamp() COMMENT 'Created At',
  `updated_at` timestamp NOT NULL DEFAULT current_timestamp() ON UPDATE current_timestamp() COMMENT 'Updated At',
  `carrier` varchar(255) DEFAULT NULL COMMENT 'Carrier',
  `carrier_title` varchar(255) DEFAULT NULL COMMENT 'Carrier Title',
  `code` varchar(255) DEFAULT NULL COMMENT 'Code',
  `method` varchar(255) DEFAULT NULL COMMENT 'Method',
  `method_description` text DEFAULT NULL COMMENT 'Method Description',
  `price` decimal(20,4) NOT NULL DEFAULT 0.0000 COMMENT 'Price',
  `error_message` text DEFAULT NULL COMMENT 'Error Message',
  `method_title` text DEFAULT NULL COMMENT 'Method Title',
  PRIMARY KEY (`rate_id`),
  KEY `QUOTE_SHIPPING_RATE_ADDRESS_ID` (`address_id`),
  CONSTRAINT `QUOTE_SHIPPING_RATE_ADDRESS_ID_QUOTE_ADDRESS_ADDRESS_ID` FOREIGN KEY (`address_id`) REFERENCES `quote_address` (`address_id`) ON DELETE CASCADE
) ENGINE=InnoDB AUTO_INCREMENT=154 DEFAULT CHARSET=utf8 COMMENT='Sales Flat Quote Shipping Rate';

--
-- Dumping data for table `quote_shipping_rate`
--

INSERT INTO `quote_shipping_rate` VALUES (1,62,'2021-01-11 05:27:11','2021-01-11 05:27:11','flatrate','Flat Rate','flatrate_flatrate','flatrate',NULL,5.0000,NULL,'Fixed'),(6,68,'2021-01-11 07:04:57','2021-01-11 07:04:57','flatrate','Flat Rate','flatrate_flatrate','flatrate',NULL,10.0000,NULL,'Fixed'),(26,77,'2021-01-13 03:00:24','2021-01-13 03:00:24','flatrate','Flat Rate','flatrate_flatrate','flatrate',NULL,60.0000,NULL,'Fixed'),(27,82,'2021-01-13 03:05:29','2021-01-13 03:05:29','flatrate','Flat Rate','flatrate_flatrate','flatrate',NULL,10.0000,NULL,'Fixed'),(32,88,'2021-01-14 07:45:08','2021-01-14 07:45:08','flatrate','Flat Rate','flatrate_flatrate','flatrate',NULL,5.0000,NULL,'Fixed'),(35,91,'2021-01-15 01:58:07','2021-01-15 01:58:07','flatrate','Flat Rate','flatrate_flatrate','flatrate',NULL,20.0000,NULL,'Fixed'),(36,93,'2021-01-18 01:44:47','2021-01-18 01:44:47','flatrate','Flat Rate','flatrate_flatrate','flatrate',NULL,15.0000,NULL,'Fixed'),(44,97,'2021-01-19 02:45:46','2021-01-19 02:45:46','flatrate','Flat Rate','flatrate_flatrate','flatrate',NULL,80.0000,NULL,'Fixed'),(45,104,'2021-01-19 03:12:16','2021-01-19 03:12:16','flatrate','Flat Rate','flatrate_flatrate','flatrate',NULL,5.0000,NULL,'Fixed'),(46,106,'2021-01-19 03:16:01','2021-01-19 03:16:01','flatrate','Flat Rate','flatrate_flatrate','flatrate',NULL,5.0000,NULL,'Fixed'),(47,110,'2021-01-19 04:28:56','2021-01-19 04:28:56','flatrate','Flat Rate','flatrate_flatrate','flatrate',NULL,5.0000,NULL,'Fixed'),(48,112,'2021-01-19 04:36:29','2021-01-19 04:36:29','flatrate','Flat Rate','flatrate_flatrate','flatrate',NULL,5.0000,NULL,'Fixed'),(49,118,'2021-01-19 08:47:23','2021-01-19 08:47:23','flatrate','Flat Rate','flatrate_flatrate','flatrate',NULL,5.0000,NULL,'Fixed'),(58,95,'2021-01-19 10:14:15','2021-01-19 10:14:15','freeshipping','Free Shipping','freeshipping_freeshipping','freeshipping',NULL,0.0000,NULL,'Free'),(62,123,'2021-01-20 02:36:14','2021-01-20 02:36:14','freeshipping','Free Shipping','freeshipping_freeshipping','freeshipping',NULL,0.0000,NULL,'Free'),(72,160,'2021-02-25 08:08:07','2021-02-25 08:08:07','freeshipping','Free Shipping','freeshipping_freeshipping','freeshipping',NULL,0.0000,NULL,'Free'),(73,160,'2021-02-25 08:08:07','2021-02-25 08:08:07','flatrate','Flat Rate','flatrate_flatrate','flatrate',NULL,10.0000,NULL,'Fixed'),(77,172,'2021-07-06 04:08:23','2021-07-06 04:08:23','freeshipping','Free Shipping','freeshipping_freeshipping','freeshipping',NULL,0.0000,NULL,'Free'),(82,183,'2021-09-03 13:38:04','2021-09-03 13:38:04','flatrate','Flat Rate','flatrate_flatrate','flatrate',NULL,25.0000,NULL,'Fixed'),(101,192,'2021-09-05 07:44:24','2021-09-05 07:44:24','freeshipping','Free Shipping','freeshipping_freeshipping','freeshipping',NULL,0.0000,NULL,'Free'),(110,200,'2021-09-09 10:24:19','2021-09-09 10:24:19','flatrate','Flat Rate','flatrate_flatrate','flatrate',NULL,10.0000,NULL,'Fixed'),(116,203,'2021-09-09 16:52:51','2021-09-09 16:52:51','flatrate','Flat Rate','flatrate_flatrate','flatrate',NULL,10.0000,NULL,'Fixed'),(126,215,'2022-05-11 02:25:14','2022-05-11 02:25:14','freeshipping','Free Shipping','freeshipping_freeshipping','freeshipping',NULL,0.0000,NULL,'Free'),(134,217,'2022-05-11 07:04:20','2022-05-11 07:04:20','instore','In-Store Pickup Delivery','instore_pickup','pickup',NULL,0.0000,NULL,'Pick in Store'),(135,221,'2022-05-12 06:39:27','2022-05-12 06:39:27','instore','In-Store Pickup Delivery','instore_pickup','pickup',NULL,0.0000,NULL,'Pick in Store'),(153,219,'2022-05-12 07:38:21','2022-05-12 07:38:21','freeshipping','Free Shipping','freeshipping_freeshipping','freeshipping',NULL,0.0000,NULL,'Free');

--
-- Table structure for table `rating`
--

CREATE TABLE `rating` (
  `rating_id` smallint(5) unsigned NOT NULL AUTO_INCREMENT COMMENT 'Rating ID',
  `entity_id` smallint(5) unsigned NOT NULL DEFAULT 0 COMMENT 'Entity ID',
  `rating_code` varchar(64) NOT NULL COMMENT 'Rating Code',
  `position` smallint(5) unsigned NOT NULL DEFAULT 0 COMMENT 'Rating Position On Storefront',
  `is_active` smallint(6) NOT NULL DEFAULT 1 COMMENT 'Rating is active.',
  PRIMARY KEY (`rating_id`),
  UNIQUE KEY `RATING_RATING_CODE` (`rating_code`),
  KEY `RATING_ENTITY_ID` (`entity_id`),
  CONSTRAINT `RATING_ENTITY_ID_RATING_ENTITY_ENTITY_ID` FOREIGN KEY (`entity_id`) REFERENCES `rating_entity` (`entity_id`) ON DELETE CASCADE
) ENGINE=InnoDB AUTO_INCREMENT=5 DEFAULT CHARSET=utf8 COMMENT='Ratings';

--
-- Dumping data for table `rating`
--

INSERT INTO `rating` VALUES (1,1,'Quality',0,1),(2,1,'Value',0,1),(3,1,'Price',0,1);

--
-- Table structure for table `rating_entity`
--

CREATE TABLE `rating_entity` (
  `entity_id` smallint(5) unsigned NOT NULL AUTO_INCREMENT COMMENT 'Entity ID',
  `entity_code` varchar(64) NOT NULL COMMENT 'Entity Code',
  PRIMARY KEY (`entity_id`),
  UNIQUE KEY `RATING_ENTITY_ENTITY_CODE` (`entity_code`)
) ENGINE=InnoDB AUTO_INCREMENT=4 DEFAULT CHARSET=utf8 COMMENT='Rating entities';

--
-- Dumping data for table `rating_entity`
--

INSERT INTO `rating_entity` VALUES (1,'product'),(2,'product_review'),(3,'review');

--
-- Table structure for table `rating_option`
--

CREATE TABLE `rating_option` (
  `option_id` int(10) unsigned NOT NULL AUTO_INCREMENT COMMENT 'Rating Option ID',
  `rating_id` smallint(5) unsigned NOT NULL DEFAULT 0 COMMENT 'Rating ID',
  `code` varchar(32) NOT NULL COMMENT 'Rating Option Code',
  `value` smallint(5) unsigned NOT NULL DEFAULT 0 COMMENT 'Rating Option Value',
  `position` smallint(5) unsigned NOT NULL DEFAULT 0 COMMENT 'Ration option position on Storefront',
  PRIMARY KEY (`option_id`),
  KEY `RATING_OPTION_RATING_ID` (`rating_id`),
  CONSTRAINT `RATING_OPTION_RATING_ID_RATING_RATING_ID` FOREIGN KEY (`rating_id`) REFERENCES `rating` (`rating_id`) ON DELETE CASCADE
) ENGINE=InnoDB AUTO_INCREMENT=21 DEFAULT CHARSET=utf8 COMMENT='Rating options';

--
-- Dumping data for table `rating_option`
--

INSERT INTO `rating_option` VALUES (1,1,'1',1,1),(2,1,'2',2,2),(3,1,'3',3,3),(4,1,'4',4,4),(5,1,'5',5,5),(6,2,'1',1,1),(7,2,'2',2,2),(8,2,'3',3,3),(9,2,'4',4,4),(10,2,'5',5,5),(11,3,'1',1,1),(12,3,'2',2,2),(13,3,'3',3,3),(14,3,'4',4,4),(15,3,'5',5,5);

--
-- Table structure for table `rating_option_vote`
--

CREATE TABLE `rating_option_vote` (
  `vote_id` bigint(20) unsigned NOT NULL AUTO_INCREMENT COMMENT 'Vote ID',
  `option_id` int(10) unsigned NOT NULL DEFAULT 0 COMMENT 'Vote option ID',
  `remote_ip` varchar(16) NOT NULL COMMENT 'Customer IP',
  `remote_ip_long` bigint(20) NOT NULL DEFAULT 0 COMMENT 'Customer IP converted to long integer format',
  `customer_id` int(10) unsigned DEFAULT 0 COMMENT 'Customer ID',
  `entity_pk_value` bigint(20) unsigned NOT NULL DEFAULT 0 COMMENT 'Product ID',
  `rating_id` smallint(5) unsigned NOT NULL DEFAULT 0 COMMENT 'Rating ID',
  `review_id` bigint(20) unsigned DEFAULT NULL COMMENT 'Review ID',
  `percent` smallint(6) NOT NULL DEFAULT 0 COMMENT 'Percent amount',
  `value` smallint(6) NOT NULL DEFAULT 0 COMMENT 'Vote option value',
  PRIMARY KEY (`vote_id`),
  KEY `RATING_OPTION_VOTE_REVIEW_ID_REVIEW_REVIEW_ID` (`review_id`),
  KEY `RATING_OPTION_VOTE_OPTION_ID` (`option_id`),
  CONSTRAINT `RATING_OPTION_VOTE_OPTION_ID_RATING_OPTION_OPTION_ID` FOREIGN KEY (`option_id`) REFERENCES `rating_option` (`option_id`) ON DELETE CASCADE,
  CONSTRAINT `RATING_OPTION_VOTE_REVIEW_ID_REVIEW_REVIEW_ID` FOREIGN KEY (`review_id`) REFERENCES `review` (`review_id`) ON DELETE CASCADE
) ENGINE=InnoDB AUTO_INCREMENT=187 DEFAULT CHARSET=utf8 COMMENT='Rating option values';

--
-- Dumping data for table `rating_option_vote`
--

INSERT INTO `rating_option_vote` VALUES (1,15,'14.162.209.34',14162,NULL,3,3,2,100,5),(2,10,'14.162.209.34',14162,NULL,3,2,2,100,5),(3,5,'14.162.209.34',14162,NULL,3,1,2,100,5),(4,15,'14.162.209.34',14162,NULL,3,3,3,100,5),(5,10,'14.162.209.34',14162,NULL,3,2,3,100,5),(6,5,'14.162.209.34',14162,NULL,3,1,3,100,5),(7,5,'14.162.209.34',14162,NULL,4,1,4,100,5),(8,15,'14.162.209.34',14162,NULL,4,3,4,100,5),(9,10,'14.162.209.34',14162,NULL,4,2,4,100,5),(10,15,'14.162.209.34',14162,NULL,18,3,5,100,5),(11,10,'14.162.209.34',14162,NULL,18,2,5,100,5),(12,5,'14.162.209.34',14162,NULL,18,1,5,100,5),(13,15,'14.162.209.34',14162,NULL,19,3,6,100,5),(14,10,'14.162.209.34',14162,NULL,19,2,6,100,5),(15,5,'14.162.209.34',14162,NULL,19,1,6,100,5),(16,15,'14.162.209.34',14162,NULL,20,3,7,100,5),(17,10,'14.162.209.34',14162,NULL,20,2,7,100,5),(18,5,'14.162.209.34',14162,NULL,20,1,7,100,5),(19,5,'14.162.209.34',14162,NULL,21,1,8,100,5),(20,15,'14.162.209.34',14162,NULL,21,3,8,100,5),(21,10,'14.162.209.34',14162,NULL,21,2,8,100,5),(22,14,'14.162.209.34',14162,NULL,22,3,9,80,4),(23,9,'14.162.209.34',14162,NULL,22,2,9,80,4),(24,5,'14.162.209.34',14162,NULL,22,1,9,100,5),(25,5,'14.162.209.34',14162,NULL,23,1,10,100,5),(26,14,'14.162.209.34',14162,NULL,23,3,10,80,4),(27,9,'14.162.209.34',14162,NULL,23,2,10,80,4),(28,15,'14.162.209.34',14162,NULL,24,3,11,100,5),(29,8,'14.162.209.34',14162,NULL,24,2,11,60,3),(30,5,'14.162.209.34',14162,NULL,24,1,11,100,5),(31,10,'14.162.209.34',14162,NULL,25,2,12,100,5),(32,5,'14.162.209.34',14162,NULL,25,1,12,100,5),(33,15,'14.162.209.34',14162,NULL,25,3,12,100,5),(34,15,'14.162.209.34',14162,NULL,17,3,13,100,5),(35,10,'14.162.209.34',14162,NULL,17,2,13,100,5),(36,5,'14.162.209.34',14162,NULL,17,1,13,100,5),(37,5,'14.162.209.34',14162,NULL,2,1,14,100,5),(38,15,'14.162.209.34',14162,NULL,2,3,14,100,5),(39,9,'14.162.209.34',14162,NULL,2,2,14,80,4),(40,9,'14.162.209.34',14162,NULL,16,2,15,80,4),(41,5,'14.162.209.34',14162,NULL,16,1,15,100,5),(42,15,'14.162.209.34',14162,NULL,16,3,15,100,5),(43,15,'14.162.209.34',14162,NULL,15,3,16,100,5),(44,10,'14.162.209.34',14162,NULL,15,2,16,100,5),(45,5,'14.162.209.34',14162,NULL,15,1,16,100,5),(46,10,'14.162.209.34',14162,NULL,1,2,17,100,5),(47,5,'14.162.209.34',14162,NULL,1,1,17,100,5),(48,15,'14.162.209.34',14162,NULL,1,3,17,100,5),(49,15,'14.162.209.34',14162,NULL,2,3,18,100,5),(50,10,'14.162.209.34',14162,NULL,2,2,18,100,5),(51,5,'14.162.209.34',14162,NULL,2,1,18,100,5),(52,15,'14.162.209.34',14162,NULL,15,3,19,100,5),(53,10,'14.162.209.34',14162,NULL,15,2,19,100,5),(54,5,'14.162.209.34',14162,NULL,15,1,19,100,5),(55,15,'14.162.209.34',14162,NULL,3,3,20,100,5),(56,10,'14.162.209.34',14162,NULL,3,2,20,100,5),(57,5,'14.162.209.34',14162,NULL,3,1,20,100,5),(58,15,'14.162.209.34',14162,NULL,4,3,21,100,5),(59,10,'14.162.209.34',14162,NULL,4,2,21,100,5),(60,5,'14.162.209.34',14162,NULL,4,1,21,100,5),(61,15,'14.162.209.34',14162,NULL,16,3,22,100,5),(62,10,'14.162.209.34',14162,NULL,16,2,22,100,5),(63,5,'14.162.209.34',14162,NULL,16,1,22,100,5),(64,15,'14.162.209.34',14162,NULL,17,3,23,100,5),(65,10,'14.162.209.34',14162,NULL,17,2,23,100,5),(66,5,'14.162.209.34',14162,NULL,17,1,23,100,5),(67,5,'14.162.209.34',14162,NULL,18,1,24,100,5),(68,15,'14.162.209.34',14162,NULL,18,3,24,100,5),(69,10,'14.162.209.34',14162,NULL,18,2,24,100,5),(70,5,'14.162.209.34',14162,NULL,19,1,25,100,5),(71,15,'14.162.209.34',14162,NULL,19,3,25,100,5),(72,10,'14.162.209.34',14162,NULL,19,2,25,100,5),(73,14,'14.162.209.34',14162,NULL,19,3,26,80,4),(74,10,'14.162.209.34',14162,NULL,19,2,26,100,5),(75,5,'14.162.209.34',14162,NULL,19,1,26,100,5),(76,14,'14.162.209.34',14162,NULL,20,3,27,80,4),(77,10,'14.162.209.34',14162,NULL,20,2,27,100,5),(78,5,'14.162.209.34',14162,NULL,20,1,27,100,5),(79,15,'14.162.209.34',14162,NULL,21,3,28,100,5),(80,10,'14.162.209.34',14162,NULL,21,2,28,100,5),(81,4,'14.162.209.34',14162,NULL,21,1,28,80,4),(82,15,'14.162.209.34',14162,NULL,22,3,29,100,5),(83,10,'14.162.209.34',14162,NULL,22,2,29,100,5),(84,5,'14.162.209.34',14162,NULL,22,1,29,100,5),(85,10,'14.162.209.34',14162,NULL,23,2,30,100,5),(86,5,'14.162.209.34',14162,NULL,23,1,30,100,5),(87,15,'14.162.209.34',14162,NULL,23,3,30,100,5),(88,10,'14.162.209.34',14162,NULL,24,2,31,100,5),(89,5,'14.162.209.34',14162,NULL,24,1,31,100,5),(90,15,'14.162.209.34',14162,NULL,24,3,31,100,5),(91,15,'14.162.209.34',14162,NULL,25,3,32,100,5),(92,10,'14.162.209.34',14162,NULL,25,2,32,100,5),(93,5,'14.162.209.34',14162,NULL,25,1,32,100,5),(94,10,'14.162.209.34',14162,NULL,26,2,33,100,5),(95,5,'14.162.209.34',14162,NULL,26,1,33,100,5),(96,14,'14.162.209.34',14162,NULL,26,3,33,80,4),(97,14,'14.162.209.34',14162,NULL,27,3,34,80,4),(98,8,'14.162.209.34',14162,NULL,27,2,34,60,3),(99,4,'14.162.209.34',14162,NULL,27,1,34,80,4),(100,15,'14.162.209.34',14162,NULL,1,3,35,100,5),(101,9,'14.162.209.34',14162,NULL,1,2,35,80,4),(102,4,'14.162.209.34',14162,NULL,1,1,35,80,4),(103,13,'14.162.209.34',14162,NULL,2,3,36,60,3),(104,9,'14.162.209.34',14162,NULL,2,2,36,80,4),(105,4,'14.162.209.34',14162,NULL,2,1,36,80,4),(106,5,'14.162.209.34',14162,NULL,14,1,37,100,5),(107,15,'14.162.209.34',14162,NULL,14,3,37,100,5),(108,10,'14.162.209.34',14162,NULL,14,2,37,100,5),(109,5,'14.162.209.34',14162,NULL,15,1,38,100,5),(110,15,'14.162.209.34',14162,NULL,15,3,38,100,5),(111,10,'14.162.209.34',14162,NULL,15,2,38,100,5),(112,15,'14.162.218.101',14162,NULL,18,3,1,100,5),(113,10,'14.162.218.101',14162,NULL,18,2,1,100,5),(114,5,'14.162.218.101',14162,NULL,18,1,1,100,5),(115,15,'123.24.136.141',12324,NULL,5,3,39,100,5),(116,10,'123.24.136.141',12324,NULL,5,2,39,100,5),(117,5,'123.24.136.141',12324,NULL,5,1,39,100,5),(118,15,'123.24.136.141',12324,NULL,44,3,42,100,5),(119,10,'123.24.136.141',12324,NULL,44,2,42,100,5),(120,5,'123.24.136.141',12324,NULL,44,1,42,100,5),(121,15,'123.24.136.141',12324,NULL,45,3,43,100,5),(122,10,'123.24.136.141',12324,NULL,45,2,43,100,5),(123,5,'123.24.136.141',12324,NULL,45,1,43,100,5),(124,15,'123.24.136.141',12324,NULL,46,3,44,100,5),(125,10,'123.24.136.141',12324,NULL,46,2,44,100,5),(126,5,'123.24.136.141',12324,NULL,46,1,44,100,5),(127,10,'123.24.136.141',12324,NULL,47,2,45,100,5),(128,5,'123.24.136.141',12324,NULL,47,1,45,100,5),(129,15,'123.24.136.141',12324,NULL,47,3,45,100,5),(130,15,'123.24.136.141',12324,NULL,48,3,46,100,5),(131,10,'123.24.136.141',12324,NULL,48,2,46,100,5),(132,5,'123.24.136.141',12324,NULL,48,1,46,100,5),(133,15,'123.24.136.141',12324,NULL,49,3,47,100,5),(134,10,'123.24.136.141',12324,NULL,49,2,47,100,5),(135,5,'123.24.136.141',12324,NULL,49,1,47,100,5),(136,15,'123.24.136.141',12324,NULL,50,3,48,100,5),(137,10,'123.24.136.141',12324,NULL,50,2,48,100,5),(138,5,'123.24.136.141',12324,NULL,50,1,48,100,5),(139,5,'123.24.136.141',12324,NULL,51,1,49,100,5),(140,15,'123.24.136.141',12324,NULL,51,3,49,100,5),(141,10,'123.24.136.141',12324,NULL,51,2,49,100,5),(142,15,'123.24.136.141',12324,NULL,52,3,50,100,5),(143,10,'123.24.136.141',12324,NULL,52,2,50,100,5),(144,5,'123.24.136.141',12324,NULL,52,1,50,100,5),(145,10,'123.24.136.141',12324,NULL,53,2,51,100,5),(146,5,'123.24.136.141',12324,NULL,53,1,51,100,5),(147,15,'123.24.136.141',12324,NULL,53,3,51,100,5),(148,15,'123.24.136.141',12324,NULL,54,3,52,100,5),(149,10,'123.24.136.141',12324,NULL,54,2,52,100,5),(150,5,'123.24.136.141',12324,NULL,54,1,52,100,5),(151,15,'123.24.136.141',12324,NULL,55,3,53,100,5),(152,10,'123.24.136.141',12324,NULL,55,2,53,100,5),(153,5,'123.24.136.141',12324,NULL,55,1,53,100,5),(154,15,'123.24.136.141',12324,NULL,32,3,54,100,5),(155,10,'123.24.136.141',12324,NULL,32,2,54,100,5),(156,5,'123.24.136.141',12324,NULL,32,1,54,100,5),(157,10,'123.24.136.141',12324,NULL,33,2,55,100,5),(158,5,'123.24.136.141',12324,NULL,33,1,55,100,5),(159,15,'123.24.136.141',12324,NULL,33,3,55,100,5),(160,15,'123.24.136.141',12324,NULL,34,3,56,100,5),(161,10,'123.24.136.141',12324,NULL,34,2,56,100,5),(162,5,'123.24.136.141',12324,NULL,34,1,56,100,5),(163,15,'123.24.136.141',12324,NULL,35,3,57,100,5),(164,10,'123.24.136.141',12324,NULL,35,2,57,100,5),(165,5,'123.24.136.141',12324,NULL,35,1,57,100,5),(166,15,'123.24.136.141',12324,NULL,36,3,58,100,5),(167,10,'123.24.136.141',12324,NULL,36,2,58,100,5),(168,5,'123.24.136.141',12324,NULL,36,1,58,100,5),(169,10,'123.24.136.141',12324,NULL,37,2,59,100,5),(170,5,'123.24.136.141',12324,NULL,37,1,59,100,5),(171,15,'123.24.136.141',12324,NULL,37,3,59,100,5),(172,10,'123.24.136.141',12324,NULL,38,2,60,100,5),(173,5,'123.24.136.141',12324,NULL,38,1,60,100,5),(174,15,'123.24.136.141',12324,NULL,38,3,60,100,5),(175,10,'123.24.136.141',12324,NULL,39,2,61,100,5),(176,5,'123.24.136.141',12324,NULL,39,1,61,100,5),(177,15,'123.24.136.141',12324,NULL,39,3,61,100,5),(178,10,'123.24.136.141',12324,NULL,40,2,62,100,5),(179,5,'123.24.136.141',12324,NULL,40,1,62,100,5),(180,15,'123.24.136.141',12324,NULL,40,3,62,100,5),(181,15,'123.24.136.141',12324,NULL,41,3,63,100,5),(182,10,'123.24.136.141',12324,NULL,41,2,63,100,5),(183,5,'123.24.136.141',12324,NULL,41,1,63,100,5),(184,10,'123.24.136.141',12324,NULL,42,2,64,100,5),(185,5,'123.24.136.141',12324,NULL,42,1,64,100,5),(186,15,'123.24.136.141',12324,NULL,42,3,64,100,5);

--
-- Table structure for table `rating_option_vote_aggregated`
--

CREATE TABLE `rating_option_vote_aggregated` (
  `primary_id` int(11) NOT NULL AUTO_INCREMENT COMMENT 'Vote aggregation ID',
  `rating_id` smallint(5) unsigned NOT NULL DEFAULT 0 COMMENT 'Rating ID',
  `entity_pk_value` bigint(20) unsigned NOT NULL DEFAULT 0 COMMENT 'Product ID',
  `vote_count` int(10) unsigned NOT NULL DEFAULT 0 COMMENT 'Vote dty',
  `vote_value_sum` int(10) unsigned NOT NULL DEFAULT 0 COMMENT 'General vote sum',
  `percent` smallint(6) NOT NULL DEFAULT 0 COMMENT 'Vote percent',
  `percent_approved` smallint(6) DEFAULT 0 COMMENT 'Vote percent approved by admin',
  `store_id` smallint(5) unsigned NOT NULL DEFAULT 0 COMMENT 'Store ID',
  PRIMARY KEY (`primary_id`),
  KEY `RATING_OPTION_VOTE_AGGREGATED_RATING_ID` (`rating_id`),
  KEY `RATING_OPTION_VOTE_AGGREGATED_STORE_ID` (`store_id`),
  CONSTRAINT `RATING_OPTION_VOTE_AGGREGATED_RATING_ID_RATING_RATING_ID` FOREIGN KEY (`rating_id`) REFERENCES `rating` (`rating_id`) ON DELETE CASCADE,
  CONSTRAINT `RATING_OPTION_VOTE_AGGREGATED_STORE_ID_STORE_STORE_ID` FOREIGN KEY (`store_id`) REFERENCES `store` (`store_id`) ON DELETE CASCADE
) ENGINE=InnoDB AUTO_INCREMENT=822 DEFAULT CHARSET=utf8 COMMENT='Rating vote aggregated';

--
-- Dumping data for table `rating_option_vote_aggregated`
--

INSERT INTO `rating_option_vote_aggregated` VALUES (1,3,3,3,15,100,100,0),(3,2,3,3,15,100,100,0),(4,2,3,3,15,100,100,1),(5,1,3,3,15,100,100,0),(6,1,3,3,15,100,100,1),(7,1,4,2,10,100,100,0),(8,1,4,2,10,100,100,1),(9,3,4,2,10,100,100,0),(11,2,4,2,10,100,100,0),(12,2,4,2,10,100,100,1),(13,3,18,3,15,100,100,0),(15,2,18,3,15,100,100,0),(16,2,18,3,15,100,100,1),(17,1,18,3,15,100,100,0),(18,1,18,3,15,100,100,1),(19,3,19,3,14,93,93,0),(21,2,19,3,15,100,100,0),(22,2,19,3,15,100,100,1),(23,1,19,3,15,100,100,0),(24,1,19,3,15,100,100,1),(25,3,20,2,9,90,90,0),(27,2,20,2,10,100,100,0),(28,2,20,2,10,100,100,1),(29,1,20,2,10,100,100,0),(30,1,20,2,10,100,100,1),(31,1,21,2,9,90,90,0),(32,1,21,2,9,90,90,1),(33,3,21,2,10,100,100,0),(35,2,21,2,10,100,100,0),(36,2,21,2,10,100,100,1),(37,3,22,2,9,90,90,0),(39,2,22,2,9,90,90,0),(40,2,22,2,9,90,90,1),(41,1,22,2,10,100,100,0),(42,1,22,2,10,100,100,1),(43,1,23,2,10,100,100,0),(44,1,23,2,10,100,100,1),(45,3,23,2,9,90,90,0),(47,2,23,2,9,90,90,0),(48,2,23,2,9,90,90,1),(49,3,24,2,10,100,100,0),(51,2,24,2,8,80,80,0),(52,2,24,2,8,80,80,1),(53,1,24,2,10,100,100,0),(54,1,24,2,10,100,100,1),(55,2,25,2,10,100,100,0),(56,2,25,2,10,100,100,1),(57,1,25,2,10,100,100,0),(58,1,25,2,10,100,100,1),(59,3,25,2,10,100,100,0),(61,3,17,2,10,100,100,0),(63,2,17,2,10,100,100,0),(64,2,17,2,10,100,100,1),(65,1,17,2,10,100,100,0),(66,1,17,2,10,100,100,1),(67,1,2,3,14,93,93,0),(68,1,2,3,14,93,93,1),(69,3,2,3,13,87,87,0),(71,2,2,3,13,87,87,0),(72,2,2,3,13,87,87,1),(73,2,16,2,9,90,90,0),(74,2,16,2,9,90,90,1),(75,1,16,2,10,100,100,0),(76,1,16,2,10,100,100,1),(77,3,16,2,10,100,100,0),(79,3,15,3,15,100,100,0),(81,2,15,3,15,100,100,0),(82,2,15,3,15,100,100,1),(83,1,15,3,15,100,100,0),(84,1,15,3,15,100,100,1),(85,2,1,2,9,90,90,0),(86,2,1,2,9,90,90,1),(87,1,1,2,9,90,90,0),(88,1,1,2,9,90,90,1),(89,3,1,2,10,100,100,0),(91,2,26,1,5,100,100,0),(92,2,26,1,5,100,100,1),(93,1,26,1,5,100,100,0),(94,1,26,1,5,100,100,1),(95,3,26,1,4,80,80,0),(97,3,27,1,4,80,80,0),(99,2,27,1,3,60,60,0),(100,2,27,1,3,60,60,1),(101,1,27,1,4,80,80,0),(102,1,27,1,4,80,80,1),(103,1,14,1,5,100,100,0),(104,1,14,1,5,100,100,1),(105,3,14,1,5,100,100,0),(107,2,14,1,5,100,100,0),(108,2,14,1,5,100,100,1),(109,1,14,1,5,100,100,5),(110,1,14,1,5,100,100,6),(111,1,14,1,5,100,100,7),(112,2,14,1,5,100,100,5),(113,2,14,1,5,100,100,6),(114,2,14,1,5,100,100,7),(118,1,1,2,9,90,90,5),(119,1,1,2,9,90,90,6),(120,1,1,2,9,90,90,7),(121,2,1,2,9,90,90,5),(122,2,1,2,9,90,90,6),(123,2,1,2,9,90,90,7),(127,1,2,3,14,93,93,5),(128,1,2,3,14,93,93,6),(129,1,2,3,14,93,93,7),(130,2,2,3,13,87,87,5),(131,2,2,3,13,87,87,6),(132,2,2,3,13,87,87,7),(136,1,3,3,15,100,100,5),(137,1,3,3,15,100,100,6),(138,1,3,3,15,100,100,7),(139,2,3,3,15,100,100,5),(140,2,3,3,15,100,100,6),(141,2,3,3,15,100,100,7),(145,1,15,3,15,100,100,5),(146,1,15,3,15,100,100,6),(147,1,15,3,15,100,100,7),(148,2,15,3,15,100,100,5),(149,2,15,3,15,100,100,6),(150,2,15,3,15,100,100,7),(154,1,27,1,4,80,80,5),(155,1,27,1,4,80,80,6),(156,1,27,1,4,80,80,7),(157,1,27,1,4,80,80,8),(158,2,27,1,3,60,60,5),(159,2,27,1,3,60,60,6),(160,2,27,1,3,60,60,7),(161,2,27,1,3,60,60,8),(166,1,26,1,5,100,100,5),(167,1,26,1,5,100,100,6),(168,1,26,1,5,100,100,7),(169,1,26,1,5,100,100,8),(170,2,26,1,5,100,100,5),(171,2,26,1,5,100,100,6),(172,2,26,1,5,100,100,7),(173,2,26,1,5,100,100,8),(178,1,23,2,10,100,100,5),(179,1,23,2,10,100,100,6),(180,1,23,2,10,100,100,7),(181,1,23,2,10,100,100,8),(182,2,23,2,9,90,90,5),(183,2,23,2,9,90,90,6),(184,2,23,2,9,90,90,7),(185,2,23,2,9,90,90,8),(190,1,22,2,10,100,100,5),(191,1,22,2,10,100,100,6),(192,1,22,2,10,100,100,7),(193,1,22,2,10,100,100,8),(194,2,22,2,9,90,90,5),(195,2,22,2,9,90,90,6),(196,2,22,2,9,90,90,7),(197,2,22,2,9,90,90,8),(202,1,24,2,10,100,100,5),(203,1,24,2,10,100,100,6),(204,1,24,2,10,100,100,7),(205,1,24,2,10,100,100,8),(206,2,24,2,8,80,80,5),(207,2,24,2,8,80,80,6),(208,2,24,2,8,80,80,7),(209,2,24,2,8,80,80,8),(214,1,2,3,14,93,93,8),(215,2,2,3,13,87,87,8),(217,1,16,2,10,100,100,5),(218,1,16,2,10,100,100,6),(219,1,16,2,10,100,100,7),(220,1,16,2,10,100,100,8),(221,2,16,2,9,90,90,5),(222,2,16,2,9,90,90,6),(223,2,16,2,9,90,90,7),(224,2,16,2,9,90,90,8),(229,1,20,2,10,100,100,5),(230,1,20,2,10,100,100,6),(231,1,20,2,10,100,100,7),(232,1,20,2,10,100,100,8),(233,2,20,2,10,100,100,5),(234,2,20,2,10,100,100,6),(235,2,20,2,10,100,100,7),(236,2,20,2,10,100,100,8),(241,1,21,2,9,90,90,5),(242,1,21,2,9,90,90,6),(243,1,21,2,9,90,90,7),(244,1,21,2,9,90,90,8),(245,2,21,2,10,100,100,5),(246,2,21,2,10,100,100,6),(247,2,21,2,10,100,100,7),(248,2,21,2,10,100,100,8),(253,1,19,3,15,100,100,5),(254,1,19,3,15,100,100,6),(255,1,19,3,15,100,100,7),(256,1,19,3,15,100,100,8),(257,2,19,3,15,100,100,5),(258,2,19,3,15,100,100,6),(259,2,19,3,15,100,100,7),(260,2,19,3,15,100,100,8),(265,1,15,3,15,100,100,8),(266,1,15,3,15,100,100,9),(267,1,15,3,15,100,100,10),(268,1,15,3,15,100,100,11),(271,2,15,3,15,100,100,8),(272,2,15,3,15,100,100,9),(273,2,15,3,15,100,100,10),(274,2,15,3,15,100,100,11),(283,1,2,3,14,93,93,9),(284,1,2,3,14,93,93,10),(285,1,2,3,14,93,93,11),(288,2,2,3,13,87,87,9),(289,2,2,3,13,87,87,10),(290,2,2,3,13,87,87,11),(298,1,14,1,5,100,100,8),(299,1,14,1,5,100,100,9),(300,1,14,1,5,100,100,10),(301,1,14,1,5,100,100,11),(304,2,14,1,5,100,100,8),(305,2,14,1,5,100,100,9),(306,2,14,1,5,100,100,10),(307,2,14,1,5,100,100,11),(316,1,27,1,4,80,80,9),(317,1,27,1,4,80,80,10),(318,1,27,1,4,80,80,11),(321,2,27,1,3,60,60,9),(322,2,27,1,3,60,60,10),(323,2,27,1,3,60,60,11),(331,1,26,1,5,100,100,9),(332,1,26,1,5,100,100,10),(333,1,26,1,5,100,100,11),(336,2,26,1,5,100,100,9),(337,2,26,1,5,100,100,10),(338,2,26,1,5,100,100,11),(346,1,1,2,9,90,90,8),(347,1,1,2,9,90,90,9),(348,1,1,2,9,90,90,10),(349,1,1,2,9,90,90,11),(352,2,1,2,9,90,90,8),(353,2,1,2,9,90,90,9),(354,2,1,2,9,90,90,10),(355,2,1,2,9,90,90,11),(364,1,23,2,10,100,100,9),(365,1,23,2,10,100,100,10),(366,1,23,2,10,100,100,11),(369,2,23,2,9,90,90,9),(370,2,23,2,9,90,90,10),(371,2,23,2,9,90,90,11),(379,1,25,2,10,100,100,5),(380,1,25,2,10,100,100,6),(381,1,25,2,10,100,100,7),(382,1,25,2,10,100,100,8),(383,1,25,2,10,100,100,9),(384,1,25,2,10,100,100,10),(385,1,25,2,10,100,100,11),(388,2,25,2,10,100,100,5),(389,2,25,2,10,100,100,6),(390,2,25,2,10,100,100,7),(391,2,25,2,10,100,100,8),(392,2,25,2,10,100,100,9),(393,2,25,2,10,100,100,10),(394,2,25,2,10,100,100,11),(406,1,24,2,10,100,100,9),(407,1,24,2,10,100,100,10),(408,1,24,2,10,100,100,11),(411,2,24,2,8,80,80,9),(412,2,24,2,8,80,80,10),(413,2,24,2,8,80,80,11),(421,1,22,2,10,100,100,9),(422,1,22,2,10,100,100,10),(423,1,22,2,10,100,100,11),(426,2,22,2,9,90,90,9),(427,2,22,2,9,90,90,10),(428,2,22,2,9,90,90,11),(436,1,21,2,9,90,90,9),(437,1,21,2,9,90,90,10),(438,1,21,2,9,90,90,11),(441,2,21,2,10,100,100,9),(442,2,21,2,10,100,100,10),(443,2,21,2,10,100,100,11),(451,1,20,2,10,100,100,9),(452,1,20,2,10,100,100,10),(453,1,20,2,10,100,100,11),(456,2,20,2,10,100,100,9),(457,2,20,2,10,100,100,10),(458,2,20,2,10,100,100,11),(466,1,19,3,15,100,100,9),(467,1,19,3,15,100,100,10),(468,1,19,3,15,100,100,11),(471,2,19,3,15,100,100,9),(472,2,19,3,15,100,100,10),(473,2,19,3,15,100,100,11),(481,1,18,3,15,100,100,5),(482,1,18,3,15,100,100,6),(483,1,18,3,15,100,100,7),(484,1,18,3,15,100,100,8),(485,1,18,3,15,100,100,9),(486,1,18,3,15,100,100,10),(487,1,18,3,15,100,100,11),(490,2,18,3,15,100,100,5),(491,2,18,3,15,100,100,6),(492,2,18,3,15,100,100,7),(493,2,18,3,15,100,100,8),(494,2,18,3,15,100,100,9),(495,2,18,3,15,100,100,10),(496,2,18,3,15,100,100,11),(508,1,17,2,10,100,100,5),(509,1,17,2,10,100,100,6),(510,1,17,2,10,100,100,7),(511,1,17,2,10,100,100,8),(512,1,17,2,10,100,100,9),(513,1,17,2,10,100,100,10),(514,1,17,2,10,100,100,11),(517,2,17,2,10,100,100,5),(518,2,17,2,10,100,100,6),(519,2,17,2,10,100,100,7),(520,2,17,2,10,100,100,8),(521,2,17,2,10,100,100,9),(522,2,17,2,10,100,100,10),(523,2,17,2,10,100,100,11),(535,1,16,2,10,100,100,9),(536,1,16,2,10,100,100,10),(537,1,16,2,10,100,100,11),(540,2,16,2,9,90,90,9),(541,2,16,2,9,90,90,10),(542,2,16,2,9,90,90,11),(550,1,4,2,10,100,100,5),(551,1,4,2,10,100,100,6),(552,1,4,2,10,100,100,7),(553,1,4,2,10,100,100,8),(554,1,4,2,10,100,100,9),(555,1,4,2,10,100,100,10),(556,1,4,2,10,100,100,11),(559,2,4,2,10,100,100,5),(560,2,4,2,10,100,100,6),(561,2,4,2,10,100,100,7),(562,2,4,2,10,100,100,8),(563,2,4,2,10,100,100,9),(564,2,4,2,10,100,100,10),(565,2,4,2,10,100,100,11),(577,1,3,3,15,100,100,8),(578,1,3,3,15,100,100,9),(579,1,3,3,15,100,100,10),(580,1,3,3,15,100,100,11),(583,2,3,3,15,100,100,8),(584,2,3,3,15,100,100,9),(585,2,3,3,15,100,100,10),(586,2,3,3,15,100,100,11),(595,3,5,1,5,100,100,0),(597,2,5,1,5,100,100,0),(598,2,5,1,5,100,100,1),(599,1,5,1,5,100,100,0),(600,1,5,1,5,100,100,1),(601,3,44,1,5,100,100,0),(602,3,44,1,5,100,100,17),(603,2,44,1,5,100,100,0),(604,2,44,1,5,100,100,17),(605,1,44,1,5,100,100,0),(606,1,44,1,5,100,100,17),(607,3,45,1,5,100,100,0),(608,3,45,1,5,100,100,17),(609,2,45,1,5,100,100,0),(610,2,45,1,5,100,100,17),(611,1,45,1,5,100,100,0),(612,1,45,1,5,100,100,17),(613,3,46,1,5,100,100,0),(614,3,46,1,5,100,100,17),(615,2,46,1,5,100,100,0),(616,2,46,1,5,100,100,17),(617,1,46,1,5,100,100,0),(618,1,46,1,5,100,100,17),(619,2,47,1,5,100,100,0),(620,2,47,1,5,100,100,17),(621,1,47,1,5,100,100,0),(622,1,47,1,5,100,100,17),(623,3,47,1,5,100,100,0),(624,3,47,1,5,100,100,17),(625,3,48,1,5,100,100,0),(626,3,48,1,5,100,100,17),(627,2,48,1,5,100,100,0),(628,2,48,1,5,100,100,17),(629,1,48,1,5,100,100,0),(630,1,48,1,5,100,100,17),(631,3,49,1,5,100,100,0),(632,3,49,1,5,100,100,17),(633,2,49,1,5,100,100,0),(634,2,49,1,5,100,100,17),(635,1,49,1,5,100,100,0),(636,1,49,1,5,100,100,17),(637,3,50,1,5,100,100,0),(638,3,50,1,5,100,100,17),(639,2,50,1,5,100,100,0),(640,2,50,1,5,100,100,17),(641,1,50,1,5,100,100,0),(642,1,50,1,5,100,100,17),(643,1,51,1,5,100,100,0),(644,1,51,1,5,100,100,17),(645,3,51,1,5,100,100,0),(646,3,51,1,5,100,100,17),(647,2,51,1,5,100,100,0),(648,2,51,1,5,100,100,17),(649,3,52,1,5,100,100,0),(650,3,52,1,5,100,100,17),(651,2,52,1,5,100,100,0),(652,2,52,1,5,100,100,17),(653,1,52,1,5,100,100,0),(654,1,52,1,5,100,100,17),(655,2,53,1,5,100,100,0),(656,2,53,1,5,100,100,17),(657,1,53,1,5,100,100,0),(658,1,53,1,5,100,100,17),(659,3,53,1,5,100,100,0),(660,3,53,1,5,100,100,17),(661,3,54,1,5,100,100,0),(662,3,54,1,5,100,100,17),(663,2,54,1,5,100,100,0),(664,2,54,1,5,100,100,17),(665,1,54,1,5,100,100,0),(666,1,54,1,5,100,100,17),(667,3,55,1,5,100,100,0),(668,3,55,1,5,100,100,17),(669,2,55,1,5,100,100,0),(670,2,55,1,5,100,100,17),(671,1,55,1,5,100,100,0),(672,1,55,1,5,100,100,17),(673,3,32,1,5,100,100,0),(674,3,32,1,5,100,100,15),(675,2,32,1,5,100,100,0),(676,2,32,1,5,100,100,15),(677,1,32,1,5,100,100,0),(678,1,32,1,5,100,100,15),(679,2,33,1,5,100,100,0),(680,2,33,1,5,100,100,15),(681,1,33,1,5,100,100,0),(682,1,33,1,5,100,100,15),(683,3,33,1,5,100,100,0),(684,3,33,1,5,100,100,15),(685,3,34,1,5,100,100,0),(686,3,34,1,5,100,100,15),(687,2,34,1,5,100,100,0),(688,2,34,1,5,100,100,15),(689,1,34,1,5,100,100,0),(690,1,34,1,5,100,100,15),(691,3,35,1,5,100,100,0),(692,3,35,1,5,100,100,15),(693,2,35,1,5,100,100,0),(694,2,35,1,5,100,100,15),(695,1,35,1,5,100,100,0),(696,1,35,1,5,100,100,15),(697,3,36,1,5,100,100,0),(698,3,36,1,5,100,100,15),(699,2,36,1,5,100,100,0),(700,2,36,1,5,100,100,15),(701,1,36,1,5,100,100,0),(702,1,36,1,5,100,100,15),(703,2,37,1,5,100,100,0),(704,2,37,1,5,100,100,15),(705,1,37,1,5,100,100,0),(706,1,37,1,5,100,100,15),(707,3,37,1,5,100,100,0),(708,3,37,1,5,100,100,15),(709,2,38,1,5,100,100,0),(710,2,38,1,5,100,100,15),(711,1,38,1,5,100,100,0),(712,1,38,1,5,100,100,15),(713,3,38,1,5,100,100,0),(714,3,38,1,5,100,100,15),(715,2,39,1,5,100,100,0),(716,2,39,1,5,100,100,15),(717,1,39,1,5,100,100,0),(718,1,39,1,5,100,100,15),(719,3,39,1,5,100,100,0),(720,3,39,1,5,100,100,15),(721,2,40,1,5,100,100,0),(722,2,40,1,5,100,100,15),(723,1,40,1,5,100,100,0),(724,1,40,1,5,100,100,15),(725,3,40,1,5,100,100,0),(726,3,40,1,5,100,100,15),(727,3,41,1,5,100,100,0),(728,3,41,1,5,100,100,15),(729,2,41,1,5,100,100,0),(730,2,41,1,5,100,100,15),(731,1,41,1,5,100,100,0),(732,1,41,1,5,100,100,15),(733,2,42,1,5,100,100,0),(734,2,42,1,5,100,100,15),(735,1,42,1,5,100,100,0),(736,1,42,1,5,100,100,15),(737,3,42,1,5,100,100,0),(738,3,42,1,5,100,100,15),(739,1,52,1,5,100,100,16),(740,2,52,1,5,100,100,16),(741,3,52,1,5,100,100,16),(742,1,42,1,5,100,100,14),(743,2,42,1,5,100,100,14),(744,3,42,1,5,100,100,14),(745,1,41,1,5,100,100,14),(746,2,41,1,5,100,100,14),(747,3,41,1,5,100,100,14),(748,1,40,1,5,100,100,14),(749,2,40,1,5,100,100,14),(750,3,40,1,5,100,100,14),(751,1,39,1,5,100,100,14),(752,2,39,1,5,100,100,14),(753,3,39,1,5,100,100,14),(754,1,38,1,5,100,100,14),(755,2,38,1,5,100,100,14),(756,3,38,1,5,100,100,14),(757,1,37,1,5,100,100,14),(758,2,37,1,5,100,100,14),(759,3,37,1,5,100,100,14),(760,1,36,1,5,100,100,14),(761,2,36,1,5,100,100,14),(762,3,36,1,5,100,100,14),(763,1,35,1,5,100,100,14),(764,2,35,1,5,100,100,14),(765,3,35,1,5,100,100,14),(766,1,34,1,5,100,100,14),(767,2,34,1,5,100,100,14),(768,3,34,1,5,100,100,14),(769,1,33,1,5,100,100,14),(770,2,33,1,5,100,100,14),(771,3,33,1,5,100,100,14),(772,1,32,1,5,100,100,14),(773,2,32,1,5,100,100,14),(774,3,32,1,5,100,100,14),(775,1,55,1,5,100,100,16),(776,2,55,1,5,100,100,16),(777,3,55,1,5,100,100,16),(778,1,54,1,5,100,100,16),(779,2,54,1,5,100,100,16),(780,3,54,1,5,100,100,16),(781,1,53,1,5,100,100,16),(782,2,53,1,5,100,100,16),(783,3,53,1,5,100,100,16),(784,1,51,1,5,100,100,16),(785,2,51,1,5,100,100,16),(786,3,51,1,5,100,100,16),(787,1,50,1,5,100,100,16),(788,2,50,1,5,100,100,16),(789,3,50,1,5,100,100,16),(790,1,49,1,5,100,100,16),(791,2,49,1,5,100,100,16),(792,3,49,1,5,100,100,16),(793,1,48,1,5,100,100,16),(794,2,48,1,5,100,100,16),(795,3,48,1,5,100,100,16),(796,1,47,1,5,100,100,16),(797,2,47,1,5,100,100,16),(798,3,47,1,5,100,100,16),(799,1,46,1,5,100,100,16),(800,2,46,1,5,100,100,16),(801,3,46,1,5,100,100,16),(802,1,45,1,5,100,100,16),(803,2,45,1,5,100,100,16),(804,3,45,1,5,100,100,16),(805,1,44,1,5,100,100,16),(806,2,44,1,5,100,100,16),(807,3,44,1,5,100,100,16),(808,1,5,1,5,100,100,5),(809,1,5,1,5,100,100,6),(810,1,5,1,5,100,100,7),(811,1,5,1,5,100,100,8),(812,1,5,1,5,100,100,9),(813,1,5,1,5,100,100,10),(814,1,5,1,5,100,100,11),(815,2,5,1,5,100,100,5),(816,2,5,1,5,100,100,6),(817,2,5,1,5,100,100,7),(818,2,5,1,5,100,100,8),(819,2,5,1,5,100,100,9),(820,2,5,1,5,100,100,10),(821,2,5,1,5,100,100,11);

--
-- Table structure for table `rating_store`
--

CREATE TABLE `rating_store` (
  `rating_id` smallint(5) unsigned NOT NULL DEFAULT 0 COMMENT 'Rating ID',
  `store_id` smallint(5) unsigned NOT NULL DEFAULT 0 COMMENT 'Store ID',
  PRIMARY KEY (`rating_id`,`store_id`),
  KEY `RATING_STORE_STORE_ID` (`store_id`),
  CONSTRAINT `RATING_STORE_RATING_ID_RATING_RATING_ID` FOREIGN KEY (`rating_id`) REFERENCES `rating` (`rating_id`) ON DELETE CASCADE,
  CONSTRAINT `RATING_STORE_STORE_ID_STORE_STORE_ID` FOREIGN KEY (`store_id`) REFERENCES `store` (`store_id`) ON DELETE CASCADE
) ENGINE=InnoDB DEFAULT CHARSET=utf8 COMMENT='Rating Store';

--
-- Dumping data for table `rating_store`
--

INSERT INTO `rating_store` VALUES (1,0),(1,1),(1,5),(1,6),(1,7),(1,8),(1,9),(1,10),(1,11),(1,14),(1,15),(1,16),(1,17),(2,0),(2,1),(2,5),(2,6),(2,7),(2,8),(2,9),(2,10),(2,11),(2,14),(2,15),(2,16),(2,17),(3,0),(3,14),(3,15),(3,16),(3,17);

--
-- Table structure for table `rating_title`
--

CREATE TABLE `rating_title` (
  `rating_id` smallint(5) unsigned NOT NULL DEFAULT 0 COMMENT 'Rating ID',
  `store_id` smallint(5) unsigned NOT NULL DEFAULT 0 COMMENT 'Store ID',
  `value` varchar(255) NOT NULL COMMENT 'Rating Label',
  PRIMARY KEY (`rating_id`,`store_id`),
  KEY `RATING_TITLE_STORE_ID` (`store_id`),
  CONSTRAINT `RATING_TITLE_RATING_ID_RATING_RATING_ID` FOREIGN KEY (`rating_id`) REFERENCES `rating` (`rating_id`) ON DELETE CASCADE,
  CONSTRAINT `RATING_TITLE_STORE_ID_STORE_STORE_ID` FOREIGN KEY (`store_id`) REFERENCES `store` (`store_id`) ON DELETE CASCADE
) ENGINE=InnoDB DEFAULT CHARSET=utf8 COMMENT='Rating Title';

--
-- Dumping data for table `rating_title`
--


--
-- Table structure for table `release_notification_viewer_log`
--

CREATE TABLE `release_notification_viewer_log` (
  `id` int(10) unsigned NOT NULL AUTO_INCREMENT COMMENT 'Log ID',
  `viewer_id` int(10) unsigned NOT NULL COMMENT 'Viewer admin user ID',
  `last_view_version` varchar(16) NOT NULL COMMENT 'Viewer last view on product version',
  PRIMARY KEY (`id`),
  UNIQUE KEY `RELEASE_NOTIFICATION_VIEWER_LOG_VIEWER_ID` (`viewer_id`),
  CONSTRAINT `RELEASE_NOTIFICATION_VIEWER_LOG_VIEWER_ID_ADMIN_USER_USER_ID` FOREIGN KEY (`viewer_id`) REFERENCES `admin_user` (`user_id`) ON DELETE CASCADE
) ENGINE=InnoDB DEFAULT CHARSET=utf8 COMMENT='Release Notification Viewer Log Table';

--
-- Dumping data for table `release_notification_viewer_log`
--


--
-- Table structure for table `report_compared_product_index`
--

CREATE TABLE `report_compared_product_index` (
  `index_id` bigint(20) unsigned NOT NULL AUTO_INCREMENT COMMENT 'Index ID',
  `visitor_id` int(10) unsigned DEFAULT NULL COMMENT 'Visitor ID',
  `customer_id` int(10) unsigned DEFAULT NULL COMMENT 'Customer ID',
  `product_id` int(10) unsigned NOT NULL COMMENT 'Product ID',
  `store_id` smallint(5) unsigned DEFAULT NULL COMMENT 'Store ID',
  `added_at` timestamp NOT NULL DEFAULT current_timestamp() COMMENT 'Added At',
  PRIMARY KEY (`index_id`),
  UNIQUE KEY `REPORT_COMPARED_PRODUCT_INDEX_VISITOR_ID_PRODUCT_ID` (`visitor_id`,`product_id`),
  UNIQUE KEY `REPORT_COMPARED_PRODUCT_INDEX_CUSTOMER_ID_PRODUCT_ID` (`customer_id`,`product_id`),
  KEY `REPORT_COMPARED_PRODUCT_INDEX_STORE_ID` (`store_id`),
  KEY `REPORT_COMPARED_PRODUCT_INDEX_ADDED_AT` (`added_at`),
  KEY `REPORT_COMPARED_PRODUCT_INDEX_PRODUCT_ID` (`product_id`),
  CONSTRAINT `REPORT_CMPD_PRD_IDX_CSTR_ID_CSTR_ENTT_ENTT_ID` FOREIGN KEY (`customer_id`) REFERENCES `customer_entity` (`entity_id`) ON DELETE CASCADE,
  CONSTRAINT `REPORT_CMPD_PRD_IDX_PRD_ID_CAT_PRD_ENTT_ENTT_ID` FOREIGN KEY (`product_id`) REFERENCES `catalog_product_entity` (`entity_id`) ON DELETE CASCADE,
  CONSTRAINT `REPORT_COMPARED_PRODUCT_INDEX_STORE_ID_STORE_STORE_ID` FOREIGN KEY (`store_id`) REFERENCES `store` (`store_id`) ON DELETE SET NULL
) ENGINE=InnoDB DEFAULT CHARSET=utf8 COMMENT='Reports Compared Product Index Table';

--
-- Dumping data for table `report_compared_product_index`
--


--
-- Table structure for table `report_event`
--

CREATE TABLE `report_event` (
  `event_id` bigint(20) unsigned NOT NULL AUTO_INCREMENT COMMENT 'Event ID',
  `logged_at` timestamp NOT NULL DEFAULT current_timestamp() COMMENT 'Logged At',
  `event_type_id` smallint(5) unsigned NOT NULL DEFAULT 0 COMMENT 'Event Type ID',
  `object_id` int(10) unsigned NOT NULL DEFAULT 0 COMMENT 'Object ID',
  `subject_id` int(10) unsigned NOT NULL DEFAULT 0 COMMENT 'Subject ID',
  `subtype` smallint(5) unsigned NOT NULL DEFAULT 0 COMMENT 'Subtype',
  `store_id` smallint(5) unsigned NOT NULL COMMENT 'Store ID',
  PRIMARY KEY (`event_id`),
  KEY `REPORT_EVENT_EVENT_TYPE_ID` (`event_type_id`),
  KEY `REPORT_EVENT_SUBJECT_ID` (`subject_id`),
  KEY `REPORT_EVENT_OBJECT_ID` (`object_id`),
  KEY `REPORT_EVENT_SUBTYPE` (`subtype`),
  KEY `REPORT_EVENT_STORE_ID` (`store_id`),
  CONSTRAINT `REPORT_EVENT_EVENT_TYPE_ID_REPORT_EVENT_TYPES_EVENT_TYPE_ID` FOREIGN KEY (`event_type_id`) REFERENCES `report_event_types` (`event_type_id`) ON DELETE CASCADE,
  CONSTRAINT `REPORT_EVENT_STORE_ID_STORE_STORE_ID` FOREIGN KEY (`store_id`) REFERENCES `store` (`store_id`) ON DELETE CASCADE
) ENGINE=InnoDB DEFAULT CHARSET=utf8 COMMENT='Reports Event Table';

--
-- Dumping data for table `report_event`
--


--
-- Table structure for table `report_event_types`
--

CREATE TABLE `report_event_types` (
  `event_type_id` smallint(5) unsigned NOT NULL AUTO_INCREMENT COMMENT 'Event Type ID',
  `event_name` varchar(64) NOT NULL COMMENT 'Event Name',
  `customer_login` smallint(5) unsigned NOT NULL DEFAULT 0 COMMENT 'Customer Login',
  PRIMARY KEY (`event_type_id`)
) ENGINE=InnoDB AUTO_INCREMENT=7 DEFAULT CHARSET=utf8 COMMENT='Reports Event Type Table';

--
-- Dumping data for table `report_event_types`
--

INSERT INTO `report_event_types` VALUES (1,'catalog_product_view',0),(2,'sendfriend_product',0),(3,'catalog_product_compare_add_product',0),(4,'checkout_cart_add_product',0),(5,'wishlist_add_product',0),(6,'wishlist_share',0);

--
-- Table structure for table `report_viewed_product_aggregated_daily`
--

CREATE TABLE `report_viewed_product_aggregated_daily` (
  `id` int(10) unsigned NOT NULL AUTO_INCREMENT COMMENT 'ID',
  `period` date DEFAULT NULL COMMENT 'Period',
  `store_id` smallint(5) unsigned DEFAULT NULL COMMENT 'Store ID',
  `product_id` int(10) unsigned DEFAULT NULL COMMENT 'Product ID',
  `product_name` varchar(255) DEFAULT NULL COMMENT 'Product Name',
  `product_price` decimal(12,4) NOT NULL DEFAULT 0.0000 COMMENT 'Product Price',
  `views_num` int(11) NOT NULL DEFAULT 0 COMMENT 'Number of Views',
  `rating_pos` smallint(5) unsigned NOT NULL DEFAULT 0 COMMENT 'Rating Pos',
  PRIMARY KEY (`id`),
  UNIQUE KEY `REPORT_VIEWED_PRD_AGGRED_DAILY_PERIOD_STORE_ID_PRD_ID` (`period`,`store_id`,`product_id`),
  KEY `REPORT_VIEWED_PRODUCT_AGGREGATED_DAILY_STORE_ID` (`store_id`),
  KEY `REPORT_VIEWED_PRODUCT_AGGREGATED_DAILY_PRODUCT_ID` (`product_id`),
  CONSTRAINT `REPORT_VIEWED_PRD_AGGRED_DAILY_PRD_ID_CAT_PRD_ENTT_ENTT_ID` FOREIGN KEY (`product_id`) REFERENCES `catalog_product_entity` (`entity_id`) ON DELETE CASCADE,
  CONSTRAINT `REPORT_VIEWED_PRODUCT_AGGREGATED_DAILY_STORE_ID_STORE_STORE_ID` FOREIGN KEY (`store_id`) REFERENCES `store` (`store_id`) ON DELETE CASCADE
) ENGINE=InnoDB DEFAULT CHARSET=utf8 COMMENT='Most Viewed Products Aggregated Daily';

--
-- Dumping data for table `report_viewed_product_aggregated_daily`
--


--
-- Table structure for table `report_viewed_product_aggregated_monthly`
--

CREATE TABLE `report_viewed_product_aggregated_monthly` (
  `id` int(10) unsigned NOT NULL AUTO_INCREMENT COMMENT 'ID',
  `period` date DEFAULT NULL COMMENT 'Period',
  `store_id` smallint(5) unsigned DEFAULT NULL COMMENT 'Store ID',
  `product_id` int(10) unsigned DEFAULT NULL COMMENT 'Product ID',
  `product_name` varchar(255) DEFAULT NULL COMMENT 'Product Name',
  `product_price` decimal(12,4) NOT NULL DEFAULT 0.0000 COMMENT 'Product Price',
  `views_num` int(11) NOT NULL DEFAULT 0 COMMENT 'Number of Views',
  `rating_pos` smallint(5) unsigned NOT NULL DEFAULT 0 COMMENT 'Rating Pos',
  PRIMARY KEY (`id`),
  UNIQUE KEY `REPORT_VIEWED_PRD_AGGRED_MONTHLY_PERIOD_STORE_ID_PRD_ID` (`period`,`store_id`,`product_id`),
  KEY `REPORT_VIEWED_PRODUCT_AGGREGATED_MONTHLY_STORE_ID` (`store_id`),
  KEY `REPORT_VIEWED_PRODUCT_AGGREGATED_MONTHLY_PRODUCT_ID` (`product_id`),
  CONSTRAINT `REPORT_VIEWED_PRD_AGGRED_MONTHLY_PRD_ID_CAT_PRD_ENTT_ENTT_ID` FOREIGN KEY (`product_id`) REFERENCES `catalog_product_entity` (`entity_id`) ON DELETE CASCADE,
  CONSTRAINT `REPORT_VIEWED_PRODUCT_AGGREGATED_MONTHLY_STORE_ID_STORE_STORE_ID` FOREIGN KEY (`store_id`) REFERENCES `store` (`store_id`) ON DELETE CASCADE
) ENGINE=InnoDB DEFAULT CHARSET=utf8 COMMENT='Most Viewed Products Aggregated Monthly';

--
-- Dumping data for table `report_viewed_product_aggregated_monthly`
--


--
-- Table structure for table `report_viewed_product_aggregated_yearly`
--

CREATE TABLE `report_viewed_product_aggregated_yearly` (
  `id` int(10) unsigned NOT NULL AUTO_INCREMENT COMMENT 'ID',
  `period` date DEFAULT NULL COMMENT 'Period',
  `store_id` smallint(5) unsigned DEFAULT NULL COMMENT 'Store ID',
  `product_id` int(10) unsigned DEFAULT NULL COMMENT 'Product ID',
  `product_name` varchar(255) DEFAULT NULL COMMENT 'Product Name',
  `product_price` decimal(12,4) NOT NULL DEFAULT 0.0000 COMMENT 'Product Price',
  `views_num` int(11) NOT NULL DEFAULT 0 COMMENT 'Number of Views',
  `rating_pos` smallint(5) unsigned NOT NULL DEFAULT 0 COMMENT 'Rating Pos',
  PRIMARY KEY (`id`),
  UNIQUE KEY `REPORT_VIEWED_PRD_AGGRED_YEARLY_PERIOD_STORE_ID_PRD_ID` (`period`,`store_id`,`product_id`),
  KEY `REPORT_VIEWED_PRODUCT_AGGREGATED_YEARLY_STORE_ID` (`store_id`),
  KEY `REPORT_VIEWED_PRODUCT_AGGREGATED_YEARLY_PRODUCT_ID` (`product_id`),
  CONSTRAINT `REPORT_VIEWED_PRD_AGGRED_YEARLY_PRD_ID_CAT_PRD_ENTT_ENTT_ID` FOREIGN KEY (`product_id`) REFERENCES `catalog_product_entity` (`entity_id`) ON DELETE CASCADE,
  CONSTRAINT `REPORT_VIEWED_PRODUCT_AGGREGATED_YEARLY_STORE_ID_STORE_STORE_ID` FOREIGN KEY (`store_id`) REFERENCES `store` (`store_id`) ON DELETE CASCADE
) ENGINE=InnoDB DEFAULT CHARSET=utf8 COMMENT='Most Viewed Products Aggregated Yearly';

--
-- Dumping data for table `report_viewed_product_aggregated_yearly`
--


--
-- Table structure for table `report_viewed_product_index`
--

CREATE TABLE `report_viewed_product_index` (
  `index_id` bigint(20) unsigned NOT NULL AUTO_INCREMENT COMMENT 'Index ID',
  `visitor_id` int(10) unsigned DEFAULT NULL COMMENT 'Visitor ID',
  `customer_id` int(10) unsigned DEFAULT NULL COMMENT 'Customer ID',
  `product_id` int(10) unsigned NOT NULL COMMENT 'Product ID',
  `store_id` smallint(5) unsigned DEFAULT NULL COMMENT 'Store ID',
  `added_at` timestamp NOT NULL DEFAULT current_timestamp() COMMENT 'Added At',
  PRIMARY KEY (`index_id`),
  UNIQUE KEY `REPORT_VIEWED_PRODUCT_INDEX_VISITOR_ID_PRODUCT_ID` (`visitor_id`,`product_id`),
  UNIQUE KEY `REPORT_VIEWED_PRODUCT_INDEX_CUSTOMER_ID_PRODUCT_ID` (`customer_id`,`product_id`),
  KEY `REPORT_VIEWED_PRODUCT_INDEX_STORE_ID` (`store_id`),
  KEY `REPORT_VIEWED_PRODUCT_INDEX_ADDED_AT` (`added_at`),
  KEY `REPORT_VIEWED_PRODUCT_INDEX_PRODUCT_ID` (`product_id`),
  CONSTRAINT `REPORT_VIEWED_PRD_IDX_CSTR_ID_CSTR_ENTT_ENTT_ID` FOREIGN KEY (`customer_id`) REFERENCES `customer_entity` (`entity_id`) ON DELETE CASCADE,
  CONSTRAINT `REPORT_VIEWED_PRD_IDX_PRD_ID_CAT_PRD_ENTT_ENTT_ID` FOREIGN KEY (`product_id`) REFERENCES `catalog_product_entity` (`entity_id`) ON DELETE CASCADE,
  CONSTRAINT `REPORT_VIEWED_PRODUCT_INDEX_STORE_ID_STORE_STORE_ID` FOREIGN KEY (`store_id`) REFERENCES `store` (`store_id`) ON DELETE SET NULL
) ENGINE=InnoDB DEFAULT CHARSET=utf8 COMMENT='Reports Viewed Product Index Table';

--
-- Dumping data for table `report_viewed_product_index`
--


--
-- Table structure for table `reporting_counts`
--

CREATE TABLE `reporting_counts` (
  `entity_id` int(10) unsigned NOT NULL AUTO_INCREMENT COMMENT 'Entity ID',
  `type` varchar(255) DEFAULT NULL COMMENT 'Item Reported',
  `count` int(10) unsigned DEFAULT NULL COMMENT 'Count Value',
  `updated_at` timestamp NOT NULL DEFAULT current_timestamp() ON UPDATE current_timestamp() COMMENT 'Updated At',
  PRIMARY KEY (`entity_id`)
) ENGINE=InnoDB DEFAULT CHARSET=utf8 COMMENT='Reporting for all count related events generated via the cron job';

--
-- Dumping data for table `reporting_counts`
--


--
-- Table structure for table `reporting_module_status`
--

CREATE TABLE `reporting_module_status` (
  `entity_id` int(10) unsigned NOT NULL AUTO_INCREMENT COMMENT 'Module ID',
  `name` varchar(255) DEFAULT NULL COMMENT 'Module Name',
  `active` varchar(255) DEFAULT NULL COMMENT 'Module Active Status',
  `setup_version` varchar(255) DEFAULT NULL COMMENT 'Module Version',
  `state` varchar(255) DEFAULT NULL COMMENT 'Module State',
  `updated_at` timestamp NOT NULL DEFAULT current_timestamp() ON UPDATE current_timestamp() COMMENT 'Updated At',
  PRIMARY KEY (`entity_id`)
) ENGINE=InnoDB DEFAULT CHARSET=utf8 COMMENT='Module Status Table';

--
-- Dumping data for table `reporting_module_status`
--


--
-- Table structure for table `reporting_orders`
--

CREATE TABLE `reporting_orders` (
  `entity_id` int(10) unsigned NOT NULL AUTO_INCREMENT COMMENT 'Entity ID',
  `customer_id` int(10) unsigned DEFAULT NULL COMMENT 'Customer ID',
  `total` decimal(20,4) unsigned DEFAULT NULL,
  `total_base` decimal(20,4) unsigned DEFAULT NULL,
  `item_count` int(10) unsigned NOT NULL COMMENT 'Line Item Count',
  `updated_at` timestamp NOT NULL DEFAULT current_timestamp() COMMENT 'Updated At',
  PRIMARY KEY (`entity_id`)
) ENGINE=InnoDB DEFAULT CHARSET=utf8 COMMENT='Reporting for all orders';

--
-- Dumping data for table `reporting_orders`
--


--
-- Table structure for table `reporting_system_updates`
--

CREATE TABLE `reporting_system_updates` (
  `entity_id` int(10) unsigned NOT NULL AUTO_INCREMENT COMMENT 'Entity ID',
  `type` varchar(255) DEFAULT NULL COMMENT 'Update Type',
  `action` varchar(255) DEFAULT NULL COMMENT 'Action Performed',
  `updated_at` timestamp NOT NULL DEFAULT current_timestamp() COMMENT 'Updated At',
  PRIMARY KEY (`entity_id`)
) ENGINE=InnoDB DEFAULT CHARSET=utf8 COMMENT='Reporting for system updates';

--
-- Dumping data for table `reporting_system_updates`
--


--
-- Table structure for table `reporting_users`
--

CREATE TABLE `reporting_users` (
  `entity_id` int(10) unsigned NOT NULL AUTO_INCREMENT COMMENT 'Entity ID',
  `type` varchar(255) DEFAULT NULL COMMENT 'User Type',
  `action` varchar(255) DEFAULT NULL COMMENT 'Action Performed',
  `updated_at` timestamp NOT NULL DEFAULT current_timestamp() COMMENT 'Updated At',
  PRIMARY KEY (`entity_id`)
) ENGINE=InnoDB DEFAULT CHARSET=utf8 COMMENT='Reporting for user actions';

--
-- Dumping data for table `reporting_users`
--


--
-- Table structure for table `review`
--

CREATE TABLE `review` (
  `review_id` bigint(20) unsigned NOT NULL AUTO_INCREMENT COMMENT 'Review ID',
  `created_at` timestamp NOT NULL DEFAULT current_timestamp() COMMENT 'Review create date',
  `entity_id` smallint(5) unsigned NOT NULL DEFAULT 0 COMMENT 'Entity ID',
  `entity_pk_value` int(10) unsigned NOT NULL DEFAULT 0 COMMENT 'Product ID',
  `status_id` smallint(5) unsigned NOT NULL DEFAULT 0 COMMENT 'Status code',
  PRIMARY KEY (`review_id`),
  KEY `REVIEW_ENTITY_ID` (`entity_id`),
  KEY `REVIEW_STATUS_ID` (`status_id`),
  KEY `REVIEW_ENTITY_PK_VALUE` (`entity_pk_value`),
  CONSTRAINT `REVIEW_ENTITY_ID_REVIEW_ENTITY_ENTITY_ID` FOREIGN KEY (`entity_id`) REFERENCES `review_entity` (`entity_id`) ON DELETE CASCADE,
  CONSTRAINT `REVIEW_STATUS_ID_REVIEW_STATUS_STATUS_ID` FOREIGN KEY (`status_id`) REFERENCES `review_status` (`status_id`) ON DELETE NO ACTION
) ENGINE=InnoDB AUTO_INCREMENT=65 DEFAULT CHARSET=utf8 COMMENT='Review base information';

--
-- Dumping data for table `review`
--

INSERT INTO `review` VALUES (1,'2020-11-28 07:54:11',1,18,1),(2,'2020-12-16 02:48:46',1,3,1),(3,'2020-12-16 03:00:11',1,3,1),(4,'2020-12-16 03:06:25',1,4,1),(5,'2020-12-16 03:12:11',1,18,1),(6,'2020-12-16 03:12:51',1,19,1),(7,'2020-12-16 03:13:17',1,20,1),(8,'2020-12-16 03:13:47',1,21,1),(9,'2020-12-16 03:14:25',1,22,1),(10,'2020-12-16 03:15:04',1,23,1),(11,'2020-12-16 03:15:26',1,24,1),(12,'2020-12-16 03:15:50',1,25,1),(13,'2020-12-16 03:16:19',1,17,1),(14,'2020-12-16 03:34:36',1,2,1),(15,'2020-12-16 03:34:52',1,16,1),(16,'2020-12-16 03:35:13',1,15,1),(17,'2020-12-16 03:35:41',1,1,1),(18,'2020-12-16 03:35:57',1,2,1),(19,'2020-12-16 03:36:17',1,15,1),(20,'2020-12-22 07:15:20',1,3,1),(21,'2020-12-22 07:15:33',1,4,1),(22,'2020-12-22 07:15:51',1,16,1),(23,'2020-12-22 07:16:17',1,17,1),(24,'2020-12-22 07:16:34',1,18,1),(25,'2020-12-22 07:16:51',1,19,1),(26,'2020-12-22 07:18:24',1,19,1),(27,'2020-12-22 07:18:50',1,20,1),(28,'2020-12-22 07:19:10',1,21,1),(29,'2020-12-22 07:19:22',1,22,1),(30,'2020-12-22 07:19:54',1,23,1),(31,'2020-12-22 07:20:06',1,24,1),(32,'2020-12-22 07:20:25',1,25,1),(33,'2020-12-22 07:20:48',1,26,1),(34,'2020-12-22 07:21:04',1,27,1),(35,'2020-12-22 07:21:27',1,1,1),(36,'2020-12-22 07:21:57',1,2,1),(37,'2020-12-22 07:22:15',1,14,1),(38,'2020-12-22 07:22:44',1,15,1),(39,'2020-12-30 09:30:11',1,5,1),(40,'2020-12-30 09:37:04',1,44,1),(41,'2020-12-30 09:38:30',1,45,1),(42,'2020-12-30 09:42:43',1,44,1),(43,'2020-12-30 09:43:34',1,45,1),(44,'2020-12-30 09:43:56',1,46,1),(45,'2020-12-30 09:44:13',1,47,1),(46,'2020-12-30 09:44:30',1,48,1),(47,'2020-12-30 09:44:47',1,49,1),(48,'2020-12-30 09:45:08',1,50,1),(49,'2020-12-30 09:45:27',1,51,1),(50,'2020-12-30 09:45:49',1,52,1),(51,'2020-12-30 09:46:05',1,53,1),(52,'2020-12-30 09:46:22',1,54,1),(53,'2020-12-30 09:46:39',1,55,1),(54,'2020-12-30 09:47:49',1,32,1),(55,'2020-12-30 09:48:16',1,33,1),(56,'2020-12-30 09:48:31',1,34,1),(57,'2020-12-30 09:48:56',1,35,1),(58,'2020-12-30 09:49:13',1,36,1),(59,'2020-12-30 09:49:29',1,37,1),(60,'2020-12-30 09:49:49',1,38,1),(61,'2020-12-30 09:50:07',1,39,1),(62,'2020-12-30 09:50:18',1,40,1),(63,'2020-12-30 09:50:32',1,41,1),(64,'2020-12-30 09:50:47',1,42,1);

--
-- Table structure for table `review_detail`
--

CREATE TABLE `review_detail` (
  `detail_id` bigint(20) unsigned NOT NULL AUTO_INCREMENT COMMENT 'Review detail ID',
  `review_id` bigint(20) unsigned NOT NULL DEFAULT 0 COMMENT 'Review ID',
  `store_id` smallint(5) unsigned DEFAULT 0 COMMENT 'Store ID',
  `title` varchar(255) NOT NULL COMMENT 'Title',
  `detail` text NOT NULL COMMENT 'Detail description',
  `nickname` varchar(128) NOT NULL COMMENT 'User nickname',
  `customer_id` int(10) unsigned DEFAULT NULL COMMENT 'Customer ID',
  PRIMARY KEY (`detail_id`),
  KEY `REVIEW_DETAIL_REVIEW_ID` (`review_id`),
  KEY `REVIEW_DETAIL_STORE_ID` (`store_id`),
  KEY `REVIEW_DETAIL_CUSTOMER_ID` (`customer_id`),
  CONSTRAINT `REVIEW_DETAIL_CUSTOMER_ID_CUSTOMER_ENTITY_ENTITY_ID` FOREIGN KEY (`customer_id`) REFERENCES `customer_entity` (`entity_id`) ON DELETE SET NULL,
  CONSTRAINT `REVIEW_DETAIL_REVIEW_ID_REVIEW_REVIEW_ID` FOREIGN KEY (`review_id`) REFERENCES `review` (`review_id`) ON DELETE CASCADE,
  CONSTRAINT `REVIEW_DETAIL_STORE_ID_STORE_STORE_ID` FOREIGN KEY (`store_id`) REFERENCES `store` (`store_id`) ON DELETE SET NULL
) ENGINE=InnoDB AUTO_INCREMENT=65 DEFAULT CHARSET=utf8 COMMENT='Review detail information';

--
-- Dumping data for table `review_detail`
--

INSERT INTO `review_detail` VALUES (1,1,1,'Works perfectly','Works perfectly Peter Fonda','Peter Fonda',NULL),(2,2,1,'Very good ','i love it  ','Johson',NULL),(3,3,1,'good product','s3ji53','Chevy Chase',NULL),(4,4,1,'Very good ','good i  lov it ','Jonson',NULL),(5,5,1,'i love it ','i love it ','Jonson',NULL),(6,6,1,'good product','good product','David',NULL),(7,7,1,'Very good ','Very good ','Chevy Chase',NULL),(8,8,1,'Very good ','i love it','Peter Fonda',NULL),(9,9,1,'i love it ','good','Johson',NULL),(10,10,1,'good product','good product','Jonson',NULL),(11,11,1,'i love it ','good product','David',NULL),(12,12,1,'Very good ','good product','Jonson',NULL),(13,13,1,'Good ','good product','Kevin Bacon',NULL),(14,14,1,'good product','good product','David',NULL),(15,15,1,'Very good ','good product','Peter Fonda',NULL),(16,16,1,'i love it ','good product','Chevy Chase',NULL),(17,17,1,'Very good ','good product','Kevin Bacon',NULL),(18,18,1,'good product','good product','Johson',NULL),(19,19,1,'Good ','good product','Peter Fonda',NULL),(20,20,1,'Good product','Lorem Ipsum is simply dummy text of the printing and typesetting industry. Lorem Ipsum has been the industry\'s standard dummy text ever since the 1500s','Harry',NULL),(21,21,1,'Good product','Lorem Ipsum is simply dummy text of the printing and typesetting industry. Lorem Ipsum has been the industry\'s standard dummy text ever since the 1500s','Harry',NULL),(22,22,1,'Good product','Lorem Ipsum is simply dummy text of the printing and typesetting industry. Lorem Ipsum has been the industry\'s standard dummy text ever since the 1500s','Harry',NULL),(23,23,1,'Good product','Lorem Ipsum is simply dummy text of the printing and typesetting industry. Lorem Ipsum has been the industry\'s standard dummy text ever since the 1500s','Harry',NULL),(24,24,1,'Good product','Lorem Ipsum is simply dummy text of the printing and typesetting industry. Lorem Ipsum has been the industry\'s standard dummy text ever since the 1500s','Harry',NULL),(25,25,1,'Good product','Lorem Ipsum is simply dummy text of the printing and typesetting industry. Lorem Ipsum has been the industry\'s standard dummy text ever since the 1500s','Harry',NULL),(26,26,1,'Good product','Lorem Ipsum is simply dummy text of the printing and typesetting industry. Lorem Ipsum has been the industry\'s standard dummy text ever since the 1500s','Harry',NULL),(27,27,1,'Good product','Lorem Ipsum is simply dummy text of the printing and typesetting industry. Lorem Ipsum has been the industry\'s standard dummy text ever since the 1500s','Harry',NULL),(28,28,1,'Good product','Lorem Ipsum is simply dummy text of the printing and typesetting industry. Lorem Ipsum has been the industry\'s standard dummy text ever since the 1500s','Harry',NULL),(29,29,1,'Good product','Lorem Ipsum is simply dummy text of the printing and typesetting industry. Lorem Ipsum has been the industry\'s standard dummy text ever since the 1500s','Harry',NULL),(30,30,1,'Good product','Lorem Ipsum is simply dummy text of the printing and typesetting industry. Lorem Ipsum has been the industry\'s standard dummy text ever since the 1500s','Harry',NULL),(31,31,1,'Good product','Lorem Ipsum is simply dummy text of the printing and typesetting industry. Lorem Ipsum has been the industry\'s standard dummy text ever since the 1500s','Harry',NULL),(32,32,1,'Good product','Lorem Ipsum is simply dummy text of the printing and typesetting industry. Lorem Ipsum has been the industry\'s standard dummy text ever since the 1500s','Harry',NULL),(33,33,1,'Good product','Lorem Ipsum is simply dummy text of the printing and typesetting industry. Lorem Ipsum has been the industry\'s standard dummy text ever since the 1500s','Harry',NULL),(34,34,1,'Good product','Lorem Ipsum is simply dummy text of the printing and typesetting industry. Lorem Ipsum has been the industry\'s standard dummy text ever since the 1500s','Harry',NULL),(35,35,1,'Good product','Lorem Ipsum is simply dummy text of the printing and typesetting industry. Lorem Ipsum has been the industry\'s standard dummy text ever since the 1500s','Harry',NULL),(36,36,1,'Good product','Lorem Ipsum is simply dummy text of the printing and typesetting industry. Lorem Ipsum has been the industry\'s standard dummy text ever since the 1500s','Harry',NULL),(37,37,1,'Good product','Lorem Ipsum is simply dummy text of the printing and typesetting industry. Lorem Ipsum has been the industry\'s standard dummy text ever since the 1500s','Harry',NULL),(38,38,1,'Good product','Lorem Ipsum is simply dummy text of the printing and typesetting industry. Lorem Ipsum has been the industry\'s standard dummy text ever since the 1500s','Harry',NULL),(39,39,1,'i love it ','Very good ','David',NULL),(40,40,17,'Very good ','http://blueskytechco.net/koller/en9/shop.html','Jonson',NULL),(41,41,17,'Good ','http://blueskytechco.net/koller/en9/shop.html','Peter Fonda',NULL),(42,42,17,'good product','good product','Chevy Chase',NULL),(43,43,17,'good ','good product','David',NULL),(44,44,17,'Very good ','good product','Chevy Chase',NULL),(45,45,17,'i love it ','good product','Chevy Chase',NULL),(46,46,17,'Very good ','good product','Kevin Bacon',NULL),(47,47,17,'i love it ','good product','Chevy Chase',NULL),(48,48,17,'Very good ','good product','Jonson',NULL),(49,49,17,'Good ','good product','Jonson',NULL),(50,50,17,'Very good ','good product','David',NULL),(51,51,17,'Good ','good product','David',NULL),(52,52,17,'i love it ','good product','Peter Fonda',NULL),(53,53,17,'Very good ','good product','Peter Fonda',NULL),(54,54,15,'good product','http://blueskytechco.net/koller/en9/shop.html','Chevy Chase',NULL),(55,55,15,'Very good ','i love it ','David',NULL),(56,56,15,'Good ','i love it ','Johson',NULL),(57,57,15,'i love it ','i love it ','Kevin Bacon',NULL),(58,58,15,'Very good ','i love it ','Kevin Bacon',NULL),(59,59,15,'Good ','i love it ','Peter Fonda',NULL),(60,60,15,'Good ','Very good ','Chevy Chase',NULL),(61,61,15,'i love it ','Very good ','Kevin Bacon',NULL),(62,62,15,'i love it ','Very good ','Chevy Chase',NULL),(63,63,15,'Very good ','Very good ','Peter Fonda',NULL),(64,64,15,'i love it ','Very good ','Johson',NULL);

--
-- Table structure for table `review_entity`
--

CREATE TABLE `review_entity` (
  `entity_id` smallint(5) unsigned NOT NULL AUTO_INCREMENT COMMENT 'Review entity ID',
  `entity_code` varchar(32) NOT NULL COMMENT 'Review entity code',
  PRIMARY KEY (`entity_id`)
) ENGINE=InnoDB AUTO_INCREMENT=4 DEFAULT CHARSET=utf8 COMMENT='Review entities';

--
-- Dumping data for table `review_entity`
--

INSERT INTO `review_entity` VALUES (1,'product'),(2,'customer'),(3,'category');

--
-- Table structure for table `review_entity_summary`
--

CREATE TABLE `review_entity_summary` (
  `primary_id` bigint(20) NOT NULL AUTO_INCREMENT COMMENT 'Summary review entity ID',
  `entity_pk_value` bigint(20) NOT NULL DEFAULT 0 COMMENT 'Product ID',
  `entity_type` smallint(6) NOT NULL DEFAULT 0 COMMENT 'Entity type ID',
  `reviews_count` smallint(6) NOT NULL DEFAULT 0 COMMENT 'Qty of reviews',
  `rating_summary` smallint(6) NOT NULL DEFAULT 0 COMMENT 'Summarized rating',
  `store_id` smallint(5) unsigned NOT NULL DEFAULT 0 COMMENT 'Store ID',
  PRIMARY KEY (`primary_id`),
  UNIQUE KEY `REVIEW_ENTITY_SUMMARY_ENTITY_PK_VALUE_STORE_ID_ENTITY_TYPE` (`entity_pk_value`,`store_id`,`entity_type`),
  KEY `REVIEW_ENTITY_SUMMARY_STORE_ID` (`store_id`),
  CONSTRAINT `REVIEW_ENTITY_SUMMARY_STORE_ID_STORE_STORE_ID` FOREIGN KEY (`store_id`) REFERENCES `store` (`store_id`) ON DELETE CASCADE
) ENGINE=InnoDB AUTO_INCREMENT=583 DEFAULT CHARSET=utf8 COMMENT='Review aggregates';

--
-- Dumping data for table `review_entity_summary`
--

INSERT INTO `review_entity_summary` VALUES (1,18,1,3,100,1),(2,3,1,3,100,1),(3,3,1,3,100,5),(4,3,1,3,100,6),(5,3,1,3,100,7),(6,4,1,2,100,1),(7,4,1,2,100,5),(8,4,1,2,100,6),(9,4,1,2,100,7),(10,18,1,3,100,5),(11,18,1,3,100,6),(12,18,1,3,100,7),(13,3,1,3,100,0),(14,4,1,2,100,0),(15,19,1,3,100,1),(16,19,1,3,100,5),(17,19,1,3,100,6),(18,19,1,3,100,7),(19,20,1,2,100,1),(20,20,1,2,100,5),(21,20,1,2,100,6),(22,20,1,2,100,7),(23,21,1,2,95,1),(24,21,1,2,95,5),(25,21,1,2,95,6),(26,21,1,2,95,7),(27,22,1,2,95,1),(28,22,1,2,95,5),(29,22,1,2,95,6),(30,22,1,2,95,7),(31,23,1,2,95,1),(32,23,1,2,95,5),(33,23,1,2,95,6),(34,23,1,2,95,7),(35,24,1,2,90,1),(36,24,1,2,90,5),(37,24,1,2,90,6),(38,24,1,2,90,7),(39,25,1,2,100,1),(40,25,1,2,100,5),(41,25,1,2,100,6),(42,25,1,2,100,7),(43,17,1,2,100,1),(44,17,1,2,100,5),(45,17,1,2,100,6),(46,17,1,2,100,7),(47,18,1,3,100,0),(48,19,1,3,98,0),(49,20,1,2,97,0),(50,21,1,2,97,0),(51,22,1,2,93,0),(52,23,1,2,93,0),(53,24,1,2,93,0),(54,25,1,2,100,0),(55,17,1,2,100,0),(56,2,1,3,90,1),(57,2,1,3,90,5),(58,2,1,3,90,6),(59,2,1,3,90,7),(60,16,1,2,95,1),(61,16,1,2,95,5),(62,16,1,2,95,6),(63,16,1,2,95,7),(64,15,1,3,100,1),(65,15,1,3,100,5),(66,15,1,3,100,6),(67,15,1,3,100,7),(68,1,1,2,90,1),(69,1,1,2,90,5),(70,1,1,2,90,6),(71,1,1,2,90,7),(72,2,1,3,89,0),(73,16,1,2,97,0),(74,15,1,3,100,0),(75,1,1,2,93,0),(76,3,1,3,100,8),(77,4,1,2,100,8),(78,16,1,2,95,8),(79,17,1,2,100,8),(80,18,1,3,100,8),(81,19,1,3,100,8),(82,20,1,2,100,8),(83,21,1,2,95,8),(84,22,1,2,95,8),(85,23,1,2,95,8),(86,24,1,2,90,8),(87,25,1,2,100,8),(88,26,1,1,100,1),(89,26,1,1,100,5),(90,26,1,1,100,6),(91,26,1,1,100,7),(92,26,1,1,100,8),(93,27,1,1,70,1),(94,27,1,1,70,5),(95,27,1,1,70,6),(96,27,1,1,70,7),(97,27,1,1,70,8),(98,1,1,2,90,8),(99,2,1,3,90,8),(100,14,1,1,100,1),(101,14,1,1,100,5),(102,14,1,1,100,6),(103,14,1,1,100,7),(104,14,1,1,100,8),(105,15,1,3,100,8),(106,26,1,1,93,0),(107,27,1,1,73,0),(108,14,1,1,100,0),(109,15,1,3,100,9),(110,15,1,3,100,10),(111,15,1,3,100,11),(114,2,1,3,90,9),(115,2,1,3,90,10),(116,2,1,3,90,11),(119,14,1,1,100,9),(120,14,1,1,100,10),(121,14,1,1,100,11),(124,27,1,1,70,9),(125,27,1,1,70,10),(126,27,1,1,70,11),(129,26,1,1,100,9),(130,26,1,1,100,10),(131,26,1,1,100,11),(134,1,1,2,90,9),(135,1,1,2,90,10),(136,1,1,2,90,11),(139,23,1,2,95,9),(140,23,1,2,95,10),(141,23,1,2,95,11),(144,25,1,2,100,9),(145,25,1,2,100,10),(146,25,1,2,100,11),(149,24,1,2,90,9),(150,24,1,2,90,10),(151,24,1,2,90,11),(154,22,1,2,95,9),(155,22,1,2,95,10),(156,22,1,2,95,11),(159,21,1,2,95,9),(160,21,1,2,95,10),(161,21,1,2,95,11),(164,20,1,2,100,9),(165,20,1,2,100,10),(166,20,1,2,100,11),(169,19,1,3,100,9),(170,19,1,3,100,10),(171,19,1,3,100,11),(174,18,1,3,100,9),(175,18,1,3,100,10),(176,18,1,3,100,11),(179,17,1,2,100,9),(180,17,1,2,100,10),(181,17,1,2,100,11),(184,16,1,2,95,9),(185,16,1,2,95,10),(186,16,1,2,95,11),(189,4,1,2,100,9),(190,4,1,2,100,10),(191,4,1,2,100,11),(194,3,1,3,100,9),(195,3,1,3,100,10),(196,3,1,3,100,11),(199,5,1,1,100,1),(200,5,1,1,100,5),(201,5,1,1,100,6),(202,5,1,1,100,7),(203,5,1,1,100,8),(204,5,1,1,100,9),(205,5,1,1,100,10),(206,5,1,1,100,11),(207,5,1,0,0,14),(208,5,1,0,0,15),(209,5,1,0,0,16),(210,5,1,0,0,17),(211,44,1,2,100,17),(212,44,1,0,0,1),(213,44,1,0,0,5),(214,44,1,0,0,6),(215,44,1,0,0,7),(216,44,1,0,0,8),(217,44,1,0,0,9),(218,44,1,0,0,10),(219,44,1,0,0,11),(220,44,1,0,0,14),(221,44,1,0,0,15),(222,44,1,2,100,16),(223,45,1,2,100,17),(224,45,1,0,0,1),(225,45,1,0,0,5),(226,45,1,0,0,6),(227,45,1,0,0,7),(228,45,1,0,0,8),(229,45,1,0,0,9),(230,45,1,0,0,10),(231,45,1,0,0,11),(232,45,1,0,0,14),(233,45,1,0,0,15),(234,45,1,2,100,16),(235,46,1,1,100,17),(236,46,1,0,0,1),(237,46,1,0,0,5),(238,46,1,0,0,6),(239,46,1,0,0,7),(240,46,1,0,0,8),(241,46,1,0,0,9),(242,46,1,0,0,10),(243,46,1,0,0,11),(244,46,1,0,0,14),(245,46,1,0,0,15),(246,46,1,1,100,16),(247,47,1,1,100,17),(248,47,1,0,0,1),(249,47,1,0,0,5),(250,47,1,0,0,6),(251,47,1,0,0,7),(252,47,1,0,0,8),(253,47,1,0,0,9),(254,47,1,0,0,10),(255,47,1,0,0,11),(256,47,1,0,0,14),(257,47,1,0,0,15),(258,47,1,1,100,16),(259,48,1,1,100,17),(260,48,1,0,0,1),(261,48,1,0,0,5),(262,48,1,0,0,6),(263,48,1,0,0,7),(264,48,1,0,0,8),(265,48,1,0,0,9),(266,48,1,0,0,10),(267,48,1,0,0,11),(268,48,1,0,0,14),(269,48,1,0,0,15),(270,48,1,1,100,16),(271,49,1,1,100,17),(272,49,1,0,0,1),(273,49,1,0,0,5),(274,49,1,0,0,6),(275,49,1,0,0,7),(276,49,1,0,0,8),(277,49,1,0,0,9),(278,49,1,0,0,10),(279,49,1,0,0,11),(280,49,1,0,0,14),(281,49,1,0,0,15),(282,49,1,1,100,16),(283,50,1,1,100,17),(284,50,1,0,0,1),(285,50,1,0,0,5),(286,50,1,0,0,6),(287,50,1,0,0,7),(288,50,1,0,0,8),(289,50,1,0,0,9),(290,50,1,0,0,10),(291,50,1,0,0,11),(292,50,1,0,0,14),(293,50,1,0,0,15),(294,50,1,1,100,16),(295,51,1,1,100,17),(296,51,1,0,0,1),(297,51,1,0,0,5),(298,51,1,0,0,6),(299,51,1,0,0,7),(300,51,1,0,0,8),(301,51,1,0,0,9),(302,51,1,0,0,10),(303,51,1,0,0,11),(304,51,1,0,0,14),(305,51,1,0,0,15),(306,51,1,1,100,16),(307,52,1,1,100,17),(308,52,1,0,0,1),(309,52,1,0,0,5),(310,52,1,0,0,6),(311,52,1,0,0,7),(312,52,1,0,0,8),(313,52,1,0,0,9),(314,52,1,0,0,10),(315,52,1,0,0,11),(316,52,1,0,0,14),(317,52,1,0,0,15),(318,52,1,1,100,16),(319,53,1,1,100,17),(320,53,1,0,0,1),(321,53,1,0,0,5),(322,53,1,0,0,6),(323,53,1,0,0,7),(324,53,1,0,0,8),(325,53,1,0,0,9),(326,53,1,0,0,10),(327,53,1,0,0,11),(328,53,1,0,0,14),(329,53,1,0,0,15),(330,53,1,1,100,16),(331,54,1,1,100,17),(332,54,1,0,0,1),(333,54,1,0,0,5),(334,54,1,0,0,6),(335,54,1,0,0,7),(336,54,1,0,0,8),(337,54,1,0,0,9),(338,54,1,0,0,10),(339,54,1,0,0,11),(340,54,1,0,0,14),(341,54,1,0,0,15),(342,54,1,1,100,16),(343,55,1,1,100,17),(344,55,1,0,0,1),(345,55,1,0,0,5),(346,55,1,0,0,6),(347,55,1,0,0,7),(348,55,1,0,0,8),(349,55,1,0,0,9),(350,55,1,0,0,10),(351,55,1,0,0,11),(352,55,1,0,0,14),(353,55,1,0,0,15),(354,55,1,1,100,16),(355,32,1,1,100,15),(356,32,1,0,0,1),(357,32,1,0,0,5),(358,32,1,0,0,6),(359,32,1,0,0,7),(360,32,1,0,0,8),(361,32,1,0,0,9),(362,32,1,0,0,10),(363,32,1,0,0,11),(364,32,1,1,100,14),(365,32,1,0,0,16),(366,32,1,0,0,17),(367,33,1,1,100,15),(368,33,1,0,0,1),(369,33,1,0,0,5),(370,33,1,0,0,6),(371,33,1,0,0,7),(372,33,1,0,0,8),(373,33,1,0,0,9),(374,33,1,0,0,10),(375,33,1,0,0,11),(376,33,1,1,100,14),(377,33,1,0,0,16),(378,33,1,0,0,17),(379,34,1,1,100,15),(380,34,1,0,0,1),(381,34,1,0,0,5),(382,34,1,0,0,6),(383,34,1,0,0,7),(384,34,1,0,0,8),(385,34,1,0,0,9),(386,34,1,0,0,10),(387,34,1,0,0,11),(388,34,1,1,100,14),(389,34,1,0,0,16),(390,34,1,0,0,17),(391,35,1,1,100,15),(392,35,1,0,0,1),(393,35,1,0,0,5),(394,35,1,0,0,6),(395,35,1,0,0,7),(396,35,1,0,0,8),(397,35,1,0,0,9),(398,35,1,0,0,10),(399,35,1,0,0,11),(400,35,1,1,100,14),(401,35,1,0,0,16),(402,35,1,0,0,17),(403,36,1,1,100,15),(404,36,1,0,0,1),(405,36,1,0,0,5),(406,36,1,0,0,6),(407,36,1,0,0,7),(408,36,1,0,0,8),(409,36,1,0,0,9),(410,36,1,0,0,10),(411,36,1,0,0,11),(412,36,1,1,100,14),(413,36,1,0,0,16),(414,36,1,0,0,17),(415,37,1,1,100,15),(416,37,1,0,0,1),(417,37,1,0,0,5),(418,37,1,0,0,6),(419,37,1,0,0,7),(420,37,1,0,0,8),(421,37,1,0,0,9),(422,37,1,0,0,10),(423,37,1,0,0,11),(424,37,1,1,100,14),(425,37,1,0,0,16),(426,37,1,0,0,17),(427,38,1,1,100,15),(428,38,1,0,0,1),(429,38,1,0,0,5),(430,38,1,0,0,6),(431,38,1,0,0,7),(432,38,1,0,0,8),(433,38,1,0,0,9),(434,38,1,0,0,10),(435,38,1,0,0,11),(436,38,1,1,100,14),(437,38,1,0,0,16),(438,38,1,0,0,17),(439,39,1,1,100,15),(440,39,1,0,0,1),(441,39,1,0,0,5),(442,39,1,0,0,6),(443,39,1,0,0,7),(444,39,1,0,0,8),(445,39,1,0,0,9),(446,39,1,0,0,10),(447,39,1,0,0,11),(448,39,1,1,100,14),(449,39,1,0,0,16),(450,39,1,0,0,17),(451,40,1,1,100,15),(452,40,1,0,0,1),(453,40,1,0,0,5),(454,40,1,0,0,6),(455,40,1,0,0,7),(456,40,1,0,0,8),(457,40,1,0,0,9),(458,40,1,0,0,10),(459,40,1,0,0,11),(460,40,1,1,100,14),(461,40,1,0,0,16),(462,40,1,0,0,17),(463,41,1,1,100,15),(464,41,1,0,0,1),(465,41,1,0,0,5),(466,41,1,0,0,6),(467,41,1,0,0,7),(468,41,1,0,0,8),(469,41,1,0,0,9),(470,41,1,0,0,10),(471,41,1,0,0,11),(472,41,1,1,100,14),(473,41,1,0,0,16),(474,41,1,0,0,17),(475,42,1,1,100,15),(476,42,1,0,0,1),(477,42,1,0,0,5),(478,42,1,0,0,6),(479,42,1,0,0,7),(480,42,1,0,0,8),(481,42,1,0,0,9),(482,42,1,0,0,10),(483,42,1,0,0,11),(484,42,1,1,100,14),(485,42,1,0,0,16),(486,42,1,0,0,17),(487,18,1,0,0,14),(488,18,1,0,0,15),(489,18,1,0,0,16),(490,18,1,0,0,17),(491,3,1,0,0,14),(492,3,1,0,0,15),(493,3,1,0,0,16),(494,3,1,0,0,17),(495,4,1,0,0,14),(496,4,1,0,0,15),(497,4,1,0,0,16),(498,4,1,0,0,17),(499,19,1,0,0,14),(500,19,1,0,0,15),(501,19,1,0,0,16),(502,19,1,0,0,17),(503,20,1,0,0,14),(504,20,1,0,0,15),(505,20,1,0,0,16),(506,20,1,0,0,17),(507,21,1,0,0,14),(508,21,1,0,0,15),(509,21,1,0,0,16),(510,21,1,0,0,17),(511,22,1,0,0,14),(512,22,1,0,0,15),(513,22,1,0,0,16),(514,22,1,0,0,17),(515,23,1,0,0,14),(516,23,1,0,0,15),(517,23,1,0,0,16),(518,23,1,0,0,17),(519,24,1,0,0,14),(520,24,1,0,0,15),(521,24,1,0,0,16),(522,24,1,0,0,17),(523,25,1,0,0,14),(524,25,1,0,0,15),(525,25,1,0,0,16),(526,25,1,0,0,17),(527,17,1,0,0,14),(528,17,1,0,0,15),(529,17,1,0,0,16),(530,17,1,0,0,17),(531,2,1,0,0,14),(532,2,1,0,0,15),(533,2,1,0,0,16),(534,2,1,0,0,17),(535,16,1,0,0,14),(536,16,1,0,0,15),(537,16,1,0,0,16),(538,16,1,0,0,17),(539,15,1,0,0,14),(540,15,1,0,0,15),(541,15,1,0,0,16),(542,15,1,0,0,17),(543,1,1,0,0,14),(544,1,1,0,0,15),(545,1,1,0,0,16),(546,1,1,0,0,17),(547,26,1,0,0,14),(548,26,1,0,0,15),(549,26,1,0,0,16),(550,26,1,0,0,17),(551,27,1,0,0,14),(552,27,1,0,0,15),(553,27,1,0,0,16),(554,27,1,0,0,17),(555,14,1,0,0,14),(556,14,1,0,0,15),(557,14,1,0,0,16),(558,14,1,0,0,17),(559,5,1,1,100,0),(560,44,1,2,100,0),(561,45,1,2,100,0),(562,46,1,1,100,0),(563,47,1,1,100,0),(564,48,1,1,100,0),(565,49,1,1,100,0),(566,50,1,1,100,0),(567,51,1,1,100,0),(568,52,1,1,100,0),(569,53,1,1,100,0),(570,54,1,1,100,0),(571,55,1,1,100,0),(572,32,1,1,100,0),(573,33,1,1,100,0),(574,34,1,1,100,0),(575,35,1,1,100,0),(576,36,1,1,100,0),(577,37,1,1,100,0),(578,38,1,1,100,0),(579,39,1,1,100,0),(580,40,1,1,100,0),(581,41,1,1,100,0),(582,42,1,1,100,0);

--
-- Table structure for table `review_status`
--

CREATE TABLE `review_status` (
  `status_id` smallint(5) unsigned NOT NULL AUTO_INCREMENT COMMENT 'Status ID',
  `status_code` varchar(32) NOT NULL COMMENT 'Status code',
  PRIMARY KEY (`status_id`)
) ENGINE=InnoDB AUTO_INCREMENT=4 DEFAULT CHARSET=utf8 COMMENT='Review statuses';

--
-- Dumping data for table `review_status`
--

INSERT INTO `review_status` VALUES (1,'Approved'),(2,'Pending'),(3,'Not Approved');

--
-- Table structure for table `review_store`
--

CREATE TABLE `review_store` (
  `review_id` bigint(20) unsigned NOT NULL COMMENT 'Review ID',
  `store_id` smallint(5) unsigned NOT NULL COMMENT 'Store ID',
  PRIMARY KEY (`review_id`,`store_id`),
  KEY `REVIEW_STORE_STORE_ID` (`store_id`),
  CONSTRAINT `REVIEW_STORE_REVIEW_ID_REVIEW_REVIEW_ID` FOREIGN KEY (`review_id`) REFERENCES `review` (`review_id`) ON DELETE CASCADE,
  CONSTRAINT `REVIEW_STORE_STORE_ID_STORE_STORE_ID` FOREIGN KEY (`store_id`) REFERENCES `store` (`store_id`) ON DELETE CASCADE
) ENGINE=InnoDB DEFAULT CHARSET=utf8 COMMENT='Review Store';

--
-- Dumping data for table `review_store`
--

INSERT INTO `review_store` VALUES (1,0),(1,1),(1,5),(1,6),(1,7),(1,8),(1,9),(1,10),(1,11),(2,0),(2,1),(2,5),(2,6),(2,7),(2,8),(2,9),(2,10),(2,11),(3,0),(3,1),(3,5),(3,6),(3,7),(3,8),(3,9),(3,10),(3,11),(4,0),(4,1),(4,5),(4,6),(4,7),(4,8),(4,9),(4,10),(4,11),(5,0),(5,1),(5,5),(5,6),(5,7),(5,8),(5,9),(5,10),(5,11),(6,0),(6,1),(6,5),(6,6),(6,7),(6,8),(6,9),(6,10),(6,11),(7,0),(7,1),(7,5),(7,6),(7,7),(7,8),(7,9),(7,10),(7,11),(8,0),(8,1),(8,5),(8,6),(8,7),(8,8),(8,9),(8,10),(8,11),(9,0),(9,1),(9,5),(9,6),(9,7),(9,8),(9,9),(9,10),(9,11),(10,0),(10,1),(10,5),(10,6),(10,7),(10,8),(10,9),(10,10),(10,11),(11,0),(11,1),(11,5),(11,6),(11,7),(11,8),(11,9),(11,10),(11,11),(12,0),(12,1),(12,5),(12,6),(12,7),(12,8),(12,9),(12,10),(12,11),(13,0),(13,1),(13,5),(13,6),(13,7),(13,8),(13,9),(13,10),(13,11),(14,0),(14,1),(14,5),(14,6),(14,7),(14,8),(14,9),(14,10),(14,11),(15,0),(15,1),(15,5),(15,6),(15,7),(15,8),(15,9),(15,10),(15,11),(16,0),(16,1),(16,5),(16,6),(16,7),(16,8),(16,9),(16,10),(16,11),(17,0),(17,1),(17,5),(17,6),(17,7),(17,8),(17,9),(17,10),(17,11),(18,0),(18,1),(18,5),(18,6),(18,7),(18,8),(18,9),(18,10),(18,11),(19,0),(19,1),(19,5),(19,6),(19,7),(19,8),(19,9),(19,10),(19,11),(20,0),(20,1),(20,5),(20,6),(20,7),(20,8),(20,9),(20,10),(20,11),(21,0),(21,1),(21,5),(21,6),(21,7),(21,8),(21,9),(21,10),(21,11),(22,0),(22,1),(22,5),(22,6),(22,7),(22,8),(22,9),(22,10),(22,11),(23,0),(23,1),(23,5),(23,6),(23,7),(23,8),(23,9),(23,10),(23,11),(24,0),(24,1),(24,5),(24,6),(24,7),(24,8),(24,9),(24,10),(24,11),(25,0),(25,1),(25,5),(25,6),(25,7),(25,8),(25,9),(25,10),(25,11),(26,0),(26,1),(26,5),(26,6),(26,7),(26,8),(26,9),(26,10),(26,11),(27,0),(27,1),(27,5),(27,6),(27,7),(27,8),(27,9),(27,10),(27,11),(28,0),(28,1),(28,5),(28,6),(28,7),(28,8),(28,9),(28,10),(28,11),(29,0),(29,1),(29,5),(29,6),(29,7),(29,8),(29,9),(29,10),(29,11),(30,0),(30,1),(30,5),(30,6),(30,7),(30,8),(30,9),(30,10),(30,11),(31,0),(31,1),(31,5),(31,6),(31,7),(31,8),(31,9),(31,10),(31,11),(32,0),(32,1),(32,5),(32,6),(32,7),(32,8),(32,9),(32,10),(32,11),(33,0),(33,1),(33,5),(33,6),(33,7),(33,8),(33,9),(33,10),(33,11),(34,0),(34,1),(34,5),(34,6),(34,7),(34,8),(34,9),(34,10),(34,11),(35,0),(35,1),(35,5),(35,6),(35,7),(35,8),(35,9),(35,10),(35,11),(36,0),(36,1),(36,5),(36,6),(36,7),(36,8),(36,9),(36,10),(36,11),(37,0),(37,1),(37,5),(37,6),(37,7),(37,8),(37,9),(37,10),(37,11),(38,0),(38,1),(38,5),(38,6),(38,7),(38,8),(38,9),(38,10),(38,11),(39,0),(39,1),(39,5),(39,6),(39,7),(39,8),(39,9),(39,10),(39,11),(40,0),(40,16),(40,17),(41,0),(41,16),(41,17),(42,0),(42,16),(42,17),(43,0),(43,16),(43,17),(44,0),(44,16),(44,17),(45,0),(45,16),(45,17),(46,0),(46,16),(46,17),(47,0),(47,16),(47,17),(48,0),(48,16),(48,17),(49,0),(49,16),(49,17),(50,0),(50,16),(50,17),(51,0),(51,16),(51,17),(52,0),(52,16),(52,17),(53,0),(53,16),(53,17),(54,0),(54,14),(54,15),(55,0),(55,14),(55,15),(56,0),(56,14),(56,15),(57,0),(57,14),(57,15),(58,0),(58,14),(58,15),(59,0),(59,14),(59,15),(60,0),(60,14),(60,15),(61,0),(61,14),(61,15),(62,0),(62,14),(62,15),(63,0),(63,14),(63,15),(64,0),(64,14),(64,15);

--
-- Table structure for table `rokan_faq`
--

CREATE TABLE `rokan_faq` (
  `entity_id` int(10) unsigned NOT NULL AUTO_INCREMENT COMMENT 'Entity ID',
  `status` varchar(255) DEFAULT NULL COMMENT 'Status',
  `parent_id` int(11) NOT NULL COMMENT 'Parent_id',
  `question` text NOT NULL COMMENT 'Question',
  `answer` text DEFAULT NULL COMMENT 'Answer',
  `created_time` timestamp NOT NULL DEFAULT current_timestamp() COMMENT 'Creation Time',
  `updated_time` timestamp NOT NULL DEFAULT current_timestamp() ON UPDATE current_timestamp() COMMENT 'Updated Time',
  PRIMARY KEY (`entity_id`)
) ENGINE=InnoDB AUTO_INCREMENT=5 DEFAULT CHARSET=utf8 COMMENT='rokan_faq';

--
-- Dumping data for table `rokan_faq`
--

INSERT INTO `rokan_faq` VALUES (1,'1',0,'Excepteur sint occaecat cupidatat non proident, sunt in culpa qui officia deserunt \r\nmollit anim id est laborum excepteur sint occaecat cupidatat non proident','<p>Lorem ipsum dolor sit amet, consectetur adipisicing elit, sed do eiusmod tempor incididunt ut labore et dolore magna aliqua. Ut enim ad minim veniam, quis nostrud exercitation ullamco laboris nisi ut aliquip ex ea commodo consequat. Duis aute irure dolor in reprehenderit in voluptate velit esse cillum dolore eu fugiat nulla pariatur.</p>','2020-12-16 04:09:17','2021-01-19 06:44:36'),(2,'1',0,'Excepteur sint occaecat cupidatat non proident, sunt in culpa qui officia deserunt \r\nmollit anim id est laborum excepteur sint occaecat cupidatat non proident','<p>Lorem ipsum dolor sit amet, consectetur adipisicing elit, sed do eiusmod tempor incididunt ut labore et dolore magna aliqua. Ut enim ad minim veniam, quis nostrud exercitation ullamco laboris nisi ut aliquip ex ea commodo consequat. Duis aute irure dolor in reprehenderit in voluptate velit esse cillum dolore eu fugiat nulla pariatur.</p>','2020-12-16 04:09:32','2021-01-19 06:44:26'),(3,'1',0,'Excepteur sint occaecat cupidatat non proident, sunt in culpa qui officia deserunt \r\nmollit anim id est laborum excepteur sint occaecat cupidatat non proident','<p>Lorem ipsum dolor sit amet, consectetur adipisicing elit, sed do eiusmod tempor incididunt ut labore et dolore magna aliqua. Ut enim ad minim veniam, quis nostrud exercitation ullamco laboris nisi ut aliquip ex ea commodo consequat. Duis aute irure dolor in reprehenderit in voluptate velit esse cillum dolore eu fugiat nulla pariatur.</p>','2020-12-16 04:09:44','2021-01-19 06:44:17'),(4,'1',0,'Excepteur sint occaecat cupidatat non proident, sunt in culpa qui officia deserunt \r\nmollit anim id est laborum excepteur sint occaecat cupidatat non proident','<p>Lorem ipsum dolor sit amet, consectetur adipisicing elit, sed do eiusmod tempor incididunt ut labore et dolore magna aliqua. Ut enim ad minim veniam, quis nostrud exercitation ullamco laboris nisi ut aliquip ex ea commodo consequat. Duis aute irure dolor in reprehenderit in voluptate velit esse cillum dolore eu fugiat nulla pariatur.</p>','2020-12-16 04:09:57','2021-01-19 06:44:06');

--
-- Table structure for table `rokanthemes_blog_category`
--

CREATE TABLE `rokanthemes_blog_category` (
  `category_id` int(11) NOT NULL AUTO_INCREMENT COMMENT 'Category ID',
  `title` varchar(255) DEFAULT NULL COMMENT 'Category Title',
  `meta_keywords` text DEFAULT NULL COMMENT 'Category Meta Keywords',
  `meta_description` text DEFAULT NULL COMMENT 'Category Meta Description',
  `identifier` varchar(100) DEFAULT NULL COMMENT 'Category String Identifier',
  `content_heading` varchar(255) DEFAULT NULL COMMENT 'Category Content Heading',
  `content` mediumtext DEFAULT NULL COMMENT 'Category Content',
  `path` varchar(255) DEFAULT NULL COMMENT 'Category Path',
  `position` smallint(6) NOT NULL COMMENT 'Category Position',
  `is_active` smallint(6) NOT NULL DEFAULT 1 COMMENT 'Is Category Active',
  PRIMARY KEY (`category_id`),
  KEY `ROKANTHEMES_BLOG_CATEGORY_IDENTIFIER` (`identifier`),
  FULLTEXT KEY `FTI_6A0F670BEBE7070477E431D11DAE7DD2` (`title`,`meta_keywords`,`meta_description`,`identifier`,`content`)
) ENGINE=InnoDB AUTO_INCREMENT=6 DEFAULT CHARSET=utf8 COMMENT='Rokanthemes Blog Category Table';

--
-- Dumping data for table `rokanthemes_blog_category`
--

INSERT INTO `rokanthemes_blog_category` VALUES (1,'Funiture',NULL,NULL,'funiture',NULL,NULL,'0',0,1),(2,'Inspiration',NULL,NULL,'inspiration',NULL,NULL,'0',0,1),(3,'Fashion',NULL,NULL,'fashion',NULL,NULL,'0',0,1),(4,'Lifestyle',NULL,NULL,'lifestyle',NULL,NULL,'0',0,1),(5,'Photography',NULL,NULL,'photography',NULL,NULL,'0',0,1);

--
-- Table structure for table `rokanthemes_blog_category_store`
--

CREATE TABLE `rokanthemes_blog_category_store` (
  `category_id` int(11) NOT NULL COMMENT 'Category ID',
  `store_id` smallint(5) unsigned NOT NULL COMMENT 'Store ID',
  PRIMARY KEY (`category_id`,`store_id`),
  KEY `ROKANTHEMES_BLOG_CATEGORY_STORE_STORE_ID` (`store_id`),
  CONSTRAINT `FK_B2E5A21E93DC38155A194FCC30551BFB` FOREIGN KEY (`category_id`) REFERENCES `rokanthemes_blog_category` (`category_id`) ON DELETE CASCADE,
  CONSTRAINT `ROKANTHEMES_BLOG_CATEGORY_STORE_STORE_ID_STORE_STORE_ID` FOREIGN KEY (`store_id`) REFERENCES `store` (`store_id`) ON DELETE CASCADE
) ENGINE=InnoDB DEFAULT CHARSET=utf8 COMMENT='Rokanthemes Blog Category To Store Linkage Table';

--
-- Dumping data for table `rokanthemes_blog_category_store`
--

INSERT INTO `rokanthemes_blog_category_store` VALUES (1,0),(2,0),(3,0),(4,0),(5,0);

--
-- Table structure for table `rokanthemes_blog_post`
--

CREATE TABLE `rokanthemes_blog_post` (
  `post_id` int(11) NOT NULL AUTO_INCREMENT COMMENT 'Post ID',
  `title` varchar(255) DEFAULT NULL COMMENT 'Post Title',
  `thumbnailimage` varchar(255) DEFAULT NULL COMMENT 'Thumbnail Image',
  `meta_keywords` text DEFAULT NULL COMMENT 'Post Meta Keywords',
  `meta_description` text DEFAULT NULL COMMENT 'Post Meta Description',
  `identifier` varchar(100) DEFAULT NULL COMMENT 'Post String Identifier',
  `content_heading` varchar(255) DEFAULT NULL COMMENT 'Post Content Heading',
  `short_content` text DEFAULT NULL COMMENT 'Short Content',
  `content` mediumtext DEFAULT NULL COMMENT 'Post Content',
  `creation_time` timestamp NULL DEFAULT NULL COMMENT 'Post Creation Time',
  `update_time` timestamp NULL DEFAULT NULL COMMENT 'Post Modification Time',
  `publish_time` timestamp NULL DEFAULT NULL COMMENT 'Post Publish Time',
  `is_active` smallint(6) NOT NULL DEFAULT 1 COMMENT 'Is Post Active',
  `detailimage` text NOT NULL COMMENT 'Detail Image',
  PRIMARY KEY (`post_id`),
  KEY `ROKANTHEMES_BLOG_POST_IDENTIFIER` (`identifier`),
  FULLTEXT KEY `FTI_06831C0BC8889A99722C611BB316CDA2` (`title`,`meta_keywords`,`meta_description`,`identifier`,`content`)
) ENGINE=InnoDB AUTO_INCREMENT=11 DEFAULT CHARSET=utf8 COMMENT='Rokanthemes Blog Post Table';

--
-- Dumping data for table `rokanthemes_blog_post`
--

INSERT INTO `rokanthemes_blog_post` VALUES (1,'Congue eget dapibus congue','rokanthemes/blog/images/1/_/1.jpg',NULL,NULL,'congue-eget-dapibus-congue','Congue eget dapibus congue','Class aptent taciti sociosqu ad litora torquent per conubia nostra, per inceptos himenaeos. Sed luctus, dui eu sagittis sodales, nulla nibh sagittis augue...','<p>Lorem ipsum dolor sit amet, consectetur adipisicing elit, sed do eiusmod tempor incididunt ut labore et dolore magna aliqua. Ut enim ad minim veniam, quis nostrud exercitation ullamco laboris nisi ut aliquip ex ea commodo consequat. Duis aute irure dolor in reprehenderit in voluptate velit esse cillum dolore eu fugiat nulla pariatur. Excepteur sint occaecat cupidatat non proident, sunt in culpa qui officia deserunt mollit anim id est laborum. Sed ut perspiciatis unde omnis iste natus error sit voluptatem accusantium doloremque laudantium, totam rem aperiam, eaque ipsa quae ab illo inventore veritatis et quasi architecto beatae vitae dicta sunt explicabo. Nemo enim ipsam voluptatem quia voluptas sit aspernatur aut odit aut fugit, sed quia consequuntur magni dolores eos qui ratione voluptatem sequi nesciunt. Neque porro quisquam est, qui dolorem ipsum quia dolor sit amet, consectetur, adipisci velit, sed quia non numquam eius modi tempora incidunt ut labore et dolore magnam aliquam quaerat voluptatem. Lorem ipsum dolor sit amet, consectetur adipisicing elit, sed do eiusmod tempor incididunt ut labore et dolore magna aliqua. Ut enim ad minim veniam, quis nostrud exercitation ullamco laboris nisi ut aliquip ex ea commodo consequat. Duis aute irure dolor in reprehenderit in voluptate velit esse cillum dolore eu fugiat nulla pariatur.numquam eius modi tempora incidunt ut labore et dolore magnam aliquam quaerat voluptatem.</p>\r\n<div class=\"row\">\r\n<div class=\"col-sm-6\"><img src=\"{{media url=&quot;wysiwyg/bl1.jpg&quot;}}\" alt=\"\"></div>\r\n<div class=\"col-sm-6\"><img src=\"{{media url=&quot;wysiwyg/bl2.jpg&quot;}}\" alt=\"\"></div>\r\n</div>\r\n<p>&nbsp;</p>\r\n<p>Lorem ipsum dolor sit amet, consectetur adipisicing elit, sed do eiusmod tempor incididunt ut labore et dolore magna aliqua. Ut enim ad minim veniam, quis nostrud exercitation ullamco laboris nisi ut aliquip ex ea commodo consequat. Duis aute irure dolor in reprehenderit in voluptate velit esse cillum dolore eu fugiat nulla pariatur.numquam eius modi tempora incidunt ut labore et dolore magnam aliquam quaerat voluptatem.</p>','2020-11-09 05:00:59','2020-12-31 10:02:36','2020-06-11 00:00:00',1,'rokanthemes/blog/images/1/_/1_1.jpg'),(2,' Fusce laoreet nibh felis porttitor laoreet','rokanthemes/blog/images/2/_/2.jpg',NULL,NULL,'fusce-laoreet-nibh-felis-porttitor-laoreet',' Fusce laoreet nibh felis porttitor laoreet','\r\nClass aptent taciti sociosqu ad litora torquent per conubia nostra, per inceptos himenaeos. Sed luctus, dui eu sagittis sodales, nulla nibh sagittis augue..','<p>Lorem ipsum dolor sit amet, consectetur adipisicing elit, sed do eiusmod tempor incididunt ut labore et dolore magna aliqua. Ut enim ad minim veniam, quis nostrud exercitation ullamco laboris nisi ut aliquip ex ea commodo consequat. Duis aute irure dolor in reprehenderit in voluptate velit esse cillum dolore eu fugiat nulla pariatur. Excepteur sint occaecat cupidatat non proident, sunt in culpa qui officia deserunt mollit anim id est laborum. Sed ut perspiciatis unde omnis iste natus error sit voluptatem accusantium doloremque laudantium, totam rem aperiam, eaque ipsa quae ab illo inventore veritatis et quasi architecto beatae vitae dicta sunt explicabo. Nemo enim ipsam voluptatem quia voluptas sit aspernatur aut odit aut fugit, sed quia consequuntur magni dolores eos qui ratione voluptatem sequi nesciunt. Neque porro quisquam est, qui dolorem ipsum quia dolor sit amet, consectetur, adipisci velit, sed quia non numquam eius modi tempora incidunt ut labore et dolore magnam aliquam quaerat voluptatem. Lorem ipsum dolor sit amet, consectetur adipisicing elit, sed do eiusmod tempor incididunt ut labore et dolore magna aliqua. Ut enim ad minim veniam, quis nostrud exercitation ullamco laboris nisi ut aliquip ex ea commodo consequat. Duis aute irure dolor in reprehenderit in voluptate velit esse cillum dolore eu fugiat nulla pariatur.numquam eius modi tempora incidunt ut labore et dolore magnam aliquam quaerat voluptatem.</p>\r\n<div class=\"row\">\r\n<div class=\"col-sm-6\"><img src=\"{{media url=&quot;wysiwyg/bl1.jpg&quot;}}\" alt=\"\"></div>\r\n<div class=\"col-sm-6\"><img src=\"{{media url=&quot;wysiwyg/bl2.jpg&quot;}}\" alt=\"\"></div>\r\n</div>\r\n<p>&nbsp;</p>\r\n<p>Lorem ipsum dolor sit amet, consectetur adipisicing elit, sed do eiusmod tempor incididunt ut labore et dolore magna aliqua. Ut enim ad minim veniam, quis nostrud exercitation ullamco laboris nisi ut aliquip ex ea commodo consequat. Duis aute irure dolor in reprehenderit in voluptate velit esse cillum dolore eu fugiat nulla pariatur.numquam eius modi tempora incidunt ut labore et dolore magnam aliquam quaerat voluptatem.</p>','2020-11-10 07:19:50','2020-11-19 01:34:43','2020-11-10 00:00:00',1,'rokanthemes/blog/images/2/_/2_1.jpg'),(3,'Suspendisse tortor ante adipiscing','rokanthemes/blog/images/3/_/3.jpg',NULL,NULL,'suspendisse-tortor-ante-adipiscing','Suspendisse tortor ante adipiscing','Class aptent taciti sociosqu ad litora torquent per conubia nostra, per inceptos himenaeos. Sed luctus, dui eu sagittis sodales, nulla nibh sagittis augue..','<p>Lorem ipsum dolor sit amet, consectetur adipisicing elit, sed do eiusmod tempor incididunt ut labore et dolore magna aliqua. Ut enim ad minim veniam, quis nostrud exercitation ullamco laboris nisi ut aliquip ex ea commodo consequat. Duis aute irure dolor in reprehenderit in voluptate velit esse cillum dolore eu fugiat nulla pariatur. Excepteur sint occaecat cupidatat non proident, sunt in culpa qui officia deserunt mollit anim id est laborum. Sed ut perspiciatis unde omnis iste natus error sit voluptatem accusantium doloremque laudantium, totam rem aperiam, eaque ipsa quae ab illo inventore veritatis et quasi architecto beatae vitae dicta sunt explicabo. Nemo enim ipsam voluptatem quia voluptas sit aspernatur aut odit aut fugit, sed quia consequuntur magni dolores eos qui ratione voluptatem sequi nesciunt. Neque porro quisquam est, qui dolorem ipsum quia dolor sit amet, consectetur, adipisci velit, sed quia non numquam eius modi tempora incidunt ut labore et dolore magnam aliquam quaerat voluptatem. Lorem ipsum dolor sit amet, consectetur adipisicing elit, sed do eiusmod tempor incididunt ut labore et dolore magna aliqua. Ut enim ad minim veniam, quis nostrud exercitation ullamco laboris nisi ut aliquip ex ea commodo consequat. Duis aute irure dolor in reprehenderit in voluptate velit esse cillum dolore eu fugiat nulla pariatur.numquam eius modi tempora incidunt ut labore et dolore magnam aliquam quaerat voluptatem.</p>\r\n<div class=\"row\">\r\n<div class=\"col-sm-6\"><img src=\"{{media url=&quot;wysiwyg/bl1.jpg&quot;}}\" alt=\"\"></div>\r\n<div class=\"col-sm-6\"><img src=\"{{media url=&quot;wysiwyg/bl2.jpg&quot;}}\" alt=\"\"></div>\r\n</div>\r\n<p>&nbsp;</p>\r\n<p>Lorem ipsum dolor sit amet, consectetur adipisicing elit, sed do eiusmod tempor incididunt ut labore et dolore magna aliqua. Ut enim ad minim veniam, quis nostrud exercitation ullamco laboris nisi ut aliquip ex ea commodo consequat. Duis aute irure dolor in reprehenderit in voluptate velit esse cillum dolore eu fugiat nulla pariatur.numquam eius modi tempora incidunt ut labore et dolore magnam aliquam quaerat voluptatem.</p>','2020-11-10 07:19:52','2020-12-31 10:02:44','2020-11-09 00:00:00',1,'rokanthemes/blog/images/3/_/3_1.jpg'),(4,' Celebrating Female Leader','rokanthemes/blog/images/4/_/4.jpg',NULL,NULL,'celebrating-female-leader',' Celebrating Female Leader','\r\nClass aptent taciti sociosqu ad litora torquent per conubia nostra, per inceptos himenaeos. Sed luctus, dui eu sagittis sodales, nulla nibh sagittis augue...','<p>Lorem ipsum dolor sit amet, consectetur adipisicing elit, sed do eiusmod tempor incididunt ut labore et dolore magna aliqua. Ut enim ad minim veniam, quis nostrud exercitation ullamco laboris nisi ut aliquip ex ea commodo consequat. Duis aute irure dolor in reprehenderit in voluptate velit esse cillum dolore eu fugiat nulla pariatur. Excepteur sint occaecat cupidatat non proident, sunt in culpa qui officia deserunt mollit anim id est laborum. Sed ut perspiciatis unde omnis iste natus error sit voluptatem accusantium doloremque laudantium, totam rem aperiam, eaque ipsa quae ab illo inventore veritatis et quasi architecto beatae vitae dicta sunt explicabo. Nemo enim ipsam voluptatem quia voluptas sit aspernatur aut odit aut fugit, sed quia consequuntur magni dolores eos qui ratione voluptatem sequi nesciunt. Neque porro quisquam est, qui dolorem ipsum quia dolor sit amet, consectetur, adipisci velit, sed quia non numquam eius modi tempora incidunt ut labore et dolore magnam aliquam quaerat voluptatem. Lorem ipsum dolor sit amet, consectetur adipisicing elit, sed do eiusmod tempor incididunt ut labore et dolore magna aliqua. Ut enim ad minim veniam, quis nostrud exercitation ullamco laboris nisi ut aliquip ex ea commodo consequat. Duis aute irure dolor in reprehenderit in voluptate velit esse cillum dolore eu fugiat nulla pariatur.numquam eius modi tempora incidunt ut labore et dolore magnam aliquam quaerat voluptatem.</p>\r\n<div class=\"row\">\r\n<div class=\"col-sm-6\"><img src=\"{{media url=&quot;wysiwyg/bl1.jpg&quot;}}\" alt=\"\"></div>\r\n<div class=\"col-sm-6\"><img src=\"{{media url=&quot;wysiwyg/bl2.jpg&quot;}}\" alt=\"\"></div>\r\n</div>\r\n<p>&nbsp;</p>\r\n<p>Lorem ipsum dolor sit amet, consectetur adipisicing elit, sed do eiusmod tempor incididunt ut labore et dolore magna aliqua. Ut enim ad minim veniam, quis nostrud exercitation ullamco laboris nisi ut aliquip ex ea commodo consequat. Duis aute irure dolor in reprehenderit in voluptate velit esse cillum dolore eu fugiat nulla pariatur.numquam eius modi tempora incidunt ut labore et dolore magnam aliquam quaerat voluptatem.</p>','2020-11-10 07:30:13','2020-11-19 01:37:12','2020-11-09 00:00:00',1,'rokanthemes/blog/images/4/_/4_1.jpg'),(5,'Create Good Feng Shui in Your ','rokanthemes/blog/images/5/_/5.jpg',NULL,NULL,'create-good-feng-shui-in-your','Create Good Feng Shui in Your ','Class aptent taciti sociosqu ad litora torquent per conubia nostra, per inceptos himenaeos. Sed luctus, dui eu sagittis sodales, nulla nibh sagittis augue...','<p>Lorem ipsum dolor sit amet, consectetur adipisicing elit, sed do eiusmod tempor incididunt ut labore et dolore magna aliqua. Ut enim ad minim veniam, quis nostrud exercitation ullamco laboris nisi ut aliquip ex ea commodo consequat. Duis aute irure dolor in reprehenderit in voluptate velit esse cillum dolore eu fugiat nulla pariatur. Excepteur sint occaecat cupidatat non proident, sunt in culpa qui officia deserunt mollit anim id est laborum. Sed ut perspiciatis unde omnis iste natus error sit voluptatem accusantium doloremque laudantium, totam rem aperiam, eaque ipsa quae ab illo inventore veritatis et quasi architecto beatae vitae dicta sunt explicabo. Nemo enim ipsam voluptatem quia voluptas sit aspernatur aut odit aut fugit, sed quia consequuntur magni dolores eos qui ratione voluptatem sequi nesciunt. Neque porro quisquam est, qui dolorem ipsum quia dolor sit amet, consectetur, adipisci velit, sed quia non numquam eius modi tempora incidunt ut labore et dolore magnam aliquam quaerat voluptatem. Lorem ipsum dolor sit amet, consectetur adipisicing elit, sed do eiusmod tempor incididunt ut labore et dolore magna aliqua. Ut enim ad minim veniam, quis nostrud exercitation ullamco laboris nisi ut aliquip ex ea commodo consequat. Duis aute irure dolor in reprehenderit in voluptate velit esse cillum dolore eu fugiat nulla pariatur.numquam eius modi tempora incidunt ut labore et dolore magnam aliquam quaerat voluptatem.</p>\r\n<div class=\"row\">\r\n<div class=\"col-sm-6\"><img src=\"{{media url=&quot;wysiwyg/bl1.jpg&quot;}}\" alt=\"\"></div>\r\n<div class=\"col-sm-6\"><img src=\"{{media url=&quot;wysiwyg/bl2.jpg&quot;}}\" alt=\"\"></div>\r\n</div>\r\n<p>&nbsp;</p>\r\n<p>Lorem ipsum dolor sit amet, consectetur adipisicing elit, sed do eiusmod tempor incididunt ut labore et dolore magna aliqua. Ut enim ad minim veniam, quis nostrud exercitation ullamco laboris nisi ut aliquip ex ea commodo consequat. Duis aute irure dolor in reprehenderit in voluptate velit esse cillum dolore eu fugiat nulla pariatur.numquam eius modi tempora incidunt ut labore et dolore magnam aliquam quaerat voluptatem.</p>','2020-11-10 07:30:14','2020-12-31 10:06:54','2018-11-02 00:00:00',1,'rokanthemes/blog/images/5/_/5_1.jpg'),(6,'Stylish color scheme in interior ','rokanthemes/blog/images/6/_/6.jpg',NULL,NULL,'stylish-color-scheme-in-interior','Stylish color scheme in interior ','Class aptent taciti sociosqu ad litora torquent per conubia nostra, per inceptos himenaeos. Sed luctus, dui eu sagittis sodales, nulla nibh sagittis augue...','<p>Lorem ipsum dolor sit amet, consectetur adipisicing elit, sed do eiusmod tempor incididunt ut labore et dolore magna aliqua. Ut enim ad minim veniam, quis nostrud exercitation ullamco laboris nisi ut aliquip ex ea commodo consequat. Duis aute irure dolor in reprehenderit in voluptate velit esse cillum dolore eu fugiat nulla pariatur. Excepteur sint occaecat cupidatat non proident, sunt in culpa qui officia deserunt mollit anim id est laborum. Sed ut perspiciatis unde omnis iste natus error sit voluptatem accusantium doloremque laudantium, totam rem aperiam, eaque ipsa quae ab illo inventore veritatis et quasi architecto beatae vitae dicta sunt explicabo. Nemo enim ipsam voluptatem quia voluptas sit aspernatur aut odit aut fugit, sed quia consequuntur magni dolores eos qui ratione voluptatem sequi nesciunt. Neque porro quisquam est, qui dolorem ipsum quia dolor sit amet, consectetur, adipisci velit, sed quia non numquam eius modi tempora incidunt ut labore et dolore magnam aliquam quaerat voluptatem. Lorem ipsum dolor sit amet, consectetur adipisicing elit, sed do eiusmod tempor incididunt ut labore et dolore magna aliqua. Ut enim ad minim veniam, quis nostrud exercitation ullamco laboris nisi ut aliquip ex ea commodo consequat. Duis aute irure dolor in reprehenderit in voluptate velit esse cillum dolore eu fugiat nulla pariatur.numquam eius modi tempora incidunt ut labore et dolore magnam aliquam quaerat voluptatem.</p>\r\n<div class=\"row\">\r\n<div class=\"col-sm-6\"><img src=\"{{media url=&quot;wysiwyg/bl1.jpg&quot;}}\" alt=\"\"></div>\r\n<div class=\"col-sm-6\"><img src=\"{{media url=&quot;wysiwyg/bl2.jpg&quot;}}\" alt=\"\"></div>\r\n</div>\r\n<p>&nbsp;</p>\r\n<p>Lorem ipsum dolor sit amet, consectetur adipisicing elit, sed do eiusmod tempor incididunt ut labore et dolore magna aliqua. Ut enim ad minim veniam, quis nostrud exercitation ullamco laboris nisi ut aliquip ex ea commodo consequat. Duis aute irure dolor in reprehenderit in voluptate velit esse cillum dolore eu fugiat nulla pariatur.numquam eius modi tempora incidunt ut labore et dolore magnam aliquam quaerat voluptatem.</p>','2020-11-10 07:43:12','2020-12-31 10:02:51','2020-11-07 00:00:00',1,'rokanthemes/blog/images/6/_/6_1.jpg'),(7,'The color scheme for bedrooms','rokanthemes/blog/images/7/_/7.jpg',NULL,NULL,'the-color-scheme-for-bedrooms','The color scheme for bedrooms','Class aptent taciti sociosqu ad litora torquent per conubia nostra, per inceptos himenaeos. Sed luctus, dui eu sagittis sodales, nulla nibh sagittis augue...','<p>Lorem ipsum dolor sit amet, consectetur adipisicing elit, sed do eiusmod tempor incididunt ut labore et dolore magna aliqua. Ut enim ad minim veniam, quis nostrud exercitation ullamco laboris nisi ut aliquip ex ea commodo consequat. Duis aute irure dolor in reprehenderit in voluptate velit esse cillum dolore eu fugiat nulla pariatur. Excepteur sint occaecat cupidatat non proident, sunt in culpa qui officia deserunt mollit anim id est laborum. Sed ut perspiciatis unde omnis iste natus error sit voluptatem accusantium doloremque laudantium, totam rem aperiam, eaque ipsa quae ab illo inventore veritatis et quasi architecto beatae vitae dicta sunt explicabo. Nemo enim ipsam voluptatem quia voluptas sit aspernatur aut odit aut fugit, sed quia consequuntur magni dolores eos qui ratione voluptatem sequi nesciunt. Neque porro quisquam est, qui dolorem ipsum quia dolor sit amet, consectetur, adipisci velit, sed quia non numquam eius modi tempora incidunt ut labore et dolore magnam aliquam quaerat voluptatem. Lorem ipsum dolor sit amet, consectetur adipisicing elit, sed do eiusmod tempor incididunt ut labore et dolore magna aliqua. Ut enim ad minim veniam, quis nostrud exercitation ullamco laboris nisi ut aliquip ex ea commodo consequat. Duis aute irure dolor in reprehenderit in voluptate velit esse cillum dolore eu fugiat nulla pariatur.numquam eius modi tempora incidunt ut labore et dolore magnam aliquam quaerat voluptatem.</p>\r\n<div class=\"row\">\r\n<div class=\"col-sm-6\"><img src=\"{{media url=&quot;wysiwyg/bl1.jpg&quot;}}\" alt=\"\"></div>\r\n<div class=\"col-sm-6\"><img src=\"{{media url=&quot;wysiwyg/bl2.jpg&quot;}}\" alt=\"\"></div>\r\n</div>\r\n<p>&nbsp;</p>\r\n<p>Lorem ipsum dolor sit amet, consectetur adipisicing elit, sed do eiusmod tempor incididunt ut labore et dolore magna aliqua. Ut enim ad minim veniam, quis nostrud exercitation ullamco laboris nisi ut aliquip ex ea commodo consequat. Duis aute irure dolor in reprehenderit in voluptate velit esse cillum dolore eu fugiat nulla pariatur.numquam eius modi tempora incidunt ut labore et dolore magnam aliquam quaerat voluptatem.</p>','2020-11-10 07:47:22','2020-12-31 10:06:33','2019-11-06 00:00:00',1,'rokanthemes/blog/images/7/_/7_1.jpg'),(8,'The sofa in the living room','rokanthemes/blog/images/8/_/8.jpg',NULL,NULL,'the-sofa-in-the-living-room','The sofa in the living room','Class aptent taciti sociosqu ad litora torquent per conubia nostra, per inceptos himenaeos. Sed luctus, dui eu sagittis sodales, nulla nibh sagittis augue...','<p>Lorem ipsum dolor sit amet, consectetur adipisicing elit, sed do eiusmod tempor incididunt ut labore et dolore magna aliqua. Ut enim ad minim veniam, quis nostrud exercitation ullamco laboris nisi ut aliquip ex ea commodo consequat. Duis aute irure dolor in reprehenderit in voluptate velit esse cillum dolore eu fugiat nulla pariatur. Excepteur sint occaecat cupidatat non proident, sunt in culpa qui officia deserunt mollit anim id est laborum. Sed ut perspiciatis unde omnis iste natus error sit voluptatem accusantium doloremque laudantium, totam rem aperiam, eaque ipsa quae ab illo inventore veritatis et quasi architecto beatae vitae dicta sunt explicabo. Nemo enim ipsam voluptatem quia voluptas sit aspernatur aut odit aut fugit, sed quia consequuntur magni dolores eos qui ratione voluptatem sequi nesciunt. Neque porro quisquam est, qui dolorem ipsum quia dolor sit amet, consectetur, adipisci velit, sed quia non numquam eius modi tempora incidunt ut labore et dolore magnam aliquam quaerat voluptatem. Lorem ipsum dolor sit amet, consectetur adipisicing elit, sed do eiusmod tempor incididunt ut labore et dolore magna aliqua. Ut enim ad minim veniam, quis nostrud exercitation ullamco laboris nisi ut aliquip ex ea commodo consequat. Duis aute irure dolor in reprehenderit in voluptate velit esse cillum dolore eu fugiat nulla pariatur.numquam eius modi tempora incidunt ut labore et dolore magnam aliquam quaerat voluptatem.</p>\r\n<div class=\"row\">\r\n<div class=\"col-sm-6\"><img src=\"{{media url=&quot;wysiwyg/bl1.jpg&quot;}}\" alt=\"\"></div>\r\n<div class=\"col-sm-6\"><img src=\"{{media url=&quot;wysiwyg/bl2.jpg&quot;}}\" alt=\"\"></div>\r\n</div>\r\n<p>&nbsp;</p>\r\n<p>Lorem ipsum dolor sit amet, consectetur adipisicing elit, sed do eiusmod tempor incididunt ut labore et dolore magna aliqua. Ut enim ad minim veniam, quis nostrud exercitation ullamco laboris nisi ut aliquip ex ea commodo consequat. Duis aute irure dolor in reprehenderit in voluptate velit esse cillum dolore eu fugiat nulla pariatur.numquam eius modi tempora incidunt ut labore et dolore magnam aliquam quaerat voluptatem.</p>','2020-11-10 07:52:53','2020-12-31 10:06:05','2019-11-05 00:00:00',1,'rokanthemes/blog/images/8/_/8_1.jpg'),(9,'Feng shui the indoor plants','rokanthemes/blog/images/9/_/9.jpg',NULL,NULL,'feng-shui-the-indoor-plants','Feng shui the indoor plants','Class aptent taciti sociosqu ad litora torquent per conubia nostra, per inceptos himenaeos. Sed luctus, dui eu sagittis sodales, nulla nibh sagittis augue...','<p>Lorem ipsum dolor sit amet, consectetur adipisicing elit, sed do eiusmod tempor incididunt ut labore et dolore magna aliqua. Ut enim ad minim veniam, quis nostrud exercitation ullamco laboris nisi ut aliquip ex ea commodo consequat. Duis aute irure dolor in reprehenderit in voluptate velit esse cillum dolore eu fugiat nulla pariatur. Excepteur sint occaecat cupidatat non proident, sunt in culpa qui officia deserunt mollit anim id est laborum. Sed ut perspiciatis unde omnis iste natus error sit voluptatem accusantium doloremque laudantium, totam rem aperiam, eaque ipsa quae ab illo inventore veritatis et quasi architecto beatae vitae dicta sunt explicabo. Nemo enim ipsam voluptatem quia voluptas sit aspernatur aut odit aut fugit, sed quia consequuntur magni dolores eos qui ratione voluptatem sequi nesciunt. Neque porro quisquam est, qui dolorem ipsum quia dolor sit amet, consectetur, adipisci velit, sed quia non numquam eius modi tempora incidunt ut labore et dolore magnam aliquam quaerat voluptatem. Lorem ipsum dolor sit amet, consectetur adipisicing elit, sed do eiusmod tempor incididunt ut labore et dolore magna aliqua. Ut enim ad minim veniam, quis nostrud exercitation ullamco laboris nisi ut aliquip ex ea commodo consequat. Duis aute irure dolor in reprehenderit in voluptate velit esse cillum dolore eu fugiat nulla pariatur.numquam eius modi tempora incidunt ut labore et dolore magnam aliquam quaerat voluptatem.</p>\r\n<div class=\"row\">\r\n<div class=\"col-sm-6\"><img src=\"{{media url=&quot;wysiwyg/bl1.jpg&quot;}}\" alt=\"\"></div>\r\n<div class=\"col-sm-6\"><img src=\"{{media url=&quot;wysiwyg/bl2.jpg&quot;}}\" alt=\"\"></div>\r\n</div>\r\n<p>&nbsp;</p>\r\n<p>Lorem ipsum dolor sit amet, consectetur adipisicing elit, sed do eiusmod tempor incididunt ut labore et dolore magna aliqua. Ut enim ad minim veniam, quis nostrud exercitation ullamco laboris nisi ut aliquip ex ea commodo consequat. Duis aute irure dolor in reprehenderit in voluptate velit esse cillum dolore eu fugiat nulla pariatur.numquam eius modi tempora incidunt ut labore et dolore magnam aliquam quaerat voluptatem.</p>','2020-11-10 07:55:40','2020-12-31 10:02:08','2020-11-04 00:00:00',1,'rokanthemes/blog/images/9/_/9_1.jpg'),(10,' Good Feng Shui in Your Kitchen','rokanthemes/blog/images/1/0/10.jpg',NULL,NULL,'good-feng-shui-in-your-kitchen',' Good Feng Shui in Your Kitchen','Class aptent taciti sociosqu ad litora torquent per conubia nostra, per inceptos himenaeos. Sed luctus, dui eu sagittis sodales, nulla nibh sagittis augue...','<p>Lorem ipsum dolor sit amet, consectetur adipisicing elit, sed do eiusmod tempor incididunt ut labore et dolore magna aliqua. Ut enim ad minim veniam, quis nostrud exercitation ullamco laboris nisi ut aliquip ex ea commodo consequat. Duis aute irure dolor in reprehenderit in voluptate velit esse cillum dolore eu fugiat nulla pariatur. Excepteur sint occaecat cupidatat non proident, sunt in culpa qui officia deserunt mollit anim id est laborum. Sed ut perspiciatis unde omnis iste natus error sit voluptatem accusantium doloremque laudantium, totam rem aperiam, eaque ipsa quae ab illo inventore veritatis et quasi architecto beatae vitae dicta sunt explicabo. Nemo enim ipsam voluptatem quia voluptas sit aspernatur aut odit aut fugit, sed quia consequuntur magni dolores eos qui ratione voluptatem sequi nesciunt. Neque porro quisquam est, qui dolorem ipsum quia dolor sit amet, consectetur, adipisci velit, sed quia non numquam eius modi tempora incidunt ut labore et dolore magnam aliquam quaerat voluptatem. Lorem ipsum dolor sit amet, consectetur adipisicing elit, sed do eiusmod tempor incididunt ut labore et dolore magna aliqua. Ut enim ad minim veniam, quis nostrud exercitation ullamco laboris nisi ut aliquip ex ea commodo consequat. Duis aute irure dolor in reprehenderit in voluptate velit esse cillum dolore eu fugiat nulla pariatur.numquam eius modi tempora incidunt ut labore et dolore magnam aliquam quaerat voluptatem.</p>\r\n<div class=\"row\">\r\n<div class=\"col-sm-6\"><img src=\"{{media url=&quot;wysiwyg/bl1.jpg&quot;}}\" alt=\"\"></div>\r\n<div class=\"col-sm-6\"><img src=\"{{media url=&quot;wysiwyg/bl2.jpg&quot;}}\" alt=\"\"></div>\r\n</div>\r\n<p>&nbsp;</p>\r\n<p>Lorem ipsum dolor sit amet, consectetur adipisicing elit, sed do eiusmod tempor incididunt ut labore et dolore magna aliqua. Ut enim ad minim veniam, quis nostrud exercitation ullamco laboris nisi ut aliquip ex ea commodo consequat. Duis aute irure dolor in reprehenderit in voluptate velit esse cillum dolore eu fugiat nulla pariatur.numquam eius modi tempora incidunt ut labore et dolore magnam aliquam quaerat voluptatem.</p>','2020-11-10 07:57:47','2020-12-31 10:06:22','2020-11-01 00:00:00',1,'rokanthemes/blog/images/1/0/10_1.jpg');

--
-- Table structure for table `rokanthemes_blog_post_category`
--

CREATE TABLE `rokanthemes_blog_post_category` (
  `post_id` int(11) NOT NULL COMMENT 'Post ID',
  `category_id` int(11) NOT NULL COMMENT 'Category ID',
  PRIMARY KEY (`post_id`,`category_id`),
  KEY `ROKANTHEMES_BLOG_POST_CATEGORY_CATEGORY_ID` (`category_id`),
  CONSTRAINT `ROKANTHEMES_BLOG_POST_CTGR_CTGR_ID_ROKANTHEMES_BLOG_CTGR_CTGR_ID` FOREIGN KEY (`category_id`) REFERENCES `rokanthemes_blog_category` (`category_id`) ON DELETE CASCADE,
  CONSTRAINT `ROKANTHEMES_BLOG_POST_CTGR_POST_ID_ROKANTHEMES_BLOG_POST_POST_ID` FOREIGN KEY (`post_id`) REFERENCES `rokanthemes_blog_post` (`post_id`) ON DELETE CASCADE
) ENGINE=InnoDB DEFAULT CHARSET=utf8 COMMENT='Rokanthemes Blog Post To Category Linkage Table';

--
-- Dumping data for table `rokanthemes_blog_post_category`
--

INSERT INTO `rokanthemes_blog_post_category` VALUES (1,1),(1,5),(2,1),(3,1),(3,4),(4,1),(5,1),(5,5),(6,1),(6,3),(7,1),(8,1),(8,3),(9,1),(9,3),(10,1),(10,2);

--
-- Table structure for table `rokanthemes_blog_post_relatedpost`
--

CREATE TABLE `rokanthemes_blog_post_relatedpost` (
  `post_id` int(11) NOT NULL COMMENT 'Post ID',
  `related_id` int(11) NOT NULL COMMENT 'Related Post ID',
  PRIMARY KEY (`post_id`,`related_id`),
  KEY `ROKANTHEMES_BLOG_POST_RELATEDPRODUCT_RELATED_ID` (`related_id`),
  CONSTRAINT `FK_2C6615E88C0955F9C321C9DBDFFA7912` FOREIGN KEY (`post_id`) REFERENCES `rokanthemes_blog_post` (`post_id`) ON DELETE CASCADE,
  CONSTRAINT `FK_611071D67D630FB9854BFE889C8B3EC6` FOREIGN KEY (`post_id`) REFERENCES `rokanthemes_blog_post` (`post_id`) ON DELETE CASCADE
) ENGINE=InnoDB DEFAULT CHARSET=utf8 COMMENT='Rokanthemes Blog Post To Post Linkage Table';

--
-- Dumping data for table `rokanthemes_blog_post_relatedpost`
--

INSERT INTO `rokanthemes_blog_post_relatedpost` VALUES (1,4),(1,5),(1,6),(1,7),(1,8),(1,9),(2,4),(2,5),(2,6),(2,8),(2,9),(2,10),(3,1),(3,2),(3,4),(3,5),(3,6),(3,7),(4,5),(4,6),(4,7),(4,8),(4,9),(4,10),(5,4),(5,6),(5,7),(5,8),(5,9),(5,10),(6,2),(6,3),(6,4),(6,5),(6,7),(7,1),(7,4),(7,5),(7,6),(7,8),(7,9),(8,2),(8,5),(8,6),(8,7),(8,9),(8,10),(9,1),(9,2),(9,4),(9,5),(9,7),(9,8),(10,4),(10,5),(10,6),(10,7),(10,8),(10,9);

--
