-- Table structure for table `catalog_product_index_eav_tmp`
--

CREATE TABLE `catalog_product_index_eav_tmp` (
  `entity_id` int(10) unsigned NOT NULL COMMENT 'Entity ID',
  `attribute_id` smallint(5) unsigned NOT NULL COMMENT 'Attribute ID',
  `store_id` smallint(5) unsigned NOT NULL COMMENT 'Store ID',
  `value` int(10) unsigned NOT NULL COMMENT 'Value',
  `source_id` int(10) unsigned NOT NULL DEFAULT 0 COMMENT 'Original entity ID for attribute value',
  PRIMARY KEY (`entity_id`,`attribute_id`,`store_id`,`value`,`source_id`),
  KEY `CATALOG_PRODUCT_INDEX_EAV_TMP_ATTRIBUTE_ID` (`attribute_id`),
  KEY `CATALOG_PRODUCT_INDEX_EAV_TMP_STORE_ID` (`store_id`),
  KEY `CATALOG_PRODUCT_INDEX_EAV_TMP_VALUE` (`value`)
) ENGINE=InnoDB DEFAULT CHARSET=utf8 COMMENT='Catalog Product EAV Indexer Temp Table';

--
-- Dumping data for table `catalog_product_index_eav_tmp`
--


--
-- Table structure for table `catalog_product_index_price`
--

CREATE TABLE `catalog_product_index_price` (
  `entity_id` int(10) unsigned NOT NULL COMMENT 'Entity ID',
  `customer_group_id` int(10) unsigned NOT NULL COMMENT 'Customer Group ID',
  `website_id` smallint(5) unsigned NOT NULL COMMENT 'Website ID',
  `tax_class_id` smallint(5) unsigned DEFAULT 0 COMMENT 'Tax Class ID',
  `price` decimal(20,6) DEFAULT NULL COMMENT 'Price',
  `final_price` decimal(20,6) DEFAULT NULL COMMENT 'Final Price',
  `min_price` decimal(20,6) DEFAULT NULL COMMENT 'Min Price',
  `max_price` decimal(20,6) DEFAULT NULL COMMENT 'Max Price',
  `tier_price` decimal(20,6) DEFAULT NULL COMMENT 'Tier Price',
  PRIMARY KEY (`entity_id`,`customer_group_id`,`website_id`),
  KEY `CATALOG_PRODUCT_INDEX_PRICE_CUSTOMER_GROUP_ID` (`customer_group_id`),
  KEY `CATALOG_PRODUCT_INDEX_PRICE_MIN_PRICE` (`min_price`),
  KEY `CAT_PRD_IDX_PRICE_WS_ID_CSTR_GROUP_ID_MIN_PRICE` (`website_id`,`customer_group_id`,`min_price`)
) ENGINE=InnoDB DEFAULT CHARSET=utf8 COMMENT='Catalog Product Price Index Table';

--
-- Dumping data for table `catalog_product_index_price`
--

INSERT INTO `catalog_product_index_price` VALUES (1,0,1,2,109.000000,100.000000,100.000000,100.000000,NULL),(1,1,1,2,109.000000,100.000000,100.000000,100.000000,NULL),(1,2,1,2,109.000000,100.000000,100.000000,100.000000,NULL),(1,3,1,2,109.000000,100.000000,100.000000,100.000000,NULL),(2,0,1,2,265.000000,265.000000,265.000000,265.000000,NULL),(2,1,1,2,265.000000,265.000000,265.000000,265.000000,NULL),(2,2,1,2,265.000000,265.000000,265.000000,265.000000,NULL),(2,3,1,2,265.000000,265.000000,265.000000,265.000000,NULL),(3,0,1,2,500.000000,500.000000,500.000000,500.000000,NULL),(3,1,1,2,500.000000,500.000000,500.000000,500.000000,NULL),(3,2,1,2,500.000000,500.000000,500.000000,500.000000,NULL),(3,3,1,2,500.000000,500.000000,500.000000,500.000000,NULL),(4,0,1,2,0.000000,0.000000,200.000000,200.000000,NULL),(4,1,1,2,0.000000,0.000000,200.000000,200.000000,NULL),(4,2,1,2,0.000000,0.000000,200.000000,200.000000,NULL),(4,3,1,2,0.000000,0.000000,200.000000,200.000000,NULL),(5,0,1,2,600.000000,400.000000,400.000000,400.000000,NULL),(5,1,1,2,600.000000,400.000000,400.000000,400.000000,NULL),(5,2,1,2,600.000000,400.000000,400.000000,400.000000,NULL),(5,3,1,2,600.000000,400.000000,400.000000,400.000000,NULL),(14,0,1,2,NULL,NULL,265.000000,265.000000,NULL),(14,1,1,2,NULL,NULL,265.000000,265.000000,NULL),(14,2,1,2,NULL,NULL,265.000000,265.000000,NULL),(14,3,1,2,NULL,NULL,265.000000,265.000000,NULL),(17,0,1,2,600.000000,200.000000,200.000000,200.000000,NULL),(17,1,1,2,600.000000,200.000000,200.000000,200.000000,NULL),(17,2,1,2,600.000000,200.000000,200.000000,200.000000,NULL),(17,3,1,2,600.000000,200.000000,200.000000,200.000000,NULL),(18,0,1,2,300.000000,189.000000,189.000000,189.000000,NULL),(18,1,1,2,300.000000,189.000000,189.000000,189.000000,NULL),(18,2,1,2,300.000000,189.000000,189.000000,189.000000,NULL),(18,3,1,2,300.000000,189.000000,189.000000,189.000000,NULL),(19,0,1,2,250.000000,250.000000,250.000000,250.000000,NULL),(19,1,1,2,250.000000,250.000000,250.000000,250.000000,NULL),(19,2,1,2,250.000000,250.000000,250.000000,250.000000,NULL),(19,3,1,2,250.000000,250.000000,250.000000,250.000000,NULL),(20,0,1,2,0.000000,0.000000,89.000000,89.000000,NULL),(20,1,1,2,0.000000,0.000000,89.000000,89.000000,NULL),(20,2,1,2,0.000000,0.000000,89.000000,89.000000,NULL),(20,3,1,2,0.000000,0.000000,89.000000,89.000000,NULL),(21,0,1,2,600.000000,600.000000,600.000000,600.000000,NULL),(21,1,1,2,600.000000,600.000000,600.000000,600.000000,NULL),(21,2,1,2,600.000000,600.000000,600.000000,600.000000,NULL),(21,3,1,2,600.000000,600.000000,600.000000,600.000000,NULL),(22,0,1,2,300.000000,100.000000,100.000000,100.000000,NULL),(22,1,1,2,300.000000,100.000000,100.000000,100.000000,NULL),(22,2,1,2,300.000000,100.000000,100.000000,100.000000,NULL),(22,3,1,2,300.000000,100.000000,100.000000,100.000000,NULL),(23,0,1,2,300.000000,249.000000,249.000000,249.000000,NULL),(23,1,1,2,300.000000,249.000000,249.000000,249.000000,NULL),(23,2,1,2,300.000000,249.000000,249.000000,249.000000,NULL),(23,3,1,2,300.000000,249.000000,249.000000,249.000000,NULL),(24,0,1,2,300.000000,300.000000,300.000000,300.000000,NULL),(24,1,1,2,300.000000,300.000000,300.000000,300.000000,NULL),(24,2,1,2,300.000000,300.000000,300.000000,300.000000,NULL),(24,3,1,2,300.000000,300.000000,300.000000,300.000000,NULL),(25,0,1,2,300.000000,300.000000,300.000000,300.000000,NULL),(25,1,1,2,300.000000,300.000000,300.000000,300.000000,NULL),(25,2,1,2,300.000000,300.000000,300.000000,300.000000,NULL),(25,3,1,2,300.000000,300.000000,300.000000,300.000000,NULL),(26,0,1,2,200.000000,100.000000,100.000000,100.000000,NULL),(26,1,1,2,200.000000,100.000000,100.000000,100.000000,NULL),(26,2,1,2,200.000000,100.000000,100.000000,100.000000,NULL),(26,3,1,2,200.000000,100.000000,100.000000,100.000000,NULL),(27,0,1,2,500.000000,250.000000,250.000000,250.000000,NULL),(27,1,1,2,500.000000,250.000000,250.000000,250.000000,NULL),(27,2,1,2,500.000000,250.000000,250.000000,250.000000,NULL),(27,3,1,2,500.000000,250.000000,250.000000,250.000000,NULL),(28,0,1,2,300.000000,300.000000,300.000000,300.000000,NULL),(28,1,1,2,300.000000,300.000000,300.000000,300.000000,NULL),(28,2,1,2,300.000000,300.000000,300.000000,300.000000,NULL),(28,3,1,2,300.000000,300.000000,300.000000,300.000000,NULL),(29,0,1,2,109.000000,109.000000,109.000000,109.000000,NULL),(29,1,1,2,109.000000,109.000000,109.000000,109.000000,NULL),(29,2,1,2,109.000000,109.000000,109.000000,109.000000,NULL),(29,3,1,2,109.000000,109.000000,109.000000,109.000000,NULL),(30,0,1,2,300.000000,300.000000,300.000000,300.000000,NULL),(30,1,1,2,300.000000,300.000000,300.000000,300.000000,NULL),(30,2,1,2,300.000000,300.000000,300.000000,300.000000,NULL),(30,3,1,2,300.000000,300.000000,300.000000,300.000000,NULL),(31,0,1,2,129.000000,129.000000,129.000000,129.000000,NULL),(31,1,1,2,129.000000,129.000000,129.000000,129.000000,NULL),(31,2,1,2,129.000000,129.000000,129.000000,129.000000,NULL),(31,3,1,2,129.000000,129.000000,129.000000,129.000000,NULL),(32,0,8,2,202.000000,202.000000,202.000000,202.000000,NULL),(32,1,8,2,202.000000,202.000000,202.000000,202.000000,NULL),(32,2,8,2,202.000000,202.000000,202.000000,202.000000,NULL),(32,3,8,2,202.000000,202.000000,202.000000,202.000000,NULL),(33,0,8,2,199.000000,132.000000,132.000000,132.000000,NULL),(33,1,8,2,199.000000,132.000000,132.000000,132.000000,NULL),(33,2,8,2,199.000000,132.000000,132.000000,132.000000,NULL),(33,3,8,2,199.000000,132.000000,132.000000,132.000000,NULL),(34,0,8,2,124.990000,99.990000,99.990000,99.990000,NULL),(34,1,8,2,124.990000,99.990000,99.990000,99.990000,NULL),(34,2,8,2,124.990000,99.990000,99.990000,99.990000,NULL),(34,3,8,2,124.990000,99.990000,99.990000,99.990000,NULL),(35,0,8,2,132.000000,99.990000,99.990000,99.990000,NULL),(35,1,8,2,132.000000,99.990000,99.990000,99.990000,NULL),(35,2,8,2,132.000000,99.990000,99.990000,99.990000,NULL),(35,3,8,2,132.000000,99.990000,99.990000,99.990000,NULL),(36,0,8,2,223.990000,132.000000,132.000000,132.000000,NULL),(36,1,8,2,223.990000,132.000000,132.000000,132.000000,NULL),(36,2,8,2,223.990000,132.000000,132.000000,132.000000,NULL),(36,3,8,2,223.990000,132.000000,132.000000,132.000000,NULL),(37,0,8,2,202.000000,202.000000,202.000000,202.000000,NULL),(37,1,8,2,202.000000,202.000000,202.000000,202.000000,NULL),(37,2,8,2,202.000000,202.000000,202.000000,202.000000,NULL),(37,3,8,2,202.000000,202.000000,202.000000,202.000000,NULL),(38,0,8,2,172.990000,132.000000,132.000000,132.000000,NULL),(38,1,8,2,172.990000,132.000000,132.000000,132.000000,NULL),(38,2,8,2,172.990000,132.000000,132.000000,132.000000,NULL),(38,3,8,2,172.990000,132.000000,132.000000,132.000000,NULL),(39,0,8,2,300.000000,300.000000,300.000000,300.000000,NULL),(39,1,8,2,300.000000,300.000000,300.000000,300.000000,NULL),(39,2,8,2,300.000000,300.000000,300.000000,300.000000,NULL),(39,3,8,2,300.000000,300.000000,300.000000,300.000000,NULL),(40,0,8,2,121.990000,121.990000,121.990000,121.990000,NULL),(40,1,8,2,121.990000,121.990000,121.990000,121.990000,NULL),(40,2,8,2,121.990000,121.990000,121.990000,121.990000,NULL),(40,3,8,2,121.990000,121.990000,121.990000,121.990000,NULL),(41,0,8,2,202.000000,202.000000,202.000000,202.000000,NULL),(41,1,8,2,202.000000,202.000000,202.000000,202.000000,NULL),(41,2,8,2,202.000000,202.000000,202.000000,202.000000,NULL),(41,3,8,2,202.000000,202.000000,202.000000,202.000000,NULL),(42,0,8,2,155.000000,155.000000,155.000000,155.000000,NULL),(42,1,8,2,155.000000,155.000000,155.000000,155.000000,NULL),(42,2,8,2,155.000000,155.000000,155.000000,155.000000,NULL),(42,3,8,2,155.000000,155.000000,155.000000,155.000000,NULL),(44,0,9,2,0.000000,0.000000,99.000000,99.000000,NULL),(44,1,9,2,0.000000,0.000000,99.000000,99.000000,NULL),(44,2,9,2,0.000000,0.000000,99.000000,99.000000,NULL),(44,3,9,2,0.000000,0.000000,99.000000,99.000000,NULL),(45,0,9,2,129.000000,129.000000,129.000000,129.000000,NULL),(45,1,9,2,129.000000,129.000000,129.000000,129.000000,NULL),(45,2,9,2,129.000000,129.000000,129.000000,129.000000,NULL),(45,3,9,2,129.000000,129.000000,129.000000,129.000000,NULL),(46,0,9,2,168.000000,132.000000,132.000000,132.000000,NULL),(46,1,9,2,168.000000,132.000000,132.000000,132.000000,NULL),(46,2,9,2,168.000000,132.000000,132.000000,132.000000,NULL),(46,3,9,2,168.000000,132.000000,132.000000,132.000000,NULL),(47,0,9,2,399.000000,198.000000,198.000000,198.000000,NULL),(47,1,9,2,399.000000,198.000000,198.000000,198.000000,NULL),(47,2,9,2,399.000000,198.000000,198.000000,198.000000,NULL),(47,3,9,2,399.000000,198.000000,198.000000,198.000000,NULL),(48,0,9,2,200.000000,149.000000,149.000000,149.000000,NULL),(48,1,9,2,200.000000,149.000000,149.000000,149.000000,NULL),(48,2,9,2,200.000000,149.000000,149.000000,149.000000,NULL),(48,3,9,2,200.000000,149.000000,149.000000,149.000000,NULL),(49,0,9,2,149.000000,149.000000,149.000000,149.000000,NULL),(49,1,9,2,149.000000,149.000000,149.000000,149.000000,NULL),(49,2,9,2,149.000000,149.000000,149.000000,149.000000,NULL),(49,3,9,2,149.000000,149.000000,149.000000,149.000000,NULL),(50,0,9,2,126.500000,126.500000,126.500000,126.500000,NULL),(50,1,9,2,126.500000,126.500000,126.500000,126.500000,NULL),(50,2,9,2,126.500000,126.500000,126.500000,126.500000,NULL),(50,3,9,2,126.500000,126.500000,126.500000,126.500000,NULL),(51,0,9,2,166.990000,132.000000,132.000000,132.000000,NULL),(51,1,9,2,166.990000,132.000000,132.000000,132.000000,NULL),(51,2,9,2,166.990000,132.000000,132.000000,132.000000,NULL),(51,3,9,2,166.990000,132.000000,132.000000,132.000000,NULL),(52,0,9,2,132.000000,121.990000,121.990000,121.990000,NULL),(52,1,9,2,132.000000,121.990000,121.990000,121.990000,NULL),(52,2,9,2,132.000000,121.990000,121.990000,121.990000,NULL),(52,3,9,2,132.000000,121.990000,121.990000,121.990000,NULL),(53,0,9,2,112.990000,112.990000,112.990000,112.990000,NULL),(53,1,9,2,112.990000,112.990000,112.990000,112.990000,NULL),(53,2,9,2,112.990000,112.990000,112.990000,112.990000,NULL),(53,3,9,2,112.990000,112.990000,112.990000,112.990000,NULL),(55,0,9,2,125.990000,125.990000,125.990000,125.990000,NULL),(55,1,9,2,125.990000,125.990000,125.990000,125.990000,NULL),(55,2,9,2,125.990000,125.990000,125.990000,125.990000,NULL),(55,3,9,2,125.990000,125.990000,125.990000,125.990000,NULL),(56,0,9,2,144.000000,99.000000,99.000000,99.000000,NULL),(56,1,9,2,144.000000,99.000000,99.000000,99.000000,NULL),(56,2,9,2,144.000000,99.000000,99.000000,99.000000,NULL),(56,3,9,2,144.000000,99.000000,99.000000,99.000000,NULL),(57,0,1,2,300.000000,200.000000,200.000000,200.000000,NULL),(57,1,1,2,300.000000,200.000000,200.000000,200.000000,NULL),(57,2,1,2,300.000000,200.000000,200.000000,200.000000,NULL),(57,3,1,2,300.000000,200.000000,200.000000,200.000000,NULL),(58,0,1,2,300.000000,200.000000,200.000000,200.000000,NULL),(58,1,1,2,300.000000,200.000000,200.000000,200.000000,NULL),(58,2,1,2,300.000000,200.000000,200.000000,200.000000,NULL),(58,3,1,2,300.000000,200.000000,200.000000,200.000000,NULL),(59,0,1,2,300.000000,200.000000,200.000000,200.000000,NULL),(59,1,1,2,300.000000,200.000000,200.000000,200.000000,NULL),(59,2,1,2,300.000000,200.000000,200.000000,200.000000,NULL),(59,3,1,2,300.000000,200.000000,200.000000,200.000000,NULL),(61,0,1,2,600.000000,89.000000,89.000000,89.000000,NULL),(61,1,1,2,600.000000,89.000000,89.000000,89.000000,NULL),(61,2,1,2,600.000000,89.000000,89.000000,89.000000,NULL),(61,3,1,2,600.000000,89.000000,89.000000,89.000000,NULL),(69,0,1,2,0.000000,0.000000,0.000000,0.000000,NULL),(69,1,1,2,0.000000,0.000000,0.000000,0.000000,NULL),(69,2,1,2,0.000000,0.000000,0.000000,0.000000,NULL),(69,3,1,2,0.000000,0.000000,0.000000,0.000000,NULL),(83,0,9,2,99.000000,99.000000,99.000000,99.000000,NULL),(83,1,9,2,99.000000,99.000000,99.000000,99.000000,NULL),(83,2,9,2,99.000000,99.000000,99.000000,99.000000,NULL),(83,3,9,2,99.000000,99.000000,99.000000,99.000000,NULL),(84,0,9,2,99.000000,99.000000,99.000000,99.000000,NULL),(84,1,9,2,99.000000,99.000000,99.000000,99.000000,NULL),(84,2,9,2,99.000000,99.000000,99.000000,99.000000,NULL),(84,3,9,2,99.000000,99.000000,99.000000,99.000000,NULL),(85,0,9,2,99.000000,99.000000,99.000000,99.000000,NULL),(85,1,9,2,99.000000,99.000000,99.000000,99.000000,NULL),(85,2,9,2,99.000000,99.000000,99.000000,99.000000,NULL),(85,3,9,2,99.000000,99.000000,99.000000,99.000000,NULL),(86,0,9,2,99.000000,99.000000,99.000000,99.000000,NULL),(86,1,9,2,99.000000,99.000000,99.000000,99.000000,NULL),(86,2,9,2,99.000000,99.000000,99.000000,99.000000,NULL),(86,3,9,2,99.000000,99.000000,99.000000,99.000000,NULL),(87,0,9,2,99.000000,99.000000,99.000000,99.000000,NULL),(87,1,9,2,99.000000,99.000000,99.000000,99.000000,NULL),(87,2,9,2,99.000000,99.000000,99.000000,99.000000,NULL),(87,3,9,2,99.000000,99.000000,99.000000,99.000000,NULL),(88,0,9,2,99.000000,99.000000,99.000000,99.000000,NULL),(88,1,9,2,99.000000,99.000000,99.000000,99.000000,NULL),(88,2,9,2,99.000000,99.000000,99.000000,99.000000,NULL),(88,3,9,2,99.000000,99.000000,99.000000,99.000000,NULL),(89,0,9,2,99.000000,99.000000,99.000000,99.000000,NULL),(89,1,9,2,99.000000,99.000000,99.000000,99.000000,NULL),(89,2,9,2,99.000000,99.000000,99.000000,99.000000,NULL),(89,3,9,2,99.000000,99.000000,99.000000,99.000000,NULL),(90,0,9,2,99.000000,99.000000,99.000000,99.000000,NULL),(90,1,9,2,99.000000,99.000000,99.000000,99.000000,NULL),(90,2,9,2,99.000000,99.000000,99.000000,99.000000,NULL),(90,3,9,2,99.000000,99.000000,99.000000,99.000000,NULL),(91,0,9,2,99.000000,99.000000,99.000000,99.000000,NULL),(91,1,9,2,99.000000,99.000000,99.000000,99.000000,NULL),(91,2,9,2,99.000000,99.000000,99.000000,99.000000,NULL),(91,3,9,2,99.000000,99.000000,99.000000,99.000000,NULL);

--
-- Table structure for table `catalog_product_index_price_bundle_idx`
--

CREATE TABLE `catalog_product_index_price_bundle_idx` (
  `entity_id` int(10) unsigned NOT NULL COMMENT 'Entity ID',
  `customer_group_id` int(11) NOT NULL,
  `website_id` smallint(5) unsigned NOT NULL COMMENT 'Website ID',
  `tax_class_id` smallint(5) unsigned DEFAULT 0 COMMENT 'Tax Class ID',
  `price_type` smallint(5) unsigned NOT NULL COMMENT 'Price Type',
  `special_price` decimal(20,6) DEFAULT NULL COMMENT 'Special Price',
  `tier_percent` decimal(20,6) DEFAULT NULL COMMENT 'Tier Percent',
  `orig_price` decimal(20,6) DEFAULT NULL COMMENT 'Orig Price',
  `price` decimal(20,6) DEFAULT NULL COMMENT 'Price',
  `min_price` decimal(20,6) DEFAULT NULL COMMENT 'Min Price',
  `max_price` decimal(20,6) DEFAULT NULL COMMENT 'Max Price',
  `tier_price` decimal(20,6) DEFAULT NULL COMMENT 'Tier Price',
  `base_tier` decimal(20,6) DEFAULT NULL COMMENT 'Base Tier',
  PRIMARY KEY (`entity_id`,`customer_group_id`,`website_id`)
) ENGINE=InnoDB DEFAULT CHARSET=utf8 COMMENT='Catalog Product Index Price Bundle Idx';

--
-- Dumping data for table `catalog_product_index_price_bundle_idx`
--


--
-- Table structure for table `catalog_product_index_price_bundle_opt_idx`
--

CREATE TABLE `catalog_product_index_price_bundle_opt_idx` (
  `entity_id` int(10) unsigned NOT NULL COMMENT 'Entity ID',
  `customer_group_id` int(11) NOT NULL,
  `website_id` smallint(5) unsigned NOT NULL COMMENT 'Website ID',
  `option_id` int(10) unsigned NOT NULL DEFAULT 0 COMMENT 'Option ID',
  `min_price` decimal(20,6) DEFAULT NULL COMMENT 'Min Price',
  `alt_price` decimal(20,6) DEFAULT NULL COMMENT 'Alt Price',
  `max_price` decimal(20,6) DEFAULT NULL COMMENT 'Max Price',
  `tier_price` decimal(20,6) DEFAULT NULL COMMENT 'Tier Price',
  `alt_tier_price` decimal(20,6) DEFAULT NULL COMMENT 'Alt Tier Price',
  PRIMARY KEY (`entity_id`,`customer_group_id`,`website_id`,`option_id`)
) ENGINE=InnoDB DEFAULT CHARSET=utf8 COMMENT='Catalog Product Index Price Bundle Opt Idx';

--
-- Dumping data for table `catalog_product_index_price_bundle_opt_idx`
--


--
-- Table structure for table `catalog_product_index_price_bundle_opt_tmp`
--

CREATE TABLE `catalog_product_index_price_bundle_opt_tmp` (
  `entity_id` int(10) unsigned NOT NULL COMMENT 'Entity ID',
  `customer_group_id` int(11) NOT NULL,
  `website_id` smallint(5) unsigned NOT NULL COMMENT 'Website ID',
  `option_id` int(10) unsigned NOT NULL DEFAULT 0 COMMENT 'Option ID',
  `min_price` decimal(20,6) DEFAULT NULL COMMENT 'Min Price',
  `alt_price` decimal(20,6) DEFAULT NULL COMMENT 'Alt Price',
  `max_price` decimal(20,6) DEFAULT NULL COMMENT 'Max Price',
  `tier_price` decimal(20,6) DEFAULT NULL COMMENT 'Tier Price',
  `alt_tier_price` decimal(20,6) DEFAULT NULL COMMENT 'Alt Tier Price',
  PRIMARY KEY (`entity_id`,`customer_group_id`,`website_id`,`option_id`)
) ENGINE=InnoDB DEFAULT CHARSET=utf8 COMMENT='Catalog Product Index Price Bundle Opt Tmp';

--
-- Dumping data for table `catalog_product_index_price_bundle_opt_tmp`
--


--
-- Table structure for table `catalog_product_index_price_bundle_sel_idx`
--

CREATE TABLE `catalog_product_index_price_bundle_sel_idx` (
  `entity_id` int(10) unsigned NOT NULL COMMENT 'Entity ID',
  `customer_group_id` int(11) NOT NULL,
  `website_id` smallint(5) unsigned NOT NULL COMMENT 'Website ID',
  `option_id` int(10) unsigned NOT NULL DEFAULT 0 COMMENT 'Option ID',
  `selection_id` int(10) unsigned NOT NULL DEFAULT 0 COMMENT 'Selection ID',
  `group_type` smallint(5) unsigned DEFAULT 0 COMMENT 'Group Type',
  `is_required` smallint(5) unsigned DEFAULT 0 COMMENT 'Is Required',
  `price` decimal(20,6) DEFAULT NULL COMMENT 'Price',
  `tier_price` decimal(20,6) DEFAULT NULL COMMENT 'Tier Price',
  PRIMARY KEY (`entity_id`,`customer_group_id`,`website_id`,`option_id`,`selection_id`)
) ENGINE=InnoDB DEFAULT CHARSET=utf8 COMMENT='Catalog Product Index Price Bundle Sel Idx';

--
-- Dumping data for table `catalog_product_index_price_bundle_sel_idx`
--


--
-- Table structure for table `catalog_product_index_price_bundle_sel_tmp`
--

CREATE TABLE `catalog_product_index_price_bundle_sel_tmp` (
  `entity_id` int(10) unsigned NOT NULL COMMENT 'Entity ID',
  `customer_group_id` int(11) NOT NULL,
  `website_id` smallint(5) unsigned NOT NULL COMMENT 'Website ID',
  `option_id` int(10) unsigned NOT NULL DEFAULT 0 COMMENT 'Option ID',
  `selection_id` int(10) unsigned NOT NULL DEFAULT 0 COMMENT 'Selection ID',
  `group_type` smallint(5) unsigned DEFAULT 0 COMMENT 'Group Type',
  `is_required` smallint(5) unsigned DEFAULT 0 COMMENT 'Is Required',
  `price` decimal(20,6) DEFAULT NULL COMMENT 'Price',
  `tier_price` decimal(20,6) DEFAULT NULL COMMENT 'Tier Price',
  PRIMARY KEY (`entity_id`,`customer_group_id`,`website_id`,`option_id`,`selection_id`)
) ENGINE=InnoDB DEFAULT CHARSET=utf8 COMMENT='Catalog Product Index Price Bundle Sel Tmp';

--
-- Dumping data for table `catalog_product_index_price_bundle_sel_tmp`
--


--
-- Table structure for table `catalog_product_index_price_bundle_tmp`
--

CREATE TABLE `catalog_product_index_price_bundle_tmp` (
  `entity_id` int(10) unsigned NOT NULL COMMENT 'Entity ID',
  `customer_group_id` int(11) NOT NULL,
  `website_id` smallint(5) unsigned NOT NULL COMMENT 'Website ID',
  `tax_class_id` smallint(5) unsigned DEFAULT 0 COMMENT 'Tax Class ID',
  `price_type` smallint(5) unsigned NOT NULL COMMENT 'Price Type',
  `special_price` decimal(20,6) DEFAULT NULL COMMENT 'Special Price',
  `tier_percent` decimal(20,6) DEFAULT NULL COMMENT 'Tier Percent',
  `orig_price` decimal(20,6) DEFAULT NULL COMMENT 'Orig Price',
  `price` decimal(20,6) DEFAULT NULL COMMENT 'Price',
  `min_price` decimal(20,6) DEFAULT NULL COMMENT 'Min Price',
  `max_price` decimal(20,6) DEFAULT NULL COMMENT 'Max Price',
  `tier_price` decimal(20,6) DEFAULT NULL COMMENT 'Tier Price',
  `base_tier` decimal(20,6) DEFAULT NULL COMMENT 'Base Tier',
  PRIMARY KEY (`entity_id`,`customer_group_id`,`website_id`)
) ENGINE=InnoDB DEFAULT CHARSET=utf8 COMMENT='Catalog Product Index Price Bundle Tmp';

--
-- Dumping data for table `catalog_product_index_price_bundle_tmp`
--


--
-- Table structure for table `catalog_product_index_price_cfg_opt_agr_idx`
--

CREATE TABLE `catalog_product_index_price_cfg_opt_agr_idx` (
  `parent_id` int(10) unsigned NOT NULL COMMENT 'Parent ID',
  `child_id` int(10) unsigned NOT NULL COMMENT 'Child ID',
  `customer_group_id` int(10) unsigned NOT NULL DEFAULT 0 COMMENT 'Customer Group ID',
  `website_id` smallint(5) unsigned NOT NULL COMMENT 'Website ID',
  `price` decimal(20,6) DEFAULT NULL COMMENT 'Price',
  `tier_price` decimal(20,6) DEFAULT NULL COMMENT 'Tier Price',
  PRIMARY KEY (`parent_id`,`child_id`,`customer_group_id`,`website_id`)
) ENGINE=InnoDB DEFAULT CHARSET=utf8 COMMENT='Catalog Product Price Indexer Config Option Aggregate Index Table';

--
-- Dumping data for table `catalog_product_index_price_cfg_opt_agr_idx`
--


--
-- Table structure for table `catalog_product_index_price_cfg_opt_agr_tmp`
--

CREATE TABLE `catalog_product_index_price_cfg_opt_agr_tmp` (
  `parent_id` int(10) unsigned NOT NULL COMMENT 'Parent ID',
  `child_id` int(10) unsigned NOT NULL COMMENT 'Child ID',
  `customer_group_id` int(10) unsigned NOT NULL DEFAULT 0 COMMENT 'Customer Group ID',
  `website_id` smallint(5) unsigned NOT NULL COMMENT 'Website ID',
  `price` decimal(20,6) DEFAULT NULL COMMENT 'Price',
  `tier_price` decimal(20,6) DEFAULT NULL COMMENT 'Tier Price',
  PRIMARY KEY (`parent_id`,`child_id`,`customer_group_id`,`website_id`)
) ENGINE=InnoDB DEFAULT CHARSET=utf8 COMMENT='Catalog Product Price Indexer Config Option Aggregate Temp Table';

--
-- Dumping data for table `catalog_product_index_price_cfg_opt_agr_tmp`
--


--
-- Table structure for table `catalog_product_index_price_cfg_opt_idx`
--

CREATE TABLE `catalog_product_index_price_cfg_opt_idx` (
  `entity_id` int(10) unsigned NOT NULL COMMENT 'Entity ID',
  `customer_group_id` int(10) unsigned NOT NULL DEFAULT 0 COMMENT 'Customer Group ID',
  `website_id` smallint(5) unsigned NOT NULL COMMENT 'Website ID',
  `min_price` decimal(20,6) DEFAULT NULL COMMENT 'Min Price',
  `max_price` decimal(20,6) DEFAULT NULL COMMENT 'Max Price',
  `tier_price` decimal(20,6) DEFAULT NULL COMMENT 'Tier Price',
  PRIMARY KEY (`entity_id`,`customer_group_id`,`website_id`)
) ENGINE=InnoDB DEFAULT CHARSET=utf8 COMMENT='Catalog Product Price Indexer Config Option Index Table';

--
-- Dumping data for table `catalog_product_index_price_cfg_opt_idx`
--


--
-- Table structure for table `catalog_product_index_price_cfg_opt_tmp`
--

CREATE TABLE `catalog_product_index_price_cfg_opt_tmp` (
  `entity_id` int(10) unsigned NOT NULL COMMENT 'Entity ID',
  `customer_group_id` int(10) unsigned NOT NULL DEFAULT 0 COMMENT 'Customer Group ID',
  `website_id` smallint(5) unsigned NOT NULL COMMENT 'Website ID',
  `min_price` decimal(20,6) DEFAULT NULL COMMENT 'Min Price',
  `max_price` decimal(20,6) DEFAULT NULL COMMENT 'Max Price',
  `tier_price` decimal(20,6) DEFAULT NULL COMMENT 'Tier Price',
  PRIMARY KEY (`entity_id`,`customer_group_id`,`website_id`)
) ENGINE=InnoDB DEFAULT CHARSET=utf8 COMMENT='Catalog Product Price Indexer Config Option Temp Table';

--
-- Dumping data for table `catalog_product_index_price_cfg_opt_tmp`
--


--
-- Table structure for table `catalog_product_index_price_downlod_idx`
--

CREATE TABLE `catalog_product_index_price_downlod_idx` (
  `entity_id` int(10) unsigned NOT NULL COMMENT 'Entity ID',
  `customer_group_id` int(11) NOT NULL,
  `website_id` smallint(5) unsigned NOT NULL COMMENT 'Website ID',
  `min_price` decimal(20,6) NOT NULL DEFAULT 0.000000 COMMENT 'Minimum price',
  `max_price` decimal(20,6) NOT NULL DEFAULT 0.000000 COMMENT 'Maximum price',
  PRIMARY KEY (`entity_id`,`customer_group_id`,`website_id`)
) ENGINE=InnoDB DEFAULT CHARSET=utf8 COMMENT='Indexer Table for price of downloadable products';

--
-- Dumping data for table `catalog_product_index_price_downlod_idx`
--


--
-- Table structure for table `catalog_product_index_price_downlod_tmp`
--

CREATE TABLE `catalog_product_index_price_downlod_tmp` (
  `entity_id` int(10) unsigned NOT NULL COMMENT 'Entity ID',
  `customer_group_id` int(11) NOT NULL,
  `website_id` smallint(5) unsigned NOT NULL COMMENT 'Website ID',
  `min_price` decimal(20,6) NOT NULL DEFAULT 0.000000 COMMENT 'Minimum price',
  `max_price` decimal(20,6) NOT NULL DEFAULT 0.000000 COMMENT 'Maximum price',
  PRIMARY KEY (`entity_id`,`customer_group_id`,`website_id`)
) ENGINE=InnoDB DEFAULT CHARSET=utf8 COMMENT='Temporary Indexer Table for price of downloadable products';

--
-- Dumping data for table `catalog_product_index_price_downlod_tmp`
--


--
-- Table structure for table `catalog_product_index_price_final_idx`
--

CREATE TABLE `catalog_product_index_price_final_idx` (
  `entity_id` int(10) unsigned NOT NULL COMMENT 'Entity ID',
  `customer_group_id` int(10) unsigned NOT NULL DEFAULT 0 COMMENT 'Customer Group ID',
  `website_id` smallint(5) unsigned NOT NULL COMMENT 'Website ID',
  `tax_class_id` smallint(5) unsigned DEFAULT 0 COMMENT 'Tax Class ID',
  `orig_price` decimal(20,6) DEFAULT NULL COMMENT 'Original Price',
  `price` decimal(20,6) DEFAULT NULL COMMENT 'Price',
  `min_price` decimal(20,6) DEFAULT NULL COMMENT 'Min Price',
  `max_price` decimal(20,6) DEFAULT NULL COMMENT 'Max Price',
  `tier_price` decimal(20,6) DEFAULT NULL COMMENT 'Tier Price',
  `base_tier` decimal(20,6) DEFAULT NULL COMMENT 'Base Tier',
  PRIMARY KEY (`entity_id`,`customer_group_id`,`website_id`)
) ENGINE=InnoDB DEFAULT CHARSET=utf8 COMMENT='Catalog Product Price Indexer Final Index Table';

--
-- Dumping data for table `catalog_product_index_price_final_idx`
--


--
-- Table structure for table `catalog_product_index_price_final_tmp`
--

CREATE TABLE `catalog_product_index_price_final_tmp` (
  `entity_id` int(10) unsigned NOT NULL COMMENT 'Entity ID',
  `customer_group_id` int(10) unsigned NOT NULL DEFAULT 0 COMMENT 'Customer Group ID',
  `website_id` smallint(5) unsigned NOT NULL COMMENT 'Website ID',
  `tax_class_id` smallint(5) unsigned DEFAULT 0 COMMENT 'Tax Class ID',
  `orig_price` decimal(20,6) DEFAULT NULL COMMENT 'Original Price',
  `price` decimal(20,6) DEFAULT NULL COMMENT 'Price',
  `min_price` decimal(20,6) DEFAULT NULL COMMENT 'Min Price',
  `max_price` decimal(20,6) DEFAULT NULL COMMENT 'Max Price',
  `tier_price` decimal(20,6) DEFAULT NULL COMMENT 'Tier Price',
  `base_tier` decimal(20,6) DEFAULT NULL COMMENT 'Base Tier',
  PRIMARY KEY (`entity_id`,`customer_group_id`,`website_id`)
) ENGINE=InnoDB DEFAULT CHARSET=utf8 COMMENT='Catalog Product Price Indexer Final Temp Table';

--
-- Dumping data for table `catalog_product_index_price_final_tmp`
--


--
-- Table structure for table `catalog_product_index_price_idx`
--

CREATE TABLE `catalog_product_index_price_idx` (
  `entity_id` int(10) unsigned NOT NULL COMMENT 'Entity ID',
  `customer_group_id` int(10) unsigned NOT NULL DEFAULT 0 COMMENT 'Customer Group ID',
  `website_id` smallint(5) unsigned NOT NULL COMMENT 'Website ID',
  `tax_class_id` smallint(5) unsigned DEFAULT 0 COMMENT 'Tax Class ID',
  `price` decimal(20,6) DEFAULT NULL COMMENT 'Price',
  `final_price` decimal(20,6) DEFAULT NULL COMMENT 'Final Price',
  `min_price` decimal(20,6) DEFAULT NULL COMMENT 'Min Price',
  `max_price` decimal(20,6) DEFAULT NULL COMMENT 'Max Price',
  `tier_price` decimal(20,6) DEFAULT NULL COMMENT 'Tier Price',
  PRIMARY KEY (`entity_id`,`customer_group_id`,`website_id`),
  KEY `CATALOG_PRODUCT_INDEX_PRICE_IDX_CUSTOMER_GROUP_ID` (`customer_group_id`),
  KEY `CATALOG_PRODUCT_INDEX_PRICE_IDX_WEBSITE_ID` (`website_id`),
  KEY `CATALOG_PRODUCT_INDEX_PRICE_IDX_MIN_PRICE` (`min_price`)
) ENGINE=InnoDB DEFAULT CHARSET=utf8 COMMENT='Catalog Product Price Indexer Index Table';

--
-- Dumping data for table `catalog_product_index_price_idx`
--


--
-- Table structure for table `catalog_product_index_price_opt_agr_idx`
--

CREATE TABLE `catalog_product_index_price_opt_agr_idx` (
  `entity_id` int(10) unsigned NOT NULL COMMENT 'Entity ID',
  `customer_group_id` int(10) unsigned NOT NULL DEFAULT 0 COMMENT 'Customer Group ID',
  `website_id` smallint(5) unsigned NOT NULL COMMENT 'Website ID',
  `option_id` int(10) unsigned NOT NULL DEFAULT 0 COMMENT 'Option ID',
  `min_price` decimal(20,6) DEFAULT NULL COMMENT 'Min Price',
  `max_price` decimal(20,6) DEFAULT NULL COMMENT 'Max Price',
  `tier_price` decimal(20,6) DEFAULT NULL COMMENT 'Tier Price',
  PRIMARY KEY (`entity_id`,`customer_group_id`,`website_id`,`option_id`)
) ENGINE=InnoDB DEFAULT CHARSET=utf8 COMMENT='Catalog Product Price Indexer Option Aggregate Index Table';

--
-- Dumping data for table `catalog_product_index_price_opt_agr_idx`
--


--
-- Table structure for table `catalog_product_index_price_opt_agr_tmp`
--

CREATE TABLE `catalog_product_index_price_opt_agr_tmp` (
  `entity_id` int(10) unsigned NOT NULL COMMENT 'Entity ID',
  `customer_group_id` int(10) unsigned NOT NULL DEFAULT 0 COMMENT 'Customer Group ID',
  `website_id` smallint(5) unsigned NOT NULL COMMENT 'Website ID',
  `option_id` int(10) unsigned NOT NULL DEFAULT 0 COMMENT 'Option ID',
  `min_price` decimal(20,6) DEFAULT NULL COMMENT 'Min Price',
  `max_price` decimal(20,6) DEFAULT NULL COMMENT 'Max Price',
  `tier_price` decimal(20,6) DEFAULT NULL COMMENT 'Tier Price',
  PRIMARY KEY (`entity_id`,`customer_group_id`,`website_id`,`option_id`)
) ENGINE=InnoDB DEFAULT CHARSET=utf8 COMMENT='Catalog Product Price Indexer Option Aggregate Temp Table';

--
-- Dumping data for table `catalog_product_index_price_opt_agr_tmp`
--


--
-- Table structure for table `catalog_product_index_price_opt_idx`
--

CREATE TABLE `catalog_product_index_price_opt_idx` (
  `entity_id` int(10) unsigned NOT NULL COMMENT 'Entity ID',
  `customer_group_id` int(10) unsigned NOT NULL DEFAULT 0 COMMENT 'Customer Group ID',
  `website_id` smallint(5) unsigned NOT NULL COMMENT 'Website ID',
  `min_price` decimal(20,6) DEFAULT NULL COMMENT 'Min Price',
  `max_price` decimal(20,6) DEFAULT NULL COMMENT 'Max Price',
  `tier_price` decimal(20,6) DEFAULT NULL COMMENT 'Tier Price',
  PRIMARY KEY (`entity_id`,`customer_group_id`,`website_id`)
) ENGINE=InnoDB DEFAULT CHARSET=utf8 COMMENT='Catalog Product Price Indexer Option Index Table';

--
-- Dumping data for table `catalog_product_index_price_opt_idx`
--


--
-- Table structure for table `catalog_product_index_price_opt_tmp`
--

CREATE TABLE `catalog_product_index_price_opt_tmp` (
  `entity_id` int(10) unsigned NOT NULL COMMENT 'Entity ID',
  `customer_group_id` int(10) unsigned NOT NULL DEFAULT 0 COMMENT 'Customer Group ID',
  `website_id` smallint(5) unsigned NOT NULL COMMENT 'Website ID',
  `min_price` decimal(20,6) DEFAULT NULL COMMENT 'Min Price',
  `max_price` decimal(20,6) DEFAULT NULL COMMENT 'Max Price',
  `tier_price` decimal(20,6) DEFAULT NULL COMMENT 'Tier Price',
  PRIMARY KEY (`entity_id`,`customer_group_id`,`website_id`)
) ENGINE=InnoDB DEFAULT CHARSET=utf8 COMMENT='Catalog Product Price Indexer Option Temp Table';

--
-- Dumping data for table `catalog_product_index_price_opt_tmp`
--


--
-- Table structure for table `catalog_product_index_price_replica`
--

CREATE TABLE `catalog_product_index_price_replica` (
  `entity_id` int(10) unsigned NOT NULL COMMENT 'Entity ID',
  `customer_group_id` int(10) unsigned NOT NULL COMMENT 'Customer Group ID',
  `website_id` smallint(5) unsigned NOT NULL COMMENT 'Website ID',
  `tax_class_id` smallint(5) unsigned DEFAULT 0 COMMENT 'Tax Class ID',
  `price` decimal(20,6) DEFAULT NULL COMMENT 'Price',
  `final_price` decimal(20,6) DEFAULT NULL COMMENT 'Final Price',
  `min_price` decimal(20,6) DEFAULT NULL COMMENT 'Min Price',
  `max_price` decimal(20,6) DEFAULT NULL COMMENT 'Max Price',
  `tier_price` decimal(20,6) DEFAULT NULL COMMENT 'Tier Price',
  PRIMARY KEY (`entity_id`,`customer_group_id`,`website_id`),
  KEY `CATALOG_PRODUCT_INDEX_PRICE_CUSTOMER_GROUP_ID` (`customer_group_id`),
  KEY `CATALOG_PRODUCT_INDEX_PRICE_MIN_PRICE` (`min_price`),
  KEY `CAT_PRD_IDX_PRICE_WS_ID_CSTR_GROUP_ID_MIN_PRICE` (`website_id`,`customer_group_id`,`min_price`)
) ENGINE=InnoDB DEFAULT CHARSET=utf8 COMMENT='Catalog Product Price Index Table';

--
-- Dumping data for table `catalog_product_index_price_replica`
--

INSERT INTO `catalog_product_index_price_replica` VALUES (1,0,1,2,109.000000,100.000000,100.000000,100.000000,NULL),(1,1,1,2,109.000000,100.000000,100.000000,100.000000,NULL),(1,2,1,2,109.000000,100.000000,100.000000,100.000000,NULL),(1,3,1,2,109.000000,100.000000,100.000000,100.000000,NULL),(3,0,1,2,500.000000,500.000000,500.000000,500.000000,NULL),(3,1,1,2,500.000000,500.000000,500.000000,500.000000,NULL),(3,2,1,2,500.000000,500.000000,500.000000,500.000000,NULL),(3,3,1,2,500.000000,500.000000,500.000000,500.000000,NULL),(4,0,1,2,0.000000,0.000000,200.000000,200.000000,NULL),(4,1,1,2,0.000000,0.000000,200.000000,200.000000,NULL),(4,2,1,2,0.000000,0.000000,200.000000,200.000000,NULL),(4,3,1,2,0.000000,0.000000,200.000000,200.000000,NULL),(5,0,1,2,600.000000,400.000000,400.000000,400.000000,NULL),(5,1,1,2,600.000000,400.000000,400.000000,400.000000,NULL),(5,2,1,2,600.000000,400.000000,400.000000,400.000000,NULL),(5,3,1,2,600.000000,400.000000,400.000000,400.000000,NULL),(17,0,1,2,600.000000,200.000000,200.000000,200.000000,NULL),(17,1,1,2,600.000000,200.000000,200.000000,200.000000,NULL),(17,2,1,2,600.000000,200.000000,200.000000,200.000000,NULL),(17,3,1,2,600.000000,200.000000,200.000000,200.000000,NULL),(18,0,1,2,300.000000,189.000000,189.000000,189.000000,NULL),(18,1,1,2,300.000000,189.000000,189.000000,189.000000,NULL),(18,2,1,2,300.000000,189.000000,189.000000,189.000000,NULL),(18,3,1,2,300.000000,189.000000,189.000000,189.000000,NULL),(19,0,1,2,250.000000,250.000000,250.000000,250.000000,NULL),(19,1,1,2,250.000000,250.000000,250.000000,250.000000,NULL),(19,2,1,2,250.000000,250.000000,250.000000,250.000000,NULL),(19,3,1,2,250.000000,250.000000,250.000000,250.000000,NULL),(20,0,1,2,0.000000,0.000000,89.000000,89.000000,NULL),(20,1,1,2,0.000000,0.000000,89.000000,89.000000,NULL),(20,2,1,2,0.000000,0.000000,89.000000,89.000000,NULL),(20,3,1,2,0.000000,0.000000,89.000000,89.000000,NULL),(21,0,1,2,600.000000,600.000000,600.000000,600.000000,NULL),(21,1,1,2,600.000000,600.000000,600.000000,600.000000,NULL),(21,2,1,2,600.000000,600.000000,600.000000,600.000000,NULL),(21,3,1,2,600.000000,600.000000,600.000000,600.000000,NULL),(22,0,1,2,300.000000,100.000000,100.000000,100.000000,NULL),(22,1,1,2,300.000000,100.000000,100.000000,100.000000,NULL),(22,2,1,2,300.000000,100.000000,100.000000,100.000000,NULL),(22,3,1,2,300.000000,100.000000,100.000000,100.000000,NULL),(23,0,1,2,300.000000,249.000000,249.000000,249.000000,NULL),(23,1,1,2,300.000000,249.000000,249.000000,249.000000,NULL),(23,2,1,2,300.000000,249.000000,249.000000,249.000000,NULL),(23,3,1,2,300.000000,249.000000,249.000000,249.000000,NULL),(24,0,1,2,300.000000,300.000000,300.000000,300.000000,NULL),(24,1,1,2,300.000000,300.000000,300.000000,300.000000,NULL),(24,2,1,2,300.000000,300.000000,300.000000,300.000000,NULL),(24,3,1,2,300.000000,300.000000,300.000000,300.000000,NULL),(25,0,1,2,300.000000,300.000000,300.000000,300.000000,NULL),(25,1,1,2,300.000000,300.000000,300.000000,300.000000,NULL),(25,2,1,2,300.000000,300.000000,300.000000,300.000000,NULL),(25,3,1,2,300.000000,300.000000,300.000000,300.000000,NULL),(26,0,1,2,200.000000,100.000000,100.000000,100.000000,NULL),(26,1,1,2,200.000000,100.000000,100.000000,100.000000,NULL),(26,2,1,2,200.000000,100.000000,100.000000,100.000000,NULL),(26,3,1,2,200.000000,100.000000,100.000000,100.000000,NULL),(27,0,1,2,500.000000,250.000000,250.000000,250.000000,NULL),(27,1,1,2,500.000000,250.000000,250.000000,250.000000,NULL),(27,2,1,2,500.000000,250.000000,250.000000,250.000000,NULL),(27,3,1,2,500.000000,250.000000,250.000000,250.000000,NULL),(28,0,1,2,300.000000,300.000000,300.000000,300.000000,NULL),(28,1,1,2,300.000000,300.000000,300.000000,300.000000,NULL),(28,2,1,2,300.000000,300.000000,300.000000,300.000000,NULL),(28,3,1,2,300.000000,300.000000,300.000000,300.000000,NULL),(29,0,1,2,109.000000,109.000000,109.000000,109.000000,NULL),(29,1,1,2,109.000000,109.000000,109.000000,109.000000,NULL),(29,2,1,2,109.000000,109.000000,109.000000,109.000000,NULL),(29,3,1,2,109.000000,109.000000,109.000000,109.000000,NULL),(30,0,1,2,300.000000,300.000000,300.000000,300.000000,NULL),(30,1,1,2,300.000000,300.000000,300.000000,300.000000,NULL),(30,2,1,2,300.000000,300.000000,300.000000,300.000000,NULL),(30,3,1,2,300.000000,300.000000,300.000000,300.000000,NULL),(31,0,1,2,129.000000,129.000000,129.000000,129.000000,NULL),(31,1,1,2,129.000000,129.000000,129.000000,129.000000,NULL),(31,2,1,2,129.000000,129.000000,129.000000,129.000000,NULL),(31,3,1,2,129.000000,129.000000,129.000000,129.000000,NULL),(32,0,8,2,202.000000,202.000000,202.000000,202.000000,NULL),(32,1,8,2,202.000000,202.000000,202.000000,202.000000,NULL),(32,2,8,2,202.000000,202.000000,202.000000,202.000000,NULL),(32,3,8,2,202.000000,202.000000,202.000000,202.000000,NULL),(33,0,8,2,199.000000,132.000000,132.000000,132.000000,NULL),(33,1,8,2,199.000000,132.000000,132.000000,132.000000,NULL),(33,2,8,2,199.000000,132.000000,132.000000,132.000000,NULL),(33,3,8,2,199.000000,132.000000,132.000000,132.000000,NULL),(34,0,8,2,124.990000,99.990000,99.990000,99.990000,NULL),(34,1,8,2,124.990000,99.990000,99.990000,99.990000,NULL),(34,2,8,2,124.990000,99.990000,99.990000,99.990000,NULL),(34,3,8,2,124.990000,99.990000,99.990000,99.990000,NULL),(35,0,8,2,132.000000,99.990000,99.990000,99.990000,NULL),(35,1,8,2,132.000000,99.990000,99.990000,99.990000,NULL),(35,2,8,2,132.000000,99.990000,99.990000,99.990000,NULL),(35,3,8,2,132.000000,99.990000,99.990000,99.990000,NULL),(36,0,8,2,223.990000,132.000000,132.000000,132.000000,NULL),(36,1,8,2,223.990000,132.000000,132.000000,132.000000,NULL),(36,2,8,2,223.990000,132.000000,132.000000,132.000000,NULL),(36,3,8,2,223.990000,132.000000,132.000000,132.000000,NULL),(37,0,8,2,202.000000,202.000000,202.000000,202.000000,NULL),(37,1,8,2,202.000000,202.000000,202.000000,202.000000,NULL),(37,2,8,2,202.000000,202.000000,202.000000,202.000000,NULL),(37,3,8,2,202.000000,202.000000,202.000000,202.000000,NULL),(38,0,8,2,172.990000,132.000000,132.000000,132.000000,NULL),(38,1,8,2,172.990000,132.000000,132.000000,132.000000,NULL),(38,2,8,2,172.990000,132.000000,132.000000,132.000000,NULL),(38,3,8,2,172.990000,132.000000,132.000000,132.000000,NULL),(39,0,8,2,300.000000,300.000000,300.000000,300.000000,NULL),(39,1,8,2,300.000000,300.000000,300.000000,300.000000,NULL),(39,2,8,2,300.000000,300.000000,300.000000,300.000000,NULL),(39,3,8,2,300.000000,300.000000,300.000000,300.000000,NULL),(40,0,8,2,121.990000,121.990000,121.990000,121.990000,NULL),(40,1,8,2,121.990000,121.990000,121.990000,121.990000,NULL),(40,2,8,2,121.990000,121.990000,121.990000,121.990000,NULL),(40,3,8,2,121.990000,121.990000,121.990000,121.990000,NULL),(41,0,8,2,202.000000,202.000000,202.000000,202.000000,NULL),(41,1,8,2,202.000000,202.000000,202.000000,202.000000,NULL),(41,2,8,2,202.000000,202.000000,202.000000,202.000000,NULL),(41,3,8,2,202.000000,202.000000,202.000000,202.000000,NULL),(42,0,8,2,155.000000,155.000000,155.000000,155.000000,NULL),(42,1,8,2,155.000000,155.000000,155.000000,155.000000,NULL),(42,2,8,2,155.000000,155.000000,155.000000,155.000000,NULL),(42,3,8,2,155.000000,155.000000,155.000000,155.000000,NULL),(44,0,9,2,0.000000,0.000000,99.000000,99.000000,NULL),(44,1,9,2,0.000000,0.000000,99.000000,99.000000,NULL),(44,2,9,2,0.000000,0.000000,99.000000,99.000000,NULL),(44,3,9,2,0.000000,0.000000,99.000000,99.000000,NULL),(45,0,9,2,129.000000,129.000000,129.000000,129.000000,NULL),(45,1,9,2,129.000000,129.000000,129.000000,129.000000,NULL),(45,2,9,2,129.000000,129.000000,129.000000,129.000000,NULL),(45,3,9,2,129.000000,129.000000,129.000000,129.000000,NULL),(46,0,9,2,168.000000,132.000000,132.000000,132.000000,NULL),(46,1,9,2,168.000000,132.000000,132.000000,132.000000,NULL),(46,2,9,2,168.000000,132.000000,132.000000,132.000000,NULL),(46,3,9,2,168.000000,132.000000,132.000000,132.000000,NULL),(47,0,9,2,399.000000,198.000000,198.000000,198.000000,NULL),(47,1,9,2,399.000000,198.000000,198.000000,198.000000,NULL),(47,2,9,2,399.000000,198.000000,198.000000,198.000000,NULL),(47,3,9,2,399.000000,198.000000,198.000000,198.000000,NULL),(48,0,9,2,200.000000,149.000000,149.000000,149.000000,NULL),(48,1,9,2,200.000000,149.000000,149.000000,149.000000,NULL),(48,2,9,2,200.000000,149.000000,149.000000,149.000000,NULL),(48,3,9,2,200.000000,149.000000,149.000000,149.000000,NULL),(49,0,9,2,149.000000,149.000000,149.000000,149.000000,NULL),(49,1,9,2,149.000000,149.000000,149.000000,149.000000,NULL),(49,2,9,2,149.000000,149.000000,149.000000,149.000000,NULL),(49,3,9,2,149.000000,149.000000,149.000000,149.000000,NULL),(50,0,9,2,126.500000,126.500000,126.500000,126.500000,NULL),(50,1,9,2,126.500000,126.500000,126.500000,126.500000,NULL),(50,2,9,2,126.500000,126.500000,126.500000,126.500000,NULL),(50,3,9,2,126.500000,126.500000,126.500000,126.500000,NULL),(51,0,9,2,166.990000,132.000000,132.000000,132.000000,NULL),(51,1,9,2,166.990000,132.000000,132.000000,132.000000,NULL),(51,2,9,2,166.990000,132.000000,132.000000,132.000000,NULL),(51,3,9,2,166.990000,132.000000,132.000000,132.000000,NULL),(52,0,9,2,132.000000,121.990000,121.990000,121.990000,NULL),(52,1,9,2,132.000000,121.990000,121.990000,121.990000,NULL),(52,2,9,2,132.000000,121.990000,121.990000,121.990000,NULL),(52,3,9,2,132.000000,121.990000,121.990000,121.990000,NULL),(53,0,9,2,112.990000,112.990000,112.990000,112.990000,NULL),(53,1,9,2,112.990000,112.990000,112.990000,112.990000,NULL),(53,2,9,2,112.990000,112.990000,112.990000,112.990000,NULL),(53,3,9,2,112.990000,112.990000,112.990000,112.990000,NULL),(55,0,9,2,125.990000,125.990000,125.990000,125.990000,NULL),(55,1,9,2,125.990000,125.990000,125.990000,125.990000,NULL),(55,2,9,2,125.990000,125.990000,125.990000,125.990000,NULL),(55,3,9,2,125.990000,125.990000,125.990000,125.990000,NULL),(56,0,9,2,144.000000,99.000000,99.000000,99.000000,NULL),(56,1,9,2,144.000000,99.000000,99.000000,99.000000,NULL),(56,2,9,2,144.000000,99.000000,99.000000,99.000000,NULL),(56,3,9,2,144.000000,99.000000,99.000000,99.000000,NULL),(57,0,1,2,300.000000,200.000000,200.000000,200.000000,NULL),(57,1,1,2,300.000000,200.000000,200.000000,200.000000,NULL),(57,2,1,2,300.000000,200.000000,200.000000,200.000000,NULL),(57,3,1,2,300.000000,200.000000,200.000000,200.000000,NULL),(58,0,1,2,300.000000,200.000000,200.000000,200.000000,NULL),(58,1,1,2,300.000000,200.000000,200.000000,200.000000,NULL),(58,2,1,2,300.000000,200.000000,200.000000,200.000000,NULL),(58,3,1,2,300.000000,200.000000,200.000000,200.000000,NULL),(59,0,1,2,300.000000,200.000000,200.000000,200.000000,NULL),(59,1,1,2,300.000000,200.000000,200.000000,200.000000,NULL),(59,2,1,2,300.000000,200.000000,200.000000,200.000000,NULL),(59,3,1,2,300.000000,200.000000,200.000000,200.000000,NULL),(61,0,1,2,600.000000,89.000000,89.000000,89.000000,NULL),(61,1,1,2,600.000000,89.000000,89.000000,89.000000,NULL),(61,2,1,2,600.000000,89.000000,89.000000,89.000000,NULL),(61,3,1,2,600.000000,89.000000,89.000000,89.000000,NULL),(69,0,1,2,0.000000,0.000000,0.000000,0.000000,NULL),(69,1,1,2,0.000000,0.000000,0.000000,0.000000,NULL),(69,2,1,2,0.000000,0.000000,0.000000,0.000000,NULL),(69,3,1,2,0.000000,0.000000,0.000000,0.000000,NULL),(83,0,9,2,99.000000,99.000000,99.000000,99.000000,NULL),(83,1,9,2,99.000000,99.000000,99.000000,99.000000,NULL),(83,2,9,2,99.000000,99.000000,99.000000,99.000000,NULL),(83,3,9,2,99.000000,99.000000,99.000000,99.000000,NULL),(84,0,9,2,99.000000,99.000000,99.000000,99.000000,NULL),(84,1,9,2,99.000000,99.000000,99.000000,99.000000,NULL),(84,2,9,2,99.000000,99.000000,99.000000,99.000000,NULL),(84,3,9,2,99.000000,99.000000,99.000000,99.000000,NULL),(85,0,9,2,99.000000,99.000000,99.000000,99.000000,NULL),(85,1,9,2,99.000000,99.000000,99.000000,99.000000,NULL),(85,2,9,2,99.000000,99.000000,99.000000,99.000000,NULL),(85,3,9,2,99.000000,99.000000,99.000000,99.000000,NULL),(86,0,9,2,99.000000,99.000000,99.000000,99.000000,NULL),(86,1,9,2,99.000000,99.000000,99.000000,99.000000,NULL),(86,2,9,2,99.000000,99.000000,99.000000,99.000000,NULL),(86,3,9,2,99.000000,99.000000,99.000000,99.000000,NULL),(87,0,9,2,99.000000,99.000000,99.000000,99.000000,NULL),(87,1,9,2,99.000000,99.000000,99.000000,99.000000,NULL),(87,2,9,2,99.000000,99.000000,99.000000,99.000000,NULL),(87,3,9,2,99.000000,99.000000,99.000000,99.000000,NULL),(88,0,9,2,99.000000,99.000000,99.000000,99.000000,NULL),(88,1,9,2,99.000000,99.000000,99.000000,99.000000,NULL),(88,2,9,2,99.000000,99.000000,99.000000,99.000000,NULL),(88,3,9,2,99.000000,99.000000,99.000000,99.000000,NULL),(89,0,9,2,99.000000,99.000000,99.000000,99.000000,NULL),(89,1,9,2,99.000000,99.000000,99.000000,99.000000,NULL),(89,2,9,2,99.000000,99.000000,99.000000,99.000000,NULL),(89,3,9,2,99.000000,99.000000,99.000000,99.000000,NULL),(90,0,9,2,99.000000,99.000000,99.000000,99.000000,NULL),(90,1,9,2,99.000000,99.000000,99.000000,99.000000,NULL),(90,2,9,2,99.000000,99.000000,99.000000,99.000000,NULL),(90,3,9,2,99.000000,99.000000,99.000000,99.000000,NULL),(91,0,9,2,99.000000,99.000000,99.000000,99.000000,NULL),(91,1,9,2,99.000000,99.000000,99.000000,99.000000,NULL),(91,2,9,2,99.000000,99.000000,99.000000,99.000000,NULL),(91,3,9,2,99.000000,99.000000,99.000000,99.000000,NULL);

--
-- Table structure for table `catalog_product_index_price_tmp`
--

CREATE TABLE `catalog_product_index_price_tmp` (
  `entity_id` int(10) unsigned NOT NULL COMMENT 'Entity ID',
  `customer_group_id` int(10) unsigned NOT NULL DEFAULT 0 COMMENT 'Customer Group ID',
  `website_id` smallint(5) unsigned NOT NULL COMMENT 'Website ID',
  `tax_class_id` smallint(5) unsigned DEFAULT 0 COMMENT 'Tax Class ID',
  `price` decimal(20,6) DEFAULT NULL COMMENT 'Price',
  `final_price` decimal(20,6) DEFAULT NULL COMMENT 'Final Price',
  `min_price` decimal(20,6) DEFAULT NULL COMMENT 'Min Price',
  `max_price` decimal(20,6) DEFAULT NULL COMMENT 'Max Price',
  `tier_price` decimal(20,6) DEFAULT NULL COMMENT 'Tier Price',
  PRIMARY KEY (`entity_id`,`customer_group_id`,`website_id`),
  KEY `CATALOG_PRODUCT_INDEX_PRICE_TMP_CUSTOMER_GROUP_ID` (`customer_group_id`),
  KEY `CATALOG_PRODUCT_INDEX_PRICE_TMP_WEBSITE_ID` (`website_id`),
  KEY `CATALOG_PRODUCT_INDEX_PRICE_TMP_MIN_PRICE` (`min_price`)
) ENGINE=InnoDB DEFAULT CHARSET=utf8 COMMENT='Catalog Product Price Indexer Temp Table';

--
-- Dumping data for table `catalog_product_index_price_tmp`
--


--
-- Table structure for table `catalog_product_index_tier_price`
--

CREATE TABLE `catalog_product_index_tier_price` (
  `entity_id` int(10) unsigned NOT NULL COMMENT 'Entity ID',
  `customer_group_id` int(10) unsigned NOT NULL COMMENT 'Customer Group ID',
  `website_id` smallint(5) unsigned NOT NULL COMMENT 'Website ID',
  `min_price` decimal(20,6) DEFAULT NULL COMMENT 'Min Price',
  PRIMARY KEY (`entity_id`,`customer_group_id`,`website_id`),
  KEY `CATALOG_PRODUCT_INDEX_TIER_PRICE_CUSTOMER_GROUP_ID` (`customer_group_id`),
  KEY `CATALOG_PRODUCT_INDEX_TIER_PRICE_WEBSITE_ID` (`website_id`),
  CONSTRAINT `CAT_PRD_IDX_TIER_PRICE_CSTR_GROUP_ID_CSTR_GROUP_CSTR_GROUP_ID` FOREIGN KEY (`customer_group_id`) REFERENCES `customer_group` (`customer_group_id`) ON DELETE CASCADE,
  CONSTRAINT `CAT_PRD_IDX_TIER_PRICE_ENTT_ID_CAT_PRD_ENTT_ENTT_ID` FOREIGN KEY (`entity_id`) REFERENCES `catalog_product_entity` (`entity_id`) ON DELETE CASCADE,
  CONSTRAINT `CAT_PRD_IDX_TIER_PRICE_WS_ID_STORE_WS_WS_ID` FOREIGN KEY (`website_id`) REFERENCES `store_website` (`website_id`) ON DELETE CASCADE
) ENGINE=InnoDB DEFAULT CHARSET=utf8 COMMENT='Catalog Product Tier Price Index Table';

--
-- Dumping data for table `catalog_product_index_tier_price`
--


--
-- Table structure for table `catalog_product_index_website`
--

CREATE TABLE `catalog_product_index_website` (
  `website_id` smallint(5) unsigned NOT NULL COMMENT 'Website ID',
  `default_store_id` smallint(5) unsigned NOT NULL COMMENT 'Default store ID for website',
  `website_date` date DEFAULT NULL COMMENT 'Website Date',
  `rate` float DEFAULT 1 COMMENT 'Rate',
  PRIMARY KEY (`website_id`),
  KEY `CATALOG_PRODUCT_INDEX_WEBSITE_WEBSITE_DATE` (`website_date`),
  CONSTRAINT `CAT_PRD_IDX_WS_WS_ID_STORE_WS_WS_ID` FOREIGN KEY (`website_id`) REFERENCES `store_website` (`website_id`) ON DELETE CASCADE
) ENGINE=InnoDB DEFAULT CHARSET=utf8 COMMENT='Catalog Product Website Index Table';

--
-- Dumping data for table `catalog_product_index_website`
--

INSERT INTO `catalog_product_index_website` VALUES (1,1,'2022-05-10',1),(8,14,'2022-05-10',1),(9,16,'2022-05-10',1);

--
-- Table structure for table `catalog_product_link`
--

CREATE TABLE `catalog_product_link` (
  `link_id` int(10) unsigned NOT NULL AUTO_INCREMENT COMMENT 'Link ID',
  `product_id` int(10) unsigned NOT NULL DEFAULT 0 COMMENT 'Product ID',
  `linked_product_id` int(10) unsigned NOT NULL DEFAULT 0 COMMENT 'Linked Product ID',
  `link_type_id` smallint(5) unsigned NOT NULL DEFAULT 0 COMMENT 'Link Type ID',
  PRIMARY KEY (`link_id`),
  UNIQUE KEY `CATALOG_PRODUCT_LINK_LINK_TYPE_ID_PRODUCT_ID_LINKED_PRODUCT_ID` (`link_type_id`,`product_id`,`linked_product_id`),
  KEY `CATALOG_PRODUCT_LINK_PRODUCT_ID` (`product_id`),
  KEY `CATALOG_PRODUCT_LINK_LINKED_PRODUCT_ID` (`linked_product_id`),
  CONSTRAINT `CATALOG_PRODUCT_LINK_PRODUCT_ID_CATALOG_PRODUCT_ENTITY_ENTITY_ID` FOREIGN KEY (`product_id`) REFERENCES `catalog_product_entity` (`entity_id`) ON DELETE CASCADE,
  CONSTRAINT `CAT_PRD_LNK_LNKED_PRD_ID_CAT_PRD_ENTT_ENTT_ID` FOREIGN KEY (`linked_product_id`) REFERENCES `catalog_product_entity` (`entity_id`) ON DELETE CASCADE,
  CONSTRAINT `CAT_PRD_LNK_LNK_TYPE_ID_CAT_PRD_LNK_TYPE_LNK_TYPE_ID` FOREIGN KEY (`link_type_id`) REFERENCES `catalog_product_link_type` (`link_type_id`) ON DELETE CASCADE
) ENGINE=InnoDB AUTO_INCREMENT=1819 DEFAULT CHARSET=utf8 COMMENT='Catalog Product To Product Linkage Table';

--
-- Dumping data for table `catalog_product_link`
--

INSERT INTO `catalog_product_link` VALUES (1794,1,2,1),(1795,1,3,1),(1796,1,4,1),(1797,1,5,1),(1798,1,6,1),(1799,1,14,1),(1800,1,15,1),(1807,2,1,1),(1808,2,3,1),(1809,2,4,1),(1810,2,5,1),(1811,2,6,1),(1812,2,14,1),(1813,3,14,1),(1814,3,15,1),(1815,3,16,1),(1816,3,17,1),(1817,3,18,1),(1818,3,19,1),(1494,4,1,1),(1495,4,2,1),(1496,4,3,1),(1497,4,15,1),(1498,4,16,1),(1499,4,17,1),(1500,4,18,1),(1616,5,15,1),(1617,5,16,1),(1618,5,18,1),(1619,5,19,1),(1620,5,20,1),(1621,5,24,1),(1622,5,25,1),(635,6,1,1),(636,6,2,1),(637,6,3,1),(638,6,4,1),(639,6,5,1),(640,6,25,1),(780,14,1,1),(781,14,2,1),(782,14,3,1),(783,14,4,1),(784,14,5,1),(785,14,6,1),(1488,15,22,1),(1489,15,23,1),(1490,15,24,1),(1491,15,25,1),(1492,15,26,1),(1493,15,27,1),(1742,16,1,1),(1743,16,2,1),(1744,16,3,1),(1745,16,4,1),(1746,16,5,1),(1747,16,6,1),(1748,16,14,1),(1749,16,15,1),(1585,17,1,1),(1586,17,2,1),(1587,17,3,1),(1588,17,4,1),(1589,17,5,1),(1590,17,6,1),(1591,17,14,1),(1592,17,15,1),(1593,17,16,1),(1594,18,1,1),(1595,18,2,1),(1596,18,3,1),(1597,18,4,1),(1598,18,5,1),(1599,18,6,1),(1600,18,14,1),(1601,18,15,1),(1602,18,16,1),(1603,18,17,1),(1508,19,1,1),(1509,19,2,1),(1510,19,3,1),(1511,19,4,1),(1512,19,5,1),(1513,19,6,1),(1514,19,14,1),(1515,19,15,1),(1516,19,16,1),(1517,19,17,1),(1518,19,18,1),(1604,20,1,1),(1605,20,2,1),(1606,20,3,1),(1607,20,4,1),(1608,20,5,1),(1609,20,6,1),(1610,20,14,1),(1611,20,15,1),(1612,20,16,1),(1613,20,17,1),(1614,20,18,1),(1615,20,19,1),(1278,21,1,1),(1279,21,2,1),(1280,21,3,1),(1281,21,4,1),(1282,21,5,1),(1283,21,6,1),(1284,21,14,1),(1285,21,15,1),(1286,21,16,1),(1287,21,17,1),(1288,21,18,1),(1289,21,19,1),(1290,21,20,1),(964,22,4,1),(965,22,5,1),(966,22,6,1),(967,22,14,1),(968,22,15,1),(969,22,16,1),(970,22,19,1),(971,22,20,1),(972,22,21,1),(1777,23,1,1),(1778,23,3,1),(1779,23,4,1),(1780,23,5,1),(1781,23,6,1),(1782,23,14,1),(1783,23,15,1),(1784,23,17,1),(1785,23,18,1),(1786,23,20,1),(374,24,5,1),(375,24,6,1),(376,24,14,1),(377,24,15,1),(378,24,16,1),(379,24,17,1),(380,24,18,1),(381,24,19,1),(382,24,20,1),(383,24,21,1),(384,24,22,1),(385,24,23,1),(1253,25,2,1),(1254,25,4,1),(1255,25,5,1),(1256,25,6,1),(1257,25,14,1),(1258,25,15,1),(1259,25,18,1),(1260,25,19,1),(1261,25,20,1),(1262,25,21,1),(1263,25,22,1),(1264,25,24,1),(1169,26,1,1),(1170,26,2,1),(1171,26,3,1),(1172,26,4,1),(1173,26,5,1),(1174,26,6,1),(1175,26,14,1),(1176,26,15,1),(1177,26,16,1),(1178,26,17,1),(1179,26,18,1),(1180,26,19,1),(1181,26,25,1),(1207,27,1,1),(1208,27,2,1),(1209,27,3,1),(1210,27,4,1),(1211,27,5,1),(1212,27,6,1),(1213,27,14,1),(1214,27,15,1),(1215,27,16,1),(1216,27,17,1),(1217,27,22,1),(1218,27,23,1),(1219,27,24,1),(1220,27,25,1),(1221,27,26,1),(1801,32,37,1),(1802,32,38,1),(1803,32,39,1),(1804,32,40,1),(1805,32,41,1),(1806,32,42,1),(1452,33,38,1),(1453,33,39,1),(1454,33,40,1),(1455,33,41,1),(1456,33,42,1),(1623,34,36,1),(1624,34,37,1),(1625,34,38,1),(1626,34,40,1),(1627,34,41,1),(1628,35,33,1),(1629,35,36,1),(1630,35,38,1),(1631,35,39,1),(1632,35,40,1),(1633,36,32,1),(1634,36,34,1),(1635,36,39,1),(1636,36,41,1),(1637,36,42,1),(1638,37,32,1),(1639,37,33,1),(1640,37,34,1),(1641,37,35,1),(1642,37,36,1),(1643,38,35,1),(1644,38,37,1),(1645,38,39,1),(1646,38,40,1),(1647,38,41,1),(1648,39,33,1),(1649,39,34,1),(1650,39,35,1),(1651,39,36,1),(1652,39,37,1),(1653,40,33,1),(1654,40,34,1),(1655,40,36,1),(1656,40,37,1),(1657,40,42,1),(1658,41,35,1),(1659,41,36,1),(1660,41,39,1),(1661,41,40,1),(1662,41,42,1),(876,42,33,1),(877,42,36,1),(878,42,37,1),(879,42,38,1),(880,42,40,1),(1760,44,45,1),(1761,44,46,1),(1762,44,47,1),(1763,44,48,1),(1764,44,49,1),(1668,45,52,1),(1669,45,53,1),(1670,45,54,1),(1671,45,55,1),(1672,45,56,1),(1673,46,48,1),(1674,46,49,1),(1675,46,50,1),(1676,46,51,1),(1677,46,52,1),(1678,47,50,1),(1679,47,52,1),(1680,47,53,1),(1681,47,54,1),(1682,47,55,1),(1683,48,45,1),(1684,48,46,1),(1685,48,47,1),(1686,48,49,1),(1687,48,50,1),(1688,49,51,1),(1689,49,52,1),(1690,49,53,1),(1691,49,54,1),(1692,49,55,1),(1693,50,44,1),(1694,50,45,1),(1695,50,48,1),(1696,50,49,1),(1697,50,51,1),(1698,51,49,1),(1699,51,50,1),(1700,51,53,1),(1701,51,54,1),(1702,51,55,1),(1703,52,44,1),(1704,52,45,1),(1705,52,46,1),(1706,52,47,1),(1707,52,48,1),(1708,53,50,1),(1709,53,51,1),(1710,53,52,1),(1711,53,54,1),(1712,53,55,1),(1713,54,48,1),(1714,54,49,1),(1715,54,50,1),(1716,54,51,1),(1717,54,55,1),(1718,55,50,1),(1719,55,51,1),(1720,55,52,1),(1721,55,53,1),(1722,55,54,1),(1723,56,47,1),(1724,56,48,1),(1725,56,49,1),(1726,56,51,1),(1727,56,54,1),(603,14,2,3);

--
-- Table structure for table `catalog_product_link_attribute`
--

CREATE TABLE `catalog_product_link_attribute` (
  `product_link_attribute_id` smallint(5) unsigned NOT NULL AUTO_INCREMENT COMMENT 'Product Link Attribute ID',
  `link_type_id` smallint(5) unsigned NOT NULL DEFAULT 0 COMMENT 'Link Type ID',
  `product_link_attribute_code` varchar(32) DEFAULT NULL COMMENT 'Product Link Attribute Code',
  `data_type` varchar(32) DEFAULT NULL COMMENT 'Data Type',
  PRIMARY KEY (`product_link_attribute_id`),
  KEY `CATALOG_PRODUCT_LINK_ATTRIBUTE_LINK_TYPE_ID` (`link_type_id`),
  CONSTRAINT `CAT_PRD_LNK_ATTR_LNK_TYPE_ID_CAT_PRD_LNK_TYPE_LNK_TYPE_ID` FOREIGN KEY (`link_type_id`) REFERENCES `catalog_product_link_type` (`link_type_id`) ON DELETE CASCADE
) ENGINE=InnoDB AUTO_INCREMENT=6 DEFAULT CHARSET=utf8 COMMENT='Catalog Product Link Attribute Table';

--
-- Dumping data for table `catalog_product_link_attribute`
--

INSERT INTO `catalog_product_link_attribute` VALUES (1,1,'position','int'),(2,4,'position','int'),(3,5,'position','int'),(4,3,'position','int'),(5,3,'qty','decimal');

--
-- Table structure for table `catalog_product_link_attribute_decimal`
--

CREATE TABLE `catalog_product_link_attribute_decimal` (
  `value_id` int(10) unsigned NOT NULL AUTO_INCREMENT COMMENT 'Value ID',
  `product_link_attribute_id` smallint(5) unsigned DEFAULT NULL COMMENT 'Product Link Attribute ID',
  `link_id` int(10) unsigned NOT NULL COMMENT 'Link ID',
  `value` decimal(20,6) NOT NULL DEFAULT 0.000000 COMMENT 'Value',
  PRIMARY KEY (`value_id`),
  UNIQUE KEY `CAT_PRD_LNK_ATTR_DEC_PRD_LNK_ATTR_ID_LNK_ID` (`product_link_attribute_id`,`link_id`),
  KEY `CATALOG_PRODUCT_LINK_ATTRIBUTE_DECIMAL_LINK_ID` (`link_id`),
  CONSTRAINT `CAT_PRD_LNK_ATTR_DEC_LNK_ID_CAT_PRD_LNK_LNK_ID` FOREIGN KEY (`link_id`) REFERENCES `catalog_product_link` (`link_id`) ON DELETE CASCADE,
  CONSTRAINT `FK_AB2EFA9A14F7BCF1D5400056203D14B6` FOREIGN KEY (`product_link_attribute_id`) REFERENCES `catalog_product_link_attribute` (`product_link_attribute_id`) ON DELETE CASCADE
) ENGINE=InnoDB AUTO_INCREMENT=22 DEFAULT CHARSET=utf8 COMMENT='Catalog Product Link Decimal Attribute Table';

--
-- Dumping data for table `catalog_product_link_attribute_decimal`
--

INSERT INTO `catalog_product_link_attribute_decimal` VALUES (19,5,603,0.000000);

--
-- Table structure for table `catalog_product_link_attribute_int`
--

CREATE TABLE `catalog_product_link_attribute_int` (
  `value_id` int(10) unsigned NOT NULL AUTO_INCREMENT COMMENT 'Value ID',
  `product_link_attribute_id` smallint(5) unsigned DEFAULT NULL COMMENT 'Product Link Attribute ID',
  `link_id` int(10) unsigned NOT NULL COMMENT 'Link ID',
  `value` int(11) NOT NULL DEFAULT 0 COMMENT 'Value',
  PRIMARY KEY (`value_id`),
  UNIQUE KEY `CAT_PRD_LNK_ATTR_INT_PRD_LNK_ATTR_ID_LNK_ID` (`product_link_attribute_id`,`link_id`),
  KEY `CATALOG_PRODUCT_LINK_ATTRIBUTE_INT_LINK_ID` (`link_id`),
  CONSTRAINT `CAT_PRD_LNK_ATTR_INT_LNK_ID_CAT_PRD_LNK_LNK_ID` FOREIGN KEY (`link_id`) REFERENCES `catalog_product_link` (`link_id`) ON DELETE CASCADE,
  CONSTRAINT `FK_D6D878F8BA2A4282F8DDED7E6E3DE35C` FOREIGN KEY (`product_link_attribute_id`) REFERENCES `catalog_product_link_attribute` (`product_link_attribute_id`) ON DELETE CASCADE
) ENGINE=InnoDB AUTO_INCREMENT=1819 DEFAULT CHARSET=utf8 COMMENT='Catalog Product Link Integer Attribute Table';

--
-- Dumping data for table `catalog_product_link_attribute_int`
--

INSERT INTO `catalog_product_link_attribute_int` VALUES (374,1,374,1),(375,1,375,2),(376,1,376,3),(377,1,377,4),(378,1,378,5),(379,1,379,6),(380,1,380,7),(381,1,381,8),(382,1,382,9),(383,1,383,10),(384,1,384,11),(385,1,385,12),(603,4,603,1),(635,1,635,1),(636,1,636,2),(637,1,637,3),(638,1,638,4),(639,1,639,5),(640,1,640,6),(780,1,780,1),(781,1,781,2),(782,1,782,3),(783,1,783,4),(784,1,784,5),(785,1,785,6),(876,1,876,5),(877,1,877,3),(878,1,878,2),(879,1,879,1),(880,1,880,4),(964,1,964,1),(965,1,965,2),(966,1,966,3),(967,1,967,4),(968,1,968,5),(969,1,969,6),(970,1,970,7),(971,1,971,8),(972,1,972,9),(1169,1,1169,1),(1170,1,1170,2),(1171,1,1171,3),(1172,1,1172,4),(1173,1,1173,5),(1174,1,1174,6),(1175,1,1175,7),(1176,1,1176,8),(1177,1,1177,9),(1178,1,1178,10),(1179,1,1179,11),(1180,1,1180,12),(1181,1,1181,13),(1207,1,1207,1),(1208,1,1208,2),(1209,1,1209,3),(1210,1,1210,4),(1211,1,1211,5),(1212,1,1212,6),(1213,1,1213,7),(1214,1,1214,8),(1215,1,1215,9),(1216,1,1216,10),(1217,1,1217,11),(1218,1,1218,12),(1219,1,1219,13),(1220,1,1220,14),(1221,1,1221,15),(1253,1,1253,1),(1254,1,1254,2),(1255,1,1255,3),(1256,1,1256,4),(1257,1,1257,5),(1258,1,1258,6),(1259,1,1259,7),(1260,1,1260,8),(1261,1,1261,9),(1262,1,1262,10),(1263,1,1263,11),(1264,1,1264,12),(1278,1,1278,1),(1279,1,1279,2),(1280,1,1280,3),(1281,1,1281,4),(1282,1,1282,5),(1283,1,1283,6),(1284,1,1284,7),(1285,1,1285,8),(1286,1,1286,9),(1287,1,1287,10),(1288,1,1288,11),(1289,1,1289,12),(1290,1,1290,13),(1452,1,1452,5),(1453,1,1453,4),(1454,1,1454,3),(1455,1,1455,2),(1456,1,1456,1),(1488,1,1488,6),(1489,1,1489,5),(1490,1,1490,4),(1491,1,1491,3),(1492,1,1492,2),(1493,1,1493,1),(1494,1,1494,1),(1495,1,1495,2),(1496,1,1496,3),(1497,1,1497,4),(1498,1,1498,5),(1499,1,1499,6),(1500,1,1500,7),(1508,1,1508,1),(1509,1,1509,2),(1510,1,1510,3),(1511,1,1511,4),(1512,1,1512,5),(1513,1,1513,6),(1514,1,1514,7),(1515,1,1515,8),(1516,1,1516,9),(1517,1,1517,10),(1518,1,1518,11),(1585,1,1585,1),(1586,1,1586,2),(1587,1,1587,3),(1588,1,1588,4),(1589,1,1589,5),(1590,1,1590,6),(1591,1,1591,7),(1592,1,1592,8),(1593,1,1593,9),(1594,1,1594,1),(1595,1,1595,2),(1596,1,1596,3),(1597,1,1597,4),(1598,1,1598,5),(1599,1,1599,6),(1600,1,1600,7),(1601,1,1601,8),(1602,1,1602,9),(1603,1,1603,10),(1604,1,1604,1),(1605,1,1605,2),(1606,1,1606,3),(1607,1,1607,4),(1608,1,1608,5),(1609,1,1609,6),(1610,1,1610,7),(1611,1,1611,8),(1612,1,1612,9),(1613,1,1613,10),(1614,1,1614,11),(1615,1,1615,12),(1616,1,1616,1),(1617,1,1617,2),(1618,1,1618,3),(1619,1,1619,4),(1620,1,1620,5),(1621,1,1621,6),(1622,1,1622,7),(1623,1,1623,3),(1624,1,1624,2),(1625,1,1625,1),(1626,1,1626,4),(1627,1,1627,5),(1628,1,1628,5),(1629,1,1629,4),(1630,1,1630,3),(1631,1,1631,2),(1632,1,1632,1),(1633,1,1633,4),(1634,1,1634,5),(1635,1,1635,3),(1636,1,1636,1),(1637,1,1637,2),(1638,1,1638,5),(1639,1,1639,3),(1640,1,1640,2),(1641,1,1641,1),(1642,1,1642,4),(1643,1,1643,5),(1644,1,1644,4),(1645,1,1645,3),(1646,1,1646,2),(1647,1,1647,1),(1648,1,1648,5),(1649,1,1649,4),(1650,1,1650,3),(1651,1,1651,2),(1652,1,1652,1),(1653,1,1653,1),(1654,1,1654,2),(1655,1,1655,3),(1656,1,1656,4),(1657,1,1657,5),(1658,1,1658,5),(1659,1,1659,4),(1660,1,1660,1),(1661,1,1661,2),(1662,1,1662,3),(1668,1,1668,5),(1669,1,1669,4),(1670,1,1670,3),(1671,1,1671,2),(1672,1,1672,1),(1673,1,1673,5),(1674,1,1674,4),(1675,1,1675,3),(1676,1,1676,2),(1677,1,1677,1),(1678,1,1678,5),(1679,1,1679,1),(1680,1,1680,2),(1681,1,1681,3),(1682,1,1682,4),(1683,1,1683,5),(1684,1,1684,4),(1685,1,1685,3),(1686,1,1686,2),(1687,1,1687,1),(1688,1,1688,1),(1689,1,1689,2),(1690,1,1690,3),(1691,1,1691,4),(1692,1,1692,5),(1693,1,1693,1),(1694,1,1694,2),(1695,1,1695,3),(1696,1,1696,4),(1697,1,1697,5),(1698,1,1698,5),(1699,1,1699,4),(1700,1,1700,2),(1701,1,1701,1),(1702,1,1702,3),(1703,1,1703,5),(1704,1,1704,4),(1705,1,1705,3),(1706,1,1706,2),(1707,1,1707,1),(1708,1,1708,5),(1709,1,1709,4),(1710,1,1710,3),(1711,1,1711,2),(1712,1,1712,1),(1713,1,1713,4),(1714,1,1714,3),(1715,1,1715,2),(1716,1,1716,1),(1717,1,1717,5),(1718,1,1718,5),(1719,1,1719,4),(1720,1,1720,3),(1721,1,1721,2),(1722,1,1722,1),(1723,1,1723,5),(1724,1,1724,4),(1725,1,1725,3),(1726,1,1726,1),(1727,1,1727,2),(1742,1,1742,1),(1743,1,1743,2),(1744,1,1744,3),(1745,1,1745,4),(1746,1,1746,5),(1747,1,1747,6),(1748,1,1748,7),(1749,1,1749,8),(1760,1,1760,1),(1761,1,1761,2),(1762,1,1762,3),(1763,1,1763,4),(1764,1,1764,5),(1777,1,1777,1),(1778,1,1778,2),(1779,1,1779,3),(1780,1,1780,4),(1781,1,1781,5),(1782,1,1782,6),(1783,1,1783,7),(1784,1,1784,8),(1785,1,1785,9),(1786,1,1786,10),(1794,1,1794,1),(1795,1,1795,2),(1796,1,1796,3),(1797,1,1797,4),(1798,1,1798,5),(1799,1,1799,6),(1800,1,1800,7),(1801,1,1801,1),(1802,1,1802,2),(1803,1,1803,3),(1804,1,1804,4),(1805,1,1805,5),(1806,1,1806,6),(1807,1,1807,1),(1808,1,1808,2),(1809,1,1809,3),(1810,1,1810,4),(1811,1,1811,5),(1812,1,1812,6),(1813,1,1813,1),(1814,1,1814,2),(1815,1,1815,3),(1816,1,1816,4),(1817,1,1817,5),(1818,1,1818,6);

--
-- Table structure for table `catalog_product_link_attribute_varchar`
--

CREATE TABLE `catalog_product_link_attribute_varchar` (
  `value_id` int(10) unsigned NOT NULL AUTO_INCREMENT COMMENT 'Value ID',
  `product_link_attribute_id` smallint(5) unsigned NOT NULL DEFAULT 0 COMMENT 'Product Link Attribute ID',
  `link_id` int(10) unsigned NOT NULL COMMENT 'Link ID',
  `value` varchar(255) DEFAULT NULL COMMENT 'Value',
  PRIMARY KEY (`value_id`),
  UNIQUE KEY `CAT_PRD_LNK_ATTR_VCHR_PRD_LNK_ATTR_ID_LNK_ID` (`product_link_attribute_id`,`link_id`),
  KEY `CATALOG_PRODUCT_LINK_ATTRIBUTE_VARCHAR_LINK_ID` (`link_id`),
  CONSTRAINT `CAT_PRD_LNK_ATTR_VCHR_LNK_ID_CAT_PRD_LNK_LNK_ID` FOREIGN KEY (`link_id`) REFERENCES `catalog_product_link` (`link_id`) ON DELETE CASCADE,
  CONSTRAINT `FK_DEE9C4DA61CFCC01DFCF50F0D79CEA51` FOREIGN KEY (`product_link_attribute_id`) REFERENCES `catalog_product_link_attribute` (`product_link_attribute_id`) ON DELETE CASCADE
) ENGINE=InnoDB DEFAULT CHARSET=utf8 COMMENT='Catalog Product Link Varchar Attribute Table';

--
-- Dumping data for table `catalog_product_link_attribute_varchar`
--


--
-- Table structure for table `catalog_product_link_type`
--

CREATE TABLE `catalog_product_link_type` (
  `link_type_id` smallint(5) unsigned NOT NULL AUTO_INCREMENT COMMENT 'Link Type ID',
  `code` varchar(32) DEFAULT NULL COMMENT 'Code',
  PRIMARY KEY (`link_type_id`)
) ENGINE=InnoDB AUTO_INCREMENT=6 DEFAULT CHARSET=utf8 COMMENT='Catalog Product Link Type Table';

--
-- Dumping data for table `catalog_product_link_type`
--

INSERT INTO `catalog_product_link_type` VALUES (1,'relation'),(3,'super'),(4,'up_sell'),(5,'cross_sell');

--
-- Table structure for table `catalog_product_option`
--

CREATE TABLE `catalog_product_option` (
  `option_id` int(10) unsigned NOT NULL AUTO_INCREMENT COMMENT 'Option ID',
  `product_id` int(10) unsigned NOT NULL DEFAULT 0 COMMENT 'Product ID',
  `type` varchar(50) DEFAULT NULL COMMENT 'Type',
  `is_require` smallint(6) NOT NULL DEFAULT 1 COMMENT 'Is Required',
  `sku` varchar(64) DEFAULT NULL COMMENT 'SKU',
  `max_characters` int(10) unsigned DEFAULT NULL COMMENT 'Max Characters',
  `file_extension` varchar(50) DEFAULT NULL COMMENT 'File Extension',
  `image_size_x` smallint(5) unsigned DEFAULT NULL COMMENT 'Image Size X',
  `image_size_y` smallint(5) unsigned DEFAULT NULL COMMENT 'Image Size Y',
  `sort_order` int(10) unsigned NOT NULL DEFAULT 0 COMMENT 'Sort Order',
  PRIMARY KEY (`option_id`),
  KEY `CATALOG_PRODUCT_OPTION_PRODUCT_ID` (`product_id`),
  CONSTRAINT `CAT_PRD_OPT_PRD_ID_CAT_PRD_ENTT_ENTT_ID` FOREIGN KEY (`product_id`) REFERENCES `catalog_product_entity` (`entity_id`) ON DELETE CASCADE
) ENGINE=InnoDB DEFAULT CHARSET=utf8 COMMENT='Catalog Product Option Table';

--
-- Dumping data for table `catalog_product_option`
--


--
-- Table structure for table `catalog_product_option_price`
--

CREATE TABLE `catalog_product_option_price` (
  `option_price_id` int(10) unsigned NOT NULL AUTO_INCREMENT COMMENT 'Option Price ID',
  `option_id` int(10) unsigned NOT NULL DEFAULT 0 COMMENT 'Option ID',
  `store_id` smallint(5) unsigned NOT NULL DEFAULT 0 COMMENT 'Store ID',
  `price` decimal(20,6) NOT NULL DEFAULT 0.000000 COMMENT 'Price',
  `price_type` varchar(7) NOT NULL DEFAULT 'fixed' COMMENT 'Price Type',
  PRIMARY KEY (`option_price_id`),
  UNIQUE KEY `CATALOG_PRODUCT_OPTION_PRICE_OPTION_ID_STORE_ID` (`option_id`,`store_id`),
  KEY `CATALOG_PRODUCT_OPTION_PRICE_STORE_ID` (`store_id`),
  CONSTRAINT `CATALOG_PRODUCT_OPTION_PRICE_STORE_ID_STORE_STORE_ID` FOREIGN KEY (`store_id`) REFERENCES `store` (`store_id`) ON DELETE CASCADE,
  CONSTRAINT `CAT_PRD_OPT_PRICE_OPT_ID_CAT_PRD_OPT_OPT_ID` FOREIGN KEY (`option_id`) REFERENCES `catalog_product_option` (`option_id`) ON DELETE CASCADE
) ENGINE=InnoDB DEFAULT CHARSET=utf8 COMMENT='Catalog Product Option Price Table';

--
-- Dumping data for table `catalog_product_option_price`
--


--
-- Table structure for table `catalog_product_option_title`
--

CREATE TABLE `catalog_product_option_title` (
  `option_title_id` int(10) unsigned NOT NULL AUTO_INCREMENT COMMENT 'Option Title ID',
  `option_id` int(10) unsigned NOT NULL DEFAULT 0 COMMENT 'Option ID',
  `store_id` smallint(5) unsigned NOT NULL DEFAULT 0 COMMENT 'Store ID',
  `title` varchar(255) DEFAULT NULL COMMENT 'Title',
  PRIMARY KEY (`option_title_id`),
  UNIQUE KEY `CATALOG_PRODUCT_OPTION_TITLE_OPTION_ID_STORE_ID` (`option_id`,`store_id`),
  KEY `CATALOG_PRODUCT_OPTION_TITLE_STORE_ID` (`store_id`),
  CONSTRAINT `CATALOG_PRODUCT_OPTION_TITLE_STORE_ID_STORE_STORE_ID` FOREIGN KEY (`store_id`) REFERENCES `store` (`store_id`) ON DELETE CASCADE,
  CONSTRAINT `CAT_PRD_OPT_TTL_OPT_ID_CAT_PRD_OPT_OPT_ID` FOREIGN KEY (`option_id`) REFERENCES `catalog_product_option` (`option_id`) ON DELETE CASCADE
) ENGINE=InnoDB DEFAULT CHARSET=utf8 COMMENT='Catalog Product Option Title Table';

--
-- Dumping data for table `catalog_product_option_title`
--


--
-- Table structure for table `catalog_product_option_type_price`
--

CREATE TABLE `catalog_product_option_type_price` (
  `option_type_price_id` int(10) unsigned NOT NULL AUTO_INCREMENT COMMENT 'Option Type Price ID',
  `option_type_id` int(10) unsigned NOT NULL DEFAULT 0 COMMENT 'Option Type ID',
  `store_id` smallint(5) unsigned NOT NULL DEFAULT 0 COMMENT 'Store ID',
  `price` decimal(20,6) NOT NULL DEFAULT 0.000000 COMMENT 'Price',
  `price_type` varchar(7) NOT NULL DEFAULT 'fixed' COMMENT 'Price Type',
  PRIMARY KEY (`option_type_price_id`),
  UNIQUE KEY `CATALOG_PRODUCT_OPTION_TYPE_PRICE_OPTION_TYPE_ID_STORE_ID` (`option_type_id`,`store_id`),
  KEY `CATALOG_PRODUCT_OPTION_TYPE_PRICE_STORE_ID` (`store_id`),
  CONSTRAINT `CATALOG_PRODUCT_OPTION_TYPE_PRICE_STORE_ID_STORE_STORE_ID` FOREIGN KEY (`store_id`) REFERENCES `store` (`store_id`) ON DELETE CASCADE,
  CONSTRAINT `FK_B523E3378E8602F376CC415825576B7F` FOREIGN KEY (`option_type_id`) REFERENCES `catalog_product_option_type_value` (`option_type_id`) ON DELETE CASCADE
) ENGINE=InnoDB DEFAULT CHARSET=utf8 COMMENT='Catalog Product Option Type Price Table';

--
-- Dumping data for table `catalog_product_option_type_price`
--


--
-- Table structure for table `catalog_product_option_type_title`
--

CREATE TABLE `catalog_product_option_type_title` (
  `option_type_title_id` int(10) unsigned NOT NULL AUTO_INCREMENT COMMENT 'Option Type Title ID',
  `option_type_id` int(10) unsigned NOT NULL DEFAULT 0 COMMENT 'Option Type ID',
  `store_id` smallint(5) unsigned NOT NULL DEFAULT 0 COMMENT 'Store ID',
  `title` varchar(255) DEFAULT NULL COMMENT 'Title',
  PRIMARY KEY (`option_type_title_id`),
  UNIQUE KEY `CATALOG_PRODUCT_OPTION_TYPE_TITLE_OPTION_TYPE_ID_STORE_ID` (`option_type_id`,`store_id`),
  KEY `CATALOG_PRODUCT_OPTION_TYPE_TITLE_STORE_ID` (`store_id`),
  CONSTRAINT `CATALOG_PRODUCT_OPTION_TYPE_TITLE_STORE_ID_STORE_STORE_ID` FOREIGN KEY (`store_id`) REFERENCES `store` (`store_id`) ON DELETE CASCADE,
  CONSTRAINT `FK_C085B9CF2C2A302E8043FDEA1937D6A2` FOREIGN KEY (`option_type_id`) REFERENCES `catalog_product_option_type_value` (`option_type_id`) ON DELETE CASCADE
) ENGINE=InnoDB DEFAULT CHARSET=utf8 COMMENT='Catalog Product Option Type Title Table';

--
-- Dumping data for table `catalog_product_option_type_title`
--


--
-- Table structure for table `catalog_product_option_type_value`
--

CREATE TABLE `catalog_product_option_type_value` (
  `option_type_id` int(10) unsigned NOT NULL AUTO_INCREMENT COMMENT 'Option Type ID',
  `option_id` int(10) unsigned NOT NULL DEFAULT 0 COMMENT 'Option ID',
  `sku` varchar(64) DEFAULT NULL COMMENT 'SKU',
  `sort_order` int(10) unsigned NOT NULL DEFAULT 0 COMMENT 'Sort Order',
  PRIMARY KEY (`option_type_id`),
  KEY `CATALOG_PRODUCT_OPTION_TYPE_VALUE_OPTION_ID` (`option_id`),
  CONSTRAINT `CAT_PRD_OPT_TYPE_VAL_OPT_ID_CAT_PRD_OPT_OPT_ID` FOREIGN KEY (`option_id`) REFERENCES `catalog_product_option` (`option_id`) ON DELETE CASCADE
) ENGINE=InnoDB DEFAULT CHARSET=utf8 COMMENT='Catalog Product Option Type Value Table';

--
-- Dumping data for table `catalog_product_option_type_value`
--


--
-- Table structure for table `catalog_product_relation`
--

CREATE TABLE `catalog_product_relation` (
  `parent_id` int(10) unsigned NOT NULL COMMENT 'Parent ID',
  `child_id` int(10) unsigned NOT NULL COMMENT 'Child ID',
  PRIMARY KEY (`parent_id`,`child_id`),
  KEY `CATALOG_PRODUCT_RELATION_CHILD_ID` (`child_id`),
  CONSTRAINT `CAT_PRD_RELATION_CHILD_ID_CAT_PRD_ENTT_ENTT_ID` FOREIGN KEY (`child_id`) REFERENCES `catalog_product_entity` (`entity_id`) ON DELETE CASCADE,
  CONSTRAINT `CAT_PRD_RELATION_PARENT_ID_CAT_PRD_ENTT_ENTT_ID` FOREIGN KEY (`parent_id`) REFERENCES `catalog_product_entity` (`entity_id`) ON DELETE CASCADE
) ENGINE=InnoDB DEFAULT CHARSET=utf8 COMMENT='Catalog Product Relation Table';

--
-- Dumping data for table `catalog_product_relation`
--

INSERT INTO `catalog_product_relation` VALUES (4,57),(4,58),(4,59),(14,2),(15,1),(15,2),(20,60),(20,61),(20,62),(20,63),(20,64),(20,65),(20,66),(20,67),(20,68),(44,89),(44,90),(44,91),(54,70),(54,71),(54,72),(54,73),(54,74),(54,75),(54,76),(54,77),(54,78),(54,79),(54,80),(54,81);

--
-- Table structure for table `catalog_product_super_attribute`
--

CREATE TABLE `catalog_product_super_attribute` (
  `product_super_attribute_id` int(10) unsigned NOT NULL AUTO_INCREMENT COMMENT 'Product Super Attribute ID',
  `product_id` int(10) unsigned NOT NULL DEFAULT 0 COMMENT 'Product ID',
  `attribute_id` smallint(5) unsigned NOT NULL DEFAULT 0 COMMENT 'Attribute ID',
  `position` smallint(5) unsigned NOT NULL DEFAULT 0 COMMENT 'Position',
  PRIMARY KEY (`product_super_attribute_id`),
  UNIQUE KEY `CATALOG_PRODUCT_SUPER_ATTRIBUTE_PRODUCT_ID_ATTRIBUTE_ID` (`product_id`,`attribute_id`),
  CONSTRAINT `CAT_PRD_SPR_ATTR_PRD_ID_CAT_PRD_ENTT_ENTT_ID` FOREIGN KEY (`product_id`) REFERENCES `catalog_product_entity` (`entity_id`) ON DELETE CASCADE
) ENGINE=InnoDB AUTO_INCREMENT=11 DEFAULT CHARSET=utf8 COMMENT='Catalog Product Super Attribute Table';

--
-- Dumping data for table `catalog_product_super_attribute`
--

INSERT INTO `catalog_product_super_attribute` VALUES (4,4,173,0),(5,20,93,1),(6,20,173,0),(7,54,93,1),(8,54,173,0),(9,44,93,0);

--
-- Table structure for table `catalog_product_super_attribute_label`
--

CREATE TABLE `catalog_product_super_attribute_label` (
  `value_id` int(10) unsigned NOT NULL AUTO_INCREMENT COMMENT 'Value ID',
  `product_super_attribute_id` int(10) unsigned NOT NULL DEFAULT 0 COMMENT 'Product Super Attribute ID',
  `store_id` smallint(5) unsigned NOT NULL DEFAULT 0 COMMENT 'Store ID',
  `use_default` smallint(5) unsigned DEFAULT 0 COMMENT 'Use Default Value',
  `value` varchar(255) DEFAULT NULL COMMENT 'Value',
  PRIMARY KEY (`value_id`),
  UNIQUE KEY `CAT_PRD_SPR_ATTR_LBL_PRD_SPR_ATTR_ID_STORE_ID` (`product_super_attribute_id`,`store_id`),
  KEY `CATALOG_PRODUCT_SUPER_ATTRIBUTE_LABEL_STORE_ID` (`store_id`),
  CONSTRAINT `CATALOG_PRODUCT_SUPER_ATTRIBUTE_LABEL_STORE_ID_STORE_STORE_ID` FOREIGN KEY (`store_id`) REFERENCES `store` (`store_id`) ON DELETE CASCADE,
  CONSTRAINT `FK_309442281DF7784210ED82B2CC51E5D5` FOREIGN KEY (`product_super_attribute_id`) REFERENCES `catalog_product_super_attribute` (`product_super_attribute_id`) ON DELETE CASCADE
) ENGINE=InnoDB AUTO_INCREMENT=11 DEFAULT CHARSET=utf8 COMMENT='Catalog Product Super Attribute Label Table';

--
-- Dumping data for table `catalog_product_super_attribute_label`
--

INSERT INTO `catalog_product_super_attribute_label` VALUES (4,4,0,0,'Size'),(5,5,0,0,'Color'),(6,6,0,0,'Size'),(7,7,0,0,'Color'),(8,8,0,0,'Size'),(9,9,0,0,'Color');

--
-- Table structure for table `catalog_product_super_link`
--

CREATE TABLE `catalog_product_super_link` (
  `link_id` int(10) unsigned NOT NULL AUTO_INCREMENT COMMENT 'Link ID',
  `product_id` int(10) unsigned NOT NULL DEFAULT 0 COMMENT 'Product ID',
  `parent_id` int(10) unsigned NOT NULL DEFAULT 0 COMMENT 'Parent ID',
  PRIMARY KEY (`link_id`),
  UNIQUE KEY `CATALOG_PRODUCT_SUPER_LINK_PRODUCT_ID_PARENT_ID` (`product_id`,`parent_id`),
  KEY `CATALOG_PRODUCT_SUPER_LINK_PARENT_ID` (`parent_id`),
  CONSTRAINT `CAT_PRD_SPR_LNK_PARENT_ID_CAT_PRD_ENTT_ENTT_ID` FOREIGN KEY (`parent_id`) REFERENCES `catalog_product_entity` (`entity_id`) ON DELETE CASCADE,
  CONSTRAINT `CAT_PRD_SPR_LNK_PRD_ID_CAT_PRD_ENTT_ENTT_ID` FOREIGN KEY (`product_id`) REFERENCES `catalog_product_entity` (`entity_id`) ON DELETE CASCADE
) ENGINE=InnoDB AUTO_INCREMENT=51 DEFAULT CHARSET=utf8 COMMENT='Catalog Product Super Link Table';

--
-- Dumping data for table `catalog_product_super_link`
--

INSERT INTO `catalog_product_super_link` VALUES (17,57,4),(18,58,4),(19,59,4),(20,60,20),(21,61,20),(22,62,20),(23,63,20),(24,64,20),(25,65,20),(26,66,20),(27,67,20),(28,68,20),(30,70,54),(31,71,54),(32,72,54),(33,73,54),(34,74,54),(35,75,54),(36,76,54),(37,77,54),(38,78,54),(39,79,54),(40,80,54),(41,81,54),(48,89,44),(49,90,44),(50,91,44);

--
-- Table structure for table `catalog_product_website`
--

CREATE TABLE `catalog_product_website` (
  `product_id` int(10) unsigned NOT NULL COMMENT 'Product ID',
  `website_id` smallint(5) unsigned NOT NULL COMMENT 'Website ID',
  PRIMARY KEY (`product_id`,`website_id`),
  KEY `CATALOG_PRODUCT_WEBSITE_WEBSITE_ID` (`website_id`),
  CONSTRAINT `CATALOG_PRODUCT_WEBSITE_WEBSITE_ID_STORE_WEBSITE_WEBSITE_ID` FOREIGN KEY (`website_id`) REFERENCES `store_website` (`website_id`) ON DELETE CASCADE,
  CONSTRAINT `CAT_PRD_WS_PRD_ID_CAT_PRD_ENTT_ENTT_ID` FOREIGN KEY (`product_id`) REFERENCES `catalog_product_entity` (`entity_id`) ON DELETE CASCADE
) ENGINE=InnoDB DEFAULT CHARSET=utf8 COMMENT='Catalog Product To Website Linkage Table';

--
-- Dumping data for table `catalog_product_website`
--

INSERT INTO `catalog_product_website` VALUES (1,1),(2,1),(3,1),(4,1),(5,1),(6,1),(14,1),(15,1),(16,1),(17,1),(18,1),(19,1),(20,1),(21,1),(22,1),(23,1),(24,1),(25,1),(26,1),(27,1),(28,1),(29,1),(30,1),(31,1),(32,8),(33,8),(34,8),(35,8),(36,8),(37,8),(38,8),(39,8),(40,8),(41,8),(42,8),(44,9),(45,9),(46,9),(47,9),(48,9),(49,9),(50,9),(51,9),(52,9),(53,9),(54,9),(55,9),(56,9),(57,1),(58,1),(59,1),(60,1),(61,1),(62,1),(63,1),(64,1),(65,1),(66,1),(67,1),(68,1),(69,1),(70,9),(71,9),(72,9),(73,9),(74,9),(75,9),(76,9),(77,9),(78,9),(79,9),(80,9),(81,9),(83,9),(84,9),(85,9),(86,9),(87,9),(88,9),(89,9),(90,9),(91,9);

--
-- Table structure for table `catalog_url_rewrite_product_category`
--

CREATE TABLE `catalog_url_rewrite_product_category` (
  `url_rewrite_id` int(10) unsigned NOT NULL COMMENT 'url_rewrite_id',
  `category_id` int(10) unsigned NOT NULL COMMENT 'category_id',
  `product_id` int(10) unsigned NOT NULL COMMENT 'product_id',
  PRIMARY KEY (`url_rewrite_id`),
  KEY `CAT_URL_REWRITE_PRD_CTGR_PRD_ID_CAT_PRD_ENTT_ENTT_ID` (`product_id`),
  KEY `FK_BB79E64705D7F17FE181F23144528FC8` (`url_rewrite_id`),
  KEY `CATALOG_URL_REWRITE_PRODUCT_CATEGORY_CATEGORY_ID_PRODUCT_ID` (`category_id`,`product_id`),
  CONSTRAINT `CAT_URL_REWRITE_PRD_CTGR_CTGR_ID_CAT_CTGR_ENTT_ENTT_ID` FOREIGN KEY (`category_id`) REFERENCES `catalog_category_entity` (`entity_id`) ON DELETE CASCADE,
  CONSTRAINT `CAT_URL_REWRITE_PRD_CTGR_PRD_ID_CAT_PRD_ENTT_ENTT_ID` FOREIGN KEY (`product_id`) REFERENCES `catalog_product_entity` (`entity_id`) ON DELETE CASCADE,
  CONSTRAINT `FK_BB79E64705D7F17FE181F23144528FC8` FOREIGN KEY (`url_rewrite_id`) REFERENCES `url_rewrite` (`url_rewrite_id`) ON DELETE CASCADE
) ENGINE=InnoDB DEFAULT CHARSET=utf8 COMMENT='url_rewrite_relation';

--
-- Dumping data for table `catalog_url_rewrite_product_category`
--

INSERT INTO `catalog_url_rewrite_product_category` VALUES (6182,4,1),(6269,4,1),(6356,4,1),(6443,4,1),(6530,4,1),(6617,4,1),(6704,4,1),(6791,4,1),(6204,4,2),(6291,4,2),(6378,4,2),(6465,4,2),(6552,4,2),(6639,4,2),(6726,4,2),(6813,4,2),(6225,4,3),(6312,4,3),(6399,4,3),(6486,4,3),(6573,4,3),(6660,4,3),(6747,4,3),(6834,4,3),(7934,4,4),(7956,4,4),(7978,4,4),(8000,4,4),(8022,4,4),(8044,4,4),(8066,4,4),(8088,4,4),(5502,4,5),(5587,4,5),(5672,4,5),(5757,4,5),(5842,4,5),(5927,4,5),(6012,4,5),(6097,4,5),(5524,4,6),(5609,4,6),(5694,4,6),(5779,4,6),(5864,4,6),(5949,4,6),(6034,4,6),(6119,4,6),(5544,4,14),(5629,4,14),(5714,4,14),(5799,4,14),(5884,4,14),(5969,4,14),(6054,4,14),(6139,4,14),(5565,4,15),(5650,4,15),(5735,4,15),(5820,4,15),(5905,4,15),(5990,4,15),(6075,4,15),(6160,4,15),(7150,4,16),(7166,4,16),(7182,4,16),(7198,4,16),(7214,4,16),(7230,4,16),(7246,4,16),(7262,4,16),(9110,4,17),(9130,4,17),(9150,4,17),(9170,4,17),(9190,4,17),(9210,4,17),(9230,4,17),(9250,4,17),(10934,4,18),(10941,4,18),(10948,4,18),(10955,4,18),(10962,4,18),(10969,4,18),(10976,4,18),(10983,4,18),(737,4,19),(1182,4,19),(1633,4,19),(2090,4,19),(2555,4,19),(3019,4,19),(3474,4,19),(3943,4,19),(12646,4,20),(12653,4,20),(12660,4,20),(12667,4,20),(12674,4,20),(12681,4,20),(12688,4,20),(12695,4,20),(758,4,21),(1221,4,21),(1672,4,21),(2129,4,21),(2594,4,21),(3058,4,21),(3513,4,21),(3982,4,21),(8110,4,22),(8173,4,22),(8236,4,22),(8299,4,22),(8362,4,22),(8425,4,22),(8488,4,22),(8551,4,22),(395,4,23),(1265,4,23),(1716,4,23),(2173,4,23),(2638,4,23),(3102,4,23),(3557,4,23),(4026,4,23),(8129,4,24),(8192,4,24),(8255,4,24),(8318,4,24),(8381,4,24),(8444,4,24),(8507,4,24),(8570,4,24),(8151,4,25),(8214,4,25),(8277,4,25),(8340,4,25),(8403,4,25),(8466,4,25),(8529,4,25),(8592,4,25),(472,4,26),(1330,4,26),(1781,4,26),(2238,4,26),(2703,4,26),(3167,4,26),(3622,4,26),(4091,4,26),(498,4,27),(1352,4,27),(1803,4,27),(2260,4,27),(2725,4,27),(3189,4,27),(3644,4,27),(4113,4,27),(6202,10,1),(6289,10,1),(6376,10,1),(6463,10,1),(6550,10,1),(6637,10,1),(6724,10,1),(6811,10,1),(6223,10,2),(6310,10,2),(6397,10,2),(6484,10,2),(6571,10,2),(6658,10,2),(6745,10,2),(6832,10,2),(6245,10,3),(6332,10,3),(6419,10,3),(6506,10,3),(6593,10,3),(6680,10,3),(6767,10,3),(6854,10,3),(7952,10,4),(7974,10,4),(7996,10,4),(8018,10,4),(8040,10,4),(8062,10,4),(8084,10,4),(8106,10,4),(5522,10,5),(5607,10,5),(5692,10,5),(5777,10,5),(5862,10,5),(5947,10,5),(6032,10,5),(6117,10,5),(5542,10,6),(5627,10,6),(5712,10,6),(5797,10,6),(5882,10,6),(5967,10,6),(6052,10,6),(6137,10,6),(5563,10,14),(5648,10,14),(5733,10,14),(5818,10,14),(5903,10,14),(5988,10,14),(6073,10,14),(6158,10,14),(5585,10,15),(5670,10,15),(5755,10,15),(5840,10,15),(5925,10,15),(6010,10,15),(6095,10,15),(6180,10,15),(9126,10,17),(9146,10,17),(9166,10,17),(9186,10,17),(9206,10,17),(9226,10,17),(9246,10,17),(9266,10,17),(738,10,19),(1183,10,19),(1634,10,19),(2091,10,19),(2556,10,19),(3020,10,19),(3475,10,19),(3944,10,19),(759,10,21),(1222,10,21),(1673,10,21),(2130,10,21),(2595,10,21),(3059,10,21),(3514,10,21),(3983,10,21),(8111,10,22),(8174,10,22),(8237,10,22),(8300,10,22),(8363,10,22),(8426,10,22),(8489,10,22),(8552,10,22),(400,10,23),(1266,10,23),(1717,10,23),(2174,10,23),(2639,10,23),(3103,10,23),(3558,10,23),(4027,10,23),(8130,10,24),(8193,10,24),(8256,10,24),(8319,10,24),(8382,10,24),(8445,10,24),(8508,10,24),(8571,10,24),(8152,10,25),(8215,10,25),(8278,10,25),(8341,10,25),(8404,10,25),(8467,10,25),(8530,10,25),(8593,10,25),(477,10,26),(1331,10,26),(1782,10,26),(2239,10,26),(2704,10,26),(3168,10,26),(3623,10,26),(4092,10,26),(503,10,27),(1353,10,27),(1804,10,27),(2261,10,27),(2726,10,27),(3190,10,27),(3645,10,27),(4114,10,27),(6183,11,1),(6270,11,1),(6357,11,1),(6444,11,1),(6531,11,1),(6618,11,1),(6705,11,1),(6792,11,1),(6205,11,2),(6292,11,2),(6379,11,2),(6466,11,2),(6553,11,2),(6640,11,2),(6727,11,2),(6814,11,2),(6226,11,3),(6313,11,3),(6400,11,3),(6487,11,3),(6574,11,3),(6661,11,3),(6748,11,3),(6835,11,3),(7953,11,4),(7975,11,4),(7997,11,4),(8019,11,4),(8041,11,4),(8063,11,4),(8085,11,4),(8107,11,4),(5503,11,5),(5588,11,5),(5673,11,5),(5758,11,5),(5843,11,5),(5928,11,5),(6013,11,5),(6098,11,5),(5525,11,6),(5610,11,6),(5695,11,6),(5780,11,6),(5865,11,6),(5950,11,6),(6035,11,6),(6120,11,6),(5545,11,14),(5630,11,14),(5715,11,14),(5800,11,14),(5885,11,14),(5970,11,14),(6055,11,14),(6140,11,14),(5566,11,15),(5651,11,15),(5736,11,15),(5821,11,15),(5906,11,15),(5991,11,15),(6076,11,15),(6161,11,15),(7151,11,16),(7167,11,16),(7183,11,16),(7199,11,16),(7215,11,16),(7231,11,16),(7247,11,16),(7263,11,16),(9111,11,17),(9131,11,17),(9151,11,17),(9171,11,17),(9191,11,17),(9211,11,17),(9231,11,17),(9251,11,17),(10935,11,18),(10942,11,18),(10949,11,18),(10956,11,18),(10963,11,18),(10970,11,18),(10977,11,18),(10984,11,18),(739,11,19),(1184,11,19),(1635,11,19),(2092,11,19),(2557,11,19),(3021,11,19),(3476,11,19),(3945,11,19),(778,11,21),(1241,11,21),(1692,11,21),(2149,11,21),(2614,11,21),(3078,11,21),(3533,11,21),(4002,11,21),(8112,11,22),(8175,11,22),(8238,11,22),(8301,11,22),(8364,11,22),(8427,11,22),(8490,11,22),(8553,11,22),(401,11,23),(1267,11,23),(1718,11,23),(2175,11,23),(2640,11,23),(3104,11,23),(3559,11,23),(4028,11,23),(8131,11,24),(8194,11,24),(8257,11,24),(8320,11,24),(8383,11,24),(8446,11,24),(8509,11,24),(8572,11,24),(8153,11,25),(8216,11,25),(8279,11,25),(8342,11,25),(8405,11,25),(8468,11,25),(8531,11,25),(8594,11,25),(478,11,26),(1332,11,26),(1783,11,26),(2240,11,26),(2705,11,26),(3169,11,26),(3624,11,26),(4093,11,26),(504,11,27),(1354,11,27),(1805,11,27),(2262,11,27),(2727,11,27),(3191,11,27),(3646,11,27),(4115,11,27),(6184,12,1),(6271,12,1),(6358,12,1),(6445,12,1),(6532,12,1),(6619,12,1),(6706,12,1),(6793,12,1),(6206,12,2),(6293,12,2),(6380,12,2),(6467,12,2),(6554,12,2),(6641,12,2),(6728,12,2),(6815,12,2),(6227,12,3),(6314,12,3),(6401,12,3),(6488,12,3),(6575,12,3),(6662,12,3),(6749,12,3),(6836,12,3),(7935,12,4),(7957,12,4),(7979,12,4),(8001,12,4),(8023,12,4),(8045,12,4),(8067,12,4),(8089,12,4),(5504,12,5),(5589,12,5),(5674,12,5),(5759,12,5),(5844,12,5),(5929,12,5),(6014,12,5),(6099,12,5),(5526,12,6),(5611,12,6),(5696,12,6),(5781,12,6),(5866,12,6),(5951,12,6),(6036,12,6),(6121,12,6),(5546,12,14),(5631,12,14),(5716,12,14),(5801,12,14),(5886,12,14),(5971,12,14),(6056,12,14),(6141,12,14),(5567,12,15),(5652,12,15),(5737,12,15),(5822,12,15),(5907,12,15),(5992,12,15),(6077,12,15),(6162,12,15),(7152,12,16),(7168,12,16),(7184,12,16),(7200,12,16),(7216,12,16),(7232,12,16),(7248,12,16),(7264,12,16),(9127,12,17),(9147,12,17),(9167,12,17),(9187,12,17),(9207,12,17),(9227,12,17),(9247,12,17),(9267,12,17),(740,12,19),(1185,12,19),(1636,12,19),(2093,12,19),(2558,12,19),(3022,12,19),(3477,12,19),(3946,12,19),(12647,12,20),(12654,12,20),(12661,12,20),(12668,12,20),(12675,12,20),(12682,12,20),(12689,12,20),(12696,12,20),(760,12,21),(1223,12,21),(1674,12,21),(2131,12,21),(2596,12,21),(3060,12,21),(3515,12,21),(3984,12,21),(8113,12,22),(8176,12,22),(8239,12,22),(8302,12,22),(8365,12,22),(8428,12,22),(8491,12,22),(8554,12,22),(402,12,23),(1268,12,23),(1719,12,23),(2176,12,23),(2641,12,23),(3105,12,23),(3560,12,23),(4029,12,23),(8132,12,24),(8195,12,24),(8258,12,24),(8321,12,24),(8384,12,24),(8447,12,24),(8510,12,24),(8573,12,24),(8154,12,25),(8217,12,25),(8280,12,25),(8343,12,25),(8406,12,25),(8469,12,25),(8532,12,25),(8595,12,25),(479,12,26),(1333,12,26),(1784,12,26),(2241,12,26),(2706,12,26),(3170,12,26),(3625,12,26),(4094,12,26),(505,12,27),(1355,12,27),(1806,12,27),(2263,12,27),(2728,12,27),(3192,12,27),(3647,12,27),(4116,12,27),(6185,13,1),(6272,13,1),(6359,13,1),(6446,13,1),(6533,13,1),(6620,13,1),(6707,13,1),(6794,13,1),(6207,13,2),(6294,13,2),(6381,13,2),(6468,13,2),(6555,13,2),(6642,13,2),(6729,13,2),(6816,13,2),(6228,13,3),(6315,13,3),(6402,13,3),(6489,13,3),(6576,13,3),(6663,13,3),(6750,13,3),(6837,13,3),(7954,13,4),(7976,13,4),(7998,13,4),(8020,13,4),(8042,13,4),(8064,13,4),(8086,13,4),(8108,13,4),(5505,13,5),(5590,13,5),(5675,13,5),(5760,13,5),(5845,13,5),(5930,13,5),(6015,13,5),(6100,13,5),(5527,13,6),(5612,13,6),(5697,13,6),(5782,13,6),(5867,13,6),(5952,13,6),(6037,13,6),(6122,13,6),(5547,13,14),(5632,13,14),(5717,13,14),(5802,13,14),(5887,13,14),(5972,13,14),(6057,13,14),(6142,13,14),(5568,13,15),(5653,13,15),(5738,13,15),(5823,13,15),(5908,13,15),(5993,13,15),(6078,13,15),(6163,13,15),(7164,13,16),(7180,13,16),(7196,13,16),(7212,13,16),(7228,13,16),(7244,13,16),(7260,13,16),(7276,13,16),(9128,13,17),(9148,13,17),(9168,13,17),(9188,13,17),(9208,13,17),(9228,13,17),(9248,13,17),(9268,13,17),(741,13,19),(1186,13,19),(1637,13,19),(2094,13,19),(2559,13,19),(3023,13,19),(3478,13,19),(3947,13,19),(761,13,21),(1224,13,21),(1675,13,21),(2132,13,21),(2597,13,21),(3061,13,21),(3516,13,21),(3985,13,21),(8127,13,22),(8190,13,22),(8253,13,22),(8316,13,22),(8379,13,22),(8442,13,22),(8505,13,22),(8568,13,22),(418,13,23),(1284,13,23),(1735,13,23),(2192,13,23),(2657,13,23),(3121,13,23),(3576,13,23),(4045,13,23),(8149,13,24),(8212,13,24),(8275,13,24),(8338,13,24),(8401,13,24),(8464,13,24),(8527,13,24),(8590,13,24),(8171,13,25),(8234,13,25),(8297,13,25),(8360,13,25),(8423,13,25),(8486,13,25),(8549,13,25),(8612,13,25),(480,13,26),(1334,13,26),(1785,13,26),(2242,13,26),(2707,13,26),(3171,13,26),(3626,13,26),(4095,13,26),(506,13,27),(1356,13,27),(1807,13,27),(2264,13,27),(2729,13,27),(3193,13,27),(3648,13,27),(4117,13,27),(6186,14,1),(6273,14,1),(6360,14,1),(6447,14,1),(6534,14,1),(6621,14,1),(6708,14,1),(6795,14,1),(6208,14,2),(6295,14,2),(6382,14,2),(6469,14,2),(6556,14,2),(6643,14,2),(6730,14,2),(6817,14,2),(6229,14,3),(6316,14,3),(6403,14,3),(6490,14,3),(6577,14,3),(6664,14,3),(6751,14,3),(6838,14,3),(7936,14,4),(7958,14,4),(7980,14,4),(8002,14,4),(8024,14,4),(8046,14,4),(8068,14,4),(8090,14,4),(5506,14,5),(5591,14,5),(5676,14,5),(5761,14,5),(5846,14,5),(5931,14,5),(6016,14,5),(6101,14,5),(5528,14,6),(5613,14,6),(5698,14,6),(5783,14,6),(5868,14,6),(5953,14,6),(6038,14,6),(6123,14,6),(5558,14,14),(5643,14,14),(5728,14,14),(5813,14,14),(5898,14,14),(5983,14,14),(6068,14,14),(6153,14,14),(5569,14,15),(5654,14,15),(5739,14,15),(5824,14,15),(5909,14,15),(5994,14,15),(6079,14,15),(6164,14,15),(9112,14,17),(9132,14,17),(9152,14,17),(9172,14,17),(9192,14,17),(9212,14,17),(9232,14,17),(9252,14,17),(742,14,19),(1187,14,19),(1638,14,19),(2095,14,19),(2560,14,19),(3024,14,19),(3479,14,19),(3948,14,19),(762,14,21),(1225,14,21),(1676,14,21),(2133,14,21),(2598,14,21),(3062,14,21),(3517,14,21),(3986,14,21),(403,14,23),(1269,14,23),(1720,14,23),(2177,14,23),(2642,14,23),(3106,14,23),(3561,14,23),(4030,14,23),(8133,14,24),(8196,14,24),(8259,14,24),(8322,14,24),(8385,14,24),(8448,14,24),(8511,14,24),(8574,14,24),(8155,14,25),(8218,14,25),(8281,14,25),(8344,14,25),(8407,14,25),(8470,14,25),(8533,14,25),(8596,14,25),(481,14,26),(1335,14,26),(1786,14,26),(2243,14,26),(2708,14,26),(3172,14,26),(3627,14,26),(4096,14,26),(507,14,27),(1357,14,27),(1808,14,27),(2265,14,27),(2730,14,27),(3194,14,27),(3649,14,27),(4118,14,27),(6187,15,1),(6274,15,1),(6361,15,1),(6448,15,1),(6535,15,1),(6622,15,1),(6709,15,1),(6796,15,1),(6209,15,2),(6296,15,2),(6383,15,2),(6470,15,2),(6557,15,2),(6644,15,2),(6731,15,2),(6818,15,2),(6230,15,3),(6317,15,3),(6404,15,3),(6491,15,3),(6578,15,3),(6665,15,3),(6752,15,3),(6839,15,3),(7937,15,4),(7959,15,4),(7981,15,4),(8003,15,4),(8025,15,4),(8047,15,4),(8069,15,4),(8091,15,4),(5507,15,5),(5592,15,5),(5677,15,5),(5762,15,5),(5847,15,5),(5932,15,5),(6017,15,5),(6102,15,5),(5529,15,6),(5614,15,6),(5699,15,6),(5784,15,6),(5869,15,6),(5954,15,6),(6039,15,6),(6124,15,6),(5559,15,14),(5644,15,14),(5729,15,14),(5814,15,14),(5899,15,14),(5984,15,14),(6069,15,14),(6154,15,14),(5570,15,15),(5655,15,15),(5740,15,15),(5825,15,15),(5910,15,15),(5995,15,15),(6080,15,15),(6165,15,15),(9119,15,17),(9139,15,17),(9159,15,17),(9179,15,17),(9199,15,17),(9219,15,17),(9239,15,17),(9259,15,17),(743,15,19),(1188,15,19),(1639,15,19),(2096,15,19),(2561,15,19),(3025,15,19),(3480,15,19),(3949,15,19),(763,15,21),(1226,15,21),(1677,15,21),(2134,15,21),(2599,15,21),(3063,15,21),(3518,15,21),(3987,15,21),(8114,15,22),(8177,15,22),(8240,15,22),(8303,15,22),(8366,15,22),(8429,15,22),(8492,15,22),(8555,15,22),(404,15,23),(1270,15,23),(1721,15,23),(2178,15,23),(2643,15,23),(3107,15,23),(3562,15,23),(4031,15,23),(8134,15,24),(8197,15,24),(8260,15,24),(8323,15,24),(8386,15,24),(8449,15,24),(8512,15,24),(8575,15,24),(8156,15,25),(8219,15,25),(8282,15,25),(8345,15,25),(8408,15,25),(8471,15,25),(8534,15,25),(8597,15,25),(482,15,26),(1336,15,26),(1787,15,26),(2244,15,26),(2709,15,26),(3173,15,26),(3628,15,26),(4097,15,26),(508,15,27),(1358,15,27),(1809,15,27),(2266,15,27),(2731,15,27),(3195,15,27),(3650,15,27),(4119,15,27),(6188,16,1),(6275,16,1),(6362,16,1),(6449,16,1),(6536,16,1),(6623,16,1),(6710,16,1),(6797,16,1),(6210,16,2),(6297,16,2),(6384,16,2),(6471,16,2),(6558,16,2),(6645,16,2),(6732,16,2),(6819,16,2),(6231,16,3),(6318,16,3),(6405,16,3),(6492,16,3),(6579,16,3),(6666,16,3),(6753,16,3),(6840,16,3),(7944,16,4),(7966,16,4),(7988,16,4),(8010,16,4),(8032,16,4),(8054,16,4),(8076,16,4),(8098,16,4),(5508,16,5),(5593,16,5),(5678,16,5),(5763,16,5),(5848,16,5),(5933,16,5),(6018,16,5),(6103,16,5),(5530,16,6),(5615,16,6),(5700,16,6),(5785,16,6),(5870,16,6),(5955,16,6),(6040,16,6),(6125,16,6),(5560,16,14),(5645,16,14),(5730,16,14),(5815,16,14),(5900,16,14),(5985,16,14),(6070,16,14),(6155,16,14),(5579,16,15),(5664,16,15),(5749,16,15),(5834,16,15),(5919,16,15),(6004,16,15),(6089,16,15),(6174,16,15),(9113,16,17),(9133,16,17),(9153,16,17),(9173,16,17),(9193,16,17),(9213,16,17),(9233,16,17),(9253,16,17),(744,16,19),(1189,16,19),(1640,16,19),(2097,16,19),(2562,16,19),(3026,16,19),(3481,16,19),(3950,16,19),(764,16,21),(1227,16,21),(1678,16,21),(2135,16,21),(2600,16,21),(3064,16,21),(3519,16,21),(3988,16,21),(8115,16,22),(8178,16,22),(8241,16,22),(8304,16,22),(8367,16,22),(8430,16,22),(8493,16,22),(8556,16,22),(405,16,23),(1271,16,23),(1722,16,23),(2179,16,23),(2644,16,23),(3108,16,23),(3563,16,23),(4032,16,23),(8135,16,24),(8198,16,24),(8261,16,24),(8324,16,24),(8387,16,24),(8450,16,24),(8513,16,24),(8576,16,24),(8157,16,25),(8220,16,25),(8283,16,25),(8346,16,25),(8409,16,25),(8472,16,25),(8535,16,25),(8598,16,25),(483,16,26),(1337,16,26),(1788,16,26),(2245,16,26),(2710,16,26),(3174,16,26),(3629,16,26),(4098,16,26),(509,16,27),(1359,16,27),(1810,16,27),(2267,16,27),(2732,16,27),(3196,16,27),(3651,16,27),(4120,16,27),(6189,17,1),(6276,17,1),(6363,17,1),(6450,17,1),(6537,17,1),(6624,17,1),(6711,17,1),(6798,17,1),(6211,17,2),(6298,17,2),(6385,17,2),(6472,17,2),(6559,17,2),(6646,17,2),(6733,17,2),(6820,17,2),(6232,17,3),(6319,17,3),(6406,17,3),(6493,17,3),(6580,17,3),(6667,17,3),(6754,17,3),(6841,17,3),(7945,17,4),(7967,17,4),(7989,17,4),(8011,17,4),(8033,17,4),(8055,17,4),(8077,17,4),(8099,17,4),(5509,17,5),(5594,17,5),(5679,17,5),(5764,17,5),(5849,17,5),(5934,17,5),(6019,17,5),(6104,17,5),(5531,17,6),(5616,17,6),(5701,17,6),(5786,17,6),(5871,17,6),(5956,17,6),(6041,17,6),(6126,17,6),(5561,17,14),(5646,17,14),(5731,17,14),(5816,17,14),(5901,17,14),(5986,17,14),(6071,17,14),(6156,17,14),(5580,17,15),(5665,17,15),(5750,17,15),(5835,17,15),(5920,17,15),(6005,17,15),(6090,17,15),(6175,17,15),(9120,17,17),(9140,17,17),(9160,17,17),(9180,17,17),(9200,17,17),(9220,17,17),(9240,17,17),(9260,17,17),(745,17,19),(1190,17,19),(1641,17,19),(2098,17,19),(2563,17,19),(3027,17,19),(3482,17,19),(3951,17,19),(765,17,21),(1228,17,21),(1679,17,21),(2136,17,21),(2601,17,21),(3065,17,21),(3520,17,21),(3989,17,21),(8116,17,22),(8179,17,22),(8242,17,22),(8305,17,22),(8368,17,22),(8431,17,22),(8494,17,22),(8557,17,22),(406,17,23),(1272,17,23),(1723,17,23),(2180,17,23),(2645,17,23),(3109,17,23),(3564,17,23),(4033,17,23),(8136,17,24),(8199,17,24),(8262,17,24),(8325,17,24),(8388,17,24),(8451,17,24),(8514,17,24),(8577,17,24),(8158,17,25),(8221,17,25),(8284,17,25),(8347,17,25),(8410,17,25),(8473,17,25),(8536,17,25),(8599,17,25),(484,17,26),(1338,17,26),(1789,17,26),(2246,17,26),(2711,17,26),(3175,17,26),(3630,17,26),(4099,17,26),(510,17,27),(1360,17,27),(1811,17,27),(2268,17,27),(2733,17,27),(3197,17,27),(3652,17,27),(4121,17,27),(6190,18,1),(6277,18,1),(6364,18,1),(6451,18,1),(6538,18,1),(6625,18,1),(6712,18,1),(6799,18,1),(6212,18,2),(6299,18,2),(6386,18,2),(6473,18,2),(6560,18,2),(6647,18,2),(6734,18,2),(6821,18,2),(6233,18,3),(6320,18,3),(6407,18,3),(6494,18,3),(6581,18,3),(6668,18,3),(6755,18,3),(6842,18,3),(7938,18,4),(7960,18,4),(7982,18,4),(8004,18,4),(8026,18,4),(8048,18,4),(8070,18,4),(8092,18,4),(5510,18,5),(5595,18,5),(5680,18,5),(5765,18,5),(5850,18,5),(5935,18,5),(6020,18,5),(6105,18,5),(5532,18,6),(5617,18,6),(5702,18,6),(5787,18,6),(5872,18,6),(5957,18,6),(6042,18,6),(6127,18,6),(5548,18,14),(5633,18,14),(5718,18,14),(5803,18,14),(5888,18,14),(5973,18,14),(6058,18,14),(6143,18,14),(5571,18,15),(5656,18,15),(5741,18,15),(5826,18,15),(5911,18,15),(5996,18,15),(6081,18,15),(6166,18,15),(7153,18,16),(7169,18,16),(7185,18,16),(7201,18,16),(7217,18,16),(7233,18,16),(7249,18,16),(7265,18,16),(9114,18,17),(9134,18,17),(9154,18,17),(9174,18,17),(9194,18,17),(9214,18,17),(9234,18,17),(9254,18,17),(10936,18,18),(10943,18,18),(10950,18,18),(10957,18,18),(10964,18,18),(10971,18,18),(10978,18,18),(10985,18,18),(746,18,19),(1191,18,19),(1642,18,19),(2099,18,19),(2564,18,19),(3028,18,19),(3483,18,19),(3952,18,19),(766,18,21),(1229,18,21),(1680,18,21),(2137,18,21),(2602,18,21),(3066,18,21),(3521,18,21),(3990,18,21),(8117,18,22),(8180,18,22),(8243,18,22),(8306,18,22),(8369,18,22),(8432,18,22),(8495,18,22),(8558,18,22),(407,18,23),(1273,18,23),(1724,18,23),(2181,18,23),(2646,18,23),(3110,18,23),(3565,18,23),(4034,18,23),(8137,18,24),(8200,18,24),(8263,18,24),(8326,18,24),(8389,18,24),(8452,18,24),(8515,18,24),(8578,18,24),(8159,18,25),(8222,18,25),(8285,18,25),(8348,18,25),(8411,18,25),(8474,18,25),(8537,18,25),(8600,18,25),(485,18,26),(1339,18,26),(1790,18,26),(2247,18,26),(2712,18,26),(3176,18,26),(3631,18,26),(4100,18,26),(511,18,27),(1361,18,27),(1812,18,27),(2269,18,27),(2734,18,27),(3198,18,27),(3653,18,27),(4122,18,27),(6191,19,1),(6278,19,1),(6365,19,1),(6452,19,1),(6539,19,1),(6626,19,1),(6713,19,1),(6800,19,1),(6213,19,2),(6300,19,2),(6387,19,2),(6474,19,2),(6561,19,2),(6648,19,2),(6735,19,2),(6822,19,2),(6234,19,3),(6321,19,3),(6408,19,3),(6495,19,3),(6582,19,3),(6669,19,3),(6756,19,3),(6843,19,3),(7939,19,4),(7961,19,4),(7983,19,4),(8005,19,4),(8027,19,4),(8049,19,4),(8071,19,4),(8093,19,4),(5511,19,5),(5596,19,5),(5681,19,5),(5766,19,5),(5851,19,5),(5936,19,5),(6021,19,5),(6106,19,5),(5533,19,6),(5618,19,6),(5703,19,6),(5788,19,6),(5873,19,6),(5958,19,6),(6043,19,6),(6128,19,6),(5549,19,14),(5634,19,14),(5719,19,14),(5804,19,14),(5889,19,14),(5974,19,14),(6059,19,14),(6144,19,14),(5572,19,15),(5657,19,15),(5742,19,15),(5827,19,15),(5912,19,15),(5997,19,15),(6082,19,15),(6167,19,15),(7154,19,16),(7170,19,16),(7186,19,16),(7202,19,16),(7218,19,16),(7234,19,16),(7250,19,16),(7266,19,16),(9115,19,17),(9135,19,17),(9155,19,17),(9175,19,17),(9195,19,17),(9215,19,17),(9235,19,17),(9255,19,17),(10937,19,18),(10944,19,18),(10951,19,18),(10958,19,18),(10965,19,18),(10972,19,18),(10979,19,18),(10986,19,18),(747,19,19),(1192,19,19),(1643,19,19),(2100,19,19),(2565,19,19),(3029,19,19),(3484,19,19),(3953,19,19),(767,19,21),(1230,19,21),(1681,19,21),(2138,19,21),(2603,19,21),(3067,19,21),(3522,19,21),(3991,19,21),(8118,19,22),(8181,19,22),(8244,19,22),(8307,19,22),(8370,19,22),(8433,19,22),(8496,19,22),(8559,19,22),(408,19,23),(1274,19,23),(1725,19,23),(2182,19,23),(2647,19,23),(3111,19,23),(3566,19,23),(4035,19,23),(8138,19,24),(8201,19,24),(8264,19,24),(8327,19,24),(8390,19,24),(8453,19,24),(8516,19,24),(8579,19,24),(8160,19,25),(8223,19,25),(8286,19,25),(8349,19,25),(8412,19,25),(8475,19,25),(8538,19,25),(8601,19,25),(486,19,26),(1340,19,26),(1791,19,26),(2248,19,26),(2713,19,26),(3177,19,26),(3632,19,26),(4101,19,26),(512,19,27),(1362,19,27),(1813,19,27),(2270,19,27),(2735,19,27),(3199,19,27),(3654,19,27),(4123,19,27),(6192,20,1),(6279,20,1),(6366,20,1),(6453,20,1),(6540,20,1),(6627,20,1),(6714,20,1),(6801,20,1),(6214,20,2),(6301,20,2),(6388,20,2),(6475,20,2),(6562,20,2),(6649,20,2),(6736,20,2),(6823,20,2),(6235,20,3),(6322,20,3),(6409,20,3),(6496,20,3),(6583,20,3),(6670,20,3),(6757,20,3),(6844,20,3),(7946,20,4),(7968,20,4),(7990,20,4),(8012,20,4),(8034,20,4),(8056,20,4),(8078,20,4),(8100,20,4),(5512,20,5),(5597,20,5),(5682,20,5),(5767,20,5),(5852,20,5),(5937,20,5),(6022,20,5),(6107,20,5),(5534,20,6),(5619,20,6),(5704,20,6),(5789,20,6),(5874,20,6),(5959,20,6),(6044,20,6),(6129,20,6),(5550,20,14),(5635,20,14),(5720,20,14),(5805,20,14),(5890,20,14),(5975,20,14),(6060,20,14),(6145,20,14),(5581,20,15),(5666,20,15),(5751,20,15),(5836,20,15),(5921,20,15),(6006,20,15),(6091,20,15),(6176,20,15),(7155,20,16),(7171,20,16),(7187,20,16),(7203,20,16),(7219,20,16),(7235,20,16),(7251,20,16),(7267,20,16),(9121,20,17),(9141,20,17),(9161,20,17),(9181,20,17),(9201,20,17),(9221,20,17),(9241,20,17),(9261,20,17),(10938,20,18),(10945,20,18),(10952,20,18),(10959,20,18),(10966,20,18),(10973,20,18),(10980,20,18),(10987,20,18),(748,20,19),(1193,20,19),(1644,20,19),(2101,20,19),(2566,20,19),(3030,20,19),(3485,20,19),(3954,20,19),(768,20,21),(1231,20,21),(1682,20,21),(2139,20,21),(2604,20,21),(3068,20,21),(3523,20,21),(3992,20,21),(8119,20,22),(8182,20,22),(8245,20,22),(8308,20,22),(8371,20,22),(8434,20,22),(8497,20,22),(8560,20,22),(409,20,23),(1275,20,23),(1726,20,23),(2183,20,23),(2648,20,23),(3112,20,23),(3567,20,23),(4036,20,23),(8139,20,24),(8202,20,24),(8265,20,24),(8328,20,24),(8391,20,24),(8454,20,24),(8517,20,24),(8580,20,24),(8161,20,25),(8224,20,25),(8287,20,25),(8350,20,25),(8413,20,25),(8476,20,25),(8539,20,25),(8602,20,25),(487,20,26),(1341,20,26),(1792,20,26),(2249,20,26),(2714,20,26),(3178,20,26),(3633,20,26),(4102,20,26),(513,20,27),(1363,20,27),(1814,20,27),(2271,20,27),(2736,20,27),(3200,20,27),(3655,20,27),(4124,20,27),(6193,21,1),(6280,21,1),(6367,21,1),(6454,21,1),(6541,21,1),(6628,21,1),(6715,21,1),(6802,21,1),(6215,21,2),(6302,21,2),(6389,21,2),(6476,21,2),(6563,21,2),(6650,21,2),(6737,21,2),(6824,21,2),(6236,21,3),(6323,21,3),(6410,21,3),(6497,21,3),(6584,21,3),(6671,21,3),(6758,21,3),(6845,21,3),(7940,21,4),(7962,21,4),(7984,21,4),(8006,21,4),(8028,21,4),(8050,21,4),(8072,21,4),(8094,21,4),(5513,21,5),(5598,21,5),(5683,21,5),(5768,21,5),(5853,21,5),(5938,21,5),(6023,21,5),(6108,21,5),(5535,21,6),(5620,21,6),(5705,21,6),(5790,21,6),(5875,21,6),(5960,21,6),(6045,21,6),(6130,21,6),(5551,21,14),(5636,21,14),(5721,21,14),(5806,21,14),(5891,21,14),(5976,21,14),(6061,21,14),(6146,21,14),(5582,21,15),(5667,21,15),(5752,21,15),(5837,21,15),(5922,21,15),(6007,21,15),(6092,21,15),(6177,21,15),(7156,21,16),(7172,21,16),(7188,21,16),(7204,21,16),(7220,21,16),(7236,21,16),(7252,21,16),(7268,21,16),(9122,21,17),(9142,21,17),(9162,21,17),(9182,21,17),(9202,21,17),(9222,21,17),(9242,21,17),(9262,21,17),(10939,21,18),(10946,21,18),(10953,21,18),(10960,21,18),(10967,21,18),(10974,21,18),(10981,21,18),(10988,21,18),(769,21,21),(1232,21,21),(1683,21,21),(2140,21,21),(2605,21,21),(3069,21,21),(3524,21,21),(3993,21,21),(8120,21,22),(8183,21,22),(8246,21,22),(8309,21,22),(8372,21,22),(8435,21,22),(8498,21,22),(8561,21,22),(410,21,23),(1276,21,23),(1727,21,23),(2184,21,23),(2649,21,23),(3113,21,23),(3568,21,23),(4037,21,23),(8140,21,24),(8203,21,24),(8266,21,24),(8329,21,24),(8392,21,24),(8455,21,24),(8518,21,24),(8581,21,24),(8162,21,25),(8225,21,25),(8288,21,25),(8351,21,25),(8414,21,25),(8477,21,25),(8540,21,25),(8603,21,25),(488,21,26),(1342,21,26),(1793,21,26),(2250,21,26),(2715,21,26),(3179,21,26),(3634,21,26),(4103,21,26),(514,21,27),(1364,21,27),(1815,21,27),(2272,21,27),(2737,21,27),(3201,21,27),(3656,21,27),(4125,21,27),(6194,22,1),(6281,22,1),(6368,22,1),(6455,22,1),(6542,22,1),(6629,22,1),(6716,22,1),(6803,22,1),(6216,22,2),(6303,22,2),(6390,22,2),(6477,22,2),(6564,22,2),(6651,22,2),(6738,22,2),(6825,22,2),(6237,22,3),(6324,22,3),(6411,22,3),(6498,22,3),(6585,22,3),(6672,22,3),(6759,22,3),(6846,22,3),(7941,22,4),(7963,22,4),(7985,22,4),(8007,22,4),(8029,22,4),(8051,22,4),(8073,22,4),(8095,22,4),(5514,22,5),(5599,22,5),(5684,22,5),(5769,22,5),(5854,22,5),(5939,22,5),(6024,22,5),(6109,22,5),(5536,22,6),(5621,22,6),(5706,22,6),(5791,22,6),(5876,22,6),(5961,22,6),(6046,22,6),(6131,22,6),(5573,22,15),(5658,22,15),(5743,22,15),(5828,22,15),(5913,22,15),(5998,22,15),(6083,22,15),(6168,22,15),(7157,22,16),(7173,22,16),(7189,22,16),(7205,22,16),(7221,22,16),(7237,22,16),(7253,22,16),(7269,22,16),(9116,22,17),(9136,22,17),(9156,22,17),(9176,22,17),(9196,22,17),(9216,22,17),(9236,22,17),(9256,22,17),(749,22,19),(1194,22,19),(1645,22,19),(2102,22,19),(2567,22,19),(3031,22,19),(3486,22,19),(3955,22,19),(12648,22,20),(12655,22,20),(12662,22,20),(12669,22,20),(12676,22,20),(12683,22,20),(12690,22,20),(12697,22,20),(770,22,21),(1233,22,21),(1684,22,21),(2141,22,21),(2606,22,21),(3070,22,21),(3525,22,21),(3994,22,21),(8121,22,22),(8184,22,22),(8247,22,22),(8310,22,22),(8373,22,22),(8436,22,22),(8499,22,22),(8562,22,22),(411,22,23),(1277,22,23),(1728,22,23),(2185,22,23),(2650,22,23),(3114,22,23),(3569,22,23),(4038,22,23),(8141,22,24),(8204,22,24),(8267,22,24),(8330,22,24),(8393,22,24),(8456,22,24),(8519,22,24),(8582,22,24),(8163,22,25),(8226,22,25),(8289,22,25),(8352,22,25),(8415,22,25),(8478,22,25),(8541,22,25),(8604,22,25),(489,22,26),(1343,22,26),(1794,22,26),(2251,22,26),(2716,22,26),(3180,22,26),(3635,22,26),(4104,22,26),(515,22,27),(1365,22,27),(1816,22,27),(2273,22,27),(2738,22,27),(3202,22,27),(3657,22,27),(4126,22,27),(6195,23,1),(6282,23,1),(6369,23,1),(6456,23,1),(6543,23,1),(6630,23,1),(6717,23,1),(6804,23,1),(6217,23,2),(6304,23,2),(6391,23,2),(6478,23,2),(6565,23,2),(6652,23,2),(6739,23,2),(6826,23,2),(6238,23,3),(6325,23,3),(6412,23,3),(6499,23,3),(6586,23,3),(6673,23,3),(6760,23,3),(6847,23,3),(7942,23,4),(7964,23,4),(7986,23,4),(8008,23,4),(8030,23,4),(8052,23,4),(8074,23,4),(8096,23,4),(5515,23,5),(5600,23,5),(5685,23,5),(5770,23,5),(5855,23,5),(5940,23,5),(6025,23,5),(6110,23,5),(5537,23,6),(5622,23,6),(5707,23,6),(5792,23,6),(5877,23,6),(5962,23,6),(6047,23,6),(6132,23,6),(5552,23,14),(5637,23,14),(5722,23,14),(5807,23,14),(5892,23,14),(5977,23,14),(6062,23,14),(6147,23,14),(5574,23,15),(5659,23,15),(5744,23,15),(5829,23,15),(5914,23,15),(5999,23,15),(6084,23,15),(6169,23,15),(7158,23,16),(7174,23,16),(7190,23,16),(7206,23,16),(7222,23,16),(7238,23,16),(7254,23,16),(7270,23,16),(9117,23,17),(9137,23,17),(9157,23,17),(9177,23,17),(9197,23,17),(9217,23,17),(9237,23,17),(9257,23,17),(750,23,19),(1195,23,19),(1646,23,19),(2103,23,19),(2568,23,19),(3032,23,19),(3487,23,19),(3956,23,19),(12650,23,20),(12657,23,20),(12664,23,20),(12671,23,20),(12678,23,20),(12685,23,20),(12692,23,20),(12699,23,20),(771,23,21),(1234,23,21),(1685,23,21),(2142,23,21),(2607,23,21),(3071,23,21),(3526,23,21),(3995,23,21),(412,23,23),(1278,23,23),(1729,23,23),(2186,23,23),(2651,23,23),(3115,23,23),(3570,23,23),(4039,23,23),(8142,23,24),(8205,23,24),(8268,23,24),(8331,23,24),(8394,23,24),(8457,23,24),(8520,23,24),(8583,23,24),(8164,23,25),(8227,23,25),(8290,23,25),(8353,23,25),(8416,23,25),(8479,23,25),(8542,23,25),(8605,23,25),(490,23,26),(1344,23,26),(1795,23,26),(2252,23,26),(2717,23,26),(3181,23,26),(3636,23,26),(4105,23,26),(516,23,27),(1366,23,27),(1817,23,27),(2274,23,27),(2739,23,27),(3203,23,27),(3658,23,27),(4127,23,27),(6196,24,1),(6283,24,1),(6370,24,1),(6457,24,1),(6544,24,1),(6631,24,1),(6718,24,1),(6805,24,1),(6222,24,2),(6309,24,2),(6396,24,2),(6483,24,2),(6570,24,2),(6657,24,2),(6744,24,2),(6831,24,2),(6239,24,3),(6326,24,3),(6413,24,3),(6500,24,3),(6587,24,3),(6674,24,3),(6761,24,3),(6848,24,3),(7943,24,4),(7965,24,4),(7987,24,4),(8009,24,4),(8031,24,4),(8053,24,4),(8075,24,4),(8097,24,4),(5516,24,5),(5601,24,5),(5686,24,5),(5771,24,5),(5856,24,5),(5941,24,5),(6026,24,5),(6111,24,5),(5538,24,6),(5623,24,6),(5708,24,6),(5793,24,6),(5878,24,6),(5963,24,6),(6048,24,6),(6133,24,6),(5553,24,14),(5638,24,14),(5723,24,14),(5808,24,14),(5893,24,14),(5978,24,14),(6063,24,14),(6148,24,14),(5583,24,15),(5668,24,15),(5753,24,15),(5838,24,15),(5923,24,15),(6008,24,15),(6093,24,15),(6178,24,15),(7159,24,16),(7175,24,16),(7191,24,16),(7207,24,16),(7223,24,16),(7239,24,16),(7255,24,16),(7271,24,16),(9123,24,17),(9143,24,17),(9163,24,17),(9183,24,17),(9203,24,17),(9223,24,17),(9243,24,17),(9263,24,17),(751,24,19),(1196,24,19),(1647,24,19),(2104,24,19),(2569,24,19),(3033,24,19),(3488,24,19),(3957,24,19),(12651,24,20),(12658,24,20),(12665,24,20),(12672,24,20),(12679,24,20),(12686,24,20),(12693,24,20),(12700,24,20),(772,24,21),(1235,24,21),(1686,24,21),(2143,24,21),(2608,24,21),(3072,24,21),(3527,24,21),(3996,24,21),(8122,24,22),(8185,24,22),(8248,24,22),(8311,24,22),(8374,24,22),(8437,24,22),(8500,24,22),(8563,24,22),(413,24,23),(1279,24,23),(1730,24,23),(2187,24,23),(2652,24,23),(3116,24,23),(3571,24,23),(4040,24,23),(8143,24,24),(8206,24,24),(8269,24,24),(8332,24,24),(8395,24,24),(8458,24,24),(8521,24,24),(8584,24,24),(8165,24,25),(8228,24,25),(8291,24,25),(8354,24,25),(8417,24,25),(8480,24,25),(8543,24,25),(8606,24,25),(491,24,26),(1345,24,26),(1796,24,26),(2253,24,26),(2718,24,26),(3182,24,26),(3637,24,26),(4106,24,26),(517,24,27),(1367,24,27),(1818,24,27),(2275,24,27),(2740,24,27),(3204,24,27),(3659,24,27),(4128,24,27),(6197,25,1),(6284,25,1),(6371,25,1),(6458,25,1),(6545,25,1),(6632,25,1),(6719,25,1),(6806,25,1),(6218,25,2),(6305,25,2),(6392,25,2),(6479,25,2),(6566,25,2),(6653,25,2),(6740,25,2),(6827,25,2),(6240,25,3),(6327,25,3),(6414,25,3),(6501,25,3),(6588,25,3),(6675,25,3),(6762,25,3),(6849,25,3),(7947,25,4),(7969,25,4),(7991,25,4),(8013,25,4),(8035,25,4),(8057,25,4),(8079,25,4),(8101,25,4),(5517,25,5),(5602,25,5),(5687,25,5),(5772,25,5),(5857,25,5),(5942,25,5),(6027,25,5),(6112,25,5),(5539,25,6),(5624,25,6),(5709,25,6),(5794,25,6),(5879,25,6),(5964,25,6),(6049,25,6),(6134,25,6),(5554,25,14),(5639,25,14),(5724,25,14),(5809,25,14),(5894,25,14),(5979,25,14),(6064,25,14),(6149,25,14),(5584,25,15),(5669,25,15),(5754,25,15),(5839,25,15),(5924,25,15),(6009,25,15),(6094,25,15),(6179,25,15),(7160,25,16),(7176,25,16),(7192,25,16),(7208,25,16),(7224,25,16),(7240,25,16),(7256,25,16),(7272,25,16),(9118,25,17),(9138,25,17),(9158,25,17),(9178,25,17),(9198,25,17),(9218,25,17),(9238,25,17),(9258,25,17),(752,25,19),(1197,25,19),(1648,25,19),(2105,25,19),(2570,25,19),(3034,25,19),(3489,25,19),(3958,25,19),(12649,25,20),(12656,25,20),(12663,25,20),(12670,25,20),(12677,25,20),(12684,25,20),(12691,25,20),(12698,25,20),(773,25,21),(1236,25,21),(1687,25,21),(2144,25,21),(2609,25,21),(3073,25,21),(3528,25,21),(3997,25,21),(8123,25,22),(8186,25,22),(8249,25,22),(8312,25,22),(8375,25,22),(8438,25,22),(8501,25,22),(8564,25,22),(414,25,23),(1280,25,23),(1731,25,23),(2188,25,23),(2653,25,23),(3117,25,23),(3572,25,23),(4041,25,23),(8144,25,24),(8207,25,24),(8270,25,24),(8333,25,24),(8396,25,24),(8459,25,24),(8522,25,24),(8585,25,24),(8166,25,25),(8229,25,25),(8292,25,25),(8355,25,25),(8418,25,25),(8481,25,25),(8544,25,25),(8607,25,25),(492,25,26),(1346,25,26),(1797,25,26),(2254,25,26),(2719,25,26),(3183,25,26),(3638,25,26),(4107,25,26),(518,25,27),(1368,25,27),(1819,25,27),(2276,25,27),(2741,25,27),(3205,25,27),(3660,25,27),(4129,25,27),(6198,26,1),(6285,26,1),(6372,26,1),(6459,26,1),(6546,26,1),(6633,26,1),(6720,26,1),(6807,26,1),(6219,26,2),(6306,26,2),(6393,26,2),(6480,26,2),(6567,26,2),(6654,26,2),(6741,26,2),(6828,26,2),(6241,26,3),(6328,26,3),(6415,26,3),(6502,26,3),(6589,26,3),(6676,26,3),(6763,26,3),(6850,26,3),(7948,26,4),(7970,26,4),(7992,26,4),(8014,26,4),(8036,26,4),(8058,26,4),(8080,26,4),(8102,26,4),(5518,26,5),(5603,26,5),(5688,26,5),(5773,26,5),(5858,26,5),(5943,26,5),(6028,26,5),(6113,26,5),(5540,26,6),(5625,26,6),(5710,26,6),(5795,26,6),(5880,26,6),(5965,26,6),(6050,26,6),(6135,26,6),(5555,26,14),(5640,26,14),(5725,26,14),(5810,26,14),(5895,26,14),(5980,26,14),(6065,26,14),(6150,26,14),(5575,26,15),(5660,26,15),(5745,26,15),(5830,26,15),(5915,26,15),(6000,26,15),(6085,26,15),(6170,26,15),(7161,26,16),(7177,26,16),(7193,26,16),(7209,26,16),(7225,26,16),(7241,26,16),(7257,26,16),(7273,26,16),(753,26,19),(1198,26,19),(1649,26,19),(2106,26,19),(2571,26,19),(3035,26,19),(3490,26,19),(3959,26,19),(774,26,21),(1237,26,21),(1688,26,21),(2145,26,21),(2610,26,21),(3074,26,21),(3529,26,21),(3998,26,21),(8124,26,22),(8187,26,22),(8250,26,22),(8313,26,22),(8376,26,22),(8439,26,22),(8502,26,22),(8565,26,22),(8145,26,24),(8208,26,24),(8271,26,24),(8334,26,24),(8397,26,24),(8460,26,24),(8523,26,24),(8586,26,24),(8167,26,25),(8230,26,25),(8293,26,25),(8356,26,25),(8419,26,25),(8482,26,25),(8545,26,25),(8608,26,25),(493,26,26),(1347,26,26),(1798,26,26),(2255,26,26),(2720,26,26),(3184,26,26),(3639,26,26),(4108,26,26),(519,26,27),(1369,26,27),(1820,26,27),(2277,26,27),(2742,26,27),(3206,26,27),(3661,26,27),(4130,26,27),(6199,27,1),(6286,27,1),(6373,27,1),(6460,27,1),(6547,27,1),(6634,27,1),(6721,27,1),(6808,27,1),(6242,27,3),(6329,27,3),(6416,27,3),(6503,27,3),(6590,27,3),(6677,27,3),(6764,27,3),(6851,27,3),(7949,27,4),(7971,27,4),(7993,27,4),(8015,27,4),(8037,27,4),(8059,27,4),(8081,27,4),(8103,27,4),(5520,27,5),(5605,27,5),(5690,27,5),(5775,27,5),(5860,27,5),(5945,27,5),(6030,27,5),(6115,27,5),(5562,27,14),(5647,27,14),(5732,27,14),(5817,27,14),(5902,27,14),(5987,27,14),(6072,27,14),(6157,27,14),(5576,27,15),(5661,27,15),(5746,27,15),(5831,27,15),(5916,27,15),(6001,27,15),(6086,27,15),(6171,27,15),(7162,27,16),(7178,27,16),(7194,27,16),(7210,27,16),(7226,27,16),(7242,27,16),(7258,27,16),(7274,27,16),(754,27,19),(1199,27,19),(1650,27,19),(2107,27,19),(2572,27,19),(3036,27,19),(3491,27,19),(3960,27,19),(775,27,21),(1238,27,21),(1689,27,21),(2146,27,21),(2611,27,21),(3075,27,21),(3530,27,21),(3999,27,21),(415,27,23),(1281,27,23),(1732,27,23),(2189,27,23),(2654,27,23),(3118,27,23),(3573,27,23),(4042,27,23),(8146,27,24),(8209,27,24),(8272,27,24),(8335,27,24),(8398,27,24),(8461,27,24),(8524,27,24),(8587,27,24),(8168,27,25),(8231,27,25),(8294,27,25),(8357,27,25),(8420,27,25),(8483,27,25),(8546,27,25),(8609,27,25),(494,27,26),(1348,27,26),(1799,27,26),(2256,27,26),(2721,27,26),(3185,27,26),(3640,27,26),(4109,27,26),(520,27,27),(1370,27,27),(1821,27,27),(2278,27,27),(2743,27,27),(3207,27,27),(3662,27,27),(4131,27,27),(6200,28,1),(6287,28,1),(6374,28,1),(6461,28,1),(6548,28,1),(6635,28,1),(6722,28,1),(6809,28,1),(6220,28,2),(6307,28,2),(6394,28,2),(6481,28,2),(6568,28,2),(6655,28,2),(6742,28,2),(6829,28,2),(6243,28,3),(6330,28,3),(6417,28,3),(6504,28,3),(6591,28,3),(6678,28,3),(6765,28,3),(6852,28,3),(7950,28,4),(7972,28,4),(7994,28,4),(8016,28,4),(8038,28,4),(8060,28,4),(8082,28,4),(8104,28,4),(5521,28,5),(5606,28,5),(5691,28,5),(5776,28,5),(5861,28,5),(5946,28,5),(6031,28,5),(6116,28,5),(5556,28,14),(5641,28,14),(5726,28,14),(5811,28,14),(5896,28,14),(5981,28,14),(6066,28,14),(6151,28,14),(5577,28,15),(5662,28,15),(5747,28,15),(5832,28,15),(5917,28,15),(6002,28,15),(6087,28,15),(6172,28,15),(9124,28,17),(9144,28,17),(9164,28,17),(9184,28,17),(9204,28,17),(9224,28,17),(9244,28,17),(9264,28,17),(756,28,19),(1201,28,19),(1652,28,19),(2109,28,19),(2574,28,19),(3038,28,19),(3493,28,19),(3962,28,19),(776,28,21),(1239,28,21),(1690,28,21),(2147,28,21),(2612,28,21),(3076,28,21),(3531,28,21),(4000,28,21),(8125,28,22),(8188,28,22),(8251,28,22),(8314,28,22),(8377,28,22),(8440,28,22),(8503,28,22),(8566,28,22),(416,28,23),(1282,28,23),(1733,28,23),(2190,28,23),(2655,28,23),(3119,28,23),(3574,28,23),(4043,28,23),(8147,28,24),(8210,28,24),(8273,28,24),(8336,28,24),(8399,28,24),(8462,28,24),(8525,28,24),(8588,28,24),(8169,28,25),(8232,28,25),(8295,28,25),(8358,28,25),(8421,28,25),(8484,28,25),(8547,28,25),(8610,28,25),(495,28,26),(1349,28,26),(1800,28,26),(2257,28,26),(2722,28,26),(3186,28,26),(3641,28,26),(4110,28,26),(521,28,27),(1371,28,27),(1822,28,27),(2279,28,27),(2744,28,27),(3208,28,27),(3663,28,27),(4132,28,27),(6201,29,1),(6288,29,1),(6375,29,1),(6462,29,1),(6549,29,1),(6636,29,1),(6723,29,1),(6810,29,1),(6221,29,2),(6308,29,2),(6395,29,2),(6482,29,2),(6569,29,2),(6656,29,2),(6743,29,2),(6830,29,2),(6244,29,3),(6331,29,3),(6418,29,3),(6505,29,3),(6592,29,3),(6679,29,3),(6766,29,3),(6853,29,3),(7951,29,4),(7973,29,4),(7995,29,4),(8017,29,4),(8039,29,4),(8061,29,4),(8083,29,4),(8105,29,4),(5519,29,5),(5604,29,5),(5689,29,5),(5774,29,5),(5859,29,5),(5944,29,5),(6029,29,5),(6114,29,5),(5541,29,6),(5626,29,6),(5711,29,6),(5796,29,6),(5881,29,6),(5966,29,6),(6051,29,6),(6136,29,6),(5557,29,14),(5642,29,14),(5727,29,14),(5812,29,14),(5897,29,14),(5982,29,14),(6067,29,14),(6152,29,14),(5578,29,15),(5663,29,15),(5748,29,15),(5833,29,15),(5918,29,15),(6003,29,15),(6088,29,15),(6173,29,15),(7163,29,16),(7179,29,16),(7195,29,16),(7211,29,16),(7227,29,16),(7243,29,16),(7259,29,16),(7275,29,16),(9125,29,17),(9145,29,17),(9165,29,17),(9185,29,17),(9205,29,17),(9225,29,17),(9245,29,17),(9265,29,17),(755,29,19),(1200,29,19),(1651,29,19),(2108,29,19),(2573,29,19),(3037,29,19),(3492,29,19),(3961,29,19),(777,29,21),(1240,29,21),(1691,29,21),(2148,29,21),(2613,29,21),(3077,29,21),(3532,29,21),(4001,29,21),(8126,29,22),(8189,29,22),(8252,29,22),(8315,29,22),(8378,29,22),(8441,29,22),(8504,29,22),(8567,29,22),(417,29,23),(1283,29,23),(1734,29,23),(2191,29,23),(2656,29,23),(3120,29,23),(3575,29,23),(4044,29,23),(8148,29,24),(8211,29,24),(8274,29,24),(8337,29,24),(8400,29,24),(8463,29,24),(8526,29,24),(8589,29,24),(8170,29,25),(8233,29,25),(8296,29,25),(8359,29,25),(8422,29,25),(8485,29,25),(8548,29,25),(8611,29,25),(496,29,26),(1350,29,26),(1801,29,26),(2258,29,26),(2723,29,26),(3187,29,26),(3642,29,26),(4111,29,26),(522,29,27),(1372,29,27),(1823,29,27),(2280,29,27),(2745,29,27),(3209,29,27),(3664,29,27),(4133,29,27),(5328,34,32),(5353,34,32),(5331,34,33),(5355,34,33),(12710,34,34),(12716,34,34),(12722,34,35),(12726,34,35),(12730,34,36),(12734,34,36),(12738,34,37),(12741,34,37),(12744,34,38),(12747,34,38),(12750,34,39),(12753,34,39),(12756,34,40),(12759,34,40),(12762,34,41),(12765,34,41),(5350,34,42),(5373,34,42),(12776,36,44),(12782,36,44),(12788,36,45),(12793,36,45),(12798,36,46),(12803,36,46),(12808,36,47),(12813,36,47),(12818,36,48),(12823,36,48),(12828,36,49),(12833,36,49),(12838,36,50),(12842,36,50),(12846,36,51),(12850,36,51),(12854,36,52),(12858,36,52),(12862,36,53),(12867,36,53),(12872,36,54),(12877,36,54),(12882,36,55),(12886,36,55),(12890,36,56),(12894,36,56),(12711,37,34),(12717,37,34),(12723,37,35),(12727,37,35),(12751,37,39),(12754,37,39),(12757,37,40),(12760,37,40),(12712,38,34),(12718,38,34),(12724,38,35),(12728,38,35),(12763,38,41),(12766,38,41),(12713,39,34),(12719,39,34),(12731,39,36),(12735,39,36),(12739,39,37),(12742,39,37),(12714,40,34),(12720,40,34),(12732,40,36),(12736,40,36),(12745,40,38),(12748,40,38),(12777,41,44),(12783,41,44),(12789,41,45),(12794,41,45),(12809,41,47),(12814,41,47),(12819,41,48),(12824,41,48),(12855,41,52),(12859,41,52),(12863,41,53),(12868,41,53),(12883,41,55),(12887,41,55),(12778,42,44),(12784,42,44),(12790,42,45),(12795,42,45),(12799,42,46),(12804,42,46),(12820,42,48),(12825,42,48),(12829,42,49),(12834,42,49),(12839,42,50),(12843,42,50),(12847,42,51),(12851,42,51),(12864,42,53),(12869,42,53),(12873,42,54),(12878,42,54),(12891,42,56),(12895,42,56),(12779,43,44),(12785,43,44),(12791,43,45),(12796,43,45),(12800,43,46),(12805,43,46),(12810,43,47),(12815,43,47),(12830,43,49),(12835,43,49),(12856,43,52),(12860,43,52),(12874,43,54),(12879,43,54),(12892,43,56),(12896,43,56),(12780,44,44),(12786,44,44),(12801,44,46),(12806,44,46),(12811,44,47),(12816,44,47),(12821,44,48),(12826,44,48),(12831,44,49),(12836,44,49),(12840,44,50),(12844,44,50),(12848,44,51),(12852,44,51),(12865,44,53),(12870,44,53),(12875,44,54),(12880,44,54),(12884,44,55),(12888,44,55);

--
-- Table structure for table `cataloginventory_stock`
--

CREATE TABLE `cataloginventory_stock` (
  `stock_id` smallint(5) unsigned NOT NULL AUTO_INCREMENT COMMENT 'Stock ID',
  `website_id` smallint(5) unsigned NOT NULL COMMENT 'Website ID',
  `stock_name` varchar(255) DEFAULT NULL COMMENT 'Stock Name',
  PRIMARY KEY (`stock_id`),
  KEY `CATALOGINVENTORY_STOCK_WEBSITE_ID` (`website_id`)
) ENGINE=InnoDB AUTO_INCREMENT=2 DEFAULT CHARSET=utf8 COMMENT='Cataloginventory Stock';

--
-- Dumping data for table `cataloginventory_stock`
--

INSERT INTO `cataloginventory_stock` VALUES (1,0,'Default');

--
-- Table structure for table `cataloginventory_stock_item`
--

CREATE TABLE `cataloginventory_stock_item` (
  `item_id` int(10) unsigned NOT NULL AUTO_INCREMENT COMMENT 'Item ID',
  `product_id` int(10) unsigned NOT NULL DEFAULT 0 COMMENT 'Product ID',
  `stock_id` smallint(5) unsigned NOT NULL DEFAULT 0 COMMENT 'Stock ID',
  `qty` decimal(12,4) DEFAULT NULL COMMENT 'Qty',
  `min_qty` decimal(12,4) NOT NULL DEFAULT 0.0000 COMMENT 'Min Qty',
  `use_config_min_qty` smallint(5) unsigned NOT NULL DEFAULT 1 COMMENT 'Use Config Min Qty',
  `is_qty_decimal` smallint(5) unsigned NOT NULL DEFAULT 0 COMMENT 'Is Qty Decimal',
  `backorders` smallint(5) unsigned NOT NULL DEFAULT 0 COMMENT 'Backorders',
  `use_config_backorders` smallint(5) unsigned NOT NULL DEFAULT 1 COMMENT 'Use Config Backorders',
  `min_sale_qty` decimal(12,4) NOT NULL DEFAULT 1.0000 COMMENT 'Min Sale Qty',
  `use_config_min_sale_qty` smallint(5) unsigned NOT NULL DEFAULT 1 COMMENT 'Use Config Min Sale Qty',
  `max_sale_qty` decimal(12,4) NOT NULL DEFAULT 0.0000 COMMENT 'Max Sale Qty',
  `use_config_max_sale_qty` smallint(5) unsigned NOT NULL DEFAULT 1 COMMENT 'Use Config Max Sale Qty',
  `is_in_stock` smallint(5) unsigned NOT NULL DEFAULT 0 COMMENT 'Is In Stock',
  `low_stock_date` timestamp NULL DEFAULT NULL COMMENT 'Low Stock Date',
  `notify_stock_qty` decimal(12,4) DEFAULT NULL COMMENT 'Notify Stock Qty',
  `use_config_notify_stock_qty` smallint(5) unsigned NOT NULL DEFAULT 1 COMMENT 'Use Config Notify Stock Qty',
  `manage_stock` smallint(5) unsigned NOT NULL DEFAULT 0 COMMENT 'Manage Stock',
  `use_config_manage_stock` smallint(5) unsigned NOT NULL DEFAULT 1 COMMENT 'Use Config Manage Stock',
  `stock_status_changed_auto` smallint(5) unsigned NOT NULL DEFAULT 0 COMMENT 'Stock Status Changed Automatically',
  `use_config_qty_increments` smallint(5) unsigned NOT NULL DEFAULT 1 COMMENT 'Use Config Qty Increments',
  `qty_increments` decimal(12,4) NOT NULL DEFAULT 0.0000 COMMENT 'Qty Increments',
  `use_config_enable_qty_inc` smallint(5) unsigned NOT NULL DEFAULT 1 COMMENT 'Use Config Enable Qty Increments',
  `enable_qty_increments` smallint(5) unsigned NOT NULL DEFAULT 0 COMMENT 'Enable Qty Increments',
  `is_decimal_divided` smallint(5) unsigned NOT NULL DEFAULT 0 COMMENT 'Is Divided into Multiple Boxes for Shipping',
  `website_id` smallint(5) unsigned NOT NULL DEFAULT 0 COMMENT 'Website ID',
  PRIMARY KEY (`item_id`),
  UNIQUE KEY `CATALOGINVENTORY_STOCK_ITEM_PRODUCT_ID_STOCK_ID` (`product_id`,`stock_id`),
  KEY `CATALOGINVENTORY_STOCK_ITEM_WEBSITE_ID` (`website_id`),
  KEY `CATALOGINVENTORY_STOCK_ITEM_WEBSITE_ID_PRODUCT_ID` (`website_id`,`product_id`),
  KEY `CATALOGINVENTORY_STOCK_ITEM_STOCK_ID` (`stock_id`),
  CONSTRAINT `CATINV_STOCK_ITEM_PRD_ID_CAT_PRD_ENTT_ENTT_ID` FOREIGN KEY (`product_id`) REFERENCES `catalog_product_entity` (`entity_id`) ON DELETE CASCADE,
  CONSTRAINT `CATINV_STOCK_ITEM_STOCK_ID_CATINV_STOCK_STOCK_ID` FOREIGN KEY (`stock_id`) REFERENCES `cataloginventory_stock` (`stock_id`) ON DELETE CASCADE
) ENGINE=InnoDB AUTO_INCREMENT=97 DEFAULT CHARSET=utf8 COMMENT='Cataloginventory Stock Item';

--
-- Dumping data for table `cataloginventory_stock_item`
--

INSERT INTO `cataloginventory_stock_item` VALUES (1,1,1,100.0000,0.0000,1,0,0,1,1.0000,1,10000.0000,1,1,NULL,1.0000,1,1,1,0,1,1.0000,1,0,0,0),(2,2,1,200.0000,0.0000,1,0,0,1,1.0000,1,10000.0000,1,0,NULL,1.0000,1,1,1,0,1,1.0000,1,0,0,0),(3,3,1,200.0000,0.0000,1,0,0,1,1.0000,1,10000.0000,1,1,NULL,1.0000,1,1,1,0,1,1.0000,1,0,0,0),(4,4,1,0.0000,0.0000,1,0,0,1,1.0000,1,10000.0000,1,1,NULL,1.0000,1,1,1,0,1,1.0000,1,0,0,0),(5,5,1,100.0000,0.0000,1,0,0,1,1.0000,1,10000.0000,1,1,NULL,1.0000,1,1,1,0,1,1.0000,1,0,0,0),(6,6,1,100.0000,0.0000,1,0,0,1,1.0000,1,10000.0000,1,0,NULL,1.0000,1,1,1,0,1,1.0000,1,0,0,0),(14,14,1,0.0000,0.0000,1,0,0,1,1.0000,1,10000.0000,1,0,NULL,1.0000,1,1,1,1,1,1.0000,1,0,0,0),(15,15,1,0.0000,0.0000,1,0,0,1,1.0000,1,10000.0000,1,1,NULL,1.0000,1,1,1,0,1,1.0000,1,0,0,0),(16,16,1,150.0000,0.0000,1,0,0,1,1.0000,1,10000.0000,1,0,NULL,1.0000,1,1,1,0,1,1.0000,1,0,0,0),(17,17,1,150.0000,0.0000,1,0,0,1,1.0000,1,10000.0000,1,1,NULL,1.0000,1,1,1,0,1,1.0000,1,0,0,0),(18,18,1,200.0000,0.0000,1,0,0,1,1.0000,1,10000.0000,1,1,NULL,1.0000,1,1,1,0,1,1.0000,1,0,0,0),(19,19,1,150.0000,0.0000,1,0,0,1,1.0000,1,10000.0000,1,1,NULL,1.0000,1,1,1,0,1,1.0000,1,0,0,0),(20,20,1,0.0000,0.0000,1,0,0,1,1.0000,1,10000.0000,1,1,NULL,1.0000,1,1,1,0,1,1.0000,1,0,0,0),(21,21,1,150.0000,0.0000,1,0,0,1,1.0000,1,10000.0000,1,1,NULL,1.0000,1,1,1,0,1,1.0000,1,0,0,0),(22,22,1,100.0000,0.0000,1,0,0,1,1.0000,1,10000.0000,1,1,NULL,1.0000,1,1,1,0,1,1.0000,1,0,0,0),(23,23,1,150.0000,0.0000,1,0,0,1,1.0000,1,10000.0000,1,1,NULL,1.0000,1,1,1,0,1,1.0000,1,0,0,0),(24,24,1,99.0000,0.0000,1,0,0,1,1.0000,1,10000.0000,1,1,NULL,1.0000,1,1,1,0,1,1.0000,1,0,0,0),(25,25,1,400.0000,0.0000,1,0,0,1,1.0000,1,10000.0000,1,1,NULL,1.0000,1,1,1,0,1,1.0000,1,0,0,0),(26,26,1,99.0000,0.0000,1,0,0,1,1.0000,1,10000.0000,1,1,NULL,1.0000,1,1,1,0,1,1.0000,1,0,0,0),(27,27,1,150.0000,0.0000,1,0,0,1,1.0000,1,10000.0000,1,1,NULL,1.0000,1,1,1,0,1,1.0000,1,0,0,0),(28,28,1,100.0000,0.0000,1,0,0,1,1.0000,1,10000.0000,1,1,NULL,1.0000,1,1,1,0,1,1.0000,1,0,0,0),(29,29,1,100.0000,0.0000,1,0,0,1,1.0000,1,10000.0000,1,1,NULL,1.0000,1,1,1,0,1,1.0000,1,0,0,0),(30,30,1,100.0000,0.0000,1,0,0,1,1.0000,1,10000.0000,1,1,NULL,1.0000,1,1,1,0,1,1.0000,1,0,0,0),(31,31,1,100.0000,0.0000,1,0,0,1,1.0000,1,10000.0000,1,1,NULL,1.0000,1,1,1,0,1,1.0000,1,0,0,0),(32,32,1,100.0000,0.0000,1,0,0,1,1.0000,1,10000.0000,1,1,NULL,1.0000,1,1,1,0,1,1.0000,1,0,0,0),(33,33,1,100.0000,0.0000,1,0,0,1,1.0000,1,10000.0000,1,1,NULL,1.0000,1,1,1,0,1,1.0000,1,0,0,0),(34,34,1,100.0000,0.0000,1,0,0,1,1.0000,1,10000.0000,1,1,NULL,1.0000,1,1,1,0,1,1.0000,1,0,0,0),(35,35,1,100.0000,0.0000,1,0,0,1,1.0000,1,10000.0000,1,1,NULL,1.0000,1,1,1,0,1,1.0000,1,0,0,0),(36,36,1,100.0000,0.0000,1,0,0,1,1.0000,1,10000.0000,1,1,NULL,1.0000,1,1,1,0,1,1.0000,1,0,0,0),(37,37,1,100.0000,0.0000,1,0,0,1,1.0000,1,10000.0000,1,1,NULL,1.0000,1,1,1,0,1,1.0000,1,0,0,0),(38,38,1,100.0000,0.0000,1,0,0,1,1.0000,1,10000.0000,1,1,NULL,1.0000,1,1,1,0,1,1.0000,1,0,0,0),(39,39,1,100.0000,0.0000,1,0,0,1,1.0000,1,10000.0000,1,1,NULL,1.0000,1,1,1,0,1,1.0000,1,0,0,0),(40,40,1,100.0000,0.0000,1,0,0,1,1.0000,1,10000.0000,1,1,NULL,1.0000,1,1,1,0,1,1.0000,1,0,0,0),(41,41,1,100.0000,0.0000,1,0,0,1,1.0000,1,10000.0000,1,1,NULL,1.0000,1,1,1,0,1,1.0000,1,0,0,0),(42,42,1,100.0000,0.0000,1,0,0,1,1.0000,1,10000.0000,1,1,NULL,1.0000,1,1,1,0,1,1.0000,1,0,0,0),(44,44,1,0.0000,0.0000,1,0,0,1,1.0000,1,10000.0000,1,1,NULL,1.0000,1,1,1,0,1,1.0000,1,0,0,0),(45,45,1,100.0000,0.0000,1,0,0,1,1.0000,1,10000.0000,1,1,NULL,1.0000,1,1,1,0,1,1.0000,1,0,0,0),(46,46,1,100.0000,0.0000,1,0,0,1,1.0000,1,10000.0000,1,1,NULL,1.0000,1,1,1,0,1,1.0000,1,0,0,0),(47,47,1,100.0000,0.0000,1,0,0,1,1.0000,1,10000.0000,1,1,NULL,1.0000,1,1,1,0,1,1.0000,1,0,0,0),(48,48,1,100.0000,0.0000,1,0,0,1,1.0000,1,10000.0000,1,1,NULL,1.0000,1,1,1,0,1,1.0000,1,0,0,0),(49,49,1,100.0000,0.0000,1,0,0,1,1.0000,1,10000.0000,1,1,NULL,1.0000,1,1,1,0,1,1.0000,1,0,0,0),(50,50,1,100.0000,0.0000,1,0,0,1,1.0000,1,10000.0000,1,1,NULL,1.0000,1,1,1,0,1,1.0000,1,0,0,0),(51,51,1,100.0000,0.0000,1,0,0,1,1.0000,1,10000.0000,1,1,NULL,1.0000,1,1,1,0,1,1.0000,1,0,0,0),(52,52,1,100.0000,0.0000,1,0,0,1,1.0000,1,10000.0000,1,1,NULL,1.0000,1,1,1,0,1,1.0000,1,0,0,0),(53,53,1,100.0000,0.0000,1,0,0,1,1.0000,1,10000.0000,1,1,NULL,1.0000,1,1,1,0,1,1.0000,1,0,0,0),(54,54,1,0.0000,0.0000,1,0,0,1,1.0000,1,10000.0000,1,1,NULL,1.0000,1,1,1,0,1,1.0000,1,0,0,0),(55,55,1,100.0000,0.0000,1,0,0,1,1.0000,1,10000.0000,1,1,NULL,1.0000,1,1,1,0,1,1.0000,1,0,0,0),(56,56,1,100.0000,0.0000,1,0,0,1,1.0000,1,10000.0000,1,1,NULL,1.0000,1,1,1,0,1,1.0000,1,0,0,0),(57,57,1,100.0000,0.0000,1,0,0,1,1.0000,1,10000.0000,1,1,NULL,1.0000,1,1,1,0,1,1.0000,1,0,0,0),(58,58,1,99.0000,0.0000,1,0,0,1,1.0000,1,10000.0000,1,1,NULL,1.0000,1,1,1,0,1,1.0000,1,0,0,0),(59,59,1,90.0000,0.0000,1,0,0,1,1.0000,1,10000.0000,1,1,NULL,1.0000,1,1,1,0,1,1.0000,1,0,0,0),(60,60,1,NULL,0.0000,1,0,0,1,1.0000,1,10000.0000,1,0,'2021-01-06 03:36:55',1.0000,1,1,1,1,1,1.0000,1,0,0,0),(61,61,1,100.0000,0.0000,1,0,0,1,1.0000,1,10000.0000,1,1,NULL,1.0000,1,1,1,0,1,1.0000,1,0,0,0),(62,62,1,NULL,0.0000,1,0,0,1,1.0000,1,10000.0000,1,0,'2021-01-06 03:37:03',1.0000,1,1,1,1,1,1.0000,1,0,0,0),(63,63,1,NULL,0.0000,1,0,0,1,1.0000,1,10000.0000,1,0,'2021-01-06 03:37:06',1.0000,1,1,1,1,1,1.0000,1,0,0,0),(64,64,1,NULL,0.0000,1,0,0,1,1.0000,1,10000.0000,1,0,'2021-01-06 03:37:08',1.0000,1,1,1,1,1,1.0000,1,0,0,0),(65,65,1,NULL,0.0000,1,0,0,1,1.0000,1,10000.0000,1,0,'2021-01-06 03:37:11',1.0000,1,1,1,1,1,1.0000,1,0,0,0),(66,66,1,NULL,0.0000,1,0,0,1,1.0000,1,10000.0000,1,0,'2021-01-06 03:37:14',1.0000,1,1,1,1,1,1.0000,1,0,0,0),(67,67,1,NULL,0.0000,1,0,0,1,1.0000,1,10000.0000,1,0,'2021-01-06 03:37:17',1.0000,1,1,1,1,1,1.0000,1,0,0,0),(68,68,1,NULL,0.0000,1,0,0,1,1.0000,1,10000.0000,1,0,'2021-01-06 03:37:20',1.0000,1,1,1,1,1,1.0000,1,0,0,0),(69,69,1,80.0000,0.0000,1,0,0,1,1.0000,1,10000.0000,1,1,NULL,1.0000,1,1,1,0,1,1.0000,1,0,0,0),(70,70,1,100.0000,0.0000,1,0,0,1,1.0000,1,10000.0000,1,0,NULL,1.0000,1,1,1,0,1,1.0000,1,0,0,0),(71,71,1,100.0000,0.0000,1,0,0,1,1.0000,1,10000.0000,1,0,NULL,1.0000,1,1,1,0,1,1.0000,1,0,0,0),(72,72,1,100.0000,0.0000,1,0,0,1,1.0000,1,10000.0000,1,0,NULL,1.0000,1,1,1,0,1,1.0000,1,0,0,0),(73,73,1,100.0000,0.0000,1,0,0,1,1.0000,1,10000.0000,1,0,NULL,1.0000,1,1,1,0,1,1.0000,1,0,0,0),(74,74,1,100.0000,0.0000,1,0,0,1,1.0000,1,10000.0000,1,0,NULL,1.0000,1,1,1,0,1,1.0000,1,0,0,0),(75,75,1,100.0000,0.0000,1,0,0,1,1.0000,1,10000.0000,1,0,NULL,1.0000,1,1,1,0,1,1.0000,1,0,0,0),(76,76,1,100.0000,0.0000,1,0,0,1,1.0000,1,10000.0000,1,0,NULL,1.0000,1,1,1,0,1,1.0000,1,0,0,0),(77,77,1,100.0000,0.0000,1,0,0,1,1.0000,1,10000.0000,1,0,NULL,1.0000,1,1,1,0,1,1.0000,1,0,0,0),(78,78,1,100.0000,0.0000,1,0,0,1,1.0000,1,10000.0000,1,0,NULL,1.0000,1,1,1,0,1,1.0000,1,0,0,0),(79,79,1,100.0000,0.0000,1,0,0,1,1.0000,1,10000.0000,1,0,NULL,1.0000,1,1,1,0,1,1.0000,1,0,0,0),(80,80,1,100.0000,0.0000,1,0,0,1,1.0000,1,10000.0000,1,0,NULL,1.0000,1,1,1,0,1,1.0000,1,0,0,0),(81,81,1,100.0000,0.0000,1,0,0,1,1.0000,1,10000.0000,1,0,NULL,1.0000,1,1,1,0,1,1.0000,1,0,0,0),(83,83,1,200.0000,0.0000,1,0,0,1,1.0000,1,10000.0000,1,1,NULL,1.0000,1,1,1,0,1,1.0000,1,0,0,0),(84,84,1,200.0000,0.0000,1,0,0,1,1.0000,1,10000.0000,1,1,NULL,1.0000,1,1,1,0,1,1.0000,1,0,0,0),(85,85,1,200.0000,0.0000,1,0,0,1,1.0000,1,10000.0000,1,1,NULL,1.0000,1,1,1,0,1,1.0000,1,0,0,0),(86,86,1,200.0000,0.0000,1,0,0,1,1.0000,1,10000.0000,1,1,NULL,1.0000,1,1,1,0,1,1.0000,1,0,0,0),(87,87,1,200.0000,0.0000,1,0,0,1,1.0000,1,10000.0000,1,1,NULL,1.0000,1,1,1,0,1,1.0000,1,0,0,0),(88,88,1,200.0000,0.0000,1,0,0,1,1.0000,1,10000.0000,1,1,NULL,1.0000,1,1,1,0,1,1.0000,1,0,0,0),(89,89,1,200.0000,0.0000,1,0,0,1,1.0000,1,10000.0000,1,1,NULL,1.0000,1,1,1,0,1,1.0000,1,0,0,0),(90,90,1,200.0000,0.0000,1,0,0,1,1.0000,1,10000.0000,1,1,NULL,1.0000,1,1,1,0,1,1.0000,1,0,0,0),(91,91,1,200.0000,0.0000,1,0,0,1,1.0000,1,10000.0000,1,1,NULL,1.0000,1,1,1,0,1,1.0000,1,0,0,0);

--
-- Table structure for table `cataloginventory_stock_status`
--

CREATE TABLE `cataloginventory_stock_status` (
  `product_id` int(10) unsigned NOT NULL COMMENT 'Product ID',
  `website_id` smallint(5) unsigned NOT NULL COMMENT 'Website ID',
  `stock_id` smallint(5) unsigned NOT NULL COMMENT 'Stock ID',
  `qty` decimal(12,4) NOT NULL DEFAULT 0.0000 COMMENT 'Qty',
  `stock_status` smallint(5) unsigned NOT NULL COMMENT 'Stock Status',
  PRIMARY KEY (`product_id`,`website_id`,`stock_id`),
  KEY `CATALOGINVENTORY_STOCK_STATUS_STOCK_ID` (`stock_id`),
  KEY `CATALOGINVENTORY_STOCK_STATUS_WEBSITE_ID` (`website_id`),
  KEY `CATALOGINVENTORY_STOCK_STATUS_STOCK_STATUS` (`stock_status`)
) ENGINE=InnoDB DEFAULT CHARSET=utf8 COMMENT='Cataloginventory Stock Status';

--
-- Dumping data for table `cataloginventory_stock_status`
--

INSERT INTO `cataloginventory_stock_status` VALUES (1,0,1,100.0000,1),(2,0,1,200.0000,0),(3,0,1,200.0000,1),(4,0,1,0.0000,1),(5,0,1,100.0000,1),(6,0,1,100.0000,0),(14,0,1,0.0000,0),(16,0,1,150.0000,0),(17,0,1,150.0000,1),(18,0,1,200.0000,1),(19,0,1,150.0000,1),(20,0,1,0.0000,1),(21,0,1,150.0000,1),(22,0,1,100.0000,1),(23,0,1,150.0000,1),(24,0,1,99.0000,1),(25,0,1,400.0000,1),(26,0,1,99.0000,1),(27,0,1,150.0000,1),(28,0,1,100.0000,1),(29,0,1,100.0000,1),(30,0,1,100.0000,1),(31,0,1,100.0000,1),(32,0,1,100.0000,1),(33,0,1,100.0000,1),(34,0,1,100.0000,1),(35,0,1,100.0000,1),(36,0,1,100.0000,1),(37,0,1,100.0000,1),(38,0,1,100.0000,1),(39,0,1,100.0000,1),(40,0,1,100.0000,1),(41,0,1,100.0000,1),(42,0,1,100.0000,1),(44,0,1,0.0000,1),(45,0,1,100.0000,1),(46,0,1,100.0000,1),(47,0,1,100.0000,1),(48,0,1,100.0000,1),(49,0,1,100.0000,1),(50,0,1,100.0000,1),(51,0,1,100.0000,1),(52,0,1,100.0000,1),(53,0,1,100.0000,1),(54,0,1,0.0000,0),(55,0,1,100.0000,1),(56,0,1,100.0000,1),(57,0,1,100.0000,1),(58,0,1,99.0000,1),(59,0,1,90.0000,1),(60,0,1,0.0000,0),(61,0,1,100.0000,1),(62,0,1,0.0000,0),(63,0,1,0.0000,0),(64,0,1,0.0000,0),(65,0,1,0.0000,0),(66,0,1,0.0000,0),(67,0,1,0.0000,0),(68,0,1,0.0000,0),(69,0,1,80.0000,1),(70,0,1,100.0000,0),(71,0,1,100.0000,0),(72,0,1,100.0000,0),(73,0,1,100.0000,0),(74,0,1,100.0000,0),(75,0,1,100.0000,0),(76,0,1,100.0000,0),(77,0,1,100.0000,0),(78,0,1,100.0000,0),(79,0,1,100.0000,0),(80,0,1,100.0000,0),(81,0,1,100.0000,0),(83,0,1,200.0000,1),(84,0,1,200.0000,1),(85,0,1,200.0000,1),(86,0,1,200.0000,1),(87,0,1,200.0000,1),(88,0,1,200.0000,1),(89,0,1,200.0000,1),(90,0,1,200.0000,1),(91,0,1,200.0000,1);

--
-- Table structure for table `cataloginventory_stock_status_idx`
--

CREATE TABLE `cataloginventory_stock_status_idx` (
  `product_id` int(10) unsigned NOT NULL COMMENT 'Product ID',
  `website_id` smallint(5) unsigned NOT NULL COMMENT 'Website ID',
  `stock_id` smallint(5) unsigned NOT NULL COMMENT 'Stock ID',
  `qty` decimal(12,4) NOT NULL DEFAULT 0.0000 COMMENT 'Qty',
  `stock_status` smallint(5) unsigned NOT NULL COMMENT 'Stock Status',
  PRIMARY KEY (`product_id`,`website_id`,`stock_id`),
  KEY `CATALOGINVENTORY_STOCK_STATUS_IDX_STOCK_ID` (`stock_id`),
  KEY `CATALOGINVENTORY_STOCK_STATUS_IDX_WEBSITE_ID` (`website_id`)
) ENGINE=InnoDB DEFAULT CHARSET=utf8 COMMENT='Cataloginventory Stock Status Indexer Idx';

--
-- Dumping data for table `cataloginventory_stock_status_idx`
--


--
-- Table structure for table `cataloginventory_stock_status_replica`
--

CREATE TABLE `cataloginventory_stock_status_replica` (
  `product_id` int(10) unsigned NOT NULL COMMENT 'Product ID',
  `website_id` smallint(5) unsigned NOT NULL COMMENT 'Website ID',
  `stock_id` smallint(5) unsigned NOT NULL COMMENT 'Stock ID',
  `qty` decimal(12,4) NOT NULL DEFAULT 0.0000 COMMENT 'Qty',
  `stock_status` smallint(5) unsigned NOT NULL COMMENT 'Stock Status',
  PRIMARY KEY (`product_id`,`website_id`,`stock_id`),
  KEY `CATALOGINVENTORY_STOCK_STATUS_STOCK_ID` (`stock_id`),
  KEY `CATALOGINVENTORY_STOCK_STATUS_WEBSITE_ID` (`website_id`),
  KEY `CATALOGINVENTORY_STOCK_STATUS_STOCK_STATUS` (`stock_status`)
) ENGINE=InnoDB DEFAULT CHARSET=utf8 COMMENT='Cataloginventory Stock Status';

--
-- Dumping data for table `cataloginventory_stock_status_replica`
--

INSERT INTO `cataloginventory_stock_status_replica` VALUES (1,0,1,100.0000,1),(2,0,1,200.0000,0),(3,0,1,200.0000,1),(4,0,1,0.0000,1),(5,0,1,100.0000,1),(6,0,1,100.0000,0),(14,0,1,0.0000,0),(16,0,1,150.0000,0),(17,0,1,150.0000,1),(18,0,1,200.0000,1),(19,0,1,150.0000,1),(20,0,1,0.0000,1),(21,0,1,150.0000,1),(22,0,1,100.0000,1),(23,0,1,150.0000,1),(24,0,1,99.0000,1),(25,0,1,400.0000,1),(26,0,1,99.0000,1),(27,0,1,150.0000,1),(28,0,1,100.0000,1),(29,0,1,100.0000,1),(30,0,1,100.0000,1),(31,0,1,100.0000,1),(32,0,1,100.0000,1),(33,0,1,100.0000,1),(34,0,1,100.0000,1),(35,0,1,100.0000,1),(36,0,1,100.0000,1),(37,0,1,100.0000,1),(38,0,1,100.0000,1),(39,0,1,100.0000,1),(40,0,1,100.0000,1),(41,0,1,100.0000,1),(42,0,1,100.0000,1),(44,0,1,0.0000,1),(45,0,1,100.0000,1),(46,0,1,100.0000,1),(47,0,1,100.0000,1),(48,0,1,100.0000,1),(49,0,1,100.0000,1),(50,0,1,100.0000,1),(51,0,1,100.0000,1),(52,0,1,100.0000,1),(53,0,1,100.0000,1),(54,0,1,0.0000,0),(55,0,1,100.0000,1),(56,0,1,100.0000,1),(57,0,1,100.0000,1),(58,0,1,99.0000,1),(59,0,1,90.0000,1),(60,0,1,0.0000,0),(61,0,1,100.0000,1),(62,0,1,0.0000,0),(63,0,1,0.0000,0),(64,0,1,0.0000,0),(65,0,1,0.0000,0),(66,0,1,0.0000,0),(67,0,1,0.0000,0),(68,0,1,0.0000,0),(69,0,1,80.0000,1),(70,0,1,100.0000,0),(71,0,1,100.0000,0),(72,0,1,100.0000,0),(73,0,1,100.0000,0),(74,0,1,100.0000,0),(75,0,1,100.0000,0),(76,0,1,100.0000,0),(77,0,1,100.0000,0),(78,0,1,100.0000,0),(79,0,1,100.0000,0),(80,0,1,100.0000,0),(81,0,1,100.0000,0),(83,0,1,200.0000,1),(84,0,1,200.0000,1),(85,0,1,200.0000,1),(86,0,1,200.0000,1),(87,0,1,200.0000,1),(88,0,1,200.0000,1),(89,0,1,200.0000,1),(90,0,1,200.0000,1),(91,0,1,200.0000,1);

--
-- Table structure for table `cataloginventory_stock_status_tmp`
--

CREATE TABLE `cataloginventory_stock_status_tmp` (
  `product_id` int(10) unsigned NOT NULL COMMENT 'Product ID',
  `website_id` smallint(5) unsigned NOT NULL COMMENT 'Website ID',
  `stock_id` smallint(5) unsigned NOT NULL COMMENT 'Stock ID',
  `qty` decimal(12,4) NOT NULL DEFAULT 0.0000 COMMENT 'Qty',
  `stock_status` smallint(5) unsigned NOT NULL COMMENT 'Stock Status',
  PRIMARY KEY (`product_id`,`website_id`,`stock_id`),
  KEY `CATALOGINVENTORY_STOCK_STATUS_TMP_STOCK_ID` (`stock_id`),
  KEY `CATALOGINVENTORY_STOCK_STATUS_TMP_WEBSITE_ID` (`website_id`)
) ENGINE=InnoDB DEFAULT CHARSET=utf8 COMMENT='Cataloginventory Stock Status Indexer Tmp';

--
-- Dumping data for table `cataloginventory_stock_status_tmp`
--

INSERT INTO `cataloginventory_stock_status_tmp` VALUES (14,0,1,0.0000,0);

--
-- Table structure for table `catalogrule`
--

CREATE TABLE `catalogrule` (
  `rule_id` int(10) unsigned NOT NULL AUTO_INCREMENT COMMENT 'Entity ID',
  `name` varchar(255) DEFAULT NULL COMMENT 'Name',
  `description` text DEFAULT NULL COMMENT 'Description',
  `from_date` date DEFAULT NULL COMMENT 'From',
  `to_date` date DEFAULT NULL COMMENT 'To',
  `is_active` smallint(6) NOT NULL DEFAULT 0 COMMENT 'Is Active',
  `conditions_serialized` mediumtext DEFAULT NULL COMMENT 'Conditions Serialized',
  `actions_serialized` mediumtext DEFAULT NULL COMMENT 'Actions Serialized',
  `stop_rules_processing` smallint(6) NOT NULL DEFAULT 1 COMMENT 'Stop Rules Processing',
  `sort_order` int(10) unsigned NOT NULL DEFAULT 0 COMMENT 'Sort Order',
  `simple_action` varchar(32) DEFAULT NULL COMMENT 'Simple Action',
  `discount_amount` decimal(20,6) NOT NULL DEFAULT 0.000000 COMMENT 'Discount Amount',
  PRIMARY KEY (`rule_id`),
  KEY `CATALOGRULE_IS_ACTIVE_SORT_ORDER_TO_DATE_FROM_DATE` (`is_active`,`sort_order`,`to_date`,`from_date`)
) ENGINE=InnoDB DEFAULT CHARSET=utf8 COMMENT='CatalogRule';

--
-- Dumping data for table `catalogrule`
--


--
-- Table structure for table `catalogrule_customer_group`
--

CREATE TABLE `catalogrule_customer_group` (
  `rule_id` int(10) unsigned NOT NULL COMMENT 'Rule ID',
  `customer_group_id` int(10) unsigned NOT NULL COMMENT 'Customer Group ID',
  PRIMARY KEY (`rule_id`,`customer_group_id`),
  KEY `CATALOGRULE_CUSTOMER_GROUP_CUSTOMER_GROUP_ID` (`customer_group_id`),
  CONSTRAINT `CATALOGRULE_CUSTOMER_GROUP_RULE_ID_CATALOGRULE_RULE_ID` FOREIGN KEY (`rule_id`) REFERENCES `catalogrule` (`rule_id`) ON DELETE CASCADE,
  CONSTRAINT `CATRULE_CSTR_GROUP_CSTR_GROUP_ID_CSTR_GROUP_CSTR_GROUP_ID` FOREIGN KEY (`customer_group_id`) REFERENCES `customer_group` (`customer_group_id`) ON DELETE CASCADE
) ENGINE=InnoDB DEFAULT CHARSET=utf8 COMMENT='Catalog Rules To Customer Groups Relations';

--
-- Dumping data for table `catalogrule_customer_group`
--


--
-- Table structure for table `catalogrule_group_website`
--

CREATE TABLE `catalogrule_group_website` (
  `rule_id` int(10) unsigned NOT NULL DEFAULT 0 COMMENT 'Rule ID',
  `customer_group_id` int(10) unsigned NOT NULL DEFAULT 0 COMMENT 'Customer Group ID',
  `website_id` smallint(5) unsigned NOT NULL DEFAULT 0 COMMENT 'Website ID',
  PRIMARY KEY (`rule_id`,`customer_group_id`,`website_id`),
  KEY `CATALOGRULE_GROUP_WEBSITE_CUSTOMER_GROUP_ID` (`customer_group_id`),
  KEY `CATALOGRULE_GROUP_WEBSITE_WEBSITE_ID` (`website_id`)
) ENGINE=InnoDB DEFAULT CHARSET=utf8 COMMENT='CatalogRule Group Website';

--
-- Dumping data for table `catalogrule_group_website`
--


--
-- Table structure for table `catalogrule_group_website_replica`
--

CREATE TABLE `catalogrule_group_website_replica` (
  `rule_id` int(10) unsigned NOT NULL DEFAULT 0 COMMENT 'Rule ID',
  `customer_group_id` int(10) unsigned NOT NULL DEFAULT 0 COMMENT 'Customer Group ID',
  `website_id` smallint(5) unsigned NOT NULL DEFAULT 0 COMMENT 'Website ID',
  PRIMARY KEY (`rule_id`,`customer_group_id`,`website_id`),
  KEY `CATALOGRULE_GROUP_WEBSITE_CUSTOMER_GROUP_ID` (`customer_group_id`),
  KEY `CATALOGRULE_GROUP_WEBSITE_WEBSITE_ID` (`website_id`)
) ENGINE=InnoDB DEFAULT CHARSET=utf8 COMMENT='CatalogRule Group Website';

--
-- Dumping data for table `catalogrule_group_website_replica`
--


--
-- Table structure for table `catalogrule_product`
--

CREATE TABLE `catalogrule_product` (
  `rule_product_id` int(10) unsigned NOT NULL AUTO_INCREMENT COMMENT 'Rule Product ID',
  `rule_id` int(10) unsigned NOT NULL DEFAULT 0 COMMENT 'Rule ID',
  `from_time` int(10) unsigned NOT NULL DEFAULT 0 COMMENT 'From Time',
  `to_time` int(10) unsigned NOT NULL DEFAULT 0 COMMENT 'To time',
  `customer_group_id` int(11) DEFAULT NULL,
  `product_id` int(10) unsigned NOT NULL DEFAULT 0 COMMENT 'Product ID',
  `action_operator` varchar(10) DEFAULT 'to_fixed' COMMENT 'Action Operator',
  `action_amount` decimal(20,6) NOT NULL DEFAULT 0.000000 COMMENT 'Action Amount',
  `action_stop` smallint(6) NOT NULL DEFAULT 0 COMMENT 'Action Stop',
  `sort_order` int(10) unsigned NOT NULL DEFAULT 0 COMMENT 'Sort Order',
  `website_id` smallint(5) unsigned NOT NULL COMMENT 'Website ID',
  PRIMARY KEY (`rule_product_id`),
  UNIQUE KEY `UNQ_EAA51B56FF092A0DCB795D1CEF812B7B` (`rule_id`,`from_time`,`to_time`,`website_id`,`customer_group_id`,`product_id`,`sort_order`),
  KEY `CATALOGRULE_PRODUCT_CUSTOMER_GROUP_ID` (`customer_group_id`),
  KEY `CATALOGRULE_PRODUCT_WEBSITE_ID` (`website_id`),
  KEY `CATALOGRULE_PRODUCT_FROM_TIME` (`from_time`),
  KEY `CATALOGRULE_PRODUCT_TO_TIME` (`to_time`),
  KEY `CATALOGRULE_PRODUCT_PRODUCT_ID` (`product_id`)
) ENGINE=InnoDB DEFAULT CHARSET=utf8 COMMENT='CatalogRule Product';

--
-- Dumping data for table `catalogrule_product`
--


--
-- Table structure for table `catalogrule_product_price`
--

CREATE TABLE `catalogrule_product_price` (
  `rule_product_price_id` int(10) unsigned NOT NULL AUTO_INCREMENT COMMENT 'Rule Product PriceId',
  `rule_date` date NOT NULL COMMENT 'Rule Date',
  `customer_group_id` int(11) DEFAULT NULL,
  `product_id` int(10) unsigned NOT NULL DEFAULT 0 COMMENT 'Product ID',
  `rule_price` decimal(20,6) NOT NULL DEFAULT 0.000000 COMMENT 'Rule Price',
  `website_id` smallint(5) unsigned NOT NULL COMMENT 'Website ID',
  `latest_start_date` date DEFAULT NULL COMMENT 'Latest StartDate',
  `earliest_end_date` date DEFAULT NULL COMMENT 'Earliest EndDate',
  PRIMARY KEY (`rule_product_price_id`),
  UNIQUE KEY `CATRULE_PRD_PRICE_RULE_DATE_WS_ID_CSTR_GROUP_ID_PRD_ID` (`rule_date`,`website_id`,`customer_group_id`,`product_id`),
  KEY `CATALOGRULE_PRODUCT_PRICE_CUSTOMER_GROUP_ID` (`customer_group_id`),
  KEY `CATALOGRULE_PRODUCT_PRICE_WEBSITE_ID` (`website_id`),
  KEY `CATALOGRULE_PRODUCT_PRICE_PRODUCT_ID` (`product_id`)
) ENGINE=InnoDB DEFAULT CHARSET=utf8 COMMENT='CatalogRule Product Price';

--
-- Dumping data for table `catalogrule_product_price`
--


--
-- Table structure for table `catalogrule_product_price_replica`
--

CREATE TABLE `catalogrule_product_price_replica` (
  `rule_product_price_id` int(10) unsigned NOT NULL AUTO_INCREMENT COMMENT 'Rule Product PriceId',
  `rule_date` date NOT NULL COMMENT 'Rule Date',
  `customer_group_id` int(11) DEFAULT NULL,
  `product_id` int(10) unsigned NOT NULL DEFAULT 0 COMMENT 'Product ID',
  `rule_price` decimal(20,6) NOT NULL DEFAULT 0.000000 COMMENT 'Rule Price',
  `website_id` smallint(5) unsigned NOT NULL COMMENT 'Website ID',
  `latest_start_date` date DEFAULT NULL COMMENT 'Latest StartDate',
  `earliest_end_date` date DEFAULT NULL COMMENT 'Earliest EndDate',
  PRIMARY KEY (`rule_product_price_id`),
  UNIQUE KEY `CATRULE_PRD_PRICE_RULE_DATE_WS_ID_CSTR_GROUP_ID_PRD_ID` (`rule_date`,`website_id`,`customer_group_id`,`product_id`),
  KEY `CATALOGRULE_PRODUCT_PRICE_CUSTOMER_GROUP_ID` (`customer_group_id`),
  KEY `CATALOGRULE_PRODUCT_PRICE_WEBSITE_ID` (`website_id`),
  KEY `CATALOGRULE_PRODUCT_PRICE_PRODUCT_ID` (`product_id`)
) ENGINE=InnoDB DEFAULT CHARSET=utf8 COMMENT='CatalogRule Product Price';

--
-- Dumping data for table `catalogrule_product_price_replica`
--


--
-- Table structure for table `catalogrule_product_replica`
--

CREATE TABLE `catalogrule_product_replica` (
  `rule_product_id` int(10) unsigned NOT NULL AUTO_INCREMENT COMMENT 'Rule Product ID',
  `rule_id` int(10) unsigned NOT NULL DEFAULT 0 COMMENT 'Rule ID',
  `from_time` int(10) unsigned NOT NULL DEFAULT 0 COMMENT 'From Time',
  `to_time` int(10) unsigned NOT NULL DEFAULT 0 COMMENT 'To time',
  `customer_group_id` int(11) DEFAULT NULL,
  `product_id` int(10) unsigned NOT NULL DEFAULT 0 COMMENT 'Product ID',
  `action_operator` varchar(10) DEFAULT 'to_fixed' COMMENT 'Action Operator',
  `action_amount` decimal(20,6) NOT NULL DEFAULT 0.000000 COMMENT 'Action Amount',
  `action_stop` smallint(6) NOT NULL DEFAULT 0 COMMENT 'Action Stop',
  `sort_order` int(10) unsigned NOT NULL DEFAULT 0 COMMENT 'Sort Order',
  `website_id` smallint(5) unsigned NOT NULL COMMENT 'Website ID',
  PRIMARY KEY (`rule_product_id`),
  UNIQUE KEY `UNQ_EAA51B56FF092A0DCB795D1CEF812B7B` (`rule_id`,`from_time`,`to_time`,`website_id`,`customer_group_id`,`product_id`,`sort_order`),
  KEY `CATALOGRULE_PRODUCT_CUSTOMER_GROUP_ID` (`customer_group_id`),
  KEY `CATALOGRULE_PRODUCT_WEBSITE_ID` (`website_id`),
  KEY `CATALOGRULE_PRODUCT_FROM_TIME` (`from_time`),
  KEY `CATALOGRULE_PRODUCT_TO_TIME` (`to_time`),
  KEY `CATALOGRULE_PRODUCT_PRODUCT_ID` (`product_id`)
) ENGINE=InnoDB DEFAULT CHARSET=utf8 COMMENT='CatalogRule Product';

--
-- Dumping data for table `catalogrule_product_replica`
--


--
-- Table structure for table `catalogrule_website`
--

CREATE TABLE `catalogrule_website` (
  `rule_id` int(10) unsigned NOT NULL COMMENT 'Rule ID',
  `website_id` smallint(5) unsigned NOT NULL COMMENT 'Website ID',
  PRIMARY KEY (`rule_id`,`website_id`),
  KEY `CATALOGRULE_WEBSITE_WEBSITE_ID` (`website_id`),
  CONSTRAINT `CATALOGRULE_WEBSITE_RULE_ID_CATALOGRULE_RULE_ID` FOREIGN KEY (`rule_id`) REFERENCES `catalogrule` (`rule_id`) ON DELETE CASCADE,
  CONSTRAINT `CATALOGRULE_WEBSITE_WEBSITE_ID_STORE_WEBSITE_WEBSITE_ID` FOREIGN KEY (`website_id`) REFERENCES `store_website` (`website_id`) ON DELETE CASCADE
) ENGINE=InnoDB DEFAULT CHARSET=utf8 COMMENT='Catalog Rules To Websites Relations';

--
-- Dumping data for table `catalogrule_website`
--


--
-- Table structure for table `catalogsearch_recommendations`
--

CREATE TABLE `catalogsearch_recommendations` (
  `id` int(10) unsigned NOT NULL AUTO_INCREMENT COMMENT 'ID',
  `query_id` int(10) unsigned NOT NULL DEFAULT 0 COMMENT 'Query ID',
  `relation_id` int(10) unsigned NOT NULL DEFAULT 0 COMMENT 'Relation ID',
  PRIMARY KEY (`id`),
  KEY `CATALOGSEARCH_RECOMMENDATIONS_QUERY_ID_SEARCH_QUERY_QUERY_ID` (`query_id`),
  KEY `CATALOGSEARCH_RECOMMENDATIONS_RELATION_ID_SEARCH_QUERY_QUERY_ID` (`relation_id`),
  CONSTRAINT `CATALOGSEARCH_RECOMMENDATIONS_QUERY_ID_SEARCH_QUERY_QUERY_ID` FOREIGN KEY (`query_id`) REFERENCES `search_query` (`query_id`) ON DELETE CASCADE,
  CONSTRAINT `CATALOGSEARCH_RECOMMENDATIONS_RELATION_ID_SEARCH_QUERY_QUERY_ID` FOREIGN KEY (`relation_id`) REFERENCES `search_query` (`query_id`) ON DELETE CASCADE
) ENGINE=InnoDB DEFAULT CHARSET=utf8 COMMENT='Advanced Search Recommendations';

--
-- Dumping data for table `catalogsearch_recommendations`
--


--
-- Table structure for table `checkout_agreement`
--

CREATE TABLE `checkout_agreement` (
  `agreement_id` int(10) unsigned NOT NULL AUTO_INCREMENT COMMENT 'Agreement ID',
  `name` varchar(255) DEFAULT NULL COMMENT 'Name',
  `content` text DEFAULT NULL COMMENT 'Content',
  `content_height` varchar(25) DEFAULT NULL COMMENT 'Content Height',
  `checkbox_text` text DEFAULT NULL COMMENT 'Checkbox Text',
  `is_active` smallint(6) NOT NULL DEFAULT 0 COMMENT 'Is Active',
  `is_html` smallint(6) NOT NULL DEFAULT 0 COMMENT 'Is Html',
  `mode` smallint(6) NOT NULL DEFAULT 0 COMMENT 'Applied mode',
  PRIMARY KEY (`agreement_id`)
) ENGINE=InnoDB DEFAULT CHARSET=utf8 COMMENT='Checkout Agreement';

--
-- Dumping data for table `checkout_agreement`
--


--
-- Table structure for table `checkout_agreement_store`
--

CREATE TABLE `checkout_agreement_store` (
  `agreement_id` int(10) unsigned NOT NULL COMMENT 'Agreement ID',
  `store_id` smallint(5) unsigned NOT NULL COMMENT 'Store ID',
  PRIMARY KEY (`agreement_id`,`store_id`),
  KEY `CHECKOUT_AGREEMENT_STORE_STORE_ID_STORE_STORE_ID` (`store_id`),
  CONSTRAINT `CHECKOUT_AGREEMENT_STORE_STORE_ID_STORE_STORE_ID` FOREIGN KEY (`store_id`) REFERENCES `store` (`store_id`) ON DELETE CASCADE,
  CONSTRAINT `CHKT_AGRT_STORE_AGRT_ID_CHKT_AGRT_AGRT_ID` FOREIGN KEY (`agreement_id`) REFERENCES `checkout_agreement` (`agreement_id`) ON DELETE CASCADE
) ENGINE=InnoDB DEFAULT CHARSET=utf8 COMMENT='Checkout Agreement Store';

--
-- Dumping data for table `checkout_agreement_store`
--


--
-- Table structure for table `cms_block`
--

CREATE TABLE `cms_block` (
  `block_id` smallint(6) NOT NULL AUTO_INCREMENT COMMENT 'Entity ID',
  `title` varchar(255) NOT NULL COMMENT 'Block Title',
  `identifier` varchar(255) NOT NULL COMMENT 'Block String Identifier',
  `content` mediumtext DEFAULT NULL COMMENT 'Block Content',
  `creation_time` timestamp NOT NULL DEFAULT current_timestamp() COMMENT 'Block Creation Time',
  `update_time` timestamp NOT NULL DEFAULT current_timestamp() ON UPDATE current_timestamp() COMMENT 'Block Modification Time',
  `is_active` smallint(6) NOT NULL DEFAULT 1 COMMENT 'Is Block Active',
  PRIMARY KEY (`block_id`),
  KEY `CMS_BLOCK_IDENTIFIER` (`identifier`),
  FULLTEXT KEY `CMS_BLOCK_TITLE_IDENTIFIER_CONTENT` (`title`,`identifier`,`content`)
) ENGINE=InnoDB AUTO_INCREMENT=44 DEFAULT CHARSET=utf8 COMMENT='CMS Block Table';

--
-- Dumping data for table `cms_block`
--

INSERT INTO `cms_block` VALUES (1,'Menu block before','default_rokanthemes_custom_menu_before','<ul>\r\n<li class=\"ui-menu-item level0 classic \"><a class=\"level-top\" href=\"{{store url=\'\'}}\">Home</a></li>\r\n</ul>','2020-11-02 02:53:43','2021-07-01 13:16:29',1),(2,'Menu block after','default_rokanthemes_custom_menu_after','<ul>\r\n<li class=\"ui-menu-item level0 classic menu-item-has-children parent\"><a class=\"level-top\">Page</a>\r\n<div class=\"open-children-toggle\">&nbsp;</div>\r\n<div class=\"level0 submenu\">\r\n<div class=\"row\">\r\n<ul class=\"subchildmenu \">\r\n<li class=\"ui-menu-item level2 \"><a href=\"{{store url=\'\'}}about-us/\">About us</a></li>\r\n<li class=\"ui-menu-item level2 \"><a href=\"{{store url=\'\'}}store-locator/\">Store loactor</a></li>\r\n<li class=\"ui-menu-item level2 \"><a href=\"{{store url=\'\'}}rokanfaq/\">FAQ\'S</a></li>\r\n<li class=\"ui-menu-item level2 \"><a href=\"{{store url=\'\'}}our-team/\">Our Team</a></li>\r\n</ul>\r\n</div>\r\n</div>\r\n</li>\r\n<li class=\"ui-menu-item level0\"><a class=\"level-top\" href=\"{{store url=\'\'}}blog/\">Blog</a></li>\r\n<li class=\"ui-menu-item level0 classic \"><a class=\"level-top\" href=\"{{store url=\'\'}}contact/\">Contact</a></li>\r\n</ul>','2020-11-02 03:06:20','2021-07-01 13:16:19',1),(3,'Shipping support','default_shipping','<div class=\"static_cms\">\r\n<div class=\"row\">\r\n<div class=\"col-cms col-xs-12 col-sm-6 col-md-6 col-lg-3\">\r\n<div class=\"box_cms\">\r\n<div class=\"cms-image\"><img src=\"{{media url=\"wysiwyg/icon_cms1.png\"}}\" alt=\"\"></div>\r\n<div class=\"txt_cms\">\r\n<h4>Free Worldwide Shipping</h4>\r\n<p>On all orders over $75.00</p>\r\n</div>\r\n</div>\r\n</div>\r\n<div class=\"col-cms col-xs-12 col-sm-6 col-md-6 col-lg-3\">\r\n<div class=\"box_cms\">\r\n<div class=\"cms-image\"><img src=\"{{media url=\"wysiwyg/icon_cms2.png\"}}\" alt=\"\"></div>\r\n<div class=\"txt_cms\">\r\n<h4>100% Payment Secure</h4>\r\n<p>Safe payment with PEV</p>\r\n</div>\r\n</div>\r\n</div>\r\n<div class=\"col-cms col-xs-12 col-sm-6 col-md-6 col-lg-3\">\r\n<div class=\"box_cms\">\r\n<div class=\"cms-image\"><img src=\"{{media url=\"wysiwyg/icon_cms3.png\"}}\" alt=\"\"></div>\r\n<div class=\"txt_cms\">\r\n<h4>30 Days Return</h4>\r\n<p>Return it within 20 days.</p>\r\n</div>\r\n</div>\r\n</div>\r\n<div class=\"col-cms col-xs-12 col-sm-6 col-md-6 col-lg-3\">\r\n<div class=\"box_cms\">\r\n<div class=\"cms-image\"><img src=\"{{media url=\"wysiwyg/icon_cms4.png\"}}\" alt=\"\"></div>\r\n<div class=\"txt_cms\">\r\n<h4>Support 24/7</h4>\r\n<p>We support 24 hours a day</p>\r\n</div>\r\n</div>\r\n</div>\r\n</div>\r\n</div>','2020-11-02 10:09:32','2021-07-01 14:28:41',1),(4,'Default Funiture 01-05 banner category','default_funiture_01_05_banner_category','<div class=\"home-banner banner-categories \">\r\n<div class=\"box-banner large-image\"><img src=\"{{media url=\"wysiwyg/baner1.1.jpg\"}}\" alt=\"\"> <a href=\"{{store url=\"\"}}/shop/livingroom/chairs.html\">Chairs</a></div>\r\n<div class=\"box-banner banner-1\"><img src=\"{{media url=\"wysiwyg/banner1.2.jpg\"}}\" alt=\"\"> <a href=\"{{store url=\"\"}}/shop//livingroom/easy-chair.html\">Decor</a></div>\r\n<div class=\"box-banner banner-2\"><img src=\"{{media url=\"wysiwyg/banner1.3.jpg\"}}\" alt=\"\"><a href=\"{{store url=\"\"}}/shop/coffee-side/clocks.html\">Wall Clock</a></div>\r\n<div class=\"box-banner banner-3\"><img src=\"{{media url=\"wysiwyg/banner1.4.jpg\"}}\" alt=\"\"><a href=\"{{store url=\"\"}}//shopeasy-chair/accessories-style.html\">Kitchen</a></div>\r\n</div>','2020-11-03 01:56:35','2021-07-01 13:29:47',1),(5,'Default Funiture 01-03- 07 Banner middle','default_funiture_01_03_07_banner_middlle','<div class=\"home-banner banner-middle\">\r\n<div class=\"box-banner\"><img src=\"{{media url=\"wysiwyg/banner-middle1.jpg\"}}\" alt=\"\">\r\n<div class=\"text-banner two-banner\">\r\n<h5>Free Shipping On All Orders</h5>\r\n<h3>Minimal Office Chair</h3>\r\n<h3>Extra 40% Off</h3>\r\n<p>Final Clearance: Take 20% off\' Sale Must-Haves\'</p>\r\n<a class=\"btn\" href=\"#\">Shop Collection</a></div>\r\n</div>\r\n<div class=\"box-banner\"><img src=\"{{media url=\"wysiwyg/banner-middle2.jpg\"}}\" alt=\"\">\r\n<div class=\"text-banner two-banner\">\r\n<h5 class=\"text-one\">Quick parcel delivery, from $25</h5>\r\n<h3>All Ceiling Lamps</h3>\r\n<h3>40% Off Now!</h3>\r\n<p>Final Clearance: Take 20% off\' Sale Must-Haves\'</p>\r\n<a class=\"btn\" href=\"#\">Shop Collection</a></div>\r\n</div>\r\n</div>','2020-11-03 02:19:10','2021-07-01 13:31:39',1),(6,'Default Funiture 02-04- 08 Banner Bottom','default_funiture_02_04_08_banner_bottom','<div class=\"home-banner \">\r\n<div class=\"box-banner no-hover\"><img src=\"{{media url=wysiwyg/banner-bottom-1.jpg}}\" alt=\"\">\r\n<div class=\"text-banner text-bottom container\">\r\n<h4>Upto 70% sale Off</h4>\r\n<h2>Interior Furniture Design</h2>\r\n<a class=\"btn\" href=\"#\">Start Shopping</a></div>\r\n</div>\r\n</div>','2020-11-03 02:27:35','2021-07-01 13:34:03',1),(7,'Default Footer Payment','default_bluesky_footer_payment','<div class=\"payment\">Secure online payment<span><img src=\"{{media url=\"wysiwyg/payment.png\"}}\" alt=\"\"></span></div>','2020-11-03 02:32:50','2021-07-01 13:36:43',1),(8,'Default Topbar static','default_topbar_static','<div class=\"static-nav\"><a href=\"#\">Clearance</a>Take 20% off Sale Must-Haves</div>','2020-11-08 14:17:45','2021-07-01 13:46:06',1),(9,'Default Topbar Contact','default_topbar_contact','<div class=\"topbar-contact flex-layout\">\r\n<div class=\"contact-info\"><span class=\"lnr lnr-phone-handset\"><span class=\"text\">phone</span></span> +391 (0)35 2568 4593</div>\r\n<div class=\"contact-info\"><span class=\"lnr lnr-envelope\"><span class=\"text\">email</span></span> hello@domain.com</div>\r\n<div class=\"contact-info\"><span class=\"lnr lnr-map-marker\"><span class=\"text\">store</span></span><a href=\"{{store url=\"\"}}store-locator/\"> Store Location</a></div>\r\n</div>','2020-11-08 14:20:29','2021-07-01 13:46:34',1),(10,'Default social icon','default_social_icon','<ul class=\"social-link flex-layout\">\r\n    <li><a href=\"https://facebook.com/\"> <span class=\"icon fab fa-facebook-f\"><span class=\"text\">Facebook</span></span> </a></li>\r\n    <li><a href=\"https://instagram.com/\"> <span class=\"icon fab fa-twitter\"><span class=\"text\">Twitter</span></span> </a></li>\r\n    <li><a href=\"https://youtube.com/\"> <span class=\"icon fab fa-instagram\"><span class=\"text\">Instagram</span></span> </a></li>\r\n    <li><a href=\"https://pinterest.com/\"> <span class=\"icon fab fa-dribbble\"><span class=\"text\">Dribbble</span></span> </a></li>\r\n</ul>','2020-11-09 04:24:34','2021-07-01 13:47:18',1),(11,'Default Footer information','default_footer_information','<h4 class=\"footer-title\">information</h4>\r\n<ul class=\"footer-contents\">\r\n<li><a href=\"#\">Accessories</a></li>\r\n<li><a href=\"#\">Stools </a></li>\r\n<li><a href=\"#\">Uncategorized (0)</a></li>\r\n<li><a href=\"#\">Terms &amp; Conditions</a></li>\r\n<li><a href=\"#\">Decoration</a></li>\r\n<li><a href=\"#\">Kitchen</a></li>\r\n<li><a href=\"#\">Livestyle</a></li>\r\n</ul>','2020-11-12 14:31:08','2021-07-01 13:39:22',1),(12,'Default Footer support menu','default_footer_support','<h4 class=\"footer-title\">More From Koller</h4>\r\n<ul class=\"footer-contents\">\r\n<li><a href=\"#\">New User Guide</a></li>\r\n<li><a href=\"#\">Help Center</a></li>\r\n<li><a href=\"#\">Delivery &amp; Return</a></li>\r\n<li><a href=\"#\">Report Spam</a></li>\r\n<li><a href=\"#\">FAQ’s</a></li>\r\n<li><a href=\"#\">Lightning</a></li>\r\n<li><a href=\"#\">Our Guarantees</a></li>\r\n</ul>','2020-11-12 14:57:14','2021-07-01 13:39:35',1),(13,'Default Footer My account','default_footer_my_account','<h4 class=\"footer-title\">My account</h4>\r\n<ul class=\"footer-contents\">\r\n<li><a href=\"#\">Orders</a></li>\r\n<li><a href=\"#\">Track Your Order</a></li>\r\n<li><a href=\"#\">Shipping Guide</a></li>\r\n<li><a href=\"#\">Account details</a></li>\r\n<li><a href=\"#\">Products Support</a></li>\r\n<li><a href=\"#\">Privacy Policyt</a></li>\r\n<li><a href=\"#\">Return Policy</a></li>\r\n</ul>','2020-11-12 14:59:10','2021-07-01 13:40:49',1),(14,'Default Footer about us','default_footer_about_us','<div class=\"footer-cms \">\r\n<div class=\"text-footer-bottom\">\r\n<h3>Let\'s Talk</h3>\r\n<div class=\"cms-uni lets-talk\">\r\n<p>Phone: +391 (0)35 2568 4593</p>\r\n<p>Email: hello@domain.com</p>\r\n</div>\r\n</div>\r\n<div class=\"text-footer-bottom\">\r\n<h3>Find Us</h3>\r\n<div class=\"cms-uni find-us\">\r\n<p>Address: 298 Riverwood Drive,</p>\r\n<p>Cottonwood, , United States</p>\r\n</div>\r\n</div>\r\n</div>','2020-11-14 09:28:34','2021-07-01 13:40:08',1),(15,'Instagram','default_instagram','<div class=\"section full-width instagram\">{{widget type=\"Rokanthemes\\Instagram\\Block\\Widget\\Instagram\" title=\"Follow @Koller On Instagram\" description=\"Find out about upcoming stories\" image_format=\"square\" show_captions=\"no\" show_instagram_icon=\"yes\" image_resolution=\"original\" rows=\"1\" next_back=\"0\" owl_dots=\"0\" owl_item_desktop=\"5\" owl_item_default=\"5\" owl_item_small_desktop=\"5\" owl_item_big_tablet=\"4\" owl_item_tablet=\"3\" owl_item_small_tablet=\"3\" owl_item_mobile=\"2\" owl_margin=\"20\"}}</div>','2020-11-27 06:47:41','2021-07-01 14:31:08',1),(16,'Banner Category Home 03','bluesky_koller_funiture_03_banner_category','<div class=\"home-banner banner-categories section\">\r\n<div class=\"box-banner large-image\"><img src=\"{{media url=wysiwyg/banner-2-3.jpg}}\" alt=\"\"> <a href=\"{{store url=\"\"}}/shop/livingroom/chairs.html\">Chairs</a></div>\r\n<div class=\"box-banner banner-1\"><img src=\"{{media url=wysiwyg/banner-2.jpg}}\" alt=\"\"> <a href=\"{{store url=\"\"}}/shop//livingroom/easy-chair.html\">Decor</a></div>\r\n<div class=\"box-banner banner-2\"><img src=\"{{media url=wysiwyg/banner2-2.jpg}}\" alt=\"\"><a href=\"{{store url=\"\"}}/shop/coffee-side/clocks.html\">Wall Clock</a></div>\r\n<div class=\"box-banner banner-3\"><img src=\"{{media url=wysiwyg/banner-home.jpg}}\" alt=\"\"><a href=\"{{store url=\"\"}}//shopeasy-chair/accessories-style.html\">Watches</a></div>\r\n</div>','2020-12-03 02:47:03','2021-07-01 13:53:32',1),(17,'Banner Category Home 04','bluesky_koller_funiture_04_banner_category','<div class=\"title-cate\">\r\n<h2>Top Categories This Month</h2>\r\n<p>Top view in this week</p>\r\n</div>\r\n<div class=\"home-banner banner-categories section\">\r\n<div class=\"box-banner large-image\"><img src=\"{{media url=wysiwyg/banner2-2_1.jpg}}\" alt=\"\"> <a href=\"{{store url=\"\"}}/shop/chairs/pendant-lamps.html\">Watches</a></div>\r\n<div class=\"box-banner banner-1\"><img src=\"{{media url=wysiwyg/banner-2.jpg}}\" alt=\"\"> <a href=\"{{store url=\"\"}}/shop//livingroom/easy-chair.html\">Decor</a></div>\r\n<div class=\"box-banner banner-2\"><img src=\"{{media url=wysiwyg/banner2-2.jpg}}\" alt=\"\"><a href=\"{{store url=\"\"}}/shop/coffee-side/clocks.html\">Wall Clock</a></div>\r\n<div class=\"box-banner banner-3\"><img src=\"{{media url=wysiwyg/banner-4-3.jpg}}\" alt=\"\"><a href=\"{{store url=\"\"}}//shopeasy-chair/accessories-style.html\">Kitchen</a></div>\r\n<div class=\"box-banner large-image-2\"><img src=\"{{media url=wysiwyg/banner-2-3.jpg}}\" alt=\"\"><a href=\"{{store url=\"\"}}/shop/livingroom/chairs.html\">Chairs</a></div>\r\n</div>','2020-12-09 07:28:25','2021-07-01 13:55:03',1),(18,'Banner main home 02 04','default_koller_funiture_02_04_banner_main','<div class=\"banner-main \">\r\n<div class=\"item-banner\"><img src=\"{{media url=wysiwyg/banner-5-2.jpg}}\" alt=\"\">\r\n<div class=\"content\">\r\n<h4>Top View in This <br>Elegant Essentials</h4>\r\n<a class=\"btn\" href=\"#\">From: $69.00</a></div>\r\n</div>\r\n<div class=\"item-banner\"><img src=\"{{media url=wysiwyg/banner-6-2.jpg}}\" alt=\"\">\r\n<div class=\"content\">\r\n<h4>Sofas Comfort <br>Get Up To 39% Off</h4>\r\n<a class=\"btn\" href=\"#\">Only Price: 199.000</a></div>\r\n</div>\r\n<div class=\"item-banner\"><img src=\"{{media url=wysiwyg/banner-7-2.jpg}}\" alt=\"\">\r\n<div class=\"content\">\r\n<h4>Clearance Sales <br>Up To 45% Off Now</h4>\r\n<a class=\"btn\" href=\"#\">Starting at: $89</a></div>\r\n</div>\r\n</div>','2020-12-09 07:37:03','2021-07-01 13:58:01',1),(19,'Default Contact Map','default_contact_maps','<div class=\"right-contact\">\r\n<div class=\"map-contact\"><iframe src=\"https://maps.google.com/maps?q=London%20Eye%2C%20London%2C%20United%20Kingdom&amp;t=m&amp;z=13&amp;output=embed&amp;iwloc=near\" width=\"100%\" height=\"440\" frameborder=\"0\" marginwidth=\"0\" scrolling=\"no\" aria-label=\"London Eye, London, United Kingdom\"></iframe></div>\r\n<div class=\"contact-content\">\r\n<h2>Contact Infor</h2>\r\n<div class=\"flex-layout content-main\">\r\n<div class=\"content-left\">\r\n<h4>Let’s Talk</h4>\r\n<div class=\"content flex-layout\"><span class=\"lnr lnr-phone\">&nbsp;</span>\r\n<div class=\"phone-mail\">\r\n<p>Phone: +391 (0)35 2568 4593</p>\r\n<p>Email: hello@domain.com</p>\r\n</div>\r\n</div>\r\n</div>\r\n<div class=\"content-right\">\r\n<h4>Find Us</h4>\r\n<div class=\"content  flex-layout\"><span class=\"lnr lnr-map-marker\">&nbsp;</span>\r\n<div class=\"phone-mail\">\r\n<p>Address: 298 Riverwood Drive,</p>\r\n<p>Cottonwood , United States</p>\r\n</div>\r\n</div>\r\n</div>\r\n</div>\r\n</div>\r\n</div>','2020-12-10 02:02:15','2021-07-01 14:26:52',1),(20,'Banner categories home2','bluesky_koller_funiture_02_banner_category','<div class=\"home-banner-categoies section\">\r\n<div class=\"rokan-title\">\r\n<h3 class=\"module-title\">Top Categories This Month</h3>\r\n<div class=\"short_description\">Top view in this week</div>\r\n</div>\r\n<div class=\"home-banner banner-categories \">\r\n<div class=\"box-banner large-image\"><img src=\"{{media url=wysiwyg/banner-2-3.jpg}}\" alt=\"\"><a href=\"{{store url=\"\"}}/shop/livingroom/chairs.html\">Chairs</a></div>\r\n<div class=\"box-banner banner-1\"><img src=\"{{media url=wysiwyg/banner-2.jpg}}\" alt=\"\"> <a href=\"{{store url=\"\"}}/shop//livingroom/easy-chair.html\">Decor</a></div>\r\n<div class=\"box-banner banner-2\"><img src=\"{{media url=wysiwyg/banner2-2.jpg}}\" alt=\"\"><a href=\"{{store url=\"\"}}/shop/coffee-side/clocks.html\">Wall Clock</a></div>\r\n<div class=\"box-banner banner-3\"><img src=\"{{media url=wysiwyg/banner-home.jpg}}\" alt=\"\"><a href=\"{{store url=\"\"}}//shopeasy-chair/accessories-style.html\">Watches</a></div>\r\n</div>\r\n</div>','2020-12-10 08:03:22','2021-07-01 13:56:53',1),(21,' Free Delivery','topbar-cms-static','<div class=\"static-nav\">Free Delivery over £40 to most of UK* <a href=\"#\">Shop Now!</a></div>','2020-12-17 02:16:14','2020-12-17 02:20:57',1),(23,'Banner bottom home 05 06','bluesky_koller_funiture_05_06_banner_bottom','<div class=\"home-banner banner-middle\">\r\n<div class=\"box-banner\"><img src=\"{{media url=\"wysiwyg/banner-middle1.jpg\"}}\" alt=\"\">\r\n<div class=\"text-banner two-banner\">\r\n<h5>Free Shipping On All Orders</h5>\r\n<h3>Minimal Office Chair</h3>\r\n<h3>Extra 40% Off</h3>\r\n<p>Final Clearance: Take 20% off\' Sale Must-Haves\'</p>\r\n<a class=\"btn\" href=\"#\">Shop Collection</a></div>\r\n</div>\r\n<div class=\"box-banner\"><img src=\"{{media url=wysiwyg/h5bn2.jpg}}\" alt=\"\">\r\n<div class=\"text-banner two-banner banner-home-5\">\r\n<h5 class=\"text-one\">Quick parcel delivery, from $25</h5>\r\n<h3>Home Interior Sale</h3>\r\n<h3>70% Off Now!</h3>\r\n<p>Final Clearance: Take 20% off\' Sale Must-Haves\'</p>\r\n<a class=\"btn\" href=\"#\">Shop Collection</a></div>\r\n</div>\r\n</div>','2020-12-17 09:59:23','2021-07-01 14:01:36',1),(25,'Banner Header 05 06','bluesky_koller_funiture_05_06_banner_header','<div class=\"banner-header-h4\">\r\n<div class=\"banner-wrap\">\r\n<div class=\"banner-item banner-1\"><img src=\"{{media url=wysiwyg/banner-1.jpg}}\" alt=\"\">\r\n<div class=\"content\">\r\n<h4 class=\"title\">Get Up To 60% Off Office Furniture</h4>\r\n<div class=\"action\"><a class=\"btn\" href=\"#\">Learn More</a><em class=\"icmn-arrow-right8\">&nbsp;</em></div></div>\r\n</div>\r\n<div class=\"banner-item banner-2\"><img src=\"{{media url=wysiwyg/Untitled-2.jpg}}\" alt=\"\">\r\n<div class=\"content\">\r\n<h4 class=\"title\">Pendent Lamp <br>Top View in This Week</h4>\r\n<div class=\"action\"><a class=\"btn\" href=\"#\">Learn More</a><em class=\"icmn-arrow-right8\">&nbsp;</em></div></div>\r\n</div>\r\n<div class=\"banner-item banner-3\"><img src=\"{{media url=wysiwyg/Untitled-3.jpg}}\" alt=\"\">\r\n<div class=\"content\">\r\n<h4 class=\"title\">Clearance Sales<br>Up To 45% Off Now</h4>\r\n<div class=\"action\"><a class=\"btn\" href=\"#\">Learn More</a><em class=\"icmn-arrow-right8\">&nbsp;</em></div></div>\r\n</div>\r\n</div>\r\n</div>','2020-12-23 04:47:53','2021-07-01 16:24:06',1),(27,'banner middle 6','bluesky_koller_funiture_06_banner_middle','<div class=\"home-banner banner-home-6 \">\r\n<div class=\"box-banner no-hover\"><img src=\"{{media url=wysiwyg/banner-bottom-2.jpg}}\" alt=\"\">\r\n<div class=\"text-banner text-bottom container\">\r\n<h4>Limited Time Only</h4>\r\n<h2>Wood Chair Design</h2>\r\n<h2>Up To 70% Off</h2>\r\n<a class=\"btn\" href=\"#\">Start Shopping</a></div>\r\n</div>\r\n</div>','2020-12-25 03:51:16','2021-07-01 14:09:32',1),(28,'Slider home 8','bluesky_koller_funiture_08_slider','<div class=\"banner-slider\">\r\n    <div class=\"banner-item\">\r\n        <img src=\"{{media url=wysiwyg/banner-4-2.jpg}}\" alt=\"\" />\r\n        <div class=\"content-banner\">\r\n            <h3>Sofas Comfort <br> Get Up To 39% Off</h3>\r\n            <a href=\"#\">Only Price: $199.00</a>\r\n        </div>\r\n    </div>\r\n    <div class=\"banner-item\">\r\n       <img src=\"{{media url=wysiwyg/banner-5-2_1.jpg}}\" alt=\"\" />\r\n        <div class=\"content-banner\">\r\n            <h3>Clearance Sales <br>\r\n                Up To 45% Off Now</h3>\r\n            <a href=\"#\">Starting at: $89.00</a>\r\n        </div>\r\n    </div>\r\n</div>','2020-12-26 03:39:46','2021-07-01 14:10:48',1),(29,'Fashion banner header home 01','bluesky_koller_fashion_01_header','<div class=\"banner-header-h9\">\r\n<div class=\"banner-wrap\">\r\n<div class=\"banner-item banner-1\"><img src=\"{{media url=wysiwyg/banner-4_4.jpg}}\" alt=\"\" />\r\n<div class=\"content\">\r\n<h3>Get Up To 60% Off</h3>\r\n<h4 class=\"title\">Nike Sneakers Sale</h4>\r\n<div class=\"action\"><a class=\"btn\" href=\"#\">Learn More</a><em class=\"icmn-arrow-right8\">&nbsp;</em></div>\r\n</div>\r\n</div>\r\n<div class=\"banner-item banner-2\"><img src=\"{{media url=wysiwyg/banner-5_2.jpg}}\" alt=\"\" />\r\n<div class=\"content\">\r\n<h3>Top View in This Week</h3>\r\n<h4 class=\"title\">Jackets &amp; Coats</h4>\r\n<div class=\"action\"><a class=\"btn\" href=\"#\">Learn More</a><em class=\"icmn-arrow-right8\">&nbsp;</em></div>\r\n</div>\r\n</div>\r\n<div class=\"banner-item banner-3\"><img src=\"{{media url=wysiwyg/banner-6_2.jpg}}\" alt=\"\" />\r\n<div class=\"content\">\r\n<h3>Up To 45% Off Now</h3>\r\n<h4 class=\"title\">Clearance Sales</h4>\r\n<div class=\"action\"><a class=\"btn\" href=\"#\">Learn More</a><em class=\"icmn-arrow-right8\">&nbsp;</em></div>\r\n</div>\r\n</div>\r\n</div>\r\n</div>','2020-12-26 07:49:30','2021-07-01 14:17:36',1),(30,'Fashion banner middle home 01','bluesky_koller_fashion_01_middle','<div class=\"home-banner banner-middle\">\r\n<div class=\"box-banner\"><img src=\"{{media url=wysiwyg/banner-7_2.jpg}}\" alt=\"\" />\r\n<div class=\"text-banner two-banner\">\r\n<h5>Collection AW</h5>\r\n<h3>Just Lander</h3>\r\n<h3>Warm Up Styles.</h3>\r\n<a class=\"btn\" href=\"#\">Shop Collection</a></div>\r\n</div>\r\n<div class=\"box-banner\"><img src=\"{{media url=wysiwyg/banner-8_2.jpg}}\" alt=\"\" />\r\n<div class=\"text-banner two-banner\">\r\n<h5>Further Sales Spring</h5>\r\n<h3>Glamorous at</h3>\r\n<h3>Midnight From $24.99</h3>\r\n<a class=\"btn\" href=\"#\">Shop Collection</a></div>\r\n</div>\r\n</div>','2020-12-26 07:53:10','2021-07-01 14:17:27',1),(31,'Fashion banner bottom home 02','bluesky_koller_fashion_02_bottom','<div class=\"banner-bottom-9\"><img src=\"{{media url=wysiwyg/banner-9_2.jpg}}\" alt=\"\" />\r\n<div class=\"bottom-newletter\">{{block class=\"Magento\\Newsletter\\Block\\Subscribe\" template=\"Magento_Newsletter::subscribe.phtml\"}}{{widget type=\"Magento\\Cms\\Block\\Widget\\Block\" template=\"widget/static_block/default.phtml\" block_id=\"10\"}}</div>\r\n</div>','2020-12-26 07:57:35','2021-07-01 16:13:49',1),(32,'Fashion banner category home 2','bluesky_koller_fashion_02_category','<div class=\"home-banner banner-categories \">\r\n<div class=\"box-banner large-image\"><img src=\"{{media url=wysiwyg/banner-1_3.jpg}}\" alt=\"\" /><a href=\"{{store url=\"\"}}/shop/womens.html\">Womens</a></div>\r\n<div class=\"box-banner banner-1\"><img src=\"{{media url=wysiwyg/banner-2_3.jpg}}\" alt=\"\" /><a href=\"{{store url=\"\"}}/shop/mens.html\">Mens</a></div>\r\n<div class=\"box-banner banner-2\"><img src=\"{{media url=wysiwyg/banner-3_1.jpg}}\" alt=\"\" /><a href=\"{{store url=\"\"}}/shop/bags.html\">Bags</a></div>\r\n<div class=\"box-banner banner-3\"><img src=\"{{media url=wysiwyg/banner-4_3.jpg}}\" alt=\"\" /><a href=\"{{store url=\"\"}}/shop/shoes.html\">Shoes</a></div>\r\n</div>','2020-12-28 02:43:52','2021-07-01 14:17:02',1),(33,'Default brand','default_brand','<div>{{widget type=\"Rokanthemes\\Brand\\Block\\Widget\\Brandlist\" show_brand_name=\"0\" brand_groups=\"1\" rows=\"1\" number_item=\"12\" default_item=\"6\" destop_item=\"6\" small_destop_item=\"4\" tablet_item=\"3\" mobile_item=\"2\" show_next_back_control=\"0\" show_navigation_control=\"0\" auto_play_control=\"0\"}}</div>','2020-12-28 07:52:46','2021-07-01 14:23:41',1),(34,'Sneake banner category home 01','bluesky_koller_sneake_01_category','<div class=\"home-banner banner-categories \">\r\n<div class=\"box-banner banner-1\"><img src=\"{{media url=wysiwyg/banner-4_2.jpg}}\" alt=\"\"><a href=\"{{store url=\"\"}}/shop/skate.html\">Skate</a></div>\r\n<div class=\"box-banner banner-2\"><img src=\"{{media url=\"wysiwyg/banner-5_1.jpg}}\" alt=\"\"><a href=\"{{store url=\"\"}}/shop/running.html\">Slip - On</a></div>\r\n<div class=\"box-banner banner-3\"><img src=\"{{media url=\"wysiwyg/banner-6_1.jpg}}\" alt=\"\"><a href=\"{{store url=\"\"}}/shop/fashion.html\">Fashion</a></div>\r\n<div class=\"box-banner banner-4\"><img src=\"{{media url=\"wysiwyg/banner-7_1.jpg}}\" alt=\"\"><a href=\"{{store url=\"\"}}/shop/high-tops.html\">High Tops</a></div>\r\n</div>','2020-12-30 02:30:15','2021-07-01 14:19:07',1),(35,'Sneake banner middle home 01','bluesky_koller_sneake_01_middle','<div class=\"home-banner banner-middle\">\r\n<div class=\"box-banner\"><img src=\"{{media url=wysiwyg/banner-8_1.jpg}}\" alt=\"\">\r\n<div class=\"text-banner two-banner\">\r\n<h5>NEw Arrivals</h5>\r\n<h3>Men’s Sneakers</h3>\r\n<h3>50% Sale Off</h3>\r\n<a class=\"btn\" href=\"#\">Shop Now</a></div>\r\n</div>\r\n<div class=\"box-banner\"><img src=\"{{media url=wysiwyg/banner-9_1.jpg}}\" alt=\"\">\r\n<div class=\"text-banner two-banner\">\r\n<h5>Weekend Sale</h5>\r\n<h3>-20% Cut</h3>\r\n<h3>For Everything*</h3>\r\n<a class=\"btn\" href=\"#\">Shop Now</a></div>\r\n</div>\r\n</div>','2020-12-30 02:34:58','2021-07-01 14:19:50',1),(36,'Sneake banner category home 02','bluesky_koller_sneake_02_category','<div class=\"home-banner banner-categories \">\r\n<div class=\"box-banner banner-1\"><img src=\"{{media url=wysiwyg/banner-4_2.jpg}}\" alt=\"\"> <a href=\"{{store url =\"\"}}/shop/skate.html\">Skate</a></div>\r\n<div class=\"box-banner banner-2\"><img src=\"{{media url=\"wysiwyg/banner-5_1.jpg}}\" alt=\"\"><a href=\"{{store url =\"\"}}/shop/fashion.html\">Slip - On</a></div>\r\n<div class=\"box-banner banner-center\"><img src=\"{{media url=wysiwyg/banner-center.jpg}}\" alt=\"\"> <a href=\"{{store url =\"\"}}/running/skate.html\">Running</a></div>\r\n<div class=\"box-banner banner-3\"><img src=\"{{media url=\"wysiwyg/banner-6_1.jpg}}\" alt=\"\"><a href=\"{{store url =\"\"}}/shop/fashion.html\">Fashion</a></div>\r\n<div class=\"box-banner banner-4\"><img src=\"{{media url=\"wysiwyg/banner-7_1.jpg}}\" alt=\"\"><a href=\"{{store url =\"\"}}/shop/high-tops.html\">High Tops</a></div>\r\n</div>','2020-12-30 08:22:11','2021-07-01 14:21:56',1),(37,'Sneake banner  header home 02','bluesky_koller_sneake_02_header','<div class=\"home-banner banner-middle\">\r\n<div class=\"box-banner\"><img src=\"{{media url=wysiwyg/banner-1_2.jpg}}\" alt=\"\" />\r\n<div class=\"text-banner two-banner\">\r\n<h5>NEw Arrivals</h5>\r\n<h3>Men’s Sneakers</h3>\r\n<h3>50% Sale Off</h3>\r\n<a class=\"btn\" href=\"#\">Shop Now</a></div>\r\n</div>\r\n<div class=\"box-banner\"><img src=\"{{media url=wysiwyg/banner-2_2.jpg}}\" alt=\"\" />\r\n<div class=\"text-banner two-banner\">\r\n<h5>Weekend Sale</h5>\r\n<h3>-20% Cut</h3>\r\n<h3>For Everything*</h3>\r\n<a class=\"btn\" href=\"#\">Shop Now</a></div>\r\n</div>\r\n</div>','2020-12-30 08:35:43','2021-07-01 14:21:37',1),(38,'Menu block after home sneakers','rokanthemes_custom_menu_sneakers','<ul>\r\n<li class=\"logo\">{{block class=\"Magento\\Theme\\Block\\Html\\Header\\Logo\" name=\"logo\"&gt;}}</li>\r\n<li class=\"ui-menu-item level0\"><a class=\"level-top\" href=\"{{store url=\'\'}}about-us/\">About us</a></li>\r\n<li class=\"ui-menu-item level0\"><a class=\"level-top\" href=\"{{store url=\'\'}}blog/\">Blog</a></li>\r\n<li class=\"ui-menu-item level0 classic \"><a class=\"level-top\" href=\"{{store url=\'\'}}contact/\">Contact</a></li>\r\n</ul>','2020-12-30 09:24:18','2020-12-30 09:24:18',1),(40,'Menu block before Sneakers','rokanthemes_custom_menu_before_sneakers','<ul>\r\n<li class=\"ui-menu-item level0 classic \"><a class=\"level-top\" href=\"{{store url=\'\'}}\">Home</a></li>\r\n<li class=\"ui-menu-item level0 classic menu-item-has-children parent\"><a class=\"level-top\">Page</a>\r\n<div class=\"open-children-toggle\">&nbsp;</div>\r\n<div class=\"level0 submenu\">\r\n<div class=\"row\">\r\n<ul class=\"subchildmenu \">\r\n<li class=\"ui-menu-item level2 \"><a href=\"{{store url=\'\'}}store-locator/\">Store loactor</a></li>\r\n<li class=\"ui-menu-item level2 \"><a href=\"{{store url=\'\'}}rokanfaq/\">FAQ\'S</a></li>\r\n<li class=\"ui-menu-item level2 \"><a href=\"{{store url=\'\'}}our-team/\">Our Team</a></li>\r\n</ul>\r\n</div>\r\n</div>\r\n</li>\r\n</ul>','2020-12-30 09:29:18','2021-01-19 15:33:48',1),(41,'Default Feature Block','default_feature_block','<div class=\"sidebar-featured\">{{widget type=\"Rokanthemes\\ProductTab\\Block\\Widget\\Tabs\" title=\"Featured Product\" types=\"2\" limit=\"10\" sorting=\"position\" tab_postions=\"vertical\" number_row=\"3\" height_default_loading=\"300\" mode_view=\"grid\" hide_tocart=\"1\" hide_tocompare=\"1\" hide_towishlist=\"1\" hide_quickview=\"1\" product_image=\"small_image\" product_image_hover=\"thumbnail\" owl_nav=\"false\" owl_dots=\"false\" owl_center=\"false\" owl_loop=\"false\" owl_bigdesktop=\"1\" owl_items=\"1\" image_width=\"60\" image_height=\"75\" owl_smalldesktop=\"1\" owl_bigtablet=\"1\" owl_tablet=\"1\" owl_smalltablet=\"1\" owl_mobile=\"1\"}}</div>\r\n<div class=\"none-mobile\"><a href=\"#\"><img src=\"{{media url=wysiwyg/banner_left.jpg}}\" alt=\"\"></a></div>','2021-01-08 08:06:46','2021-07-01 14:25:36',1),(42,'Banner storelocator','banner-storelocator','<div class=\"banner-storelocator\"><img src=\"{{media url=&quot;wysiwyg/banner.jpg&quot;}}\" alt=\"\" /></div>','2021-01-21 09:05:23','2021-01-21 09:05:23',1);

--
-- Table structure for table `cms_block_store`
--

CREATE TABLE `cms_block_store` (
  `block_id` smallint(6) NOT NULL,
  `store_id` smallint(5) unsigned NOT NULL COMMENT 'Store ID',
  PRIMARY KEY (`block_id`,`store_id`),
  KEY `CMS_BLOCK_STORE_STORE_ID` (`store_id`),
  CONSTRAINT `CMS_BLOCK_STORE_BLOCK_ID_CMS_BLOCK_BLOCK_ID` FOREIGN KEY (`block_id`) REFERENCES `cms_block` (`block_id`) ON DELETE CASCADE,
  CONSTRAINT `CMS_BLOCK_STORE_STORE_ID_STORE_STORE_ID` FOREIGN KEY (`store_id`) REFERENCES `store` (`store_id`) ON DELETE CASCADE
) ENGINE=InnoDB DEFAULT CHARSET=utf8 COMMENT='CMS Block To Store Linkage Table';

--
-- Dumping data for table `cms_block_store`
--

INSERT INTO `cms_block_store` VALUES (1,0),(2,0),(3,0),(4,0),(5,0),(6,0),(7,0),(8,0),(9,0),(10,0),(11,0),(12,0),(13,0),(14,0),(15,0),(16,5),(17,6),(18,0),(19,0),(20,0),(21,0),(23,0),(25,0),(27,0),(28,0),(29,0),(30,0),(31,0),(32,0),(33,0),(34,0),(35,0),(36,0),(37,0),(38,0),(40,0),(41,0),(42,0);

--
-- Table structure for table `cms_page`
--

CREATE TABLE `cms_page` (
  `page_id` smallint(6) NOT NULL AUTO_INCREMENT COMMENT 'Entity ID',
  `title` varchar(255) DEFAULT NULL COMMENT 'Page Title',
  `page_layout` varchar(255) DEFAULT NULL COMMENT 'Page Layout',
  `meta_keywords` text DEFAULT NULL COMMENT 'Page Meta Keywords',
  `meta_description` text DEFAULT NULL COMMENT 'Page Meta Description',
  `identifier` varchar(100) DEFAULT NULL COMMENT 'Page String Identifier',
  `content_heading` varchar(255) DEFAULT NULL COMMENT 'Page Content Heading',
  `content` mediumtext DEFAULT NULL COMMENT 'Page Content',
  `creation_time` timestamp NOT NULL DEFAULT current_timestamp() COMMENT 'Page Creation Time',
  `update_time` timestamp NOT NULL DEFAULT current_timestamp() ON UPDATE current_timestamp() COMMENT 'Page Modification Time',
  `is_active` smallint(6) NOT NULL DEFAULT 1 COMMENT 'Is Page Active',
  `sort_order` smallint(6) NOT NULL DEFAULT 0 COMMENT 'Page Sort Order',
  `layout_update_xml` text DEFAULT NULL COMMENT 'Page Layout Update Content',
  `custom_theme` varchar(100) DEFAULT NULL COMMENT 'Page Custom Theme',
  `custom_root_template` varchar(255) DEFAULT NULL COMMENT 'Page Custom Template',
  `custom_layout_update_xml` text DEFAULT NULL COMMENT 'Page Custom Layout Update Content',
  `layout_update_selected` varchar(128) DEFAULT NULL COMMENT 'Page Custom Layout File',
  `custom_theme_from` date DEFAULT NULL COMMENT 'Page Custom Theme Active From Date',
  `custom_theme_to` date DEFAULT NULL COMMENT 'Page Custom Theme Active To Date',
  `meta_title` varchar(255) DEFAULT NULL COMMENT 'Page Meta Title',
  `image_field` text DEFAULT NULL COMMENT 'Image Field',
  PRIMARY KEY (`page_id`),
  KEY `CMS_PAGE_IDENTIFIER` (`identifier`),
  FULLTEXT KEY `CMS_PAGE_TITLE_META_KEYWORDS_META_DESCRIPTION_IDENTIFIER_CONTENT` (`title`,`meta_keywords`,`meta_description`,`identifier`,`content`)
) ENGINE=InnoDB AUTO_INCREMENT=29 DEFAULT CHARSET=utf8 COMMENT='CMS Page Table';

--
-- Dumping data for table `cms_page`
--

INSERT INTO `cms_page` VALUES (1,'404 Not Found','1column','Page keywords','Page description','no-route','Whoops, our bad...','<dl>\r\n<dt>The page you requested was not found, and we have a fine guess why.</dt>\r\n<dd>\r\n<ul class=\"disc\">\r\n<li>If you typed the URL directly, please make sure the spelling is correct.</li>\r\n<li>If you clicked on a link to get here, the link is outdated.</li>\r\n</ul></dd>\r\n</dl>\r\n<dl>\r\n<dt>What can you do?</dt>\r\n<dd>Have no fear, help is near! There are many ways you can get back on track with Magento Store.</dd>\r\n<dd>\r\n<ul class=\"disc\">\r\n<li><a href=\"#\" onclick=\"history.go(-1); return false;\">Go back</a> to the previous page.</li>\r\n<li>Use the search bar at the top of the page to search for your products.</li>\r\n<li>Follow these links to get you back on track!<br /><a href=\"{{store url=\"\"}}\">Store Home</a> <span class=\"separator\">|</span> <a href=\"{{store url=\"customer/account\"}}\">My Account</a></li></ul></dd></dl>\r\n','2020-10-28 01:21:15','2021-01-13 03:51:16',1,0,NULL,'','',NULL,NULL,NULL,NULL,'',NULL),(2,'Furniture 01 - Koller Clean, minimal Magento theme!','1column','','','bluesky_koller_default','Home Page','<div class=\"slider-home1\">{{widget type=\"Rokanthemes\\SlideBanner\\Block\\Widget\\SlideBannerWidget\" slider_id=\"1\"}}</div>\r\n<div class=\"section full-width\">{{block class=\"Magento\\Cms\\Block\\Block\" block_id=\"default_funiture_01_05_banner_category\"}}</div>\r\n<div>{{widget type=\"Rokanthemes\\ProductTab\\Block\\Widget\\Tabs\" title=\"Our Products in Store\" short_description=\"Top view in this week\" types=\"2,4,6\" limit=\"10\" sorting=\"position\" tab_postions=\"horizontal\" number_row=\"1\" height_default_loading=\"300\" mode_view=\"grid\" hide_tocart=\"0\" hide_tocompare=\"0\" hide_towishlist=\"0\" hide_quickview=\"0\" product_image=\"small_image\" product_image_hover=\"thumbnail\" owl_nav=\"false\" owl_dots=\"false\" owl_center=\"false\" owl_loop=\"false\" owl_bigdesktop=\"4\" owl_items=\"4\" image_width=\"350\" image_height=\"446\" owl_smalldesktop=\"3\" owl_bigtablet=\"3\" owl_tablet=\"3\" owl_smalltablet=\"2\" owl_mobile=\"2\" owl_margin=\"30\"}}</div>\r\n<div class=\"section full-width\">{{block class=\"Magento\\Cms\\Block\\Block\" block_id=\"default_funiture_01_03_07_banner_middlle\"}}</div>\r\n<div>{{widget type=\"Rokanthemes\\ProductTab\\Block\\Widget\\Tabs\" title=\"Best Seller Products\" short_description=\"Top view in this week\" types=\"1\" limit=\"10\" sorting=\"position\" tab_postions=\"horizontal\" number_row=\"2\" height_default_loading=\"300\" mode_view=\"grid\" hide_tocart=\"0\" hide_tocompare=\"0\" hide_towishlist=\"0\" hide_quickview=\"0\" product_image=\"thumbnail\" product_image_hover=\"swatch_image\" owl_nav=\"false\" owl_dots=\"false\" owl_center=\"false\" owl_loop=\"false\" owl_bigdesktop=\"4\" owl_items=\"4\" image_width=\"350\" image_height=\"446\" owl_smalldesktop=\"3\" owl_bigtablet=\"3\" owl_tablet=\"3\" owl_smalltablet=\"2\" owl_mobile=\"2\" owl_margin=\"30\"}}</div>\r\n<div class=\"section full-width not-full\">{{widget type=\"Magento\\Cms\\Block\\Widget\\Block\" template=\"widget/static_block/default.phtml\" block_id=\"6\"}}</div>\r\n<div class=\"section full-width static-cms-block\">\r\n<div class=\"container\">{{block class=\"Magento\\Cms\\Block\\Block\" block_id=\"default_shipping\"}}</div>\r\n</div>\r\n<div>{{widget type=\"Magefan\\Blog\\Block\\Widget\\Recent\" title=\"Read Our Blog\" category_id=\"0\" tag_id=\"0\" author_id=\"0\"}}</div>','2020-10-28 01:21:15','2021-07-01 14:59:09',1,0,NULL,'','',NULL,NULL,NULL,NULL,'',''),(3,'Enable Cookies','1column',NULL,NULL,'enable-cookies','What are Cookies?','<div class=\"enable-cookies cms-content\">\r\n<p>\"Cookies\" are little pieces of data we send when you visit our store. Cookies help us get to know you better and personalize your experience. Plus they help protect you and other shoppers from fraud.</p>\r\n<p style=\"margin-bottom: 20px;\">Set your browser to accept cookies so you can buy items, save items, and receive customized recommendations. Here’s how:</p>\r\n<ul>\r\n<li><a href=\"https://support.google.com/accounts/answer/61416?hl=en\" target=\"_blank\">Google Chrome</a></li>\r\n<li><a href=\"http://windows.microsoft.com/en-us/internet-explorer/delete-manage-cookies\" target=\"_blank\">Internet Explorer</a></li>\r\n<li><a href=\"http://support.apple.com/kb/PH19214\" target=\"_blank\">Safari</a></li>\r\n<li><a href=\"https://support.mozilla.org/en-US/kb/enable-and-disable-cookies-website-preferences\" target=\"_blank\">Mozilla/Firefox</a></li>\r\n</ul>\r\n</div>','2020-10-28 01:21:15','2020-10-28 01:21:15',1,0,NULL,NULL,NULL,NULL,NULL,NULL,NULL,NULL,NULL),(4,'Privacy and Cookie Policy','1column',NULL,NULL,'privacy-policy-cookie-restriction-mode','Privacy and Cookie Policy','<div class=\"privacy-policy cms-content\">\n    <div class=\"message info\">\n        <span>\n            Please replace this text with you Privacy Policy.\n            Please add any additional cookies your website uses below (e.g. Google Analytics).\n        </span>\n    </div>\n    <p>\n        This privacy policy sets out how this website (hereafter \"the Store\") uses and protects any information that\n        you give the Store while using this website. The Store is committed to ensuring that your privacy is protected.\n        Should we ask you to provide certain information by which you can be identified when using this website, then\n        you can be assured that it will only be used in accordance with this privacy statement. The Store may change\n        this policy from time to time by updating this page. You should check this page from time to time to ensure\n        that you are happy with any changes.\n    </p>\n    <h2>What we collect</h2>\n    <p>We may collect the following information:</p>\n    <ul>\n        <li>name</li>\n        <li>contact information including email address</li>\n        <li>demographic information such as postcode, preferences and interests</li>\n        <li>other information relevant to customer surveys and/or offers</li>\n    </ul>\n    <p>\n        For the exhaustive list of cookies we collect see the <a href=\"#list\">List of cookies we collect</a> section.\n    </p>\n    <h2>What we do with the information we gather</h2>\n    <p>\n        We require this information to understand your needs and provide you with a better service,\n        and in particular for the following reasons:\n    </p>\n    <ul>\n        <li>Internal record keeping.</li>\n        <li>We may use the information to improve our products and services.</li>\n        <li>\n            We may periodically send promotional emails about new products, special offers or other information which we\n            think you may find interesting using the email address which you have provided.\n        </li>\n        <li>\n            From time to time, we may also use your information to contact you for market research purposes.\n            We may contact you by email, phone, fax or mail. We may use the information to customise the website\n            according to your interests.\n        </li>\n    </ul>\n    <h2>Security</h2>\n    <p>\n        We are committed to ensuring that your information is secure. In order to prevent unauthorised access or\n        disclosure, we have put in place suitable physical, electronic and managerial procedures to safeguard and\n        secure the information we collect online.\n    </p>\n    <h2>How we use cookies</h2>\n    <p>\n        A cookie is a small file which asks permission to be placed on your computer\'s hard drive.\n        Once you agree, the file is added and the cookie helps analyse web traffic or lets you know when you visit\n        a particular site. Cookies allow web applications to respond to you as an individual. The web application\n        can tailor its operations to your needs, likes and dislikes by gathering and remembering information about\n        your preferences.\n    </p>\n    <p>\n        We use traffic log cookies to identify which pages are being used. This helps us analyse data about web page\n        traffic and improve our website in order to tailor it to customer needs. We only use this information for\n        statistical analysis purposes and then the data is removed from the system.\n    </p>\n    <p>\n        Overall, cookies help us provide you with a better website, by enabling us to monitor which pages you find\n        useful and which you do not. A cookie in no way gives us access to your computer or any information about you,\n        other than the data you choose to share with us. You can choose to accept or decline cookies.\n        Most web browsers automatically accept cookies, but you can usually modify your browser setting\n        to decline cookies if you prefer. This may prevent you from taking full advantage of the website.\n    </p>\n    <h2>Links to other websites</h2>\n    <p>\n        Our website may contain links to other websites of interest. However, once you have used these links\n        to leave our site, you should note that we do not have any control over that other website.\n        Therefore, we cannot be responsible for the protection and privacy of any information which you provide whilst\n        visiting such sites and such sites are not governed by this privacy statement.\n        You should exercise caution and look at the privacy statement applicable to the website in question.\n    </p>\n    <h2>Controlling your personal information</h2>\n    <p>You may choose to restrict the collection or use of your personal information in the following ways:</p>\n    <ul>\n        <li>\n            whenever you are asked to fill in a form on the website, look for the box that you can click to indicate\n            that you do not want the information to be used by anybody for direct marketing purposes\n        </li>\n        <li>\n            if you have previously agreed to us using your personal information for direct marketing purposes,\n            you may change your mind at any time by letting us know using our Contact Us information\n        </li>\n    </ul>\n    <p>\n        We will not sell, distribute or lease your personal information to third parties unless we have your permission\n        or are required by law to do so. We may use your personal information to send you promotional information\n        about third parties which we think you may find interesting if you tell us that you wish this to happen.\n    </p>\n    <p>\n        You may request details of personal information which we hold about you under the Data Protection Act 1998.\n        A small fee will be payable. If you would like a copy of the information held on you please email us this\n        request using our Contact Us information.\n    </p>\n    <p>\n        If you believe that any information we are holding on you is incorrect or incomplete,\n        please write to or email us as soon as possible, at the above address.\n        We will promptly correct any information found to be incorrect.\n    </p>\n    <h2><a name=\"list\"></a>List of cookies we collect</h2>\n    <p>The table below lists the cookies we collect and what information they store.</p>\n    <table class=\"data-table data-table-definition-list\">\n        <thead>\n        <tr>\n            <th>Cookie Name</th>\n            <th>Cookie Description</th>\n        </tr>\n        </thead>\n        <tbody>\n            <tr>\n                <th>FORM_KEY</th>\n                <td>Stores randomly generated key used to prevent forged requests.</td>\n            </tr>\n            <tr>\n                <th>PHPSESSID</th>\n                <td>Your session ID on the server.</td>\n            </tr>\n            <tr>\n                <th>GUEST-VIEW</th>\n                <td>Allows guests to view and edit their orders.</td>\n            </tr>\n            <tr>\n                <th>PERSISTENT_SHOPPING_CART</th>\n                <td>A link to information about your cart and viewing history, if you have asked for this.</td>\n            </tr>\n            <tr>\n                <th>STF</th>\n                <td>Information on products you have emailed to friends.</td>\n            </tr>\n            <tr>\n                <th>STORE</th>\n                <td>The store view or language you have selected.</td>\n            </tr>\n            <tr>\n                <th>USER_ALLOWED_SAVE_COOKIE</th>\n                <td>Indicates whether a customer allowed to use cookies.</td>\n            </tr>\n            <tr>\n                <th>MAGE-CACHE-SESSID</th>\n                <td>Facilitates caching of content on the browser to make pages load faster.</td>\n            </tr>\n            <tr>\n                <th>MAGE-CACHE-STORAGE</th>\n                <td>Facilitates caching of content on the browser to make pages load faster.</td>\n            </tr>\n            <tr>\n                <th>MAGE-CACHE-STORAGE-SECTION-INVALIDATION</th>\n                <td>Facilitates caching of content on the browser to make pages load faster.</td>\n            </tr>\n            <tr>\n                <th>MAGE-CACHE-TIMEOUT</th>\n                <td>Facilitates caching of content on the browser to make pages load faster.</td>\n            </tr>\n            <tr>\n                <th>SECTION-DATA-IDS</th>\n                <td>Facilitates caching of content on the browser to make pages load faster.</td>\n            </tr>\n            <tr>\n                <th>PRIVATE_CONTENT_VERSION</th>\n                <td>Facilitates caching of content on the browser to make pages load faster.</td>\n            </tr>\n            <tr>\n                <th>X-MAGENTO-VARY</th>\n                <td>Facilitates caching of content on the server to make pages load faster.</td>\n            </tr>\n            <tr>\n                <th>MAGE-TRANSLATION-FILE-VERSION</th>\n                <td>Facilitates translation of content to other languages.</td>\n            </tr>\n            <tr>\n                <th>MAGE-TRANSLATION-STORAGE</th>\n                <td>Facilitates translation of content to other languages.</td>\n            </tr>\n        </tbody>\n    </table>\n</div>','2020-10-28 01:21:15','2020-10-28 01:21:15',1,0,NULL,NULL,NULL,NULL,NULL,NULL,NULL,NULL,NULL),(6,'Furniture 03 - Koller Clean, minimal Magento theme!','1column','','','bluesky_koller_funiture_03','','<div>{{widget type=\"Rokanthemes\\SlideBanner\\Block\\Widget\\SlideBannerWidget\" slider_id=\"2\"}}</div>\r\n<div>{{block class=\"Magento\\Cms\\Block\\Block\" block_id=\"bluesky_koller_funiture_03_banner_category\"}}</div>\r\n<div class=\"section full-width product-tab-custome\">{{widget type=\"Rokanthemes\\ProductTab\\Block\\Widget\\Tabs\" title=\"Our Products in Store\" short_description=\"Top view in this week\" types=\"2,4,5,6\" limit=\"10\" sorting=\"position\" tab_postions=\"horizontal\" number_row=\"1\" mode_view=\"grid\" hide_tocart=\"0\" hide_tocompare=\"0\" hide_towishlist=\"0\" hide_quickview=\"0\" product_image=\"small_image\" product_image_hover=\"thumbnail\" owl_nav=\"false\" owl_dots=\"false\" owl_center=\"false\" owl_loop=\"false\" owl_bigdesktop=\"5\" owl_items=\"5\" image_width=\"350\" image_height=\"446\" owl_smalldesktop=\"3\" owl_bigtablet=\"3\" owl_tablet=\"3\" owl_smalltablet=\"2\" owl_mobile=\"2\" owl_margin=\"30\"}}</div>\r\n<div class=\"section\">{{block class=\"Magento\\Cms\\Block\\Block\" block_id=\"default_funiture_01_03_07_banner_middlle\"}}</div>\r\n<div>{{widget type=\"Rokanthemes\\ProductTab\\Block\\Widget\\Tabs\" title=\"Best Seller Products\" short_description=\"Top view in this week\" types=\"1\" limit=\"10\" sorting=\"position\" tab_postions=\"horizontal\" number_row=\"2\" height_default_loading=\"300\" mode_view=\"grid\" hide_tocart=\"0\" hide_tocompare=\"0\" hide_towishlist=\"0\" hide_quickview=\"0\" product_image=\"thumbnail\" product_image_hover=\"swatch_image\" owl_nav=\"false\" owl_dots=\"false\" owl_center=\"false\" owl_loop=\"false\" owl_bigdesktop=\"4\" owl_items=\"4\" image_width=\"350\" image_height=\"446\" owl_smalldesktop=\"3\" owl_bigtablet=\"3\" owl_tablet=\"3\" owl_smalltablet=\"2\" owl_mobile=\"2\" owl_margin=\"30\"}}</div>\r\n<div class=\"section full-width not-full\">{{block class=\"Magento\\Cms\\Block\\Block\" block_id=\"default_funiture_02_04_08_banner_bottom\"}}</div>\r\n<div class=\"section full-width static-cms-block\">\r\n<div class=\"container\">{{block class=\"Magento\\Cms\\Block\\Block\" block_id=\"default_shipping\"}}</div>\r\n</div>\r\n<div>{{widget type=\"Magefan\\Blog\\Block\\Widget\\Recent\" title=\"Read Our Blog\" category_id=\"0\" tag_id=\"0\" author_id=\"0\"}}</div>','2020-11-28 08:41:47','2021-07-01 16:28:09',1,0,NULL,'','',NULL,NULL,NULL,NULL,'',''),(7,'Furniture 04 - Koller Clean, minimal Magento theme!','1column','','','bluesky_koller_funiture_04','','<div>{{widget type=\"Rokanthemes\\SlideBanner\\Block\\Widget\\SlideBannerWidget\" slider_id=\"4\"}}</div>\r\n<div>{{block class=\"Magento\\Cms\\Block\\Block\" block_id=\"bluesky_koller_funiture_04_banner_category\"}}</div>\r\n<div class=\"section product-tab-custome\">{{widget type=\"Rokanthemes\\ProductTab\\Block\\Widget\\Tabs\" title=\"Our Products in Store\" short_description=\"Top view in this week\" types=\"2,4,5,6\" limit=\"10\" sorting=\"position\" tab_postions=\"horizontal\" number_row=\"1\" mode_view=\"grid\" hide_tocart=\"0\" hide_tocompare=\"0\" hide_towishlist=\"0\" hide_quickview=\"0\" product_image=\"small_image\" product_image_hover=\"thumbnail\" owl_nav=\"false\" owl_dots=\"false\" owl_center=\"false\" owl_loop=\"false\" owl_bigdesktop=\"4\" owl_items=\"4\" image_width=\"330\" image_height=\"420\" owl_smalldesktop=\"3\" owl_bigtablet=\"3\" owl_tablet=\"3\" owl_smalltablet=\"2\" owl_mobile=\"1\" owl_margin=\"30\"}}</div>\r\n<div class=\"section\">{{block class=\"Magento\\Cms\\Block\\Block\" block_id=\"default_koller_funiture_02_04_banner_main\"}}</div>\r\n<div>{{widget type=\"Rokanthemes\\ProductTab\\Block\\Widget\\Tabs\" title=\"Best Seller Products\" short_description=\"Top view in this week\" types=\"1\" limit=\"10\" sorting=\"position\" tab_postions=\"horizontal\" number_row=\"1\" height_default_loading=\"300\" mode_view=\"grid\" hide_tocart=\"0\" hide_tocompare=\"0\" hide_towishlist=\"0\" hide_quickview=\"0\" product_image=\"thumbnail\" product_image_hover=\"swatch_image\" owl_nav=\"false\" owl_dots=\"false\" owl_center=\"false\" owl_loop=\"false\" owl_bigdesktop=\"4\" owl_items=\"4\" image_width=\"350\" image_height=\"446\" owl_smalldesktop=\"3\" owl_bigtablet=\"3\" owl_tablet=\"3\" owl_smalltablet=\"2\" owl_mobile=\"1\" owl_margin=\"30\"}}</div>\r\n<div class=\"section full-width not-full\">{{block class=\"Magento\\Cms\\Block\\Block\" block_id=\"default_funiture_02_04_08_banner_bottom\"}}</div>\r\n<div class=\"section full-width static-cms-block\">\r\n<div class=\"container\">{{block class=\"Magento\\Cms\\Block\\Block\" block_id=\"default_shipping\"}}</div>\r\n</div>\r\n<div>{{widget type=\"Magefan\\Blog\\Block\\Widget\\Recent\" title=\"Read Our Blog\" category_id=\"0\" tag_id=\"0\" author_id=\"0\"}}</div>','2020-12-07 03:43:02','2021-07-01 16:26:48',1,0,NULL,'','',NULL,NULL,NULL,NULL,'',''),(8,'Furniture 02 - Koller Clean, minimal Magento theme!','1column','','','bluesky_koller_funiture_02','','<div>{{widget type=\"Rokanthemes\\SlideBanner\\Block\\Widget\\SlideBannerWidget\" slider_id=\"3\"}}</div>\r\n<div class=\"section\">{{block class=\"Magento\\Cms\\Block\\Block\" block_id=\"default_koller_funiture_02_04_banner_main\"}}</div>\r\n<div class=\"section\">{{block class=\"Magento\\Cms\\Block\\Block\" block_id=\"bluesky_koller_funiture_02_banner_category\"}}</div>\r\n<div>{{widget type=\"Rokanthemes\\ProductTab\\Block\\Widget\\Tabs\" title=\"Our Products in Store\" short_description=\"Top view in this week\" types=\"2,4,6\" limit=\"10\" sorting=\"position\" tab_postions=\"horizontal\" number_row=\"2\" height_default_loading=\"300\" mode_view=\"grid\" hide_tocart=\"0\" hide_tocompare=\"0\" hide_towishlist=\"0\" hide_quickview=\"0\" product_image=\"small_image\" product_image_hover=\"thumbnail\" owl_nav=\"false\" owl_dots=\"false\" owl_center=\"false\" owl_loop=\"false\" owl_bigdesktop=\"4\" owl_items=\"4\" image_width=\"350\" image_height=\"446\" owl_smalldesktop=\"3\" owl_bigtablet=\"3\" owl_tablet=\"3\" owl_smalltablet=\"2\" owl_mobile=\"1\" owl_margin=\"30\"}}</div>\r\n<div class=\"section full-width not-full\">{{block class=\"Magento\\Cms\\Block\\Block\" block_id=\"default_funiture_02_04_08_banner_bottom\"}}</div>\r\n<div class=\"section full-width static-cms-block\">\r\n<div class=\"container\">{{block class=\"Magento\\Cms\\Block\\Block\" block_id=\"default_shipping\"}}</div>\r\n</div>\r\n<div>{{widget type=\"Magefan\\Blog\\Block\\Widget\\Recent\" title=\"Read Our Blog\" category_id=\"0\" tag_id=\"0\" author_id=\"0\"}}</div>','2020-12-08 09:57:32','2021-07-01 16:29:41',1,0,NULL,'','',NULL,NULL,NULL,NULL,'',''),(10,'Our Team','1column','','','our-team','','<div class=\"content-header section\">\r\n    <p style=\"text-align: center;\"><strong>Consectetur adipisicing elit, sed do eiusmod tempor incididunt ut labore et\r\n            dolore magna aliqua. Ut enim ad minim veniam, quis nostrud exercitation ullamco laboris nisi ut aliquip ex\r\n            ea commodo consequat.</strong></p>\r\n    <p style=\"text-align: center;\">Lorem ipsum dolor sit amet, consectetur adipisicing elit, sed do eiusmod tempor\r\n        incididunt ut labore et dolore magna aliqua. Ut enim ad minim veniam, quis nostrud exercitation ullamco laboris\r\n        nisi ut aliquip ex ea commodo consequat. Duis aute irure dolor in reprehenderit in voluptate velit esse cillum\r\n        dolore eu fugiat nulla pariatur.</p>\r\n</div>\r\n<div class=\"line section\">&nbsp;</div>\r\n<div class=\"ourteam-block\">\r\n    <h2 style=\"text-align: center;\">Team Members</h2>\r\n    <p style=\"text-align: center;\">Meet the team member</p>\r\n    <div class=\"ourteam-info\">\r\n        <div class=\"row\">\r\n            <div class=\"col-sm-6 col-md-4 col-content\">\r\n                <div class=\"border-col\"><img src=\"{{media url=\"wysiwyg/1.1ab.jpg\"}}\" alt=\"\">\r\n                    <h3>Jerry Thomas</h3>\r\n                    <p>Founder / Ceo.</p>\r\n                </div>\r\n            </div>\r\n            <div class=\"col-sm-6 col-md-4 col-content\">\r\n                <div class=\"border-col\"><img src=\"{{media url=\"wysiwyg/1.2ab.jpg\"}}\" alt=\"\">\r\n                    <h3>George S.</h3>\r\n                    <p>Founder / Sales Manager</p>\r\n                </div>\r\n            </div>\r\n            <div class=\"col-sm-6 col-md-4 col-content\">\r\n                <div class=\"border-col\"><img src=\"{{media url=\"wysiwyg/ab1.3.jpg\"}}\" alt=\"\">\r\n                    <h3>Marjorie Barney</h3>\r\n                    <p>Furniture Designer</p>\r\n                </div>\r\n            </div>\r\n            <div class=\"col-sm-6 col-md-4 col-content\">\r\n                <div class=\"border-col\"><img src=\"{{media url=\"wysiwyg/1.1ab.jpg\"}}\" alt=\"\">\r\n                    <h3>Jerry Thomas</h3>\r\n                    <p>Founder / Ceo.</p>\r\n                </div>\r\n            </div>\r\n            <div class=\"col-sm-6 col-md-4 col-content\">\r\n                <div class=\"border-col\"><img src=\"{{media url=\"wysiwyg/1.2ab.jpg\"}}\" alt=\"\">\r\n                    <h3>George S.</h3>\r\n                    <p>Founder / Sales Manager</p>\r\n                </div>\r\n            </div>\r\n            <div class=\"col-sm-6 col-md-4 col-content\">\r\n                <div class=\"border-col\"><img src=\"{{media url=\"wysiwyg/ab1.3.jpg\"}}\" alt=\"\">\r\n                    <h3>Marjorie Barney</h3>\r\n                    <p>Furniture Designer</p>\r\n                </div>\r\n            </div>\r\n        </div>\r\n    </div>\r\n</div>','2020-12-11 07:10:39','2021-06-28 15:40:50',1,0,NULL,'','',NULL,NULL,NULL,NULL,'','ourteam-1.jpeg'),(11,'About us','1column','','','about-us','','<div class=\"page-aboutus\">\r\n<div class=\"static_aboutus section\">\r\n<div class=\"row\">\r\n<div class=\"col-cms col-xl-3 col-sm-6 flex-layout\">\r\n<div class=\"box_cms\"><img src=\"{{media url=\"wysiwyg/icon_cms1.png\"}}\" alt=\"\">\r\n<div class=\"txt_cms\">\r\n<h2>40,000+ Happy Customer</h2>\r\n<p>Excepteur sint occaecat cupidatat non proident, sunt in culpa qui officia deserunt mollit anim id est laborum.</p>\r\n<a href=\"#\">Read More</a></div>\r\n</div>\r\n</div>\r\n<div class=\"col-cms col-xl-3 col-sm-6 flex-layout\">\r\n<div class=\"box_cms\"><img src=\"{{media url=\"wysiwyg/icon_cms2.png\"}}\" alt=\"\">\r\n<div class=\"txt_cms\">\r\n<h2>12 Awards Won</h2>\r\n<p>Duis aute irure dolor in reprehenderit in voluptate velit esse cillum dolore eu fugiat nulla pariatur.</p>\r\n<a href=\"#\">Read More</a></div>\r\n</div>\r\n</div>\r\n<div class=\"col-cms col-xl-3 col-sm-6 flex-layout\">\r\n<div class=\"box_cms\"><img src=\"{{media url=\"wysiwyg/icon_cms3.png\"}}\" alt=\"\">\r\n<div class=\"txt_cms\">\r\n<h2>16 Years of Experience</h2>\r\n<p>Ut enim ad minim veniam, quis nostrud exercitation ullamco laboris nisi ut aliquip ex ea commodo consequat.</p>\r\n<a href=\"#\">Read More</a></div>\r\n</div>\r\n</div>\r\n<div class=\"col-cms col-xl-3 col-sm-6 flex-layout\">\r\n<div class=\"box_cms\"><img src=\"{{media url=\"wysiwyg/icon_cms4.png\"}}\" alt=\"\">\r\n<div class=\"txt_cms\">\r\n<h2>Support 24/7</h2>\r\n<p>Quis nostrud exercitation ullamco laboris nisi ut aliquip ex ea commodo consequat</p>\r\n<a href=\"#\">Read More</a></div>\r\n</div>\r\n</div>\r\n</div>\r\n</div>\r\n<div class=\"row section \">\r\n<div class=\"col-md-5\">\r\n<div class=\"box-text\">\r\n<h5>Everything in Koller.</h5>\r\n<h2>Learn About Our Work <br>Culture at Koller</h2>\r\n<p>Lorem ipsum dolor sit amet, consectetur adipisicing elit, sed do eiusmod tempor incididunt ut labore et dolore magna aliqua. Ut enim ad minim veniam, quis nostrud exercitation ullamco laboris nisi ut aliquip ex ea commodo consequat. Duis aute irure dolor in reprehenderit in voluptate velit esse cillum dolore eu fugiat nulla pariatur.</p>\r\n<a class=\"btn\" href=\"#\">Learn More Koller</a></div>\r\n</div>\r\n<div class=\"col-md-7\"><img src=\"{{media url=\"wysiwyg/about1.jpg\"}}\" alt=\"\"></div>\r\n</div>\r\n<div class=\"row section colume-rev\">\r\n<div class=\"col-md-7\"><img src=\"{{media url=\"wysiwyg/about2.jpg\"}}\" alt=\"\"></div>\r\n<div class=\"col-md-5\">\r\n<div class=\"box-text\">\r\n<h5>How We Work</h5>\r\n<h2>Get Used To Better <br>CEntertaining</h2>\r\n<p>Lorem ipsum dolor sit amet, consectetur adipisicing elit, sed do eiusmod tempor incididunt ut labore et dolore magna aliqua. Ut enim ad minim veniam, quis nostrud exercitation ullamco laboris nisi ut aliquip ex ea commodo consequat. Duis aute irure dolor in reprehenderit in voluptate velit esse cillum dolore eu fugiat nulla pariatur.</p>\r\n<a class=\"btn\" href=\"#\">Learn More Koller</a></div>\r\n</div>\r\n</div>\r\n<div class=\"ourteam-block\">\r\n<h2>Our Team</h2>\r\n<p>Meet the team member</p>\r\n<div class=\"ourteam-info\">\r\n<div class=\"row\">\r\n<div class=\"col-sm-4 col-content\">\r\n<div class=\"border-col\"><img src=\"{{media url=\"wysiwyg/1.1ab.jpg\"}}\" alt=\"\">\r\n<h3>Jerry Thomas</h3>\r\n<p>Founder / Ceo.</p>\r\n</div>\r\n</div>\r\n<div class=\"col-sm-4 col-content\">\r\n<div class=\"border-col\"><img src=\"{{media url=\"wysiwyg/1.2ab.jpg\"}}\" alt=\"\">\r\n<h3>George S.</h3>\r\n<p>Founder / Sales Manager</p>\r\n</div>\r\n</div>\r\n<div class=\"col-sm-4 col-content\">\r\n<div class=\"border-col\"><img src=\"{{media url=\"wysiwyg/ab1.3.jpg\"}}\" alt=\"\">\r\n<h3>Marjorie Barney</h3>\r\n<p>Furniture Designer</p>\r\n</div>\r\n</div>\r\n</div>\r\n</div>\r\n</div>\r\n</div>','2020-12-12 04:08:21','2021-06-28 15:41:38',1,0,NULL,'','',NULL,NULL,NULL,NULL,'','about-us-2.jpeg'),(12,'Furniture 05 - Koller Clean, minimal Magento theme!','1column','','','bluesky_koller_funiture_05','','<div>{{widget type=\"Rokanthemes\\SlideBanner\\Block\\Widget\\SlideBannerWidget\" slider_id=\"5\"}}</div>\r\n<div class=\"section full-width banner-header\">{{block class=\"Magento\\Cms\\Block\\Block\" block_id=\"bluesky_koller_funiture_05_06_banner_header\"}}</div>\r\n<div class=\"section\">{{widget type=\"Rokanthemes\\ProductTab\\Block\\Widget\\Tabs\" title=\"Our Products in Store\" short_description=\"Top view in this week\" types=\"2,4,5,6\" limit=\"10\" sorting=\"position\" tab_postions=\"horizontal\" number_row=\"1\" mode_view=\"grid\" hide_tocart=\"0\" hide_tocompare=\"0\" hide_towishlist=\"0\" hide_quickview=\"0\" product_image=\"small_image\" product_image_hover=\"thumbnail\" owl_nav=\"false\" owl_dots=\"false\" owl_center=\"false\" owl_loop=\"false\" owl_bigdesktop=\"4\" owl_items=\"4\" image_width=\"350\" image_height=\"446\" owl_smalldesktop=\"3\" owl_bigtablet=\"3\" owl_tablet=\"3\" owl_smalltablet=\"2\" owl_mobile=\"2\" owl_margin=\"30\"}}</div>\r\n<div class=\"section full-width\">{{block class=\"Magento\\Cms\\Block\\Block\" block_id=\"default_funiture_01_05_banner_category\"}}</div>\r\n<div>{{widget type=\"Rokanthemes\\ProductTab\\Block\\Widget\\Tabs\" title=\"Best Seller Products\" short_description=\"Top view in this week\" types=\"1\" limit=\"10\" sorting=\"position\" tab_postions=\"horizontal\" number_row=\"2\" height_default_loading=\"300\" mode_view=\"grid\" hide_tocart=\"0\" hide_tocompare=\"0\" hide_towishlist=\"0\" hide_quickview=\"0\" product_image=\"thumbnail\" product_image_hover=\"swatch_image\" owl_nav=\"false\" owl_dots=\"false\" owl_center=\"false\" owl_loop=\"false\" owl_bigdesktop=\"4\" owl_items=\"4\" image_width=\"350\" image_height=\"446\" owl_smalldesktop=\"3\" owl_bigtablet=\"3\" owl_tablet=\"3\" owl_smalltablet=\"2\" owl_mobile=\"2\" owl_margin=\"30\"}}</div>\r\n<div class=\"section full-width\">{{block class=\"Magento\\Cms\\Block\\Block\" block_id=\"bluesky_koller_funiture_05_06_banner_bottom\"}}</div>\r\n<div class=\"product-list-custome\">\r\n<div class=\"row\">\r\n<div class=\"col-md-4\">{{widget type=\"Rokanthemes\\ProductTab\\Block\\Widget\\Tabs\" title=\"Chairs Collection\" types=\"2\" limit=\"10\" sorting=\"position\" tab_postions=\"horizontal\" number_row=\"3\" mode_view=\"list\" hide_tocart=\"1\" hide_tocompare=\"1\" hide_towishlist=\"1\" hide_quickview=\"1\" product_image=\"small_image\" product_image_hover=\"\" owl_nav=\"false\" owl_dots=\"false\" owl_center=\"false\" owl_loop=\"false\" owl_bigdesktop=\"1\" owl_items=\"1\" image_width=\"90\" image_height=\"110\" owl_smalldesktop=\"1\" owl_bigtablet=\"1\" owl_tablet=\"1\" owl_smalltablet=\"1\" owl_mobile=\"1\" owl_margin=\"30\"}}</div>\r\n<div class=\"col-md-4\">{{widget type=\"Rokanthemes\\ProductTab\\Block\\Widget\\Tabs\" title=\"Lighting Collection\" types=\"1\" limit=\"10\" sorting=\"position\" tab_postions=\"horizontal\" number_row=\"3\" mode_view=\"list\" hide_tocart=\"1\" hide_tocompare=\"1\" hide_towishlist=\"1\" hide_quickview=\"1\" product_image=\"small_image\" product_image_hover=\"\" owl_nav=\"false\" owl_dots=\"false\" owl_center=\"false\" owl_loop=\"false\" owl_bigdesktop=\"1\" owl_items=\"1\" image_width=\"90\" image_height=\"110\" owl_smalldesktop=\"1\" owl_bigtablet=\"1\" owl_tablet=\"1\" owl_smalltablet=\"1\" owl_mobile=\"1\" owl_margin=\"30\"}}</div>\r\n<div class=\"col-md-4\">{{widget type=\"Rokanthemes\\ProductTab\\Block\\Widget\\Tabs\" title=\"Decor Collection\" types=\"4\" limit=\"10\" sorting=\"position\" tab_postions=\"horizontal\" number_row=\"3\" mode_view=\"list\" hide_tocart=\"1\" hide_tocompare=\"1\" hide_towishlist=\"1\" hide_quickview=\"1\" product_image=\"small_image\" product_image_hover=\"\" owl_nav=\"false\" owl_dots=\"false\" owl_center=\"false\" owl_loop=\"false\" owl_bigdesktop=\"1\" owl_items=\"1\" image_width=\"90\" image_height=\"110\" owl_smalldesktop=\"1\" owl_bigtablet=\"1\" owl_tablet=\"1\" owl_smalltablet=\"1\" owl_mobile=\"1\" owl_margin=\"30\"}}</div>\r\n</div>\r\n</div>\r\n<div class=\"section full-width static-cms-block\">\r\n<div class=\"container\">{{block class=\"Magento\\Cms\\Block\\Block\" block_id=\"default_shipping\"}}</div>\r\n</div>\r\n<div>{{widget type=\"Magefan\\Blog\\Block\\Widget\\Recent\" title=\"Read Our Blog\" category_id=\"0\" tag_id=\"0\" author_id=\"0\"}}</div>\r\n<div class=\"ddict_div\" style=\"top: 54px; max-width: 307.703px; left: 386.461px;\"><img class=\"ddict_audio\" src=\"chrome-extension://bpggmmljdiliancllaapiggllnkbjocb/img/audio.png\">\r\n<p class=\"ddict_sentence\">bluesky_koller_funiture_05_banner_header</p>\r\n<hr>\r\n<p class=\"ddict_didumean\">Did you mean <span class=\"ddict_spell\">bluesky koller_funiture_05_banner_header</span></p>\r\n</div>','2020-12-23 04:19:15','2021-07-01 16:25:28',1,0,NULL,'','',NULL,NULL,NULL,NULL,'',''),(14,'Furniture 06 - Koller Clean, minimal Magento theme!','1column','','','bluesky_koller_funiture_06','','<div>{{widget type=\"Rokanthemes\\SlideBanner\\Block\\Widget\\SlideBannerWidget\" slider_id=\"6\"}}</div>\r\n<div class=\"section full-width banner-header\">{{block class=\"Magento\\Cms\\Block\\Block\" block_id=\"bluesky_koller_funiture_05_06_banner_header\"}}</div>\r\n<div class=\"product-tab-6\">\r\n<h3>Top Trending Products</h3>\r\n<p>Top view in this week</p>\r\n<div class=\"row flex-mobile\">\r\n<div class=\"col-md-6\">{{widget type=\"Rokanthemes\\ProductTab\\Block\\Widget\\Tabs\" types=\"4\" limit=\"10\" sorting=\"position\" tab_postions=\"horizontal\" number_row=\"1\" mode_view=\"grid\" hide_tocart=\"0\" hide_tocompare=\"0\" hide_towishlist=\"0\" hide_quickview=\"0\" product_image=\"small_image\" product_image_hover=\"thumbnail\" owl_nav=\"false\" owl_dots=\"false\" owl_center=\"false\" owl_loop=\"false\" owl_bigdesktop=\"2\" owl_items=\"2\" image_width=\"330\" image_height=\"420\" owl_smalldesktop=\"2\" owl_bigtablet=\"2\" owl_tablet=\"2\" owl_smalltablet=\"2\" owl_mobile=\"1\" owl_margin=\"30\"}}</div>\r\n<div class=\"col-md-6 image-1\">\r\n<div class=\"overflow\"><img src=\"{{media url=wysiwyg/banner-product-2.jpg}}\" alt=\"\"></div>\r\n</div>\r\n</div>\r\n<div class=\"row\">\r\n<div class=\"col-md-6 image-2\">\r\n<div class=\"overflow\"><img src=\"{{media url=wysiwyg/banner-product-1.jpg}}\" alt=\"\"></div>\r\n</div>\r\n<div class=\"col-md-6\">{{widget type=\"Rokanthemes\\ProductTab\\Block\\Widget\\Tabs\" types=\"1\" limit=\"10\" sorting=\"position\" tab_postions=\"horizontal\" number_row=\"1\" mode_view=\"grid\" hide_tocart=\"0\" hide_tocompare=\"0\" hide_towishlist=\"0\" hide_quickview=\"0\" product_image=\"small_image\" product_image_hover=\"thumbnail\" owl_nav=\"false\" owl_dots=\"false\" owl_center=\"false\" owl_loop=\"false\" owl_bigdesktop=\"2\" owl_items=\"2\" image_width=\"330\" image_height=\"420\" owl_smalldesktop=\"2\" owl_bigtablet=\"2\" owl_tablet=\"2\" owl_smalltablet=\"2\" owl_mobile=\"1\" owl_margin=\"30\"}}</div>\r\n</div>\r\n<div>\r\n<div class=\"section full-width\">{{block class=\"Magento\\Cms\\Block\\Block\" block_id=\"bluesky_koller_funiture_06_banner_middle\"}}</div>\r\n<div>{{widget type=\"Rokanthemes\\ProductTab\\Block\\Widget\\Tabs\" title=\"Best Seller Products\" short_description=\"Top view in this week\" types=\"1\" limit=\"10\" sorting=\"position\" tab_postions=\"horizontal\" number_row=\"2\" height_default_loading=\"300\" mode_view=\"grid\" hide_tocart=\"0\" hide_tocompare=\"0\" hide_towishlist=\"0\" hide_quickview=\"0\" product_image=\"thumbnail\" product_image_hover=\"swatch_image\" owl_nav=\"false\" owl_dots=\"false\" owl_center=\"false\" owl_loop=\"false\" owl_bigdesktop=\"4\" owl_items=\"4\" image_width=\"350\" image_height=\"446\" owl_smalldesktop=\"3\" owl_bigtablet=\"3\" owl_tablet=\"3\" owl_smalltablet=\"2\" owl_mobile=\"2\" owl_margin=\"30\"}}</div>\r\n<div class=\"section full-width\">{{block class=\"Magento\\Cms\\Block\\Block\" block_id=\"bluesky_koller_funiture_05_06_banner_bottom\"}}</div>\r\n<div class=\"product-list-custome\">\r\n<div class=\"row\">\r\n<div class=\"col-md-4\">{{widget type=\"Rokanthemes\\ProductTab\\Block\\Widget\\Tabs\" title=\"Chairs Collection\" types=\"2\" limit=\"10\" sorting=\"position\" tab_postions=\"horizontal\" number_row=\"3\" mode_view=\"list\" hide_tocart=\"1\" hide_tocompare=\"1\" hide_towishlist=\"1\" hide_quickview=\"1\" product_image=\"small_image\" product_image_hover=\"\" owl_nav=\"false\" owl_dots=\"false\" owl_center=\"false\" owl_loop=\"false\" owl_bigdesktop=\"1\" owl_items=\"1\" image_width=\"90\" image_height=\"110\" owl_smalldesktop=\"1\" owl_bigtablet=\"1\" owl_tablet=\"1\" owl_smalltablet=\"1\" owl_mobile=\"1\" owl_margin=\"30\"}}</div>\r\n<div class=\"col-md-4\">{{widget type=\"Rokanthemes\\ProductTab\\Block\\Widget\\Tabs\" title=\"Lighting Collection\" types=\"1\" limit=\"10\" sorting=\"position\" tab_postions=\"horizontal\" number_row=\"3\" mode_view=\"list\" hide_tocart=\"1\" hide_tocompare=\"1\" hide_towishlist=\"1\" hide_quickview=\"1\" product_image=\"small_image\" product_image_hover=\"\" owl_nav=\"false\" owl_dots=\"false\" owl_center=\"false\" owl_loop=\"false\" owl_bigdesktop=\"1\" owl_items=\"1\" image_width=\"90\" image_height=\"110\" owl_smalldesktop=\"1\" owl_bigtablet=\"1\" owl_tablet=\"1\" owl_smalltablet=\"1\" owl_mobile=\"1\" owl_margin=\"30\"}}</div>\r\n<div class=\"col-md-4\">{{widget type=\"Rokanthemes\\ProductTab\\Block\\Widget\\Tabs\" title=\"Decor Collection\" types=\"4\" limit=\"10\" sorting=\"position\" tab_postions=\"horizontal\" number_row=\"3\" mode_view=\"list\" hide_tocart=\"1\" hide_tocompare=\"1\" hide_towishlist=\"1\" hide_quickview=\"1\" product_image=\"small_image\" product_image_hover=\"\" owl_nav=\"false\" owl_dots=\"false\" owl_center=\"false\" owl_loop=\"false\" owl_bigdesktop=\"1\" owl_items=\"1\" image_width=\"90\" image_height=\"110\" owl_smalldesktop=\"1\" owl_bigtablet=\"1\" owl_tablet=\"1\" owl_smalltablet=\"1\" owl_mobile=\"1\" owl_margin=\"30\"}}</div>\r\n</div>\r\n</div>\r\n<div class=\"section full-width static-cms-block\">\r\n<div class=\"container\">{{block class=\"Magento\\Cms\\Block\\Block\" block_id=\"default_shipping\"}}</div>\r\n</div>\r\n<div>{{widget type=\"Magefan\\Blog\\Block\\Widget\\Recent\" title=\"Read Our Blog\" category_id=\"0\" tag_id=\"0\" author_id=\"0\"}}</div>\r\n</div>\r\n</div>','2020-12-25 02:33:34','2021-07-01 16:24:41',1,0,NULL,'','',NULL,NULL,NULL,NULL,'',''),(15,'Furniture 07 - Koller Clean, minimal Magento theme!','1column','','','bluesky_koller_funiture_07','','<div>{{widget type=\"Rokanthemes\\SlideBanner\\Block\\Widget\\SlideBannerWidget\" slider_id=\"3\"}}</div>\r\n<div class=\"section\">{{widget type=\"Magento\\Cms\\Block\\Widget\\Block\" template=\"widget/static_block/default.phtml\" block_id=\"18\"}}</div>\r\n<div class=\"product-tab-6 section full-width\">\r\n<h3>Top Trending Products</h3>\r\n<p>Top view in this week</p>\r\n<div class=\"row\">\r\n<div class=\"flex-4\">\r\n<div class=\"overflow\"><img src=\"{{media url=wysiwyg/image-1.jpg}}\" alt=\"\"></div>\r\n</div>\r\n<div class=\"flex-8\">{{widget type=\"Rokanthemes\\ProductTab\\Block\\Widget\\Tabs\" types=\"4\" limit=\"10\" sorting=\"position\" tab_postions=\"horizontal\" number_row=\"2\" mode_view=\"grid\" hide_tocart=\"0\" hide_tocompare=\"0\" hide_towishlist=\"0\" hide_quickview=\"0\" product_image=\"small_image\" product_image_hover=\"thumbnail\" owl_nav=\"false\" owl_dots=\"false\" owl_center=\"false\" owl_loop=\"false\" owl_bigdesktop=\"3\" owl_items=\"3\" image_width=\"350\" image_height=\"445\" owl_smalldesktop=\"3\" owl_bigtablet=\"2\" owl_tablet=\"2\" owl_smalltablet=\"2\" owl_mobile=\"1\" owl_margin=\"30\"}}</div>\r\n</div>\r\n</div>\r\n<div class=\"section\">{{block class=\"Magento\\Cms\\Block\\Block\" block_id=\"default_funiture_01_03_07_banner_middlle\"}}</div>\r\n<div>{{widget type=\"Rokanthemes\\ProductTab\\Block\\Widget\\Tabs\" title=\"Best Seller Products\" short_description=\"Top view in this week\" types=\"1\" limit=\"10\" sorting=\"position\" tab_postions=\"horizontal\" number_row=\"2\" height_default_loading=\"300\" mode_view=\"grid\" hide_tocart=\"0\" hide_tocompare=\"0\" hide_towishlist=\"0\" hide_quickview=\"0\" product_image=\"small_image\" product_image_hover=\"thumbnail\" owl_nav=\"false\" owl_dots=\"false\" owl_center=\"false\" owl_loop=\"false\" owl_bigdesktop=\"4\" owl_items=\"4\" image_width=\"350\" image_height=\"446\" owl_smalldesktop=\"3\" owl_bigtablet=\"3\" owl_tablet=\"3\" owl_smalltablet=\"2\" owl_mobile=\"2\" owl_margin=\"30\"}}</div>\r\n<div class=\"section full-width not-full\">{{widget type=\"Magento\\Cms\\Block\\Widget\\Block\" template=\"widget/static_block/default.phtml\" block_id=\"6\"}}</div>\r\n<div class=\"section full-width static-cms-block\">\r\n<div class=\"container\">{{block class=\"Magento\\Cms\\Block\\Block\" block_id=\"default_shipping\"}}</div>\r\n</div>\r\n<div>{{widget type=\"Magefan\\Blog\\Block\\Widget\\Recent\" title=\"Read Our Blog\" category_id=\"0\" tag_id=\"0\" author_id=\"0\"}}</div>','2020-12-25 06:42:27','2021-07-01 14:30:21',1,0,NULL,'','',NULL,NULL,NULL,NULL,'',''),(16,'Furniture 08 - Koller Clean, minimal Magento theme!','1column','','','bluesky_koller_funiture_08','','<div class=\"row banner-home-8\">\r\n<div class=\"col-md-8\">{{widget type=\"Rokanthemes\\SlideBanner\\Block\\Widget\\SlideBannerWidget\" slider_id=\"8\"}}</div>\r\n<div class=\"col-md-4\">{{block class=\"Magento\\Cms\\Block\\Block\" block_id=\"bluesky_koller_funiture_08_slider\"}}</div>\r\n</div>\r\n<div class=\"product-tab-6\">\r\n<h3>Top Trending Products</h3>\r\n<p>Top view in this week</p>\r\n<div class=\"row flex-mobile\">\r\n<div class=\"col-md-6\">{{widget type=\"Rokanthemes\\ProductTab\\Block\\Widget\\Tabs\" types=\"4\" limit=\"10\" sorting=\"position\" tab_postions=\"horizontal\" number_row=\"1\" mode_view=\"grid\" hide_tocart=\"0\" hide_tocompare=\"0\" hide_towishlist=\"0\" hide_quickview=\"0\" product_image=\"small_image\" product_image_hover=\"thumbnail\" owl_nav=\"false\" owl_dots=\"false\" owl_center=\"false\" owl_loop=\"false\" owl_bigdesktop=\"2\" owl_items=\"2\" image_width=\"330\" image_height=\"420\" owl_smalldesktop=\"2\" owl_bigtablet=\"2\" owl_tablet=\"2\" owl_smalltablet=\"2\" owl_mobile=\"1\" owl_margin=\"30\"}}</div>\r\n<div class=\"col-md-6 image-1\">\r\n<div class=\"overflow\"><img src=\"{{media url=wysiwyg/banner-product-2.jpg}}\" alt=\"\"></div>\r\n</div>\r\n</div>\r\n<div class=\"row\">\r\n<div class=\"col-md-6 image-2\">\r\n<div class=\"overflow\"><img src=\"{{media url=wysiwyg/banner-product-1.jpg}}\" alt=\"\"></div>\r\n</div>\r\n<div class=\"col-md-6\">{{widget type=\"Rokanthemes\\ProductTab\\Block\\Widget\\Tabs\" types=\"1\" limit=\"10\" sorting=\"position\" tab_postions=\"horizontal\" number_row=\"1\" mode_view=\"grid\" hide_tocart=\"0\" hide_tocompare=\"0\" hide_towishlist=\"0\" hide_quickview=\"0\" product_image=\"small_image\" product_image_hover=\"thumbnail\" owl_nav=\"false\" owl_dots=\"false\" owl_center=\"false\" owl_loop=\"false\" owl_bigdesktop=\"2\" owl_items=\"2\" image_width=\"330\" image_height=\"420\" owl_smalldesktop=\"2\" owl_bigtablet=\"2\" owl_tablet=\"2\" owl_smalltablet=\"2\" owl_mobile=\"1\" owl_margin=\"30\"}}</div>\r\n</div>\r\n</div>\r\n<div>{{widget type=\"Rokanthemes\\ProductTab\\Block\\Widget\\Tabs\" title=\"Best Seller Products\" short_description=\"Top view in this week\" types=\"1\" limit=\"10\" sorting=\"position\" tab_postions=\"horizontal\" number_row=\"1\" height_default_loading=\"300\" mode_view=\"grid\" hide_tocart=\"0\" hide_tocompare=\"0\" hide_towishlist=\"0\" hide_quickview=\"0\" product_image=\"small_image\" product_image_hover=\"thumbnail\" owl_nav=\"false\" owl_dots=\"false\" owl_center=\"false\" owl_loop=\"false\" owl_bigdesktop=\"4\" owl_items=\"4\" image_width=\"350\" image_height=\"446\" owl_smalldesktop=\"3\" owl_bigtablet=\"3\" owl_tablet=\"3\" owl_smalltablet=\"2\" owl_mobile=\"2\" owl_margin=\"30\"}}</div>\r\n<div class=\"section full-width not-full\">{{block class=\"Magento\\Cms\\Block\\Block\" block_id=\"default_funiture_02_04_08_banner_bottom\"}}</div>\r\n<div class=\"section full-width static-cms-block\">\r\n<div class=\"container\">{{widget type=\"Magento\\Cms\\Block\\Widget\\Block\" template=\"widget/static_block/default.phtml\" block_id=\"3\"}}</div>\r\n</div>\r\n<div>{{widget type=\"Magefan\\Blog\\Block\\Widget\\Recent\" title=\"Read Our Blog\" category_id=\"0\" tag_id=\"0\" author_id=\"0\"}}</div>','2020-12-26 03:26:54','2021-07-01 16:08:51',1,0,NULL,'','',NULL,NULL,NULL,NULL,'',''),(17,'Fashion 01 - Koller Clean, minimal Magento theme!','1column','','','bluesky_koller_fashion_01','','<div>{{widget type=\"Rokanthemes\\SlideBanner\\Block\\Widget\\SlideBannerWidget\" slider_id=\"9\"}}</div>\r\n<div class=\"section full-width\">{{block class=\"Magento\\Cms\\Block\\Block\" block_id=\"bluesky_koller_fashion_01_header\"}}</div>\r\n<div>{{widget type=\"Rokanthemes\\ProductTab\\Block\\Widget\\Tabs\" title=\"Featured Products\" short_description=\"Top view in this week\" types=\"2\" limit=\"10\" sorting=\"position\" tab_postions=\"horizontal\" number_row=\"1\" height_default_loading=\"300\" mode_view=\"grid\" hide_tocart=\"0\" hide_tocompare=\"0\" hide_towishlist=\"0\" hide_quickview=\"0\" product_image=\"small_image\" product_image_hover=\"thumbnail\" owl_nav=\"false\" owl_dots=\"false\" owl_center=\"false\" owl_loop=\"false\" owl_bigdesktop=\"4\" owl_items=\"4\" image_width=\"350\" image_height=\"446\" owl_smalldesktop=\"3\" owl_bigtablet=\"3\" owl_tablet=\"3\" owl_smalltablet=\"2\" owl_mobile=\"2\" owl_margin=\"30\"}}</div>\r\n<div class=\"section full-width banner-midle-9\">{{block class=\"Magento\\Cms\\Block\\Block\" block_id=\"bluesky_koller_fashion_01_middle\"}}</div>\r\n<div>{{widget type=\"Rokanthemes\\ProductTab\\Block\\Widget\\Tabs\" title=\"Best Seller Products\" short_description=\"Top view in this week\" types=\"1\" limit=\"10\" sorting=\"position\" tab_postions=\"horizontal\" number_row=\"2\" height_default_loading=\"300\" mode_view=\"grid\" hide_tocart=\"0\" hide_tocompare=\"0\" hide_towishlist=\"0\" hide_quickview=\"0\" product_image=\"small_image\" product_image_hover=\"thumbnail\" owl_nav=\"false\" owl_dots=\"false\" owl_center=\"false\" owl_loop=\"false\" owl_bigdesktop=\"4\" owl_items=\"4\" image_width=\"350\" image_height=\"446\" owl_smalldesktop=\"3\" owl_bigtablet=\"3\" owl_tablet=\"3\" owl_smalltablet=\"2\" owl_mobile=\"2\" owl_margin=\"30\"}}</div>\r\n<div class=\"section full-width\">{{block class=\"Magento\\Cms\\Block\\Block\" block_id=\"bluesky_koller_fashion_01_footer\"}}</div>\r\n<div class=\"section full-width static-cms-block\">\r\n<div class=\"container\">{{block class=\"Magento\\Cms\\Block\\Block\" block_id=\"default_shipping\"}}</div>\r\n</div>\r\n<div>{{widget type=\"Magefan\\Blog\\Block\\Widget\\Recent\" title=\"Read Our Blog\" category_id=\"0\" tag_id=\"0\" author_id=\"0\"}}</div>','2020-12-26 08:01:04','2021-07-01 16:10:10',1,0,NULL,'','',NULL,NULL,NULL,NULL,'',''),(18,'Fashion 02 - Koller Clean, minimal Magento theme!','1column','','','bluesky_koller_fashion_02','','<div>{{widget type=\"Rokanthemes\\SlideBanner\\Block\\Widget\\SlideBannerWidget\" slider_id=\"10\"}}</div>\r\n<div class=\"section full-width\">{{block class=\"Magento\\Cms\\Block\\Block\" block_id=\"bluesky_koller_fashion_02_category\"}}</div>\r\n<div>{{widget type=\"Rokanthemes\\ProductTab\\Block\\Widget\\Tabs\" title=\"Best Seller Products\" short_description=\"Top view in this week\" types=\"1\" limit=\"10\" sorting=\"position\" tab_postions=\"horizontal\" number_row=\"2\" height_default_loading=\"300\" mode_view=\"grid\" hide_tocart=\"0\" hide_tocompare=\"0\" hide_towishlist=\"0\" hide_quickview=\"0\" product_image=\"thumbnail\" product_image_hover=\"swatch_image\" owl_nav=\"false\" owl_dots=\"false\" owl_center=\"false\" owl_loop=\"false\" owl_bigdesktop=\"4\" owl_items=\"4\" image_width=\"330\" image_height=\"420\" owl_smalldesktop=\"3\" owl_bigtablet=\"3\" owl_tablet=\"3\" owl_smalltablet=\"2\" owl_mobile=\"2\" owl_margin=\"30\"}}</div>\r\n<div class=\"section full-width\">{{block class=\"Magento\\Cms\\Block\\Block\" block_id=\"bluesky_koller_fashion_02_bottom\"}}</div>\r\n<div class=\"section full-width static-cms-block\">\r\n<div class=\"container\">{{block class=\"Magento\\Cms\\Block\\Block\" block_id=\"default_shipping\"}}</div>\r\n</div>\r\n<div>{{widget type=\"Magefan\\Blog\\Block\\Widget\\Recent\" title=\"Read Our Blog\" category_id=\"0\" tag_id=\"0\" author_id=\"0\"}}</div>','2020-12-28 02:46:54','2021-07-01 16:13:39',1,0,NULL,'','',NULL,NULL,NULL,NULL,'',''),(19,'Sneaker 01 - Koller Clean, minimal Magento theme!','1column','','','bluesky_koller_sneaker_01','','<div>{{widget type=\"Rokanthemes\\SlideBanner\\Block\\Widget\\SlideBannerWidget\" slider_id=\"11\"}}</div>\r\n<div class=\"section\">{{block class=\"Magento\\Cms\\Block\\Block\" block_id=\"bluesky_koller_sneake_01_category\"}}</div>\r\n<div>{{widget type=\"Rokanthemes\\ProductTab\\Block\\Widget\\Tabs\" title=\"Our Products in Store\" short_description=\"Top view in this week\" types=\"2,3,4,5\" limit=\"10\" sorting=\"position\" tab_postions=\"horizontal\" number_row=\"1\" height_default_loading=\"300\" mode_view=\"grid\" hide_tocart=\"0\" hide_tocompare=\"0\" hide_towishlist=\"0\" hide_quickview=\"0\" product_image=\"small_image\" product_image_hover=\"thumbnail\" owl_nav=\"false\" owl_dots=\"false\" owl_center=\"false\" owl_loop=\"false\" owl_bigdesktop=\"4\" owl_items=\"4\" image_width=\"330\" image_height=\"420\" owl_smalldesktop=\"3\" owl_bigtablet=\"3\" owl_tablet=\"3\" owl_smalltablet=\"2\" owl_mobile=\"2\" owl_margin=\"30\"}}</div>\r\n<div class=\"section\">{{block class=\"Magento\\Cms\\Block\\Block\" block_id=\"bluesky_koller_sneake_01_middle\"}}</div>\r\n<div>{{widget type=\"Rokanthemes\\ProductTab\\Block\\Widget\\Tabs\" title=\"Best Seller Products\" short_description=\"Top view in this week\" types=\"1\" limit=\"10\" sorting=\"position\" tab_postions=\"horizontal\" number_row=\"2\" height_default_loading=\"300\" mode_view=\"grid\" hide_tocart=\"0\" hide_tocompare=\"0\" hide_towishlist=\"0\" hide_quickview=\"0\" product_image=\"small_image\" product_image_hover=\"thumbnail\" owl_nav=\"false\" owl_dots=\"false\" owl_center=\"false\" owl_loop=\"false\" owl_bigdesktop=\"4\" owl_items=\"4\" image_width=\"330\" image_height=\"420\" owl_smalldesktop=\"3\" owl_bigtablet=\"3\" owl_tablet=\"3\" owl_smalltablet=\"2\" owl_mobile=\"2\" owl_margin=\"30\"}}</div>\r\n<div class=\"section full-width testimo_wrapper\">{{block class=\"Rokanthemes\\Testimonial\\Block\\Testimonial\" name=\"Testimonial\" template=\"testimonial.phtml\"}}</div>\r\n<div>{{widget type=\"Magefan\\Blog\\Block\\Widget\\Recent\" title=\"Read Our Blog\" category_id=\"0\" tag_id=\"0\" author_id=\"0\"}}</div>','2020-12-30 01:30:22','2021-07-01 14:20:48',1,0,NULL,'','',NULL,NULL,NULL,NULL,'',''),(20,'Sneaker 02 - Koller Clean, minimal Magento theme!','1column','','','bluesky_koller_sneaker_02','','<div>{{widget type=\"Rokanthemes\\SlideBanner\\Block\\Widget\\SlideBannerWidget\" slider_id=\"11\"}}</div>\r\n<div>{{block class=\"Magento\\Cms\\Block\\Block\" block_id=\"default_brand\"}}</div>\r\n<div class=\"section\">{{block class=\"Magento\\Cms\\Block\\Block\" block_id=\"bluesky_koller_sneake_02_header\"}}</div>\r\n<div>{{widget type=\"Rokanthemes\\ProductTab\\Block\\Widget\\Tabs\" title=\"Our Products in Store\" short_description=\"Top view in this week\" types=\"2,3,4,5\" limit=\"10\" sorting=\"position\" tab_postions=\"horizontal\" number_row=\"1\" height_default_loading=\"300\" mode_view=\"grid\" hide_tocart=\"0\" hide_tocompare=\"0\" hide_towishlist=\"0\" hide_quickview=\"0\" product_image=\"small_image\" product_image_hover=\"thumbnail\" owl_nav=\"false\" owl_dots=\"false\" owl_center=\"false\" owl_loop=\"false\" owl_bigdesktop=\"4\" owl_items=\"4\" image_width=\"330\" image_height=\"420\" owl_smalldesktop=\"3\" owl_bigtablet=\"3\" owl_tablet=\"3\" owl_smalltablet=\"2\" owl_mobile=\"2\" owl_margin=\"30\"}}</div>\r\n<div class=\"section full-width\">{{block class=\"Magento\\Cms\\Block\\Block\" block_id=\"bluesky_koller_sneake_02_category\"}}</div>\r\n<div>{{widget type=\"Rokanthemes\\ProductTab\\Block\\Widget\\Tabs\" title=\"Best Seller Products\" short_description=\"Top view in this week\" types=\"1\" limit=\"10\" sorting=\"position\" tab_postions=\"horizontal\" number_row=\"2\" height_default_loading=\"300\" mode_view=\"grid\" hide_tocart=\"0\" hide_tocompare=\"0\" hide_towishlist=\"0\" hide_quickview=\"0\" product_image=\"small_image\" product_image_hover=\"thumbnail\" owl_nav=\"false\" owl_dots=\"false\" owl_center=\"false\" owl_loop=\"false\" owl_bigdesktop=\"4\" owl_items=\"4\" image_width=\"330\" image_height=\"420\" owl_smalldesktop=\"3\" owl_bigtablet=\"3\" owl_tablet=\"3\" owl_smalltablet=\"2\" owl_mobile=\"2\" owl_margin=\"30\"}}</div>\r\n<div class=\"section full-width testimo_wrapper\">{{block class=\"Rokanthemes\\Testimonial\\Block\\Testimonial\" name=\"Testimonial\" template=\"testimonial.phtml\"}}</div>\r\n<div>{{widget type=\"Magefan\\Blog\\Block\\Widget\\Recent\" title=\"Read Our Blog\" category_id=\"0\" tag_id=\"0\" author_id=\"0\"}}</div>','2020-12-30 08:13:34','2021-07-01 14:24:08',1,0,NULL,'','',NULL,NULL,NULL,NULL,'',''),(28,'Our Team','1column','','','our-team-61012265c4932','','<div class=\"content-header section\">\r\n<p style=\"text-align: center;\"><strong>Consectetur adipisicing elit, sed do eiusmod tempor incididunt ut labore et dolore magna aliqua. Ut enim ad minim veniam, quis nostrud exercitation ullamco laboris nisi ut aliquip ex ea commodo consequat.</strong></p>\r\n<p style=\"text-align: center;\">Lorem ipsum dolor sit amet, consectetur adipisicing elit, sed do eiusmod tempor incididunt ut labore et dolore magna aliqua. Ut enim ad minim veniam, quis nostrud exercitation ullamco laboris nisi ut aliquip ex ea commodo consequat. Duis aute irure dolor in reprehenderit in voluptate velit esse cillum dolore eu fugiat nulla pariatur.</p>\r\n</div>\r\n<div class=\"line section\">&nbsp;</div>\r\n<div class=\"ourteam-block\">\r\n<h2 style=\"text-align: center;\">Team Members</h2>\r\n<p style=\"text-align: center;\">Meet the team member</p>\r\n<div class=\"ourteam-info\">\r\n<div class=\"row\">\r\n<div class=\"col-sm-6 col-md-4 col-content\">\r\n<div class=\"border-col\"><img src=\"{{media url=\"wysiwyg/1.1ab.jpg\"}}\" alt=\"\">\r\n<h3>Jerry Thomas</h3>\r\n<p>Founder / Ceo.</p>\r\n</div>\r\n\r\n</div>\r\n<div class=\"col-sm-6 col-md-4 col-content\">\r\n<div class=\"border-col\"><img src=\"{{media url=\"wysiwyg/1.2ab.jpg\"}}\" alt=\"\">\r\n<h3>George S.</h3>\r\n<p>Founder / Sales Manager</p>\r\n</div>\r\n</div>\r\n<div class=\"col-sm-6 col-md-4 col-content\">\r\n<div class=\"border-col\"><img src=\"{{media url=\"wysiwyg/ab1.3.jpg\"}}\" alt=\"\">\r\n<h3>Marjorie Barney</h3>\r\n<p>Furniture Designer</p>\r\n</div>\r\n</div>\r\n<div class=\"col-sm-6 col-md-4 col-content\">\r\n<div class=\"border-col\"><img src=\"{{media url=\"wysiwyg/1.1ab.jpg\"}}\" alt=\"\">\r\n<h3>Jerry Thomas</h3>\r\n<p>Founder / Ceo.</p>\r\n</div>\r\n</div>\r\n<div class=\"col-sm-6 col-md-4 col-content\">\r\n<div class=\"border-col\"><img src=\"{{media url=\"wysiwyg/1.2ab.jpg\"}}\" alt=\"\">\r\n<h3>George S.</h3>\r\n<p>Founder / Sales Manager</p>\r\n</div>\r\n</div>\r\n<div class=\"col-sm-6 col-md-4 col-content\">\r\n<div class=\"border-col\"><img src=\"{{media url=\"wysiwyg/ab1.3.jpg\"}}\" alt=\"\">\r\n<h3>Marjorie Barney</h3>\r\n<p>Furniture Designer</p>\r\n</div>\r\n</div>\r\n</div>\r\n</div>\r\n</div>','2020-12-11 07:10:39','2021-07-28 09:30:10',0,0,NULL,'','',NULL,NULL,NULL,NULL,'','ourteam-1.jpeg');

--
