-- Table structure for table `catalog_product_entity_datetime`
--

CREATE TABLE `catalog_product_entity_datetime` (
  `value_id` int(11) NOT NULL AUTO_INCREMENT COMMENT 'Value ID',
  `attribute_id` smallint(5) unsigned NOT NULL DEFAULT 0 COMMENT 'Attribute ID',
  `store_id` smallint(5) unsigned NOT NULL DEFAULT 0 COMMENT 'Store ID',
  `entity_id` int(10) unsigned NOT NULL DEFAULT 0 COMMENT 'Entity ID',
  `value` datetime DEFAULT NULL COMMENT 'Value',
  PRIMARY KEY (`value_id`),
  UNIQUE KEY `CATALOG_PRODUCT_ENTITY_DATETIME_ENTITY_ID_ATTRIBUTE_ID_STORE_ID` (`entity_id`,`attribute_id`,`store_id`),
  KEY `CATALOG_PRODUCT_ENTITY_DATETIME_ATTRIBUTE_ID` (`attribute_id`),
  KEY `CATALOG_PRODUCT_ENTITY_DATETIME_STORE_ID` (`store_id`),
  CONSTRAINT `CATALOG_PRODUCT_ENTITY_DATETIME_STORE_ID_STORE_STORE_ID` FOREIGN KEY (`store_id`) REFERENCES `store` (`store_id`) ON DELETE CASCADE,
  CONSTRAINT `CAT_PRD_ENTT_DTIME_ATTR_ID_EAV_ATTR_ATTR_ID` FOREIGN KEY (`attribute_id`) REFERENCES `eav_attribute` (`attribute_id`) ON DELETE CASCADE,
  CONSTRAINT `CAT_PRD_ENTT_DTIME_ENTT_ID_CAT_PRD_ENTT_ENTT_ID` FOREIGN KEY (`entity_id`) REFERENCES `catalog_product_entity` (`entity_id`) ON DELETE CASCADE
) ENGINE=InnoDB AUTO_INCREMENT=153 DEFAULT CHARSET=utf8 COMMENT='Catalog Product Datetime Attribute Backend Table';

--
-- Dumping data for table `catalog_product_entity_datetime`
--

INSERT INTO `catalog_product_entity_datetime` VALUES (1,79,0,1,'2020-11-01 00:00:00'),(4,94,0,2,'2020-07-05 00:00:00'),(5,95,0,2,'2025-09-10 00:00:00'),(6,94,0,3,'2020-07-05 00:00:00'),(7,95,0,3,'2025-11-03 00:00:00'),(8,94,0,4,'2020-07-06 00:00:00'),(9,95,0,4,'2026-07-31 00:00:00'),(10,94,0,5,'2020-09-06 00:00:00'),(11,95,0,5,'2025-11-03 00:00:00'),(12,94,0,6,'2020-09-06 00:00:00'),(13,95,0,6,'2025-11-03 00:00:00'),(28,94,0,14,'2020-09-06 00:00:00'),(29,95,0,14,'2025-11-03 00:00:00'),(32,94,0,15,'2020-09-06 00:00:00'),(33,95,0,15,'2025-11-03 00:00:00'),(34,94,0,16,'2020-11-23 00:00:00'),(35,95,0,16,'2025-11-23 00:00:00'),(36,79,0,17,'2020-11-02 00:00:00'),(37,80,0,17,'2024-11-03 00:00:00'),(38,94,0,17,'2020-11-09 00:00:00'),(39,95,0,17,'2024-11-10 00:00:00'),(40,79,0,18,'2020-11-02 00:00:00'),(41,94,0,18,'2020-09-06 00:00:00'),(42,95,0,18,'2025-11-03 00:00:00'),(43,94,0,19,'2020-09-06 00:00:00'),(44,95,0,19,'2025-11-03 00:00:00'),(45,79,0,20,'2020-11-02 00:00:00'),(46,79,0,22,'2020-11-02 00:00:00'),(47,94,0,22,'2020-11-23 00:00:00'),(48,95,0,22,'2025-11-05 00:00:00'),(49,79,0,23,'2021-01-06 00:00:00'),(50,94,0,23,'2020-09-06 00:00:00'),(51,95,0,23,'2025-11-03 00:00:00'),(52,94,0,24,'2020-11-02 00:00:00'),(53,95,0,24,'2025-11-05 00:00:00'),(54,79,0,25,'2020-11-02 00:00:00'),(55,94,0,25,'2020-09-06 00:00:00'),(56,95,0,25,'2025-11-03 00:00:00'),(57,79,0,26,'2020-11-02 00:00:00'),(58,94,0,26,'2020-11-03 00:00:00'),(59,95,0,26,'2025-11-03 00:00:00'),(60,79,0,27,'2020-11-02 00:00:00'),(61,94,0,27,'2020-11-03 00:00:00'),(62,95,0,27,'2025-11-03 00:00:00'),(63,79,0,3,'2020-11-08 00:00:00'),(64,79,0,4,'2020-11-08 00:00:00'),(65,94,0,28,'2020-07-05 00:00:00'),(66,95,0,28,'2025-09-10 00:00:00'),(67,94,0,29,'2020-07-05 00:00:00'),(68,95,0,29,'2025-09-10 00:00:00'),(69,94,0,30,'2020-07-05 00:00:00'),(70,95,0,30,'2025-09-10 00:00:00'),(71,94,0,31,'2020-07-05 00:00:00'),(72,95,0,31,'2025-09-10 00:00:00'),(73,79,0,15,'2020-12-18 00:00:00'),(74,79,0,57,'2020-11-08 00:00:00'),(75,94,0,57,'2020-07-06 00:00:00'),(76,95,0,57,'2026-07-31 00:00:00'),(77,79,0,58,'2020-11-08 00:00:00'),(78,94,0,58,'2020-07-06 00:00:00'),(79,95,0,58,'2026-07-31 00:00:00'),(80,79,0,59,'2020-11-08 00:00:00'),(81,94,0,59,'2020-07-06 00:00:00'),(82,95,0,59,'2026-07-31 00:00:00'),(83,79,0,60,'2020-11-02 00:00:00'),(84,79,0,61,'2020-11-02 00:00:00'),(85,79,0,62,'2020-11-02 00:00:00'),(86,79,0,63,'2020-11-02 00:00:00'),(87,79,0,64,'2020-11-02 00:00:00'),(88,79,0,65,'2020-11-02 00:00:00'),(89,79,0,66,'2020-11-02 00:00:00'),(90,79,0,67,'2020-11-02 00:00:00'),(91,79,0,68,'2020-11-02 00:00:00'),(92,79,0,69,'2020-11-08 00:00:00'),(93,94,0,69,'2020-07-06 00:00:00'),(94,95,0,69,'2026-07-31 00:00:00'),(95,80,0,15,'2025-01-08 00:00:00'),(96,80,0,1,'2023-01-12 00:00:00'),(97,80,0,18,'2022-06-15 00:00:00'),(98,80,0,26,'2025-01-01 00:00:00'),(99,80,0,27,'2025-01-08 00:00:00'),(100,79,0,16,'2021-01-06 00:00:00'),(101,80,0,16,'2024-01-10 00:00:00'),(102,80,0,23,'2022-06-15 00:00:00'),(103,79,0,21,'2021-01-06 00:00:00'),(104,80,0,21,'2024-01-10 00:00:00'),(105,94,0,21,'2021-01-06 00:00:00'),(106,95,0,21,'2024-01-10 00:00:00'),(107,94,0,56,'2021-01-06 00:00:00'),(108,95,0,56,'2024-01-17 00:00:00'),(109,79,0,56,'2021-01-07 00:00:00'),(110,94,0,54,'2021-01-07 00:00:00'),(111,95,0,54,'2023-01-12 00:00:00'),(112,94,0,53,'2020-11-03 00:00:00'),(113,95,0,53,'2023-01-12 00:00:00'),(114,79,0,52,'2020-11-25 00:00:00'),(115,80,0,52,'2024-01-03 00:00:00'),(116,94,0,50,'2020-07-05 00:00:00'),(117,95,0,50,'2025-09-10 00:00:00'),(118,79,0,48,'2020-11-25 00:00:00'),(119,80,0,48,'2024-01-03 00:00:00'),(120,94,0,48,'2020-07-05 00:00:00'),(121,95,0,48,'2025-11-03 00:00:00'),(122,79,0,47,'2020-11-25 00:00:00'),(123,80,0,47,'2024-01-03 00:00:00'),(124,79,0,46,'2020-11-25 00:00:00'),(125,80,0,46,'2024-01-10 00:00:00'),(126,94,0,46,'2021-01-06 00:00:00'),(127,95,0,46,'2025-09-10 00:00:00'),(128,79,0,51,'2021-01-06 00:00:00'),(129,80,0,51,'2024-01-03 00:00:00'),(130,94,0,51,'2021-01-07 00:00:00'),(131,95,0,51,'2025-09-10 00:00:00'),(132,94,0,49,'2021-01-07 00:00:00'),(133,95,0,49,'2024-01-10 00:00:00'),(134,94,0,32,'2021-01-07 00:00:00'),(135,95,0,32,'2025-09-10 00:00:00'),(136,79,0,33,'2021-01-07 00:00:00'),(137,80,0,33,'2024-01-10 00:00:00'),(138,79,0,34,'2021-01-07 00:00:00'),(139,80,0,34,'2024-01-10 00:00:00'),(140,79,0,36,'2021-01-07 00:00:00'),(141,80,0,36,'2024-01-10 00:00:00'),(142,94,0,36,'2021-01-07 00:00:00'),(143,95,0,36,'2025-09-10 00:00:00'),(144,94,0,37,'2021-01-07 00:00:00'),(145,95,0,37,'2025-09-10 00:00:00'),(146,79,0,38,'2020-11-25 00:00:00'),(147,80,0,38,'2024-01-10 00:00:00'),(148,79,0,35,'2021-01-07 00:00:00'),(149,94,0,35,'2020-07-05 00:00:00'),(150,95,0,35,'2025-09-10 00:00:00'),(151,79,0,5,'2021-01-10 00:00:00'),(152,80,0,5,'2024-01-10 00:00:00');

--
-- Table structure for table `catalog_product_entity_decimal`
--

CREATE TABLE `catalog_product_entity_decimal` (
  `value_id` int(11) NOT NULL AUTO_INCREMENT COMMENT 'Value ID',
  `attribute_id` smallint(5) unsigned NOT NULL DEFAULT 0 COMMENT 'Attribute ID',
  `store_id` smallint(5) unsigned NOT NULL DEFAULT 0 COMMENT 'Store ID',
  `entity_id` int(10) unsigned NOT NULL DEFAULT 0 COMMENT 'Entity ID',
  `value` decimal(20,6) DEFAULT NULL COMMENT 'Value',
  PRIMARY KEY (`value_id`),
  UNIQUE KEY `CATALOG_PRODUCT_ENTITY_DECIMAL_ENTITY_ID_ATTRIBUTE_ID_STORE_ID` (`entity_id`,`attribute_id`,`store_id`),
  KEY `CATALOG_PRODUCT_ENTITY_DECIMAL_STORE_ID` (`store_id`),
  KEY `CATALOG_PRODUCT_ENTITY_DECIMAL_ATTRIBUTE_ID` (`attribute_id`),
  CONSTRAINT `CATALOG_PRODUCT_ENTITY_DECIMAL_STORE_ID_STORE_STORE_ID` FOREIGN KEY (`store_id`) REFERENCES `store` (`store_id`) ON DELETE CASCADE,
  CONSTRAINT `CAT_PRD_ENTT_DEC_ATTR_ID_EAV_ATTR_ATTR_ID` FOREIGN KEY (`attribute_id`) REFERENCES `eav_attribute` (`attribute_id`) ON DELETE CASCADE,
  CONSTRAINT `CAT_PRD_ENTT_DEC_ENTT_ID_CAT_PRD_ENTT_ENTT_ID` FOREIGN KEY (`entity_id`) REFERENCES `catalog_product_entity` (`entity_id`) ON DELETE CASCADE
) ENGINE=InnoDB AUTO_INCREMENT=159 DEFAULT CHARSET=utf8 COMMENT='Catalog Product Decimal Attribute Backend Table';

--
-- Dumping data for table `catalog_product_entity_decimal`
--

INSERT INTO `catalog_product_entity_decimal` VALUES (1,77,0,1,109.000000),(4,77,0,3,500.000000),(9,77,0,6,99.000000),(11,77,0,16,200.000000),(12,77,0,17,600.000000),(13,78,0,17,200.000000),(14,81,0,17,100.000000),(15,77,0,18,300.000000),(16,78,0,18,189.000000),(17,77,0,19,250.000000),(19,78,0,20,89.000000),(20,77,0,21,600.000000),(21,77,0,22,300.000000),(22,78,0,22,100.000000),(23,77,0,23,300.000000),(24,78,0,23,249.000000),(25,77,0,24,300.000000),(26,77,0,25,300.000000),(27,78,0,25,NULL),(28,77,0,26,200.000000),(29,78,0,26,100.000000),(30,81,0,26,200.000000),(31,77,0,27,500.000000),(32,78,0,27,250.000000),(35,78,0,4,200.000000),(36,77,0,5,600.000000),(37,77,0,28,300.000000),(38,77,0,29,109.000000),(39,77,0,30,300.000000),(40,77,0,31,129.000000),(41,78,0,15,100.000000),(42,77,0,32,202.000000),(43,77,0,33,199.000000),(44,77,0,34,124.990000),(45,77,0,35,132.000000),(46,77,0,36,223.990000),(47,77,0,37,202.000000),(48,77,0,38,172.990000),(49,77,0,39,300.000000),(50,77,0,40,121.990000),(51,77,0,41,202.000000),(52,77,0,42,155.000000),(55,82,0,44,0.000000),(56,77,0,45,129.000000),(57,77,0,46,168.000000),(58,77,0,47,399.000000),(59,77,0,48,200.000000),(60,77,0,49,149.000000),(61,77,0,50,126.500000),(62,77,0,51,166.990000),(63,77,0,52,132.000000),(64,77,0,53,112.990000),(66,77,0,55,125.990000),(67,77,0,56,144.000000),(68,77,0,57,300.000000),(69,78,0,57,200.000000),(70,77,0,58,300.000000),(71,78,0,58,200.000000),(72,77,0,59,300.000000),(73,78,0,59,200.000000),(74,77,0,60,600.000000),(75,78,0,60,89.000000),(76,77,0,61,600.000000),(77,78,0,61,89.000000),(78,77,0,62,600.000000),(79,78,0,62,89.000000),(80,77,0,63,600.000000),(81,78,0,63,89.000000),(82,77,0,64,600.000000),(83,78,0,64,89.000000),(84,77,0,65,600.000000),(85,78,0,65,89.000000),(86,77,0,66,600.000000),(87,78,0,66,89.000000),(88,77,0,67,600.000000),(89,78,0,67,89.000000),(90,77,0,68,600.000000),(91,78,0,68,89.000000),(92,78,0,69,200.000000),(93,78,0,1,100.000000),(94,81,0,1,132.000000),(95,81,0,18,300.000000),(96,81,0,27,500.000000),(97,78,0,16,150.000000),(98,81,0,16,200.000000),(99,81,0,23,300.000000),(100,78,0,21,NULL),(101,81,0,21,NULL),(102,77,0,70,200.000000),(103,77,0,71,200.000000),(104,77,0,72,200.000000),(105,77,0,73,200.000000),(106,77,0,74,200.000000),(107,77,0,75,200.000000),(108,77,0,76,200.000000),(109,77,0,77,200.000000),(110,77,0,78,200.000000),(111,77,0,79,200.000000),(112,77,0,80,200.000000),(113,77,0,81,200.000000),(114,78,0,56,99.000000),(115,81,0,56,144.000000),(116,78,0,52,121.990000),(117,81,0,52,132.000000),(118,78,0,48,149.000000),(119,81,0,48,200.000000),(120,78,0,47,198.000000),(121,81,0,47,399.000000),(122,78,0,46,132.000000),(123,81,0,46,168.000000),(124,78,0,51,132.000000),(125,81,0,51,166.990000),(126,78,0,33,132.000000),(127,81,0,33,199.000000),(128,78,0,34,99.990000),(129,81,0,34,124.990000),(130,78,0,36,132.000000),(131,81,0,36,223.990000),(132,78,0,38,132.000000),(133,81,0,38,172.990000),(134,78,0,35,99.990000),(135,81,0,35,132.000000),(136,78,0,5,400.000000),(137,81,0,5,600.000000),(140,77,0,83,99.000000),(141,82,0,83,0.000000),(142,77,0,84,99.000000),(143,82,0,84,0.000000),(144,77,0,85,99.000000),(145,82,0,85,0.000000),(146,77,0,86,99.000000),(147,82,0,86,0.000000),(148,77,0,87,99.000000),(149,82,0,87,0.000000),(150,77,0,88,99.000000),(151,82,0,88,0.000000),(152,77,0,89,99.000000),(153,82,0,89,0.000000),(154,77,0,90,99.000000),(155,82,0,90,0.000000),(156,77,0,91,99.000000),(157,82,0,91,0.000000),(158,77,0,2,265.000000);

--
-- Table structure for table `catalog_product_entity_gallery`
--

CREATE TABLE `catalog_product_entity_gallery` (
  `value_id` int(11) NOT NULL AUTO_INCREMENT COMMENT 'Value ID',
  `attribute_id` smallint(5) unsigned NOT NULL DEFAULT 0 COMMENT 'Attribute ID',
  `store_id` smallint(5) unsigned NOT NULL DEFAULT 0 COMMENT 'Store ID',
  `entity_id` int(10) unsigned NOT NULL DEFAULT 0 COMMENT 'Entity ID',
  `position` int(11) NOT NULL DEFAULT 0 COMMENT 'Position',
  `value` varchar(255) DEFAULT NULL COMMENT 'Value',
  PRIMARY KEY (`value_id`),
  UNIQUE KEY `CATALOG_PRODUCT_ENTITY_GALLERY_ENTITY_ID_ATTRIBUTE_ID_STORE_ID` (`entity_id`,`attribute_id`,`store_id`),
  KEY `CATALOG_PRODUCT_ENTITY_GALLERY_ENTITY_ID` (`entity_id`),
  KEY `CATALOG_PRODUCT_ENTITY_GALLERY_ATTRIBUTE_ID` (`attribute_id`),
  KEY `CATALOG_PRODUCT_ENTITY_GALLERY_STORE_ID` (`store_id`),
  CONSTRAINT `CATALOG_PRODUCT_ENTITY_GALLERY_STORE_ID_STORE_STORE_ID` FOREIGN KEY (`store_id`) REFERENCES `store` (`store_id`) ON DELETE CASCADE,
  CONSTRAINT `CAT_PRD_ENTT_GLR_ATTR_ID_EAV_ATTR_ATTR_ID` FOREIGN KEY (`attribute_id`) REFERENCES `eav_attribute` (`attribute_id`) ON DELETE CASCADE,
  CONSTRAINT `CAT_PRD_ENTT_GLR_ENTT_ID_CAT_PRD_ENTT_ENTT_ID` FOREIGN KEY (`entity_id`) REFERENCES `catalog_product_entity` (`entity_id`) ON DELETE CASCADE
) ENGINE=InnoDB DEFAULT CHARSET=utf8 COMMENT='Catalog Product Gallery Attribute Backend Table';

--
-- Dumping data for table `catalog_product_entity_gallery`
--


--
-- Table structure for table `catalog_product_entity_int`
--

CREATE TABLE `catalog_product_entity_int` (
  `value_id` int(11) NOT NULL AUTO_INCREMENT COMMENT 'Value ID',
  `attribute_id` smallint(5) unsigned NOT NULL DEFAULT 0 COMMENT 'Attribute ID',
  `store_id` smallint(5) unsigned NOT NULL DEFAULT 0 COMMENT 'Store ID',
  `entity_id` int(10) unsigned NOT NULL DEFAULT 0 COMMENT 'Entity ID',
  `value` int(11) DEFAULT NULL COMMENT 'Value',
  PRIMARY KEY (`value_id`),
  UNIQUE KEY `CATALOG_PRODUCT_ENTITY_INT_ENTITY_ID_ATTRIBUTE_ID_STORE_ID` (`entity_id`,`attribute_id`,`store_id`),
  KEY `CATALOG_PRODUCT_ENTITY_INT_ATTRIBUTE_ID` (`attribute_id`),
  KEY `CATALOG_PRODUCT_ENTITY_INT_STORE_ID` (`store_id`),
  KEY `CATALOG_PRODUCT_ENTITY_INT_ATTRIBUTE_ID_STORE_ID_VALUE` (`attribute_id`,`store_id`,`value`),
  CONSTRAINT `CATALOG_PRODUCT_ENTITY_INT_STORE_ID_STORE_STORE_ID` FOREIGN KEY (`store_id`) REFERENCES `store` (`store_id`) ON DELETE CASCADE,
  CONSTRAINT `CAT_PRD_ENTT_INT_ATTR_ID_EAV_ATTR_ATTR_ID` FOREIGN KEY (`attribute_id`) REFERENCES `eav_attribute` (`attribute_id`) ON DELETE CASCADE,
  CONSTRAINT `CAT_PRD_ENTT_INT_ENTT_ID_CAT_PRD_ENTT_ENTT_ID` FOREIGN KEY (`entity_id`) REFERENCES `catalog_product_entity` (`entity_id`) ON DELETE CASCADE
) ENGINE=InnoDB AUTO_INCREMENT=668 DEFAULT CHARSET=utf8 COMMENT='Catalog Product Integer Attribute Backend Table';

--
-- Dumping data for table `catalog_product_entity_int`
--

INSERT INTO `catalog_product_entity_int` VALUES (1,97,0,1,1),(2,99,0,1,4),(3,136,0,1,2),(4,97,0,2,1),(5,99,0,2,4),(6,136,0,2,2),(7,97,0,3,1),(8,99,0,3,4),(9,136,0,3,2),(10,97,0,4,1),(11,99,0,4,4),(12,136,0,4,2),(14,97,0,5,1),(15,99,0,5,4),(16,136,0,5,2),(17,93,0,6,4),(18,97,0,6,1),(19,99,0,6,4),(20,136,0,6,2),(48,97,0,14,1),(49,99,0,14,4),(50,97,0,15,2),(51,99,0,15,4),(52,130,0,15,0),(53,131,0,15,0),(54,132,0,15,0),(55,133,0,15,0),(56,134,0,15,1),(57,136,0,15,2),(58,97,0,16,1),(59,99,0,16,4),(60,125,0,16,0),(61,136,0,16,2),(62,93,0,17,6),(63,97,0,17,1),(64,99,0,17,4),(65,136,0,17,2),(66,93,0,18,6),(67,97,0,18,1),(68,99,0,18,4),(69,136,0,18,2),(70,93,0,19,6),(71,97,0,19,1),(72,99,0,19,4),(73,136,0,19,2),(75,97,0,20,1),(76,99,0,20,4),(77,136,0,20,2),(78,93,0,21,6),(79,97,0,21,1),(80,99,0,21,4),(81,136,0,21,2),(82,93,0,22,6),(83,97,0,22,1),(84,99,0,22,4),(85,136,0,22,2),(86,93,0,23,6),(87,97,0,23,1),(88,99,0,23,4),(89,136,0,23,2),(90,93,0,24,6),(91,97,0,24,1),(92,99,0,24,4),(93,136,0,24,2),(94,93,0,25,6),(95,97,0,25,1),(96,99,0,25,4),(97,136,0,25,2),(98,93,0,26,6),(99,97,0,26,1),(100,99,0,26,4),(101,136,0,26,2),(102,93,0,27,6),(103,97,0,27,1),(104,99,0,27,4),(105,136,0,27,2),(119,154,0,2,0),(120,155,0,2,1),(160,93,0,1,6),(161,154,0,1,0),(162,155,0,1,1),(163,93,0,3,6),(164,154,0,3,1),(165,155,0,3,0),(166,93,0,4,6),(167,154,0,4,0),(168,155,0,4,1),(169,93,0,5,6),(170,154,0,5,0),(171,155,0,5,0),(172,154,0,6,1),(173,155,0,6,1),(174,154,0,15,0),(175,155,0,15,0),(176,154,0,16,1),(177,155,0,16,1),(178,154,0,17,0),(179,155,0,17,1),(180,154,0,18,0),(181,155,0,18,1),(182,154,0,19,0),(183,155,0,19,1),(184,154,0,20,1),(185,155,0,20,1),(186,154,0,21,1),(187,155,0,21,1),(188,154,0,22,1),(189,155,0,22,0),(190,154,0,23,1),(191,155,0,23,1),(192,154,0,24,1),(193,155,0,24,0),(194,154,0,27,1),(195,155,0,27,1),(196,154,0,26,0),(197,155,0,26,1),(198,93,0,28,4),(199,97,0,28,1),(200,99,0,28,1),(201,136,0,28,2),(202,154,0,28,1),(203,155,0,28,1),(204,93,0,29,5),(205,97,0,29,1),(206,99,0,29,1),(207,136,0,29,2),(208,154,0,29,1),(209,155,0,29,1),(210,93,0,30,6),(211,97,0,30,1),(212,99,0,30,1),(213,136,0,30,2),(214,154,0,30,1),(215,155,0,30,1),(216,93,0,31,7),(217,97,0,31,1),(218,99,0,31,1),(219,136,0,31,2),(220,154,0,31,1),(221,155,0,31,1),(222,93,0,16,6),(223,93,0,32,6),(224,97,0,32,1),(225,99,0,32,4),(226,136,0,32,2),(227,154,0,32,1),(228,155,0,32,1),(229,93,0,33,6),(230,97,0,33,1),(231,99,0,33,4),(232,136,0,33,2),(233,154,0,33,1),(234,155,0,33,1),(235,93,0,34,7),(236,97,0,34,1),(237,99,0,34,4),(238,136,0,34,2),(239,154,0,34,1),(240,155,0,34,0),(241,93,0,35,4),(242,97,0,35,1),(243,99,0,35,4),(244,136,0,35,2),(245,154,0,35,1),(246,155,0,35,1),(247,93,0,36,4),(248,97,0,36,1),(249,99,0,36,4),(250,136,0,36,2),(251,154,0,36,1),(252,155,0,36,1),(253,93,0,37,5),(254,97,0,37,1),(255,99,0,37,4),(256,136,0,37,2),(257,154,0,37,1),(258,155,0,37,1),(259,93,0,38,6),(260,97,0,38,1),(261,99,0,38,4),(262,136,0,38,2),(263,154,0,38,1),(264,155,0,38,0),(265,93,0,39,6),(266,97,0,39,1),(267,99,0,39,4),(268,136,0,39,2),(269,154,0,39,1),(270,155,0,39,1),(271,93,0,40,5),(272,97,0,40,1),(273,99,0,40,4),(274,136,0,40,2),(275,154,0,40,1),(276,155,0,40,0),(277,93,0,41,6),(278,97,0,41,1),(279,99,0,41,4),(280,136,0,41,2),(281,154,0,41,1),(282,155,0,41,1),(283,93,0,42,6),(284,97,0,42,1),(285,99,0,42,4),(286,136,0,42,2),(287,154,0,42,1),(288,155,0,42,0),(307,97,0,44,1),(308,99,0,44,4),(309,136,0,44,2),(310,154,0,44,1),(311,155,0,44,1),(312,93,0,45,4),(313,97,0,45,1),(314,99,0,45,4),(315,136,0,45,2),(316,154,0,45,1),(317,155,0,45,1),(318,93,0,46,5),(319,97,0,46,1),(320,99,0,46,4),(321,136,0,46,2),(322,154,0,46,1),(323,155,0,46,1),(324,93,0,47,7),(325,97,0,47,1),(326,99,0,47,4),(327,136,0,47,2),(328,154,0,47,1),(329,155,0,47,1),(330,93,0,48,6),(331,97,0,48,1),(332,99,0,48,4),(333,136,0,48,2),(334,154,0,48,1),(335,155,0,48,1),(336,93,0,49,7),(337,97,0,49,1),(338,99,0,49,4),(339,136,0,49,2),(340,154,0,49,1),(341,155,0,49,1),(342,93,0,50,6),(343,97,0,50,1),(344,99,0,50,4),(345,136,0,50,2),(346,154,0,50,1),(347,155,0,50,1),(348,93,0,51,4),(349,97,0,51,1),(350,99,0,51,4),(351,136,0,51,2),(352,154,0,51,1),(353,155,0,51,1),(354,93,0,52,5),(355,97,0,52,1),(356,99,0,52,4),(357,136,0,52,2),(358,154,0,52,0),(359,155,0,52,1),(360,93,0,53,7),(361,97,0,53,1),(362,99,0,53,4),(363,136,0,53,2),(364,154,0,53,1),(365,155,0,53,1),(367,97,0,54,1),(368,99,0,54,4),(369,136,0,54,2),(370,154,0,54,1),(371,155,0,54,1),(372,93,0,55,7),(373,97,0,55,1),(374,99,0,55,4),(375,136,0,55,2),(376,154,0,55,1),(377,155,0,55,0),(378,93,0,56,6),(379,97,0,56,1),(380,99,0,56,4),(381,136,0,56,2),(382,154,0,56,1),(383,155,0,56,1),(384,173,0,35,13),(385,173,0,16,13),(386,173,0,22,15),(388,93,0,57,6),(389,97,0,57,1),(390,99,0,57,1),(391,136,0,57,2),(392,154,0,57,1),(393,155,0,57,1),(394,173,0,57,13),(395,93,0,58,6),(396,97,0,58,1),(397,99,0,58,1),(398,136,0,58,2),(399,154,0,58,1),(400,155,0,58,1),(401,173,0,58,14),(402,93,0,59,6),(403,97,0,59,1),(404,99,0,59,1),(405,136,0,59,2),(406,154,0,59,1),(407,155,0,59,1),(408,173,0,59,15),(409,93,0,60,4),(410,97,0,60,1),(411,99,0,60,1),(412,136,0,60,2),(413,154,0,60,1),(414,155,0,60,0),(415,173,0,60,16),(416,93,0,61,5),(417,97,0,61,1),(418,99,0,61,1),(419,136,0,61,2),(420,154,0,61,1),(421,155,0,61,0),(422,173,0,61,16),(423,93,0,62,7),(424,97,0,62,1),(425,99,0,62,1),(426,136,0,62,2),(427,154,0,62,1),(428,155,0,62,0),(429,173,0,62,16),(430,93,0,63,4),(431,97,0,63,1),(432,99,0,63,1),(433,136,0,63,2),(434,154,0,63,1),(435,155,0,63,0),(436,173,0,63,17),(437,93,0,64,5),(438,97,0,64,1),(439,99,0,64,1),(440,136,0,64,2),(441,154,0,64,1),(442,155,0,64,0),(443,173,0,64,17),(444,93,0,65,7),(445,97,0,65,1),(446,99,0,65,1),(447,136,0,65,2),(448,154,0,65,1),(449,155,0,65,0),(450,173,0,65,17),(451,93,0,66,4),(452,97,0,66,1),(453,99,0,66,1),(454,136,0,66,2),(455,154,0,66,1),(456,155,0,66,0),(457,173,0,66,14),(458,93,0,67,5),(459,97,0,67,1),(460,99,0,67,1),(461,136,0,67,2),(462,154,0,67,1),(463,155,0,67,0),(464,173,0,67,14),(465,93,0,68,7),(466,97,0,68,1),(467,99,0,68,1),(468,136,0,68,2),(469,154,0,68,1),(470,155,0,68,0),(471,173,0,68,14),(472,93,0,69,6),(473,97,0,69,1),(474,99,0,69,1),(475,136,0,69,2),(476,154,0,69,1),(477,155,0,69,1),(478,173,0,69,16),(479,173,0,15,14),(480,173,0,1,14),(481,173,0,3,14),(482,173,0,5,14),(483,173,0,21,17),(484,154,0,25,1),(485,155,0,25,0),(486,173,0,25,16),(487,173,0,17,15),(488,173,0,18,13),(489,173,0,19,17),(490,173,0,2,16),(491,173,0,26,15),(492,173,0,27,14),(493,173,0,23,15),(494,173,0,56,13),(496,173,0,55,14),(497,93,0,70,7),(498,97,0,70,1),(499,99,0,70,1),(500,136,0,70,2),(501,154,0,70,1),(502,155,0,70,0),(503,173,0,70,15),(504,93,0,71,4),(505,97,0,71,1),(506,99,0,71,1),(507,136,0,71,2),(508,154,0,71,1),(509,155,0,71,0),(510,173,0,71,15),(511,93,0,72,5),(512,97,0,72,1),(513,99,0,72,1),(514,136,0,72,2),(515,154,0,72,1),(516,155,0,72,0),(517,173,0,72,15),(518,93,0,73,6),(519,97,0,73,1),(520,99,0,73,1),(521,136,0,73,2),(522,154,0,73,1),(523,155,0,73,0),(524,173,0,73,15),(525,93,0,74,7),(526,97,0,74,1),(527,99,0,74,1),(528,136,0,74,2),(529,154,0,74,1),(530,155,0,74,0),(531,173,0,74,17),(532,93,0,75,4),(533,97,0,75,1),(534,99,0,75,1),(535,136,0,75,2),(536,154,0,75,1),(537,155,0,75,0),(538,173,0,75,17),(539,93,0,76,5),(540,97,0,76,1),(541,99,0,76,1),(542,136,0,76,2),(543,154,0,76,1),(544,155,0,76,0),(545,173,0,76,17),(546,93,0,77,6),(547,97,0,77,1),(548,99,0,77,1),(549,136,0,77,2),(550,154,0,77,1),(551,155,0,77,0),(552,173,0,77,17),(553,93,0,78,7),(554,97,0,78,1),(555,99,0,78,1),(556,136,0,78,2),(557,154,0,78,1),(558,155,0,78,0),(559,173,0,78,16),(560,93,0,79,4),(561,97,0,79,1),(562,99,0,79,1),(563,136,0,79,2),(564,154,0,79,1),(565,155,0,79,0),(566,173,0,79,16),(567,93,0,80,5),(568,97,0,80,1),(569,99,0,80,1),(570,136,0,80,2),(571,154,0,80,1),(572,155,0,80,0),(573,173,0,80,16),(574,93,0,81,6),(575,97,0,81,1),(576,99,0,81,1),(577,136,0,81,2),(578,154,0,81,1),(579,155,0,81,0),(580,173,0,81,16),(581,173,0,53,13),(582,173,0,52,16),(583,173,0,51,17),(584,173,0,50,14),(585,173,0,48,16),(586,173,0,47,17),(587,173,0,49,15),(588,173,0,46,13),(590,173,0,45,14),(591,173,0,32,13),(592,173,0,33,15),(593,173,0,34,17),(594,173,0,36,17),(595,173,0,37,13),(596,173,0,38,15),(597,173,0,39,14),(598,173,0,40,14),(599,173,0,41,17),(607,93,0,83,7),(608,97,0,83,1),(609,99,0,83,1),(610,136,0,83,2),(611,154,0,83,1),(612,155,0,83,1),(613,173,0,83,15),(614,93,0,84,7),(615,97,0,84,1),(616,99,0,84,1),(617,136,0,84,2),(618,154,0,84,1),(619,155,0,84,1),(620,173,0,84,14),(621,93,0,85,5),(622,97,0,85,1),(623,99,0,85,1),(624,136,0,85,2),(625,154,0,85,1),(626,155,0,85,1),(627,173,0,85,15),(628,93,0,86,5),(629,97,0,86,1),(630,99,0,86,1),(631,136,0,86,2),(632,154,0,86,1),(633,155,0,86,1),(634,173,0,86,14),(635,93,0,87,6),(636,97,0,87,1),(637,99,0,87,1),(638,136,0,87,2),(639,154,0,87,1),(640,155,0,87,1),(641,173,0,87,15),(642,93,0,88,6),(643,97,0,88,1),(644,99,0,88,1),(645,136,0,88,2),(646,154,0,88,1),(647,155,0,88,1),(648,173,0,88,14),(649,93,0,89,5),(650,97,0,89,1),(651,99,0,89,1),(652,136,0,89,2),(653,154,0,89,1),(654,155,0,89,1),(655,93,0,90,6),(656,97,0,90,1),(657,99,0,90,1),(658,136,0,90,2),(659,154,0,90,1),(660,155,0,90,1),(661,93,0,91,7),(662,97,0,91,1),(663,99,0,91,1),(664,136,0,91,2),(665,154,0,91,1),(666,155,0,91,1),(667,93,0,2,6);

--
-- Table structure for table `catalog_product_entity_media_gallery`
--

CREATE TABLE `catalog_product_entity_media_gallery` (
  `value_id` int(10) unsigned NOT NULL AUTO_INCREMENT COMMENT 'Value ID',
  `attribute_id` smallint(5) unsigned NOT NULL DEFAULT 0 COMMENT 'Attribute ID',
  `value` varchar(255) DEFAULT NULL COMMENT 'Value',
  `media_type` varchar(32) NOT NULL DEFAULT 'image' COMMENT 'Media entry type',
  `disabled` smallint(5) unsigned NOT NULL DEFAULT 0 COMMENT 'Visibility status',
  PRIMARY KEY (`value_id`),
  KEY `CATALOG_PRODUCT_ENTITY_MEDIA_GALLERY_ATTRIBUTE_ID` (`attribute_id`),
  CONSTRAINT `CAT_PRD_ENTT_MDA_GLR_ATTR_ID_EAV_ATTR_ATTR_ID` FOREIGN KEY (`attribute_id`) REFERENCES `eav_attribute` (`attribute_id`) ON DELETE CASCADE
) ENGINE=InnoDB AUTO_INCREMENT=242 DEFAULT CHARSET=utf8 COMMENT='Catalog Product Media Gallery Attribute Backend Table';

--
-- Dumping data for table `catalog_product_entity_media_gallery`
--

INSERT INTO `catalog_product_entity_media_gallery` VALUES (1,90,'/1/_/1_1.jpg','image',0),(2,90,'/1/_/1_2.jpg','image',0),(3,90,'/1/_/1_3.jpg','image',0),(4,90,'/2/_/2_1.jpg','image',0),(8,90,'/2/_/2_1_1.jpg','image',0),(10,90,'/2/_/2_1_2.jpg','image',0),(13,90,'/1/_/1_2_2.jpg','image',0),(15,90,'/2/_/2_3_1.jpg','image',0),(18,90,'/2/_/2_2_2.jpg','image',0),(19,90,'/2/_/2_3_2.jpg','image',0),(20,90,'/3/_/3_1_1.jpg','image',0),(21,90,'/2/_/2_2_3.jpg','image',0),(22,90,'/2/_/2_3_3.jpg','image',0),(23,90,'/3/_/3_1_2.jpg','image',0),(24,90,'/4/_/4_1_1.jpg','image',0),(25,90,'/4/_/4_2.jpg','image',0),(26,90,'/4/_/4_3.jpg','image',0),(27,90,'/1/_/1_1_1.jpg','image',0),(29,90,'/2/_/2_2.jpg','image',0),(30,90,'/4/_/4_1.jpg','image',0),(31,90,'/3/_/3_1_1_1.jpg','image',0),(32,90,'/4/_/4_2_1.jpg','image',0),(33,90,'/4/_/4_3_1.jpg','image',0),(34,90,'/5/_/5_1.jpg','image',0),(35,90,'/6/_/6_1.jpg','image',0),(36,90,'/3/_/3_1.jpg','image',0),(37,90,'/1/_/1_1_1_1.jpg','image',0),(38,90,'/2/_/2_2_1.jpg','image',0),(39,90,'/3/_/3_1_3.jpg','image',0),(40,90,'/3/_/3_1_1_2.jpg','image',0),(41,90,'/4/_/4_2_2.jpg','image',0),(42,90,'/4/_/4_3_2.jpg','image',0),(43,90,'/5/_/5_1_1.jpg','image',0),(44,90,'/6/_/6_1_1.jpg','image',0),(45,90,'/6/_/6_2.jpg','image',0),(46,90,'/6/_/6_3.jpg','image',0),(47,90,'/6/_/6_4.jpg','image',0),(48,90,'/6/_/6_1_2.jpg','image',0),(49,90,'/6/_/6_2_1.jpg','image',0),(50,90,'/6/_/6_4_1.jpg','image',0),(51,90,'/7/_/7_1.jpg','image',0),(52,90,'/7/_/7_2.jpg','image',0),(53,90,'/8/_/8_1.jpg','image',0),(54,90,'/8/_/8_2.jpg','image',0),(55,90,'/9/_/9_1.jpg','image',0),(56,90,'/9/_/9_2.jpg','image',0),(57,90,'/9/_/9_1_1.jpg','image',0),(58,90,'/9/_/9_2_1.jpg','image',0),(59,90,'/9/_/9_3.jpg','image',0),(60,90,'/9/_/9_4.jpg','image',0),(61,90,'/1/0/10_1.jpg','image',0),(62,90,'/1/0/10_2.jpg','image',0),(63,90,'/1/0/10_3.jpg','image',0),(64,90,'/1/1/11_1.jpg','image',0),(65,90,'/1/2/12_1.jpg','image',0),(66,90,'/1/2/12_2.jpg','image',0),(67,90,'/1/2/12_3.jpg','image',0),(68,90,'/1/2/12_1_1.jpg','image',0),(69,90,'/1/2/12_2_1.jpg','image',0),(70,90,'/1/2/12_3_1.jpg','image',0),(71,90,'/1/2/12_4.jpg','image',0),(72,90,'/1/3/13_1.jpg','image',0),(73,90,'/1/3/13_2.jpg','image',0),(74,90,'/1/3/13_3.jpg','image',0),(75,90,'/1/3/13_4.jpg','image',0),(76,90,'/1/4/14_1.jpg','image',0),(77,90,'/1/4/14_2.jpg','image',0),(78,90,'/1/4/14_3.jpg','image',0),(79,90,'/1/4/14_4.jpg','image',0),(80,90,'/1/5/15_1.jpg','image',0),(81,90,'/1/5/15_2.jpg','image',0),(82,90,'/1/5/15_3.jpg','image',0),(83,90,'/1/5/15_4.jpg','image',0),(84,90,'/1/6/16_1.jpg','image',0),(85,90,'/1/6/16_2.jpg','image',0),(86,90,'/1/7/17_1.jpg','image',0),(87,90,'/1/7/17_2.jpg','image',0),(88,90,'/1/7/17_1_1.jpg','image',0),(89,90,'/1/7/17_2_1.jpg','image',0),(90,90,'/1/8/18_1.jpg','image',0),(91,90,'/1/9/19_1.jpg','image',0),(92,90,'/1/4/14_4_1.jpg','image',0),(93,90,'/1/8/18_1_1.jpg','image',0),(94,90,'/1/9/19_1_1.jpg','image',0),(95,90,'/1/9/19_2.jpg','image',0),(96,90,'/2/0/20_1.jpg','image',0),(97,90,'/1/7/17_1_2.jpg','image',0),(98,90,'/1/7/17_2_2.jpg','image',0),(99,90,'/1/9/19_1_2.jpg','image',0),(100,90,'/1/9/19_2_1.jpg','image',0),(101,90,'/2/0/20_1_1.jpg','image',0),(102,90,'/2/0/20_1_2.jpg','image',0),(103,90,'/3/_/3_1_4.jpg','image',0),(104,90,'/4/_/4_1_2.jpg','image',0),(105,90,'/5/_/5_1_2.jpg','image',0),(106,90,'/1/1/11_1_1.jpg','image',0),(107,90,'/1/2/12_3_2.jpg','image',0),(108,90,'/6/_/6_1_3.jpg','image',0),(118,90,'/1/_/1_1_1_2.jpg','image',0),(119,90,'/1/_/1_2_1.jpg','image',0),(120,90,'/1/_/1_3_1.jpg','image',0),(121,90,'/2/_/2_1_2_1.jpg','image',0),(122,90,'/2/_/2_2_1_1.jpg','image',0),(123,90,'/3/_/3_1_5.jpg','image',0),(124,90,'/3/_/3_2.jpg','image',0),(125,90,'/3/_/3_3.jpg','image',0),(126,90,'/4/_/4_1_3.jpg','image',0),(127,90,'/4/_/4_2_3.jpg','image',0),(128,90,'/5/_/5_1_3.jpg','image',0),(129,90,'/5/_/5_2.jpg','image',0),(130,90,'/6/_/6_1_4.jpg','image',0),(131,90,'/6/_/6_2_2.jpg','image',0),(132,90,'/6/_/6_3_1.jpg','image',0),(133,90,'/6/_/6_4_2.jpg','image',0),(134,90,'/7/_/7_1_1.jpg','image',0),(135,90,'/7/_/7_2_1.jpg','image',0),(136,90,'/7/_/7_3.jpg','image',0),(137,90,'/8/_/8_1_1.jpg','image',0),(138,90,'/8/_/8_2_1.jpg','image',0),(139,90,'/1/0/10_1_1.jpg','image',0),(140,90,'/1/0/10_2_1.jpg','image',0),(141,90,'/1/0/10_3_1.jpg','image',0),(142,90,'/1/1/11_1_2.jpg','image',0),(143,90,'/1/1/11_2.jpg','image',0),(144,90,'/1/2/12_1_2.jpg','image',0),(145,90,'/1/2/12_2_2.jpg','image',0),(146,90,'/1/3/13_1_1.jpg','image',0),(147,90,'/1/3/13_2_1.jpg','image',0),(151,90,'/1/_/1_1_1_3.jpg','image',0),(152,90,'/1/_/1_2_1_1.jpg','image',0),(153,90,'/1/_/1_3_1_1.jpg','image',0),(154,90,'/2/_/2_1_2_2.jpg','image',0),(155,90,'/2/_/2_2_1_2.jpg','image',0),(156,90,'/2/_/2_3.jpg','image',0),(157,90,'/2/_/2_4.jpg','image',0),(158,90,'/2/_/2_5.jpg','image',0),(159,90,'/3/_/3_1_6.jpg','image',0),(160,90,'/3/_/3_3_1.jpg','image',0),(161,90,'/3/_/3_4.jpg','image',0),(162,90,'/3/_/3_5.jpg','image',0),(163,90,'/4/_/4_1_4.jpg','image',0),(164,90,'/4/_/4_2_4.jpg','image',0),(165,90,'/4/_/4_3_3.jpg','image',0),(166,90,'/4/_/4_4.jpg','image',0),(167,90,'/4/_/4_5.jpg','image',0),(168,90,'/5/_/5_1_4.jpg','image',0),(169,90,'/5/_/5_2_1.jpg','image',0),(170,90,'/5/_/5_3.jpg','image',0),(171,90,'/5/_/5_4.jpg','image',0),(172,90,'/5/_/5_5.jpg','image',0),(173,90,'/6/_/6_1_5.jpg','image',0),(174,90,'/6/_/6_2_3.jpg','image',0),(175,90,'/6/_/6_3_2.jpg','image',0),(176,90,'/6/_/6_4_3.jpg','image',0),(177,90,'/6/_/6_5.jpg','image',0),(183,90,'/7/_/7_2_2.jpg','image',0),(184,90,'/7/_/7_3_1.jpg','image',0),(185,90,'/7/_/7_4.jpg','image',0),(186,90,'/7/_/7_5.jpg','image',0),(187,90,'/8/_/8_1_2.jpg','image',0),(188,90,'/8/_/8_2_2.jpg','image',0),(189,90,'/8/_/8_3.jpg','image',0),(190,90,'/8/_/8_4.jpg','image',0),(191,90,'/8/_/8_5.jpg','image',0),(192,90,'/9/_/9_1_2.jpg','image',0),(193,90,'/9/_/9_2_2.jpg','image',0),(194,90,'/9/_/9_3_1.jpg','image',0),(195,90,'/9/_/9_4_1.jpg','image',0),(196,90,'/9/_/9_5.jpg','image',0),(197,90,'/1/0/10_1_2.jpg','image',0),(198,90,'/1/0/10_2_2.jpg','image',0),(199,90,'/1/0/10_3_2.jpg','image',0),(200,90,'/1/0/10_4.jpg','image',0),(201,90,'/1/1/11_1_3.jpg','image',0),(202,90,'/1/1/11_2_1.jpg','image',0),(203,90,'/1/1/11_3.jpg','image',0),(204,90,'/1/2/12_1_3.jpg','image',0),(205,90,'/1/2/12_2_3.jpg','image',0),(206,90,'/1/2/12_3_3.jpg','image',0),(207,90,'/1/2/12_4_1.jpg','image',0),(208,90,'/1/3/13_1_2.jpg','image',0),(209,90,'/1/3/13_2_2.jpg','image',0),(210,90,'/1/3/13_3_1.jpg','image',0),(211,90,'/7/_/7_1_2.jpg','image',0),(212,90,'/1/0/10_1_3.jpg','image',0),(213,90,'/1/2/12_3_2_1.jpg','image',0),(217,90,'/1/_/1_2_2_1.jpg','image',0),(218,90,'/1/_/1_4_1.jpg','image',0),(219,90,'/1/_/1_1_2_1.jpg','image',0),(220,90,'/1/_/1_2_2_2.jpg','image',0),(221,90,'/1/_/1_4_2.jpg','image',0),(222,90,'/1/_/1_1_2_2.jpg','image',0),(223,90,'/2/_/2_2_2_1.jpg','image',0),(224,90,'/2/_/2_3_4_1.jpg','image',0),(225,90,'/2/_/2_4_1.jpg','image',0),(226,90,'/2/_/2_2_2_2.jpg','image',0),(227,90,'/2/_/2_3_4_2.jpg','image',0),(228,90,'/2/_/2_4_2.jpg','image',0),(229,90,'/4/_/4_2_1_1.jpg','image',0),(230,90,'/4/_/4_1_1_1.jpg','image',0),(231,90,'/4/_/4_2_2_1.jpg','image',0),(232,90,'/4/_/4_1_2_1.jpg','image',0),(233,90,'/1/_/1_2_2_1_1.jpg','image',0),(234,90,'/1/_/1_4_1_1.jpg','image',0),(235,90,'/1/_/1_5_1.jpg','image',0),(236,90,'/2/_/2_2_2_1_1.jpg','image',0),(237,90,'/2/_/2_4_1_1.jpg','image',0),(238,90,'/2/_/2_5_1.jpg','image',0),(239,90,'/3/_/3_2_2_1.jpg','image',0),(240,90,'/3/_/3_4_1.jpg','image',0),(241,90,'/3/_/3_5_1.jpg','image',0);

--
-- Table structure for table `catalog_product_entity_media_gallery_value`
--

CREATE TABLE `catalog_product_entity_media_gallery_value` (
  `value_id` int(10) unsigned NOT NULL DEFAULT 0 COMMENT 'Value ID',
  `store_id` smallint(5) unsigned NOT NULL DEFAULT 0 COMMENT 'Store ID',
  `entity_id` int(10) unsigned NOT NULL DEFAULT 0 COMMENT 'Entity ID',
  `label` varchar(255) DEFAULT NULL COMMENT 'Label',
  `position` int(10) unsigned DEFAULT NULL COMMENT 'Position',
  `disabled` smallint(5) unsigned NOT NULL DEFAULT 0 COMMENT 'Is Disabled',
  `record_id` int(10) unsigned NOT NULL AUTO_INCREMENT COMMENT 'Record ID',
  PRIMARY KEY (`record_id`),
  KEY `CATALOG_PRODUCT_ENTITY_MEDIA_GALLERY_VALUE_STORE_ID` (`store_id`),
  KEY `CATALOG_PRODUCT_ENTITY_MEDIA_GALLERY_VALUE_ENTITY_ID` (`entity_id`),
  KEY `CATALOG_PRODUCT_ENTITY_MEDIA_GALLERY_VALUE_VALUE_ID` (`value_id`),
  KEY `CAT_PRD_ENTT_MDA_GLR_VAL_ENTT_ID_VAL_ID_STORE_ID` (`entity_id`,`value_id`,`store_id`),
  CONSTRAINT `CAT_PRD_ENTT_MDA_GLR_VAL_ENTT_ID_CAT_PRD_ENTT_ENTT_ID` FOREIGN KEY (`entity_id`) REFERENCES `catalog_product_entity` (`entity_id`) ON DELETE CASCADE,
  CONSTRAINT `CAT_PRD_ENTT_MDA_GLR_VAL_STORE_ID_STORE_STORE_ID` FOREIGN KEY (`store_id`) REFERENCES `store` (`store_id`) ON DELETE CASCADE,
  CONSTRAINT `CAT_PRD_ENTT_MDA_GLR_VAL_VAL_ID_CAT_PRD_ENTT_MDA_GLR_VAL_ID` FOREIGN KEY (`value_id`) REFERENCES `catalog_product_entity_media_gallery` (`value_id`) ON DELETE CASCADE
) ENGINE=InnoDB AUTO_INCREMENT=1468 DEFAULT CHARSET=utf8 COMMENT='Catalog Product Media Gallery Attribute Value Table';

--
-- Dumping data for table `catalog_product_entity_media_gallery_value`
--

INSERT INTO `catalog_product_entity_media_gallery_value` VALUES (44,0,6,NULL,2,0,232),(45,0,6,NULL,3,0,233),(46,0,6,NULL,4,0,234),(47,0,6,NULL,5,0,235),(88,0,24,NULL,1,0,276),(89,0,24,NULL,2,0,277),(90,0,24,NULL,3,0,278),(91,0,24,NULL,4,0,279),(48,0,14,NULL,2,0,512),(49,0,14,NULL,3,0,513),(50,0,14,NULL,4,0,514),(51,0,14,NULL,1,0,515),(52,0,14,NULL,0,0,516),(144,0,42,NULL,1,0,865),(145,0,42,NULL,2,0,866),(146,0,42,NULL,3,0,867),(147,0,42,NULL,4,0,868),(80,0,22,NULL,1,0,934),(81,0,22,NULL,2,0,935),(82,0,22,NULL,3,0,936),(83,0,22,NULL,4,0,937),(97,0,26,NULL,1,0,1035),(98,0,26,NULL,2,0,1036),(99,0,26,NULL,4,0,1037),(100,0,26,NULL,5,0,1038),(101,0,26,NULL,6,0,1039),(102,0,27,NULL,1,0,1048),(103,0,27,NULL,2,0,1049),(104,0,27,NULL,3,0,1050),(105,0,27,NULL,4,0,1051),(92,0,25,NULL,1,0,1065),(93,0,25,NULL,2,0,1066),(94,0,25,NULL,3,0,1067),(95,0,25,NULL,4,0,1068),(96,0,25,NULL,5,0,1069),(76,0,21,NULL,1,0,1074),(77,0,21,NULL,2,0,1075),(78,0,21,NULL,3,0,1076),(79,0,21,NULL,4,0,1077),(121,0,33,NULL,7,0,1216),(122,0,33,NULL,8,0,1217),(53,0,15,NULL,1,0,1236),(54,0,15,NULL,2,0,1237),(55,0,15,NULL,3,0,1238),(56,0,15,NULL,4,0,1239),(15,0,4,NULL,6,0,1240),(24,0,4,NULL,5,0,1241),(25,0,4,NULL,6,0,1242),(26,0,4,NULL,7,0,1243),(68,0,19,NULL,1,0,1249),(69,0,19,NULL,2,0,1250),(70,0,19,NULL,3,0,1251),(71,0,19,NULL,4,0,1252),(61,0,17,NULL,1,0,1285),(62,0,17,NULL,2,0,1286),(63,0,17,NULL,3,0,1287),(106,0,17,NULL,4,0,1288),(107,0,17,NULL,5,0,1289),(64,0,18,NULL,1,0,1290),(65,0,18,NULL,2,0,1291),(66,0,18,NULL,3,0,1292),(67,0,18,NULL,4,0,1293),(72,0,20,NULL,1,0,1294),(73,0,20,NULL,2,0,1295),(74,0,20,NULL,3,0,1296),(75,0,20,NULL,4,0,1297),(27,0,5,NULL,1,0,1298),(40,0,5,NULL,2,0,1299),(41,0,5,NULL,3,0,1300),(42,0,5,NULL,4,0,1301),(43,0,5,NULL,5,0,1302),(123,0,34,NULL,1,0,1303),(124,0,34,NULL,2,0,1304),(125,0,34,NULL,3,0,1305),(126,0,35,NULL,1,0,1306),(127,0,35,NULL,2,0,1307),(128,0,36,NULL,1,0,1308),(129,0,36,NULL,2,0,1309),(130,0,37,NULL,1,0,1310),(131,0,37,NULL,2,0,1311),(132,0,37,NULL,3,0,1312),(133,0,37,NULL,4,0,1313),(134,0,38,NULL,1,0,1314),(135,0,38,NULL,2,0,1315),(136,0,38,NULL,3,0,1316),(137,0,39,NULL,1,0,1317),(138,0,39,NULL,2,0,1318),(139,0,40,NULL,1,0,1319),(140,0,40,NULL,2,0,1320),(141,0,40,NULL,3,0,1321),(142,0,41,NULL,1,0,1322),(143,0,41,NULL,2,0,1323),(154,0,45,NULL,1,0,1327),(155,0,45,NULL,2,0,1328),(156,0,45,NULL,3,0,1329),(157,0,45,NULL,4,0,1330),(158,0,45,NULL,5,0,1331),(159,0,46,NULL,1,0,1332),(160,0,46,NULL,3,0,1333),(161,0,46,NULL,4,0,1334),(162,0,46,NULL,5,0,1335),(163,0,47,NULL,1,0,1336),(164,0,47,NULL,2,0,1337),(165,0,47,NULL,3,0,1338),(166,0,47,NULL,4,0,1339),(167,0,47,NULL,5,0,1340),(168,0,48,NULL,1,0,1341),(169,0,48,NULL,2,0,1342),(170,0,48,NULL,3,0,1343),(171,0,48,NULL,4,0,1344),(172,0,48,NULL,5,0,1345),(173,0,49,NULL,1,0,1346),(174,0,49,NULL,2,0,1347),(175,0,49,NULL,3,0,1348),(176,0,49,NULL,4,0,1349),(177,0,49,NULL,5,0,1350),(208,0,50,NULL,6,0,1351),(209,0,50,NULL,7,0,1352),(210,0,50,NULL,8,0,1353),(183,0,51,NULL,1,0,1354),(184,0,51,NULL,2,0,1355),(185,0,51,NULL,3,0,1356),(186,0,51,NULL,4,0,1357),(211,0,51,NULL,5,0,1358),(187,0,52,NULL,1,0,1359),(188,0,52,NULL,2,0,1360),(189,0,52,NULL,3,0,1361),(190,0,52,NULL,4,0,1362),(191,0,52,NULL,5,0,1363),(192,0,53,NULL,1,0,1364),(193,0,53,NULL,2,0,1365),(194,0,53,NULL,3,0,1366),(195,0,53,NULL,4,0,1367),(196,0,53,NULL,5,0,1368),(197,0,54,NULL,1,0,1369),(198,0,54,NULL,2,0,1370),(199,0,54,NULL,3,0,1371),(200,0,54,NULL,4,0,1372),(201,0,55,NULL,1,0,1373),(202,0,55,NULL,2,0,1374),(203,0,55,NULL,3,0,1375),(204,0,56,NULL,1,0,1376),(205,0,56,NULL,2,0,1377),(206,0,56,NULL,3,0,1378),(207,0,56,NULL,4,0,1379),(57,0,16,NULL,1,0,1392),(58,0,16,NULL,2,0,1393),(59,0,16,NULL,3,0,1394),(60,0,16,NULL,4,0,1395),(108,0,16,NULL,5,0,1396),(217,0,83,NULL,1,0,1403),(218,0,83,NULL,2,0,1404),(219,0,83,NULL,3,0,1405),(220,0,84,NULL,1,0,1406),(221,0,84,NULL,2,0,1407),(222,0,84,NULL,3,0,1408),(223,0,85,NULL,1,0,1409),(224,0,85,NULL,2,0,1410),(225,0,85,NULL,3,0,1411),(226,0,86,NULL,1,0,1412),(227,0,86,NULL,2,0,1413),(228,0,86,NULL,3,0,1414),(229,0,87,NULL,1,0,1415),(230,0,87,NULL,2,0,1416),(231,0,88,NULL,1,0,1417),(232,0,88,NULL,2,0,1418),(233,0,89,NULL,1,0,1422),(234,0,89,NULL,2,0,1423),(235,0,89,NULL,3,0,1424),(236,0,90,NULL,1,0,1425),(237,0,90,NULL,2,0,1426),(238,0,90,NULL,3,0,1427),(239,0,91,NULL,1,0,1428),(240,0,91,NULL,2,0,1429),(241,0,91,NULL,3,0,1430),(151,0,44,NULL,1,0,1431),(152,0,44,NULL,2,0,1432),(153,0,44,NULL,3,0,1433),(84,0,23,NULL,1,0,1442),(85,0,23,NULL,2,0,1443),(86,0,23,NULL,3,0,1444),(87,0,23,NULL,4,0,1445),(1,0,1,NULL,1,0,1450),(2,0,1,NULL,2,0,1451),(3,0,1,NULL,3,0,1452),(4,0,1,NULL,4,0,1453),(118,0,32,NULL,5,0,1454),(119,0,32,NULL,6,0,1455),(120,0,32,NULL,7,0,1456),(8,0,2,NULL,4,0,1457),(18,0,2,NULL,5,0,1458),(19,0,2,NULL,6,0,1459),(20,0,2,NULL,7,0,1460),(10,0,3,NULL,2,0,1461),(13,0,3,NULL,5,0,1462),(21,0,3,NULL,6,0,1463),(22,0,3,NULL,7,0,1464),(23,0,3,NULL,8,0,1465),(212,0,3,NULL,6,0,1466),(213,0,3,NULL,7,0,1467);

--
-- Table structure for table `catalog_product_entity_media_gallery_value_to_entity`
--

CREATE TABLE `catalog_product_entity_media_gallery_value_to_entity` (
  `value_id` int(10) unsigned NOT NULL COMMENT 'Value media Entry ID',
  `entity_id` int(10) unsigned NOT NULL COMMENT 'Product Entity ID',
  PRIMARY KEY (`value_id`,`entity_id`),
  KEY `CAT_PRD_ENTT_MDA_GLR_VAL_TO_ENTT_ENTT_ID_CAT_PRD_ENTT_ENTT_ID` (`entity_id`),
  CONSTRAINT `CAT_PRD_ENTT_MDA_GLR_VAL_TO_ENTT_ENTT_ID_CAT_PRD_ENTT_ENTT_ID` FOREIGN KEY (`entity_id`) REFERENCES `catalog_product_entity` (`entity_id`) ON DELETE CASCADE,
  CONSTRAINT `FK_A6C6C8FAA386736921D3A7C4B50B1185` FOREIGN KEY (`value_id`) REFERENCES `catalog_product_entity_media_gallery` (`value_id`) ON DELETE CASCADE
) ENGINE=InnoDB DEFAULT CHARSET=utf8 COMMENT='Link Media value to Product entity table';

--
-- Dumping data for table `catalog_product_entity_media_gallery_value_to_entity`
--

INSERT INTO `catalog_product_entity_media_gallery_value_to_entity` VALUES (1,1),(2,1),(3,1),(4,1),(8,2),(10,3),(13,3),(15,4),(18,2),(19,2),(20,2),(21,3),(22,3),(23,3),(24,4),(25,4),(26,4),(27,5),(40,5),(41,5),(42,5),(43,5),(44,6),(45,6),(46,6),(47,6),(48,14),(49,14),(50,14),(51,14),(52,14),(53,15),(54,15),(55,15),(56,15),(57,16),(58,16),(59,16),(60,16),(61,17),(62,17),(63,17),(64,18),(65,18),(66,18),(67,18),(68,19),(69,19),(70,19),(71,19),(72,20),(73,20),(74,20),(75,20),(76,21),(77,21),(78,21),(79,21),(80,22),(81,22),(82,22),(83,22),(84,23),(85,23),(86,23),(87,23),(88,24),(89,24),(90,24),(91,24),(92,25),(93,25),(94,25),(95,25),(96,25),(97,26),(98,26),(99,26),(100,26),(101,26),(102,27),(103,27),(104,27),(105,27),(106,17),(107,17),(108,16),(118,32),(119,32),(120,32),(121,33),(122,33),(123,34),(124,34),(125,34),(126,35),(127,35),(128,36),(129,36),(130,37),(131,37),(132,37),(133,37),(134,38),(135,38),(136,38),(137,39),(138,39),(139,40),(140,40),(141,40),(142,41),(143,41),(144,42),(145,42),(146,42),(147,42),(151,44),(152,44),(153,44),(154,45),(155,45),(156,45),(157,45),(158,45),(159,46),(160,46),(161,46),(162,46),(163,47),(164,47),(165,47),(166,47),(167,47),(168,48),(169,48),(170,48),(171,48),(172,48),(173,49),(174,49),(175,49),(176,49),(177,49),(183,51),(184,51),(185,51),(186,51),(187,52),(188,52),(189,52),(190,52),(191,52),(192,53),(193,53),(194,53),(195,53),(196,53),(197,54),(198,54),(199,54),(200,54),(201,55),(202,55),(203,55),(204,56),(205,56),(206,56),(207,56),(208,50),(209,50),(210,50),(211,51),(212,3),(213,3),(217,83),(218,83),(219,83),(220,84),(221,84),(222,84),(223,85),(224,85),(225,85),(226,86),(227,86),(228,86),(229,87),(230,87),(231,88),(232,88),(233,89),(234,89),(235,89),(236,90),(237,90),(238,90),(239,91),(240,91),(241,91);

--
-- Table structure for table `catalog_product_entity_media_gallery_value_video`
--

CREATE TABLE `catalog_product_entity_media_gallery_value_video` (
  `value_id` int(10) unsigned NOT NULL COMMENT 'Media Entity ID',
  `store_id` smallint(5) unsigned NOT NULL DEFAULT 0 COMMENT 'Store ID',
  `provider` varchar(32) DEFAULT NULL COMMENT 'Video provider ID',
  `url` text DEFAULT NULL COMMENT 'Video URL',
  `title` varchar(255) DEFAULT NULL COMMENT 'Title',
  `description` text DEFAULT NULL COMMENT 'Page Meta Description',
  `metadata` text DEFAULT NULL COMMENT 'Video meta data',
  PRIMARY KEY (`value_id`,`store_id`),
  KEY `CAT_PRD_ENTT_MDA_GLR_VAL_VIDEO_STORE_ID_STORE_STORE_ID` (`store_id`),
  CONSTRAINT `CAT_PRD_ENTT_MDA_GLR_VAL_VIDEO_STORE_ID_STORE_STORE_ID` FOREIGN KEY (`store_id`) REFERENCES `store` (`store_id`) ON DELETE CASCADE,
  CONSTRAINT `FK_6FDF205946906B0E653E60AA769899F8` FOREIGN KEY (`value_id`) REFERENCES `catalog_product_entity_media_gallery` (`value_id`) ON DELETE CASCADE
) ENGINE=InnoDB DEFAULT CHARSET=utf8 COMMENT='Catalog Product Video Table';

--
-- Dumping data for table `catalog_product_entity_media_gallery_value_video`
--


--
-- Table structure for table `catalog_product_entity_text`
--

CREATE TABLE `catalog_product_entity_text` (
  `value_id` int(11) NOT NULL AUTO_INCREMENT COMMENT 'Value ID',
  `attribute_id` smallint(5) unsigned NOT NULL DEFAULT 0 COMMENT 'Attribute ID',
  `store_id` smallint(5) unsigned NOT NULL DEFAULT 0 COMMENT 'Store ID',
  `entity_id` int(10) unsigned NOT NULL DEFAULT 0 COMMENT 'Entity ID',
  `value` mediumtext DEFAULT NULL COMMENT 'Value',
  PRIMARY KEY (`value_id`),
  UNIQUE KEY `CATALOG_PRODUCT_ENTITY_TEXT_ENTITY_ID_ATTRIBUTE_ID_STORE_ID` (`entity_id`,`attribute_id`,`store_id`),
  KEY `CATALOG_PRODUCT_ENTITY_TEXT_ATTRIBUTE_ID` (`attribute_id`),
  KEY `CATALOG_PRODUCT_ENTITY_TEXT_STORE_ID` (`store_id`),
  CONSTRAINT `CATALOG_PRODUCT_ENTITY_TEXT_STORE_ID_STORE_STORE_ID` FOREIGN KEY (`store_id`) REFERENCES `store` (`store_id`) ON DELETE CASCADE,
  CONSTRAINT `CAT_PRD_ENTT_TEXT_ATTR_ID_EAV_ATTR_ATTR_ID` FOREIGN KEY (`attribute_id`) REFERENCES `eav_attribute` (`attribute_id`) ON DELETE CASCADE,
  CONSTRAINT `CAT_PRD_ENTT_TEXT_ENTT_ID_CAT_PRD_ENTT_ENTT_ID` FOREIGN KEY (`entity_id`) REFERENCES `catalog_product_entity` (`entity_id`) ON DELETE CASCADE
) ENGINE=InnoDB AUTO_INCREMENT=356 DEFAULT CHARSET=utf8 COMMENT='Catalog Product Text Attribute Backend Table';

--
-- Dumping data for table `catalog_product_entity_text`
--

INSERT INTO `catalog_product_entity_text` VALUES (1,75,0,1,'<div data-content-type=\"html\" data-appearance=\"default\" data-element=\"main\">&lt;p&gt;Delphine Chandelier is imported from Brazil and features a rich pattern of browns, gold, and black speckles accented by sharply contrasting alabaster and ivory fragments. This truly striking stone is a wonderful option for memorable interior and exterior applications, including residential and commercial flooring, walls, and granite countertops.&lt;/p&gt;</div>'),(2,76,0,1,'Delphine Chandelier is imported from Brazil and features a rich pattern of browns, gold, and black speckles accented by sharply contrasting alabaster and ivory fragments.'),(3,85,0,1,'Chairs With Metal Legs'),(4,75,0,2,'\r\n\r\nDelphine Chandelier is imported from Brazil and features a rich pattern of browns, gold, and black speckles accented by sharply contrasting alabaster and ivory fragments. This truly striking stone is a wonderful option for memorable interior and exterior applications, including residential and commercial flooring, walls, and granite countertops.'),(5,76,0,2,'Delphine Chandelier is imported from Brazil and features a rich pattern of browns, gold, and black speckles accented by sharply contrasting alabaster and ivory fragments.'),(6,85,0,2,'Wonderful Geometric'),(7,75,0,3,'<p>Delphine Chandelier is imported from Brazil and features a rich pattern of browns, gold, and black speckles accented by sharply contrasting alabaster and ivory fragments. This truly striking stone is a wonderful option for memorable interior and exterior applications, including residential and commercial flooring, walls, and granite countertops.</p>'),(8,76,0,3,'<p>Delphine Chandelier is imported from Brazil and features a rich pattern of browns, gold, and black speckles accented by sharply contrasting alabaster and ivory fragments.</p>'),(9,85,0,3,'Dining Room'),(10,75,0,4,'<p>Delphine Chandelier is imported from Brazil and features a rich pattern of browns, gold, and black speckles accented by sharply contrasting alabaster and ivory fragments. This truly striking stone is a wonderful option for memorable interior and exterior applications, including residential and commercial flooring, walls, and granite countertops.</p>'),(11,76,0,4,'<p>Delphine Chandelier is imported from Brazil and features a rich pattern of browns, gold, and black speckles accented by sharply contrasting alabaster and ivory fragments.</p>'),(12,85,0,4,'Table Temporary Glass                                '),(13,75,0,5,'<p>Delphine Chandelier is imported from Brazil and features a rich pattern of browns, gold, and black speckles accented by sharply contrasting alabaster and ivory fragments. This truly striking stone is a wonderful option for memorable interior and exterior applications, including residential and commercial flooring, walls, and granite countertops.</p>'),(14,76,0,5,'<p>Delphine Chandelier is imported from Brazil and features a rich pattern of browns, gold, and black speckles accented by sharply contrasting alabaster and ivory fragments.</p'),(15,85,0,5,' Lune Pendant'),(16,75,0,6,'<p>Delphine Chandelier is imported from Brazil and features a rich pattern of browns, gold, and black speckles accented by sharply contrasting alabaster and ivory fragments. This truly striking stone is a wonderful option for memorable interior and exterior applications, including residential and commercial flooring, walls, and granite countertops.</p>'),(17,76,0,6,'<p>Delphine Chandelier is imported from Brazil and features a rich pattern of browns, gold, and black speckles accented by sharply contrasting alabaster and ivory fragments.</p'),(18,85,0,6,' Lune Pendant'),(40,75,0,14,'<p>Delphine Chandelier is imported from Brazil and features a rich pattern of browns, gold, and black speckles accented by sharply contrasting alabaster and ivory fragments. This truly striking stone is a wonderful option for memorable interior and exterior applications, including residential and commercial flooring, walls, and granite countertops.</p>'),(41,76,0,14,'<p>Delphine Chandelier is imported from Brazil and features a rich pattern of browns, gold, and black speckles accented by sharply contrasting alabaster and ivory fragments.</p>'),(42,85,0,14,'Bertoia Molded Shell Side Chair'),(43,85,0,15,' Spade Chair'),(44,75,0,15,'<p>Delphine Chandelier is imported from Brazil and features a rich pattern of browns, gold, and black speckles accented by sharply contrasting alabaster and ivory fragments. This truly striking stone is a wonderful option for memorable interior and exterior applications, including residential and commercial flooring, walls, and granite countertops.</p>'),(45,76,0,15,'<p>Delphine Chandelier is imported from Brazil and features a rich pattern of browns, gold, and black speckles accented by sharply contrasting alabaster and ivory fragments.</p>'),(46,75,0,16,'<p>Delphine Chandelier is imported from Brazil and features a rich pattern of browns, gold, and black speckles accented by sharply contrasting alabaster and ivory fragments. This truly striking stone is a wonderful option for memorable interior and exterior applications, including residential and commercial flooring, walls, and granite countertops.</p>'),(47,76,0,16,'<p>Delphine Chandelier is imported from Brazil and features a rich pattern of browns, gold, and black speckles accented by sharply contrasting alabaster and ivory fragments.</p>'),(48,85,0,16,'Grand Prix™ chair'),(49,75,0,17,'<p>Delphine Chandelier is imported from Brazil and features a rich pattern of browns, gold, and black speckles accented by sharply contrasting alabaster and ivory fragments. This truly striking stone is a wonderful option for memorable interior and exterior applications, including residential and commercial flooring, walls, and granite countertops.</p>'),(50,76,0,17,'<p>Delphine Chandelier is imported from Brazil and features a rich pattern of browns, gold, and black speckles accented by sharply contrasting alabaster and ivory fragments.</p>'),(51,85,0,17,'Flower vase'),(52,75,0,18,'<p>Delphine Chandelier is imported from Brazil and features a rich pattern of browns, gold, and black speckles accented by sharply contrasting alabaster and ivory fragments. This truly striking stone is a wonderful option for memorable interior and exterior applications, including residential and commercial flooring, walls, and granite countertops.</p>'),(53,76,0,18,'<p>Delphine Chandelier is imported from Brazil and features a rich pattern of browns, gold, and black speckles accented by sharply contrasting alabaster and ivory fragments.</p>'),(54,85,0,18,'Orbis vase'),(55,75,0,19,'<p>Delphine Chandelier is imported from Brazil and features a rich pattern of browns, gold, and black speckles accented by sharply contrasting alabaster and ivory fragments. This truly striking stone is a wonderful option for memorable interior and exterior applications, including residential and commercial flooring, walls, and granite countertops.</p>'),(56,76,0,19,'<p>Delphine Chandelier is imported from Brazil and features a rich pattern of browns, gold, and black speckles accented by sharply contrasting alabaster and ivory fragments.</p>'),(57,85,0,19,'Tivoli Bazaar Vase'),(58,75,0,20,'<p>Delphine Chandelier is imported from Brazil and features a rich pattern of browns, gold, and black speckles accented by sharply contrasting alabaster and ivory fragments. This truly striking stone is a wonderful option for memorable interior and exterior applications, including residential and commercial flooring, walls, and granite countertops.</p>'),(59,76,0,20,'<p>Delphine Chandelier is imported from Brazil and features a rich pattern of browns, gold, and black speckles accented by sharply contrasting alabaster and ivory fragments.</p>'),(60,85,0,20,'Ribbed sweater '),(61,75,0,21,'<p>Delphine Chandelier is imported from Brazil and features a rich pattern of browns, gold, and black speckles accented by sharply contrasting alabaster and ivory fragments. This truly striking stone is a wonderful option for memorable interior and exterior applications, including residential and commercial flooring, walls, and granite countertops.</p>'),(62,76,0,21,'<p>Delphine Chandelier is imported from Brazil and features a rich pattern of browns, gold, and black speckles accented by sharply contrasting alabaster and ivory fragments.</p>'),(63,85,0,21,'Salt & Pepper'),(64,75,0,22,'<p>Delphine Chandelier is imported from Brazil and features a rich pattern of browns, gold, and black speckles accented by sharply contrasting alabaster and ivory fragments. This truly striking stone is a wonderful option for memorable interior and exterior applications, including residential and commercial flooring, walls, and granite countertops.</p>'),(65,76,0,22,'<p>Delphine Chandelier is imported from Brazil and features a rich pattern of browns, gold, and black speckles accented by sharply contrasting alabaster and ivory fragments.</p>'),(66,85,0,22,'Craft Salt and Pepper mill'),(67,75,0,23,'<p>Delphine Chandelier is imported from Brazil and features a rich pattern of browns, gold, and black speckles accented by sharply contrasting alabaster and ivory fragments. This truly striking stone is a wonderful option for memorable interior and exterior applications, including residential and commercial flooring, walls, and granite countertops.</p>'),(68,76,0,23,'<p>Delphine Chandelier is imported from Brazil and features a rich pattern of browns, gold, and black speckles accented by sharply contrasting alabaster and ivory fragments.</p>'),(69,85,0,23,'Sarpaneva casserole'),(70,75,0,24,'<p>Delphine Chandelier is imported from Brazil and features a rich pattern of browns, gold, and black speckles accented by sharply contrasting alabaster and ivory fragments. This truly striking stone is a wonderful option for memorable interior and exterior applications, including residential and commercial flooring, walls, and granite countertops.</p>'),(71,76,0,24,'<p>Delphine Chandelier is imported from Brazil and features a rich pattern of browns, gold, and black speckles accented by sharply contrasting alabaster and ivory fragments.</p>'),(72,85,0,24,'Marble wall clock'),(73,75,0,25,'<p>Delphine Chandelier is imported from Brazil and features a rich pattern of browns, gold, and black speckles accented by sharply contrasting alabaster and ivory fragments. This truly striking stone is a wonderful option for memorable interior and exterior applications, including residential and commercial flooring, walls, and granite countertops.</p>'),(74,76,0,25,'<p>Delphine Chandelier is imported from Brazil and features a rich pattern of browns, gold, and black speckles accented by sharply contrasting alabaster and ivory fragments.</p>'),(75,85,0,25,' P12 Rockinghorse'),(76,75,0,26,'<p>Delphine Chandelier is imported from Brazil and features a rich pattern of browns, gold, and black speckles accented by sharply contrasting alabaster and ivory fragments. This truly striking stone is a wonderful option for memorable interior and exterior applications, including residential and commercial flooring, walls, and granite countertops.</p>'),(77,76,0,26,'<p>Delphine Chandelier is imported from Brazil and features a rich pattern of browns, gold, and black speckles accented by sharply contrasting alabaster and ivory fragments.</p>'),(78,85,0,26,'Small Dustpan & Brush Set'),(79,75,0,27,'<p>Delphine Chandelier is imported from Brazil and features a rich pattern of browns, gold, and black speckles accented by sharply contrasting alabaster and ivory fragments. This truly striking stone is a wonderful option for memorable interior and exterior applications, including residential and commercial flooring, walls, and granite countertops.</p>'),(80,76,0,27,'<p>Delphine Chandelier is imported from Brazil and features a rich pattern of browns, gold, and black speckles accented by sharply contrasting alabaster and ivory fragments.</p>'),(81,85,0,27,'Drop colander'),(82,75,0,28,'\r\n\r\nDelphine Chandelier is imported from Brazil and features a rich pattern of browns, gold, and black speckles accented by sharply contrasting alabaster and ivory fragments. This truly striking stone is a wonderful option for memorable interior and exterior applications, including residential and commercial flooring, walls, and granite countertops.'),(83,76,0,28,'Delphine Chandelier is imported from Brazil and features a rich pattern of browns, gold, and black speckles accented by sharply contrasting alabaster and ivory fragments.'),(84,85,0,28,'Wonderful Geometric'),(85,75,0,29,'\r\n\r\nDelphine Chandelier is imported from Brazil and features a rich pattern of browns, gold, and black speckles accented by sharply contrasting alabaster and ivory fragments. This truly striking stone is a wonderful option for memorable interior and exterior applications, including residential and commercial flooring, walls, and granite countertops.'),(86,76,0,29,'Delphine Chandelier is imported from Brazil and features a rich pattern of browns, gold, and black speckles accented by sharply contrasting alabaster and ivory fragments.'),(87,85,0,29,'Wonderful Geometric'),(88,75,0,30,'\r\n\r\nDelphine Chandelier is imported from Brazil and features a rich pattern of browns, gold, and black speckles accented by sharply contrasting alabaster and ivory fragments. This truly striking stone is a wonderful option for memorable interior and exterior applications, including residential and commercial flooring, walls, and granite countertops.'),(89,76,0,30,'Delphine Chandelier is imported from Brazil and features a rich pattern of browns, gold, and black speckles accented by sharply contrasting alabaster and ivory fragments.'),(90,85,0,30,'Wonderful Geometric'),(91,75,0,31,'\r\n\r\nDelphine Chandelier is imported from Brazil and features a rich pattern of browns, gold, and black speckles accented by sharply contrasting alabaster and ivory fragments. This truly striking stone is a wonderful option for memorable interior and exterior applications, including residential and commercial flooring, walls, and granite countertops.'),(92,76,0,31,'Delphine Chandelier is imported from Brazil and features a rich pattern of browns, gold, and black speckles accented by sharply contrasting alabaster and ivory fragments.'),(93,85,0,31,'Wonderful Geometric'),(94,75,0,32,'<p>Delphine Chandelier is imported from Brazil and features a rich pattern of browns, gold, and black speckles accented by sharply contrasting alabaster and ivory fragments. This truly striking stone is a wonderful option for memorable interior and exterior applications, including residential and commercial flooring, walls, and granite countertops.</p>'),(95,76,0,32,'<p>Delphine Chandelier is imported from Brazil and features a rich pattern of browns, gold, and black speckles accented by sharply contrasting alabaster and ivory fragments.</p>'),(96,85,0,32,'Crewneck Blouse'),(97,75,0,33,'<p>Delphine Chandelier is imported from Brazil and features a rich pattern of browns, gold, and black speckles accented by sharply contrasting alabaster and ivory fragments. This truly striking stone is a wonderful option for memorable interior and exterior applications, including residential and commercial flooring, walls, and granite countertops.</p>'),(98,76,0,33,'<p>Delphine Chandelier is imported from Brazil and features a rich pattern of browns, gold, and black speckles accented by sharply contrasting alabaster and ivory fragments.</p>'),(99,85,0,33,'Boxy Runway T-Shirt'),(100,75,0,34,'<p>Delphine Chandelier is imported from Brazil and features a rich pattern of browns, gold, and black speckles accented by sharply contrasting alabaster and ivory fragments. This truly striking stone is a wonderful option for memorable interior and exterior applications, including residential and commercial flooring, walls, and granite countertops.</p>'),(101,76,0,34,'<p>Delphine Chandelier is imported from Brazil and features a rich pattern of browns, gold, and black speckles accented by sharply contrasting alabaster and ivory fragments.</p>'),(102,85,0,34,'Blue Raincoat'),(103,75,0,35,'<p>Delphine Chandelier is imported from Brazil and features a rich pattern of browns, gold, and black speckles accented by sharply contrasting alabaster and ivory fragments. This truly striking stone is a wonderful option for memorable interior and exterior applications, including residential and commercial flooring, walls, and granite countertops.</p>'),(104,76,0,35,'<p>Delphine Chandelier is imported from Brazil and features a rich pattern of browns, gold, and black speckles accented by sharply contrasting alabaster and ivory fragments.</p>'),(105,85,0,35,'Bomber in Cotton'),(106,75,0,36,'<p>Delphine Chandelier is imported from Brazil and features a rich pattern of browns, gold, and black speckles accented by sharply contrasting alabaster and ivory fragments. This truly striking stone is a wonderful option for memorable interior and exterior applications, including residential and commercial flooring, walls, and granite countertops.</p>'),(107,76,0,36,'<p>Delphine Chandelier is imported from Brazil and features a rich pattern of browns, gold, and black speckles accented by sharply contrasting alabaster and ivory fragments.</p>'),(108,85,0,36,'Sleeveless Dress'),(109,75,0,37,'<p>Delphine Chandelier is imported from Brazil and features a rich pattern of browns, gold, and black speckles accented by sharply contrasting alabaster and ivory fragments. This truly striking stone is a wonderful option for memorable interior and exterior applications, including residential and commercial flooring, walls, and granite countertops.</p>'),(110,76,0,37,'<p>Delphine Chandelier is imported from Brazil and features a rich pattern of browns, gold, and black speckles accented by sharply contrasting alabaster and ivory fragments.</p>'),(111,85,0,37,'Hooded Coat'),(112,75,0,38,'<p>Delphine Chandelier is imported from Brazil and features a rich pattern of browns, gold, and black speckles accented by sharply contrasting alabaster and ivory fragments. This truly striking stone is a wonderful option for memorable interior and exterior applications, including residential and commercial flooring, walls, and granite countertops.</p>'),(113,76,0,38,'<p>Delphine Chandelier is imported from Brazil and features a rich pattern of browns, gold, and black speckles accented by sharply contrasting alabaster and ivory fragments.</p>'),(114,85,0,38,'Light Felt Coat'),(115,75,0,39,'<p>Delphine Chandelier is imported from Brazil and features a rich pattern of browns, gold, and black speckles accented by sharply contrasting alabaster and ivory fragments. This truly striking stone is a wonderful option for memorable interior and exterior applications, including residential and commercial flooring, walls, and granite countertops.</p>'),(116,76,0,39,'<p>Delphine Chandelier is imported from Brazil and features a rich pattern of browns, gold, and black speckles accented by sharply contrasting alabaster and ivory fragments.</p>'),(117,85,0,39,'Flared Skirts'),(118,75,0,40,'<p>Delphine Chandelier is imported from Brazil and features a rich pattern of browns, gold, and black speckles accented by sharply contrasting alabaster and ivory fragments. This truly striking stone is a wonderful option for memorable interior and exterior applications, including residential and commercial flooring, walls, and granite countertops.</p>'),(119,76,0,40,'<p>Delphine Chandelier is imported from Brazil and features a rich pattern of browns, gold, and black speckles accented by sharply contrasting alabaster and ivory fragments.</p>'),(120,85,0,40,'Cotton Jacket'),(121,75,0,41,'<p>Delphine Chandelier is imported from Brazil and features a rich pattern of browns, gold, and black speckles accented by sharply contrasting alabaster and ivory fragments. This truly striking stone is a wonderful option for memorable interior and exterior applications, including residential and commercial flooring, walls, and granite countertops.</p>'),(122,76,0,41,'<p>Delphine Chandelier is imported from Brazil and features a rich pattern of browns, gold, and black speckles accented by sharply contrasting alabaster and ivory fragments.</p>'),(123,85,0,41,'Cotton Poplin Dress'),(124,75,0,42,'<p>Delphine Chandelier is imported from Brazil and features a rich pattern of browns, gold, and black speckles accented by sharply contrasting alabaster and ivory fragments. This truly striking stone is a wonderful option for memorable interior and exterior applications, including residential and commercial flooring, walls, and granite countertops.</p>'),(125,76,0,42,'<p>Delphine Chandelier is imported from Brazil and features a rich pattern of browns, gold, and black speckles accented by sharply contrasting alabaster and ivory fragments.</p>'),(126,85,0,42,'Cotton T-shirt'),(130,75,0,44,'<p>84% Polyester, 16% Elastane<br />Imported<br />Rubber sole<br />Shaft measures approximately low-top from arch<br />NEUTRAL: For runners who need a balance of flexibility &amp; cushioning<br />Lightweight mesh upper with 3-color digital print delivers complete breathability<br />Durable leather overlays for stability &amp; that locks in your midfoot<br />EVA sockliner provides soft, step-in comfort<br />Charged Cushioning midsole uses compression molded foam for even greater responsiveness &amp; durability, providing optimal cushioning &amp; energy return</p>\r\n<p>Department: Mens<br />Manufacturer: Under Armour<br />ASIN: B07G7ZCZPZ<br />UNSPSC Code: 53111900</p>'),(131,76,0,44,'<table class=\"woocommerce-product-attributes shop_attributes\">\r\n<tbody>\r\n<tr class=\"woocommerce-product-attributes-item woocommerce-product-attributes-item--attribute_department\">\r\n<th class=\"woocommerce-product-attributes-item__label\">Department</th>\r\n<td class=\"woocommerce-product-attributes-item__value\">\r\n<p>Mens</p>\r\n</td>\r\n</tr>\r\n<tr class=\"woocommerce-product-attributes-item woocommerce-product-attributes-item--attribute_manufacturer\">\r\n<th class=\"woocommerce-product-attributes-item__label\">Manufacturer</th>\r\n<td class=\"woocommerce-product-attributes-item__value\">\r\n<p>Under Armour</p>\r\n</td>\r\n</tr>\r\n<tr class=\"woocommerce-product-attributes-item woocommerce-product-attributes-item--attribute_asin\">\r\n<th class=\"woocommerce-product-attributes-item__label\">ASIN</th>\r\n<td class=\"woocommerce-product-attributes-item__value\">\r\n<p>B07G7ZCZPZ</p>\r\n</td>\r\n</tr>\r\n<tr class=\"woocommerce-product-attributes-item woocommerce-product-attributes-item--attribute_unspsc-code\">\r\n<th class=\"woocommerce-product-attributes-item__label\">UNSPSC Code</th>\r\n<td class=\"woocommerce-product-attributes-item__value\">\r\n<p>53111900</p>\r\n</td>\r\n</tr>\r\n</tbody>\r\n</table>'),(132,85,0,44,'Nike Air Max Motion 2 Sneakers'),(133,75,0,45,'<p>84% Polyester, 16% Elastane<br />Imported<br />Rubber sole<br />Shaft measures approximately low-top from arch<br />NEUTRAL: For runners who need a balance of flexibility &amp; cushioning<br />Lightweight mesh upper with 3-color digital print delivers complete breathability<br />Durable leather overlays for stability &amp; that locks in your midfoot<br />EVA sockliner provides soft, step-in comfort<br />Charged Cushioning midsole uses compression molded foam for even greater responsiveness &amp; durability, providing optimal cushioning &amp; energy return</p>\r\n<p>Department: Mens<br />Manufacturer: Under Armour<br />ASIN: B07G7ZCZPZ<br />UNSPSC Code: 53111900</p>'),(134,76,0,45,'<table class=\"woocommerce-product-attributes shop_attributes\">\r\n<tbody>\r\n<tr class=\"woocommerce-product-attributes-item woocommerce-product-attributes-item--attribute_department\">\r\n<th class=\"woocommerce-product-attributes-item__label\">Department</th>\r\n<td class=\"woocommerce-product-attributes-item__value\">\r\n<p>Mens</p>\r\n</td>\r\n</tr>\r\n<tr class=\"woocommerce-product-attributes-item woocommerce-product-attributes-item--attribute_manufacturer\">\r\n<th class=\"woocommerce-product-attributes-item__label\">Manufacturer</th>\r\n<td class=\"woocommerce-product-attributes-item__value\">\r\n<p>Under Armour</p>\r\n</td>\r\n</tr>\r\n<tr class=\"woocommerce-product-attributes-item woocommerce-product-attributes-item--attribute_asin\">\r\n<th class=\"woocommerce-product-attributes-item__label\">ASIN</th>\r\n<td class=\"woocommerce-product-attributes-item__value\">\r\n<p>B07G7ZCZPZ</p>\r\n</td>\r\n</tr>\r\n<tr class=\"woocommerce-product-attributes-item woocommerce-product-attributes-item--attribute_unspsc-code\">\r\n<th class=\"woocommerce-product-attributes-item__label\">UNSPSC Code</th>\r\n<td class=\"woocommerce-product-attributes-item__value\">\r\n<p>53111900</p>\r\n</td>\r\n</tr>\r\n</tbody>\r\n</table>'),(135,85,0,45,'Fila Memory Vernato Windlift'),(136,75,0,46,'<p>84% Polyester, 16% Elastane<br />Imported<br />Rubber sole<br />Shaft measures approximately low-top from arch<br />NEUTRAL: For runners who need a balance of flexibility &amp; cushioning<br />Lightweight mesh upper with 3-color digital print delivers complete breathability<br />Durable leather overlays for stability &amp; that locks in your midfoot<br />EVA sockliner provides soft, step-in comfort<br />Charged Cushioning midsole uses compression molded foam for even greater responsiveness &amp; durability, providing optimal cushioning &amp; energy return</p>\r\n<p>Department: Mens<br />Manufacturer: Under Armour<br />ASIN: B07G7ZCZPZ<br />UNSPSC Code: 53111900</p>'),(137,76,0,46,'<table class=\"woocommerce-product-attributes shop_attributes\">\r\n<tbody>\r\n<tr class=\"woocommerce-product-attributes-item woocommerce-product-attributes-item--attribute_department\">\r\n<th class=\"woocommerce-product-attributes-item__label\">Department</th>\r\n<td class=\"woocommerce-product-attributes-item__value\">\r\n<p>Mens</p>\r\n</td>\r\n</tr>\r\n<tr class=\"woocommerce-product-attributes-item woocommerce-product-attributes-item--attribute_manufacturer\">\r\n<th class=\"woocommerce-product-attributes-item__label\">Manufacturer</th>\r\n<td class=\"woocommerce-product-attributes-item__value\">\r\n<p>Under Armour</p>\r\n</td>\r\n</tr>\r\n<tr class=\"woocommerce-product-attributes-item woocommerce-product-attributes-item--attribute_asin\">\r\n<th class=\"woocommerce-product-attributes-item__label\">ASIN</th>\r\n<td class=\"woocommerce-product-attributes-item__value\">\r\n<p>B07G7ZCZPZ</p>\r\n</td>\r\n</tr>\r\n<tr class=\"woocommerce-product-attributes-item woocommerce-product-attributes-item--attribute_unspsc-code\">\r\n<th class=\"woocommerce-product-attributes-item__label\">UNSPSC Code</th>\r\n<td class=\"woocommerce-product-attributes-item__value\">\r\n<p>53111900</p>\r\n</td>\r\n</tr>\r\n</tbody>\r\n</table>'),(138,85,0,46,'New Balance Draft Running Shoes'),(139,75,0,47,'<p>84% Polyester, 16% Elastane<br />Imported<br />Rubber sole<br />Shaft measures approximately low-top from arch<br />NEUTRAL: For runners who need a balance of flexibility &amp; cushioning<br />Lightweight mesh upper with 3-color digital print delivers complete breathability<br />Durable leather overlays for stability &amp; that locks in your midfoot<br />EVA sockliner provides soft, step-in comfort<br />Charged Cushioning midsole uses compression molded foam for even greater responsiveness &amp; durability, providing optimal cushioning &amp; energy return</p>\r\n<p>Department: Mens<br />Manufacturer: Under Armour<br />ASIN: B07G7ZCZPZ<br />UNSPSC Code: 53111900</p>'),(140,76,0,47,'<table class=\"woocommerce-product-attributes shop_attributes\">\r\n<tbody>\r\n<tr class=\"woocommerce-product-attributes-item woocommerce-product-attributes-item--attribute_department\">\r\n<th class=\"woocommerce-product-attributes-item__label\">Department</th>\r\n<td class=\"woocommerce-product-attributes-item__value\">\r\n<p>Mens</p>\r\n</td>\r\n</tr>\r\n<tr class=\"woocommerce-product-attributes-item woocommerce-product-attributes-item--attribute_manufacturer\">\r\n<th class=\"woocommerce-product-attributes-item__label\">Manufacturer</th>\r\n<td class=\"woocommerce-product-attributes-item__value\">\r\n<p>Under Armour</p>\r\n</td>\r\n</tr>\r\n<tr class=\"woocommerce-product-attributes-item woocommerce-product-attributes-item--attribute_asin\">\r\n<th class=\"woocommerce-product-attributes-item__label\">ASIN</th>\r\n<td class=\"woocommerce-product-attributes-item__value\">\r\n<p>B07G7ZCZPZ</p>\r\n</td>\r\n</tr>\r\n<tr class=\"woocommerce-product-attributes-item woocommerce-product-attributes-item--attribute_unspsc-code\">\r\n<th class=\"woocommerce-product-attributes-item__label\">UNSPSC Code</th>\r\n<td class=\"woocommerce-product-attributes-item__value\">\r\n<p>53111900</p>\r\n</td>\r\n</tr>\r\n</tbody>\r\n</table>'),(141,85,0,47,'Dynamight Paradise Wave Sneakers'),(142,75,0,48,'<p>84% Polyester, 16% Elastane<br />Imported<br />Rubber sole<br />Shaft measures approximately low-top from arch<br />NEUTRAL: For runners who need a balance of flexibility &amp; cushioning<br />Lightweight mesh upper with 3-color digital print delivers complete breathability<br />Durable leather overlays for stability &amp; that locks in your midfoot<br />EVA sockliner provides soft, step-in comfort<br />Charged Cushioning midsole uses compression molded foam for even greater responsiveness &amp; durability, providing optimal cushioning &amp; energy return</p>\r\n<p>Department: Mens<br />Manufacturer: Under Armour<br />ASIN: B07G7ZCZPZ<br />UNSPSC Code: 53111900</p>'),(143,76,0,48,'<table class=\"woocommerce-product-attributes shop_attributes\">\r\n<tbody>\r\n<tr class=\"woocommerce-product-attributes-item woocommerce-product-attributes-item--attribute_department\">\r\n<th class=\"woocommerce-product-attributes-item__label\">Department</th>\r\n<td class=\"woocommerce-product-attributes-item__value\">\r\n<p>Mens</p>\r\n</td>\r\n</tr>\r\n<tr class=\"woocommerce-product-attributes-item woocommerce-product-attributes-item--attribute_manufacturer\">\r\n<th class=\"woocommerce-product-attributes-item__label\">Manufacturer</th>\r\n<td class=\"woocommerce-product-attributes-item__value\">\r\n<p>Under Armour</p>\r\n</td>\r\n</tr>\r\n<tr class=\"woocommerce-product-attributes-item woocommerce-product-attributes-item--attribute_asin\">\r\n<th class=\"woocommerce-product-attributes-item__label\">ASIN</th>\r\n<td class=\"woocommerce-product-attributes-item__value\">\r\n<p>B07G7ZCZPZ</p>\r\n</td>\r\n</tr>\r\n<tr class=\"woocommerce-product-attributes-item woocommerce-product-attributes-item--attribute_unspsc-code\">\r\n<th class=\"woocommerce-product-attributes-item__label\">UNSPSC Code</th>\r\n<td class=\"woocommerce-product-attributes-item__value\">\r\n<p>53111900</p>\r\n</td>\r\n</tr>\r\n</tbody>\r\n</table>'),(144,85,0,48,'Adidas Sport X Running Shoes'),(145,75,0,49,'<p>84% Polyester, 16% Elastane<br />Imported<br />Rubber sole<br />Shaft measures approximately low-top from arch<br />NEUTRAL: For runners who need a balance of flexibility &amp; cushioning<br />Lightweight mesh upper with 3-color digital print delivers complete breathability<br />Durable leather overlays for stability &amp; that locks in your midfoot<br />EVA sockliner provides soft, step-in comfort<br />Charged Cushioning midsole uses compression molded foam for even greater responsiveness &amp; durability, providing optimal cushioning &amp; energy return</p>\r\n<p>Department: Mens<br />Manufacturer: Under Armour<br />ASIN: B07G7ZCZPZ<br />UNSPSC Code: 53111900</p>'),(146,76,0,49,'<table class=\"woocommerce-product-attributes shop_attributes\">\r\n<tbody>\r\n<tr class=\"woocommerce-product-attributes-item woocommerce-product-attributes-item--attribute_department\">\r\n<th class=\"woocommerce-product-attributes-item__label\">Department</th>\r\n<td class=\"woocommerce-product-attributes-item__value\">\r\n<p>Mens</p>\r\n</td>\r\n</tr>\r\n<tr class=\"woocommerce-product-attributes-item woocommerce-product-attributes-item--attribute_manufacturer\">\r\n<th class=\"woocommerce-product-attributes-item__label\">Manufacturer</th>\r\n<td class=\"woocommerce-product-attributes-item__value\">\r\n<p>Under Armour</p>\r\n</td>\r\n</tr>\r\n<tr class=\"woocommerce-product-attributes-item woocommerce-product-attributes-item--attribute_asin\">\r\n<th class=\"woocommerce-product-attributes-item__label\">ASIN</th>\r\n<td class=\"woocommerce-product-attributes-item__value\">\r\n<p>B07G7ZCZPZ</p>\r\n</td>\r\n</tr>\r\n<tr class=\"woocommerce-product-attributes-item woocommerce-product-attributes-item--attribute_unspsc-code\">\r\n<th class=\"woocommerce-product-attributes-item__label\">UNSPSC Code</th>\r\n<td class=\"woocommerce-product-attributes-item__value\">\r\n<p>53111900</p>\r\n</td>\r\n</tr>\r\n</tbody>\r\n</table>'),(147,85,0,49,'Puma Pacer Cage Sneakers'),(148,75,0,50,'<p>84% Polyester, 16% Elastane<br />Imported<br />Rubber sole<br />Shaft measures approximately low-top from arch<br />NEUTRAL: For runners who need a balance of flexibility &amp; cushioning<br />Lightweight mesh upper with 3-color digital print delivers complete breathability<br />Durable leather overlays for stability &amp; that locks in your midfoot<br />EVA sockliner provides soft, step-in comfort<br />Charged Cushioning midsole uses compression molded foam for even greater responsiveness &amp; durability, providing optimal cushioning &amp; energy return</p>\r\n<p>Department: Mens<br />Manufacturer: Under Armour<br />ASIN: B07G7ZCZPZ<br />UNSPSC Code: 53111900</p>'),(149,76,0,50,'<table class=\"woocommerce-product-attributes shop_attributes\">\r\n<tbody>\r\n<tr class=\"woocommerce-product-attributes-item woocommerce-product-attributes-item--attribute_department\">\r\n<th class=\"woocommerce-product-attributes-item__label\">Department</th>\r\n<td class=\"woocommerce-product-attributes-item__value\">\r\n<p>Mens</p>\r\n</td>\r\n</tr>\r\n<tr class=\"woocommerce-product-attributes-item woocommerce-product-attributes-item--attribute_manufacturer\">\r\n<th class=\"woocommerce-product-attributes-item__label\">Manufacturer</th>\r\n<td class=\"woocommerce-product-attributes-item__value\">\r\n<p>Under Armour</p>\r\n</td>\r\n</tr>\r\n<tr class=\"woocommerce-product-attributes-item woocommerce-product-attributes-item--attribute_asin\">\r\n<th class=\"woocommerce-product-attributes-item__label\">ASIN</th>\r\n<td class=\"woocommerce-product-attributes-item__value\">\r\n<p>B07G7ZCZPZ</p>\r\n</td>\r\n</tr>\r\n<tr class=\"woocommerce-product-attributes-item woocommerce-product-attributes-item--attribute_unspsc-code\">\r\n<th class=\"woocommerce-product-attributes-item__label\">UNSPSC Code</th>\r\n<td class=\"woocommerce-product-attributes-item__value\">\r\n<p>53111900</p>\r\n</td>\r\n</tr>\r\n</tbody>\r\n</table>'),(150,85,0,50,'Asher Slip-On Skate Shoes'),(151,75,0,51,'<p>84% Polyester, 16% Elastane<br />Imported<br />Rubber sole<br />Shaft measures approximately low-top from arch<br />NEUTRAL: For runners who need a balance of flexibility &amp; cushioning<br />Lightweight mesh upper with 3-color digital print delivers complete breathability<br />Durable leather overlays for stability &amp; that locks in your midfoot<br />EVA sockliner provides soft, step-in comfort<br />Charged Cushioning midsole uses compression molded foam for even greater responsiveness &amp; durability, providing optimal cushioning &amp; energy return</p>\r\n<p>Department: Mens<br />Manufacturer: Under Armour<br />ASIN: B07G7ZCZPZ<br />UNSPSC Code: 53111900</p>'),(152,76,0,51,'<table class=\"woocommerce-product-attributes shop_attributes\">\r\n<tbody>\r\n<tr class=\"woocommerce-product-attributes-item woocommerce-product-attributes-item--attribute_department\">\r\n<th class=\"woocommerce-product-attributes-item__label\">Department</th>\r\n<td class=\"woocommerce-product-attributes-item__value\">\r\n<p>Mens</p>\r\n</td>\r\n</tr>\r\n<tr class=\"woocommerce-product-attributes-item woocommerce-product-attributes-item--attribute_manufacturer\">\r\n<th class=\"woocommerce-product-attributes-item__label\">Manufacturer</th>\r\n<td class=\"woocommerce-product-attributes-item__value\">\r\n<p>Under Armour</p>\r\n</td>\r\n</tr>\r\n<tr class=\"woocommerce-product-attributes-item woocommerce-product-attributes-item--attribute_asin\">\r\n<th class=\"woocommerce-product-attributes-item__label\">ASIN</th>\r\n<td class=\"woocommerce-product-attributes-item__value\">\r\n<p>B07G7ZCZPZ</p>\r\n</td>\r\n</tr>\r\n<tr class=\"woocommerce-product-attributes-item woocommerce-product-attributes-item--attribute_unspsc-code\">\r\n<th class=\"woocommerce-product-attributes-item__label\">UNSPSC Code</th>\r\n<td class=\"woocommerce-product-attributes-item__value\">\r\n<p>53111900</p>\r\n</td>\r\n</tr>\r\n</tbody>\r\n</table>'),(153,85,0,51,'Hike Slip-On Flatform Sneakers'),(154,75,0,52,'<p>84% Polyester, 16% Elastane<br />Imported<br />Rubber sole<br />Shaft measures approximately low-top from arch<br />NEUTRAL: For runners who need a balance of flexibility &amp; cushioning<br />Lightweight mesh upper with 3-color digital print delivers complete breathability<br />Durable leather overlays for stability &amp; that locks in your midfoot<br />EVA sockliner provides soft, step-in comfort<br />Charged Cushioning midsole uses compression molded foam for even greater responsiveness &amp; durability, providing optimal cushioning &amp; energy return</p>\r\n<p>Department: Mens<br />Manufacturer: Under Armour<br />ASIN: B07G7ZCZPZ<br />UNSPSC Code: 53111900</p>'),(155,76,0,52,'<table class=\"woocommerce-product-attributes shop_attributes\">\r\n<tbody>\r\n<tr class=\"woocommerce-product-attributes-item woocommerce-product-attributes-item--attribute_department\">\r\n<th class=\"woocommerce-product-attributes-item__label\">Department</th>\r\n<td class=\"woocommerce-product-attributes-item__value\">\r\n<p>Mens</p>\r\n</td>\r\n</tr>\r\n<tr class=\"woocommerce-product-attributes-item woocommerce-product-attributes-item--attribute_manufacturer\">\r\n<th class=\"woocommerce-product-attributes-item__label\">Manufacturer</th>\r\n<td class=\"woocommerce-product-attributes-item__value\">\r\n<p>Under Armour</p>\r\n</td>\r\n</tr>\r\n<tr class=\"woocommerce-product-attributes-item woocommerce-product-attributes-item--attribute_asin\">\r\n<th class=\"woocommerce-product-attributes-item__label\">ASIN</th>\r\n<td class=\"woocommerce-product-attributes-item__value\">\r\n<p>B07G7ZCZPZ</p>\r\n</td>\r\n</tr>\r\n<tr class=\"woocommerce-product-attributes-item woocommerce-product-attributes-item--attribute_unspsc-code\">\r\n<th class=\"woocommerce-product-attributes-item__label\">UNSPSC Code</th>\r\n<td class=\"woocommerce-product-attributes-item__value\">\r\n<p>53111900</p>\r\n</td>\r\n</tr>\r\n</tbody>\r\n</table>'),(156,85,0,52,'Fila Memory Finition Sneakers'),(157,75,0,53,'<p>84% Polyester, 16% Elastane<br />Imported<br />Rubber sole<br />Shaft measures approximately low-top from arch<br />NEUTRAL: For runners who need a balance of flexibility &amp; cushioning<br />Lightweight mesh upper with 3-color digital print delivers complete breathability<br />Durable leather overlays for stability &amp; that locks in your midfoot<br />EVA sockliner provides soft, step-in comfort<br />Charged Cushioning midsole uses compression molded foam for even greater responsiveness &amp; durability, providing optimal cushioning &amp; energy return</p>\r\n<p>Department: Mens<br />Manufacturer: Under Armour<br />ASIN: B07G7ZCZPZ<br />UNSPSC Code: 53111900</p>'),(158,76,0,53,'<table class=\"woocommerce-product-attributes shop_attributes\">\r\n<tbody>\r\n<tr class=\"woocommerce-product-attributes-item woocommerce-product-attributes-item--attribute_department\">\r\n<th class=\"woocommerce-product-attributes-item__label\">Department</th>\r\n<td class=\"woocommerce-product-attributes-item__value\">\r\n<p>Mens</p>\r\n</td>\r\n</tr>\r\n<tr class=\"woocommerce-product-attributes-item woocommerce-product-attributes-item--attribute_manufacturer\">\r\n<th class=\"woocommerce-product-attributes-item__label\">Manufacturer</th>\r\n<td class=\"woocommerce-product-attributes-item__value\">\r\n<p>Under Armour</p>\r\n</td>\r\n</tr>\r\n<tr class=\"woocommerce-product-attributes-item woocommerce-product-attributes-item--attribute_asin\">\r\n<th class=\"woocommerce-product-attributes-item__label\">ASIN</th>\r\n<td class=\"woocommerce-product-attributes-item__value\">\r\n<p>B07G7ZCZPZ</p>\r\n</td>\r\n</tr>\r\n<tr class=\"woocommerce-product-attributes-item woocommerce-product-attributes-item--attribute_unspsc-code\">\r\n<th class=\"woocommerce-product-attributes-item__label\">UNSPSC Code</th>\r\n<td class=\"woocommerce-product-attributes-item__value\">\r\n<p>53111900</p>\r\n</td>\r\n</tr>\r\n</tbody>\r\n</table>'),(159,85,0,53,'Strength Slip-On Sneakers'),(160,75,0,54,'<p>84% Polyester, 16% Elastane<br />Imported<br />Rubber sole<br />Shaft measures approximately low-top from arch<br />NEUTRAL: For runners who need a balance of flexibility &amp; cushioning<br />Lightweight mesh upper with 3-color digital print delivers complete breathability<br />Durable leather overlays for stability &amp; that locks in your midfoot<br />EVA sockliner provides soft, step-in comfort<br />Charged Cushioning midsole uses compression molded foam for even greater responsiveness &amp; durability, providing optimal cushioning &amp; energy return</p>\r\n<p>Department: Mens<br />Manufacturer: Under Armour<br />ASIN: B07G7ZCZPZ<br />UNSPSC Code: 53111900</p>'),(161,76,0,54,'<table class=\"woocommerce-product-attributes shop_attributes\">\r\n<tbody>\r\n<tr class=\"woocommerce-product-attributes-item woocommerce-product-attributes-item--attribute_department\">\r\n<th class=\"woocommerce-product-attributes-item__label\">Department</th>\r\n<td class=\"woocommerce-product-attributes-item__value\">\r\n<p>Mens</p>\r\n</td>\r\n</tr>\r\n<tr class=\"woocommerce-product-attributes-item woocommerce-product-attributes-item--attribute_manufacturer\">\r\n<th class=\"woocommerce-product-attributes-item__label\">Manufacturer</th>\r\n<td class=\"woocommerce-product-attributes-item__value\">\r\n<p>Under Armour</p>\r\n</td>\r\n</tr>\r\n<tr class=\"woocommerce-product-attributes-item woocommerce-product-attributes-item--attribute_asin\">\r\n<th class=\"woocommerce-product-attributes-item__label\">ASIN</th>\r\n<td class=\"woocommerce-product-attributes-item__value\">\r\n<p>B07G7ZCZPZ</p>\r\n</td>\r\n</tr>\r\n<tr class=\"woocommerce-product-attributes-item woocommerce-product-attributes-item--attribute_unspsc-code\">\r\n<th class=\"woocommerce-product-attributes-item__label\">UNSPSC Code</th>\r\n<td class=\"woocommerce-product-attributes-item__value\">\r\n<p>53111900</p>\r\n</td>\r\n</tr>\r\n</tbody>\r\n</table>'),(162,85,0,54,'Puma Axelion Knit Sneakers'),(163,75,0,55,'<p>84% Polyester, 16% Elastane<br />Imported<br />Rubber sole<br />Shaft measures approximately low-top from arch<br />NEUTRAL: For runners who need a balance of flexibility &amp; cushioning<br />Lightweight mesh upper with 3-color digital print delivers complete breathability<br />Durable leather overlays for stability &amp; that locks in your midfoot<br />EVA sockliner provides soft, step-in comfort<br />Charged Cushioning midsole uses compression molded foam for even greater responsiveness &amp; durability, providing optimal cushioning &amp; energy return</p>\r\n<p>Department: Mens<br />Manufacturer: Under Armour<br />ASIN: B07G7ZCZPZ<br />UNSPSC Code: 53111900</p>'),(164,76,0,55,'<table class=\"woocommerce-product-attributes shop_attributes\">\r\n<tbody>\r\n<tr class=\"woocommerce-product-attributes-item woocommerce-product-attributes-item--attribute_department\">\r\n<th class=\"woocommerce-product-attributes-item__label\">Department</th>\r\n<td class=\"woocommerce-product-attributes-item__value\">\r\n<p>Mens</p>\r\n</td>\r\n</tr>\r\n<tr class=\"woocommerce-product-attributes-item woocommerce-product-attributes-item--attribute_manufacturer\">\r\n<th class=\"woocommerce-product-attributes-item__label\">Manufacturer</th>\r\n<td class=\"woocommerce-product-attributes-item__value\">\r\n<p>Under Armour</p>\r\n</td>\r\n</tr>\r\n<tr class=\"woocommerce-product-attributes-item woocommerce-product-attributes-item--attribute_asin\">\r\n<th class=\"woocommerce-product-attributes-item__label\">ASIN</th>\r\n<td class=\"woocommerce-product-attributes-item__value\">\r\n<p>B07G7ZCZPZ</p>\r\n</td>\r\n</tr>\r\n<tr class=\"woocommerce-product-attributes-item woocommerce-product-attributes-item--attribute_unspsc-code\">\r\n<th class=\"woocommerce-product-attributes-item__label\">UNSPSC Code</th>\r\n<td class=\"woocommerce-product-attributes-item__value\">\r\n<p>53111900</p>\r\n</td>\r\n</tr>\r\n</tbody>\r\n</table>'),(165,85,0,55,'Nike Lebron Witness'),(166,75,0,56,'<p>84% Polyester, 16% Elastane<br />Imported<br />Rubber sole<br />Shaft measures approximately low-top from arch<br />NEUTRAL: For runners who need a balance of flexibility &amp; cushioning<br />Lightweight mesh upper with 3-color digital print delivers complete breathability<br />Durable leather overlays for stability &amp; that locks in your midfoot<br />EVA sockliner provides soft, step-in comfort<br />Charged Cushioning midsole uses compression molded foam for even greater responsiveness &amp; durability, providing optimal cushioning &amp; energy return</p>\r\n<p>Department: Mens<br />Manufacturer: Under Armour<br />ASIN: B07G7ZCZPZ<br />UNSPSC Code: 53111900</p>'),(167,76,0,56,'<table class=\"woocommerce-product-attributes shop_attributes\">\r\n<tbody>\r\n<tr class=\"woocommerce-product-attributes-item woocommerce-product-attributes-item--attribute_department\">\r\n<th class=\"woocommerce-product-attributes-item__label\">Department</th>\r\n<td class=\"woocommerce-product-attributes-item__value\">\r\n<p>Mens</p>\r\n</td>\r\n</tr>\r\n<tr class=\"woocommerce-product-attributes-item woocommerce-product-attributes-item--attribute_manufacturer\">\r\n<th class=\"woocommerce-product-attributes-item__label\">Manufacturer</th>\r\n<td class=\"woocommerce-product-attributes-item__value\">\r\n<p>Under Armour</p>\r\n</td>\r\n</tr>\r\n<tr class=\"woocommerce-product-attributes-item woocommerce-product-attributes-item--attribute_asin\">\r\n<th class=\"woocommerce-product-attributes-item__label\">ASIN</th>\r\n<td class=\"woocommerce-product-attributes-item__value\">\r\n<p>B07G7ZCZPZ</p>\r\n</td>\r\n</tr>\r\n<tr class=\"woocommerce-product-attributes-item woocommerce-product-attributes-item--attribute_unspsc-code\">\r\n<th class=\"woocommerce-product-attributes-item__label\">UNSPSC Code</th>\r\n<td class=\"woocommerce-product-attributes-item__value\">\r\n<p>53111900</p>\r\n</td>\r\n</tr>\r\n</tbody>\r\n</table>'),(168,85,0,56,'Nike Reposto Sneakers'),(169,75,0,57,'<p>Delphine Chandelier is imported from Brazil and features a rich pattern of browns, gold, and black speckles accented by sharply contrasting alabaster and ivory fragments. This truly striking stone is a wonderful option for memorable interior and exterior applications, including residential and commercial flooring, walls, and granite countertops.</p>'),(170,76,0,57,'<p>Delphine Chandelier is imported from Brazil and features a rich pattern of browns, gold, and black speckles accented by sharply contrasting alabaster and ivory fragments.</p>'),(171,85,0,57,'Table Temporary Glass                                '),(172,75,0,58,'<p>Delphine Chandelier is imported from Brazil and features a rich pattern of browns, gold, and black speckles accented by sharply contrasting alabaster and ivory fragments. This truly striking stone is a wonderful option for memorable interior and exterior applications, including residential and commercial flooring, walls, and granite countertops.</p>'),(173,76,0,58,'<p>Delphine Chandelier is imported from Brazil and features a rich pattern of browns, gold, and black speckles accented by sharply contrasting alabaster and ivory fragments.</p>'),(174,85,0,58,'Table Temporary Glass                                '),(175,75,0,59,'<p>Delphine Chandelier is imported from Brazil and features a rich pattern of browns, gold, and black speckles accented by sharply contrasting alabaster and ivory fragments. This truly striking stone is a wonderful option for memorable interior and exterior applications, including residential and commercial flooring, walls, and granite countertops.</p>'),(176,76,0,59,'<p>Delphine Chandelier is imported from Brazil and features a rich pattern of browns, gold, and black speckles accented by sharply contrasting alabaster and ivory fragments.</p>'),(177,85,0,59,'Table Temporary Glass                                '),(178,75,0,60,'<p>Delphine Chandelier is imported from Brazil and features a rich pattern of browns, gold, and black speckles accented by sharply contrasting alabaster and ivory fragments. This truly striking stone is a wonderful option for memorable interior and exterior applications, including residential and commercial flooring, walls, and granite countertops.</p>'),(179,76,0,60,'<p>Delphine Chandelier is imported from Brazil and features a rich pattern of browns, gold, and black speckles accented by sharply contrasting alabaster and ivory fragments.</p>'),(180,85,0,60,'Ribbed sweater '),(181,75,0,61,'<p>Delphine Chandelier is imported from Brazil and features a rich pattern of browns, gold, and black speckles accented by sharply contrasting alabaster and ivory fragments. This truly striking stone is a wonderful option for memorable interior and exterior applications, including residential and commercial flooring, walls, and granite countertops.</p>'),(182,76,0,61,'<p>Delphine Chandelier is imported from Brazil and features a rich pattern of browns, gold, and black speckles accented by sharply contrasting alabaster and ivory fragments.</p>'),(183,85,0,61,'Ribbed sweater '),(184,75,0,62,'<p>Delphine Chandelier is imported from Brazil and features a rich pattern of browns, gold, and black speckles accented by sharply contrasting alabaster and ivory fragments. This truly striking stone is a wonderful option for memorable interior and exterior applications, including residential and commercial flooring, walls, and granite countertops.</p>'),(185,76,0,62,'<p>Delphine Chandelier is imported from Brazil and features a rich pattern of browns, gold, and black speckles accented by sharply contrasting alabaster and ivory fragments.</p>'),(186,85,0,62,'Ribbed sweater '),(187,75,0,63,'<p>Delphine Chandelier is imported from Brazil and features a rich pattern of browns, gold, and black speckles accented by sharply contrasting alabaster and ivory fragments. This truly striking stone is a wonderful option for memorable interior and exterior applications, including residential and commercial flooring, walls, and granite countertops.</p>'),(188,76,0,63,'<p>Delphine Chandelier is imported from Brazil and features a rich pattern of browns, gold, and black speckles accented by sharply contrasting alabaster and ivory fragments.</p>'),(189,85,0,63,'Ribbed sweater '),(190,75,0,64,'<p>Delphine Chandelier is imported from Brazil and features a rich pattern of browns, gold, and black speckles accented by sharply contrasting alabaster and ivory fragments. This truly striking stone is a wonderful option for memorable interior and exterior applications, including residential and commercial flooring, walls, and granite countertops.</p>'),(191,76,0,64,'<p>Delphine Chandelier is imported from Brazil and features a rich pattern of browns, gold, and black speckles accented by sharply contrasting alabaster and ivory fragments.</p>'),(192,85,0,64,'Ribbed sweater '),(193,75,0,65,'<p>Delphine Chandelier is imported from Brazil and features a rich pattern of browns, gold, and black speckles accented by sharply contrasting alabaster and ivory fragments. This truly striking stone is a wonderful option for memorable interior and exterior applications, including residential and commercial flooring, walls, and granite countertops.</p>'),(194,76,0,65,'<p>Delphine Chandelier is imported from Brazil and features a rich pattern of browns, gold, and black speckles accented by sharply contrasting alabaster and ivory fragments.</p>'),(195,85,0,65,'Ribbed sweater '),(196,75,0,66,'<p>Delphine Chandelier is imported from Brazil and features a rich pattern of browns, gold, and black speckles accented by sharply contrasting alabaster and ivory fragments. This truly striking stone is a wonderful option for memorable interior and exterior applications, including residential and commercial flooring, walls, and granite countertops.</p>'),(197,76,0,66,'<p>Delphine Chandelier is imported from Brazil and features a rich pattern of browns, gold, and black speckles accented by sharply contrasting alabaster and ivory fragments.</p>'),(198,85,0,66,'Ribbed sweater '),(199,75,0,67,'<p>Delphine Chandelier is imported from Brazil and features a rich pattern of browns, gold, and black speckles accented by sharply contrasting alabaster and ivory fragments. This truly striking stone is a wonderful option for memorable interior and exterior applications, including residential and commercial flooring, walls, and granite countertops.</p>'),(200,76,0,67,'<p>Delphine Chandelier is imported from Brazil and features a rich pattern of browns, gold, and black speckles accented by sharply contrasting alabaster and ivory fragments.</p>'),(201,85,0,67,'Ribbed sweater '),(202,75,0,68,'<p>Delphine Chandelier is imported from Brazil and features a rich pattern of browns, gold, and black speckles accented by sharply contrasting alabaster and ivory fragments. This truly striking stone is a wonderful option for memorable interior and exterior applications, including residential and commercial flooring, walls, and granite countertops.</p>'),(203,76,0,68,'<p>Delphine Chandelier is imported from Brazil and features a rich pattern of browns, gold, and black speckles accented by sharply contrasting alabaster and ivory fragments.</p>'),(204,85,0,68,'Ribbed sweater '),(205,75,0,69,'<p>Delphine Chandelier is imported from Brazil and features a rich pattern of browns, gold, and black speckles accented by sharply contrasting alabaster and ivory fragments. This truly striking stone is a wonderful option for memorable interior and exterior applications, including residential and commercial flooring, walls, and granite countertops.</p>'),(206,76,0,69,'<p>Delphine Chandelier is imported from Brazil and features a rich pattern of browns, gold, and black speckles accented by sharply contrasting alabaster and ivory fragments.</p>'),(207,85,0,69,'Table Temporary Glass                                '),(208,75,0,70,'<p>84% Polyester, 16% Elastane<br />Imported<br />Rubber sole<br />Shaft measures approximately low-top from arch<br />NEUTRAL: For runners who need a balance of flexibility &amp; cushioning<br />Lightweight mesh upper with 3-color digital print delivers complete breathability<br />Durable leather overlays for stability &amp; that locks in your midfoot<br />EVA sockliner provides soft, step-in comfort<br />Charged Cushioning midsole uses compression molded foam for even greater responsiveness &amp; durability, providing optimal cushioning &amp; energy return</p>\r\n<p>Department: Mens<br />Manufacturer: Under Armour<br />ASIN: B07G7ZCZPZ<br />UNSPSC Code: 53111900</p>'),(209,76,0,70,'<table class=\"woocommerce-product-attributes shop_attributes\">\r\n<tbody>\r\n<tr class=\"woocommerce-product-attributes-item woocommerce-product-attributes-item--attribute_department\">\r\n<th class=\"woocommerce-product-attributes-item__label\">Department</th>\r\n<td class=\"woocommerce-product-attributes-item__value\">\r\n<p>Mens</p>\r\n</td>\r\n</tr>\r\n<tr class=\"woocommerce-product-attributes-item woocommerce-product-attributes-item--attribute_manufacturer\">\r\n<th class=\"woocommerce-product-attributes-item__label\">Manufacturer</th>\r\n<td class=\"woocommerce-product-attributes-item__value\">\r\n<p>Under Armour</p>\r\n</td>\r\n</tr>\r\n<tr class=\"woocommerce-product-attributes-item woocommerce-product-attributes-item--attribute_asin\">\r\n<th class=\"woocommerce-product-attributes-item__label\">ASIN</th>\r\n<td class=\"woocommerce-product-attributes-item__value\">\r\n<p>B07G7ZCZPZ</p>\r\n</td>\r\n</tr>\r\n<tr class=\"woocommerce-product-attributes-item woocommerce-product-attributes-item--attribute_unspsc-code\">\r\n<th class=\"woocommerce-product-attributes-item__label\">UNSPSC Code</th>\r\n<td class=\"woocommerce-product-attributes-item__value\">\r\n<p>53111900</p>\r\n</td>\r\n</tr>\r\n</tbody>\r\n</table>'),(210,85,0,70,'Puma Axelion Knit Sneakers'),(211,75,0,71,'<p>84% Polyester, 16% Elastane<br />Imported<br />Rubber sole<br />Shaft measures approximately low-top from arch<br />NEUTRAL: For runners who need a balance of flexibility &amp; cushioning<br />Lightweight mesh upper with 3-color digital print delivers complete breathability<br />Durable leather overlays for stability &amp; that locks in your midfoot<br />EVA sockliner provides soft, step-in comfort<br />Charged Cushioning midsole uses compression molded foam for even greater responsiveness &amp; durability, providing optimal cushioning &amp; energy return</p>\r\n<p>Department: Mens<br />Manufacturer: Under Armour<br />ASIN: B07G7ZCZPZ<br />UNSPSC Code: 53111900</p>'),(212,76,0,71,'<table class=\"woocommerce-product-attributes shop_attributes\">\r\n<tbody>\r\n<tr class=\"woocommerce-product-attributes-item woocommerce-product-attributes-item--attribute_department\">\r\n<th class=\"woocommerce-product-attributes-item__label\">Department</th>\r\n<td class=\"woocommerce-product-attributes-item__value\">\r\n<p>Mens</p>\r\n</td>\r\n</tr>\r\n<tr class=\"woocommerce-product-attributes-item woocommerce-product-attributes-item--attribute_manufacturer\">\r\n<th class=\"woocommerce-product-attributes-item__label\">Manufacturer</th>\r\n<td class=\"woocommerce-product-attributes-item__value\">\r\n<p>Under Armour</p>\r\n</td>\r\n</tr>\r\n<tr class=\"woocommerce-product-attributes-item woocommerce-product-attributes-item--attribute_asin\">\r\n<th class=\"woocommerce-product-attributes-item__label\">ASIN</th>\r\n<td class=\"woocommerce-product-attributes-item__value\">\r\n<p>B07G7ZCZPZ</p>\r\n</td>\r\n</tr>\r\n<tr class=\"woocommerce-product-attributes-item woocommerce-product-attributes-item--attribute_unspsc-code\">\r\n<th class=\"woocommerce-product-attributes-item__label\">UNSPSC Code</th>\r\n<td class=\"woocommerce-product-attributes-item__value\">\r\n<p>53111900</p>\r\n</td>\r\n</tr>\r\n</tbody>\r\n</table>'),(213,85,0,71,'Puma Axelion Knit Sneakers'),(214,75,0,72,'<p>84% Polyester, 16% Elastane<br />Imported<br />Rubber sole<br />Shaft measures approximately low-top from arch<br />NEUTRAL: For runners who need a balance of flexibility &amp; cushioning<br />Lightweight mesh upper with 3-color digital print delivers complete breathability<br />Durable leather overlays for stability &amp; that locks in your midfoot<br />EVA sockliner provides soft, step-in comfort<br />Charged Cushioning midsole uses compression molded foam for even greater responsiveness &amp; durability, providing optimal cushioning &amp; energy return</p>\r\n<p>Department: Mens<br />Manufacturer: Under Armour<br />ASIN: B07G7ZCZPZ<br />UNSPSC Code: 53111900</p>'),(215,76,0,72,'<table class=\"woocommerce-product-attributes shop_attributes\">\r\n<tbody>\r\n<tr class=\"woocommerce-product-attributes-item woocommerce-product-attributes-item--attribute_department\">\r\n<th class=\"woocommerce-product-attributes-item__label\">Department</th>\r\n<td class=\"woocommerce-product-attributes-item__value\">\r\n<p>Mens</p>\r\n</td>\r\n</tr>\r\n<tr class=\"woocommerce-product-attributes-item woocommerce-product-attributes-item--attribute_manufacturer\">\r\n<th class=\"woocommerce-product-attributes-item__label\">Manufacturer</th>\r\n<td class=\"woocommerce-product-attributes-item__value\">\r\n<p>Under Armour</p>\r\n</td>\r\n</tr>\r\n<tr class=\"woocommerce-product-attributes-item woocommerce-product-attributes-item--attribute_asin\">\r\n<th class=\"woocommerce-product-attributes-item__label\">ASIN</th>\r\n<td class=\"woocommerce-product-attributes-item__value\">\r\n<p>B07G7ZCZPZ</p>\r\n</td>\r\n</tr>\r\n<tr class=\"woocommerce-product-attributes-item woocommerce-product-attributes-item--attribute_unspsc-code\">\r\n<th class=\"woocommerce-product-attributes-item__label\">UNSPSC Code</th>\r\n<td class=\"woocommerce-product-attributes-item__value\">\r\n<p>53111900</p>\r\n</td>\r\n</tr>\r\n</tbody>\r\n</table>'),(216,85,0,72,'Puma Axelion Knit Sneakers'),(217,75,0,73,'<p>84% Polyester, 16% Elastane<br />Imported<br />Rubber sole<br />Shaft measures approximately low-top from arch<br />NEUTRAL: For runners who need a balance of flexibility &amp; cushioning<br />Lightweight mesh upper with 3-color digital print delivers complete breathability<br />Durable leather overlays for stability &amp; that locks in your midfoot<br />EVA sockliner provides soft, step-in comfort<br />Charged Cushioning midsole uses compression molded foam for even greater responsiveness &amp; durability, providing optimal cushioning &amp; energy return</p>\r\n<p>Department: Mens<br />Manufacturer: Under Armour<br />ASIN: B07G7ZCZPZ<br />UNSPSC Code: 53111900</p>'),(218,76,0,73,'<table class=\"woocommerce-product-attributes shop_attributes\">\r\n<tbody>\r\n<tr class=\"woocommerce-product-attributes-item woocommerce-product-attributes-item--attribute_department\">\r\n<th class=\"woocommerce-product-attributes-item__label\">Department</th>\r\n<td class=\"woocommerce-product-attributes-item__value\">\r\n<p>Mens</p>\r\n</td>\r\n</tr>\r\n<tr class=\"woocommerce-product-attributes-item woocommerce-product-attributes-item--attribute_manufacturer\">\r\n<th class=\"woocommerce-product-attributes-item__label\">Manufacturer</th>\r\n<td class=\"woocommerce-product-attributes-item__value\">\r\n<p>Under Armour</p>\r\n</td>\r\n</tr>\r\n<tr class=\"woocommerce-product-attributes-item woocommerce-product-attributes-item--attribute_asin\">\r\n<th class=\"woocommerce-product-attributes-item__label\">ASIN</th>\r\n<td class=\"woocommerce-product-attributes-item__value\">\r\n<p>B07G7ZCZPZ</p>\r\n</td>\r\n</tr>\r\n<tr class=\"woocommerce-product-attributes-item woocommerce-product-attributes-item--attribute_unspsc-code\">\r\n<th class=\"woocommerce-product-attributes-item__label\">UNSPSC Code</th>\r\n<td class=\"woocommerce-product-attributes-item__value\">\r\n<p>53111900</p>\r\n</td>\r\n</tr>\r\n</tbody>\r\n</table>'),(219,85,0,73,'Puma Axelion Knit Sneakers'),(220,75,0,74,'<p>84% Polyester, 16% Elastane<br />Imported<br />Rubber sole<br />Shaft measures approximately low-top from arch<br />NEUTRAL: For runners who need a balance of flexibility &amp; cushioning<br />Lightweight mesh upper with 3-color digital print delivers complete breathability<br />Durable leather overlays for stability &amp; that locks in your midfoot<br />EVA sockliner provides soft, step-in comfort<br />Charged Cushioning midsole uses compression molded foam for even greater responsiveness &amp; durability, providing optimal cushioning &amp; energy return</p>\r\n<p>Department: Mens<br />Manufacturer: Under Armour<br />ASIN: B07G7ZCZPZ<br />UNSPSC Code: 53111900</p>'),(221,76,0,74,'<table class=\"woocommerce-product-attributes shop_attributes\">\r\n<tbody>\r\n<tr class=\"woocommerce-product-attributes-item woocommerce-product-attributes-item--attribute_department\">\r\n<th class=\"woocommerce-product-attributes-item__label\">Department</th>\r\n<td class=\"woocommerce-product-attributes-item__value\">\r\n<p>Mens</p>\r\n</td>\r\n</tr>\r\n<tr class=\"woocommerce-product-attributes-item woocommerce-product-attributes-item--attribute_manufacturer\">\r\n<th class=\"woocommerce-product-attributes-item__label\">Manufacturer</th>\r\n<td class=\"woocommerce-product-attributes-item__value\">\r\n<p>Under Armour</p>\r\n</td>\r\n</tr>\r\n<tr class=\"woocommerce-product-attributes-item woocommerce-product-attributes-item--attribute_asin\">\r\n<th class=\"woocommerce-product-attributes-item__label\">ASIN</th>\r\n<td class=\"woocommerce-product-attributes-item__value\">\r\n<p>B07G7ZCZPZ</p>\r\n</td>\r\n</tr>\r\n<tr class=\"woocommerce-product-attributes-item woocommerce-product-attributes-item--attribute_unspsc-code\">\r\n<th class=\"woocommerce-product-attributes-item__label\">UNSPSC Code</th>\r\n<td class=\"woocommerce-product-attributes-item__value\">\r\n<p>53111900</p>\r\n</td>\r\n</tr>\r\n</tbody>\r\n</table>'),(222,85,0,74,'Puma Axelion Knit Sneakers'),(223,75,0,75,'<p>84% Polyester, 16% Elastane<br />Imported<br />Rubber sole<br />Shaft measures approximately low-top from arch<br />NEUTRAL: For runners who need a balance of flexibility &amp; cushioning<br />Lightweight mesh upper with 3-color digital print delivers complete breathability<br />Durable leather overlays for stability &amp; that locks in your midfoot<br />EVA sockliner provides soft, step-in comfort<br />Charged Cushioning midsole uses compression molded foam for even greater responsiveness &amp; durability, providing optimal cushioning &amp; energy return</p>\r\n<p>Department: Mens<br />Manufacturer: Under Armour<br />ASIN: B07G7ZCZPZ<br />UNSPSC Code: 53111900</p>'),(224,76,0,75,'<table class=\"woocommerce-product-attributes shop_attributes\">\r\n<tbody>\r\n<tr class=\"woocommerce-product-attributes-item woocommerce-product-attributes-item--attribute_department\">\r\n<th class=\"woocommerce-product-attributes-item__label\">Department</th>\r\n<td class=\"woocommerce-product-attributes-item__value\">\r\n<p>Mens</p>\r\n</td>\r\n</tr>\r\n<tr class=\"woocommerce-product-attributes-item woocommerce-product-attributes-item--attribute_manufacturer\">\r\n<th class=\"woocommerce-product-attributes-item__label\">Manufacturer</th>\r\n<td class=\"woocommerce-product-attributes-item__value\">\r\n<p>Under Armour</p>\r\n</td>\r\n</tr>\r\n<tr class=\"woocommerce-product-attributes-item woocommerce-product-attributes-item--attribute_asin\">\r\n<th class=\"woocommerce-product-attributes-item__label\">ASIN</th>\r\n<td class=\"woocommerce-product-attributes-item__value\">\r\n<p>B07G7ZCZPZ</p>\r\n</td>\r\n</tr>\r\n<tr class=\"woocommerce-product-attributes-item woocommerce-product-attributes-item--attribute_unspsc-code\">\r\n<th class=\"woocommerce-product-attributes-item__label\">UNSPSC Code</th>\r\n<td class=\"woocommerce-product-attributes-item__value\">\r\n<p>53111900</p>\r\n</td>\r\n</tr>\r\n</tbody>\r\n</table>'),(225,85,0,75,'Puma Axelion Knit Sneakers'),(226,75,0,76,'<p>84% Polyester, 16% Elastane<br />Imported<br />Rubber sole<br />Shaft measures approximately low-top from arch<br />NEUTRAL: For runners who need a balance of flexibility &amp; cushioning<br />Lightweight mesh upper with 3-color digital print delivers complete breathability<br />Durable leather overlays for stability &amp; that locks in your midfoot<br />EVA sockliner provides soft, step-in comfort<br />Charged Cushioning midsole uses compression molded foam for even greater responsiveness &amp; durability, providing optimal cushioning &amp; energy return</p>\r\n<p>Department: Mens<br />Manufacturer: Under Armour<br />ASIN: B07G7ZCZPZ<br />UNSPSC Code: 53111900</p>'),(227,76,0,76,'<table class=\"woocommerce-product-attributes shop_attributes\">\r\n<tbody>\r\n<tr class=\"woocommerce-product-attributes-item woocommerce-product-attributes-item--attribute_department\">\r\n<th class=\"woocommerce-product-attributes-item__label\">Department</th>\r\n<td class=\"woocommerce-product-attributes-item__value\">\r\n<p>Mens</p>\r\n</td>\r\n</tr>\r\n<tr class=\"woocommerce-product-attributes-item woocommerce-product-attributes-item--attribute_manufacturer\">\r\n<th class=\"woocommerce-product-attributes-item__label\">Manufacturer</th>\r\n<td class=\"woocommerce-product-attributes-item__value\">\r\n<p>Under Armour</p>\r\n</td>\r\n</tr>\r\n<tr class=\"woocommerce-product-attributes-item woocommerce-product-attributes-item--attribute_asin\">\r\n<th class=\"woocommerce-product-attributes-item__label\">ASIN</th>\r\n<td class=\"woocommerce-product-attributes-item__value\">\r\n<p>B07G7ZCZPZ</p>\r\n</td>\r\n</tr>\r\n<tr class=\"woocommerce-product-attributes-item woocommerce-product-attributes-item--attribute_unspsc-code\">\r\n<th class=\"woocommerce-product-attributes-item__label\">UNSPSC Code</th>\r\n<td class=\"woocommerce-product-attributes-item__value\">\r\n<p>53111900</p>\r\n</td>\r\n</tr>\r\n</tbody>\r\n</table>'),(228,85,0,76,'Puma Axelion Knit Sneakers'),(229,75,0,77,'<p>84% Polyester, 16% Elastane<br />Imported<br />Rubber sole<br />Shaft measures approximately low-top from arch<br />NEUTRAL: For runners who need a balance of flexibility &amp; cushioning<br />Lightweight mesh upper with 3-color digital print delivers complete breathability<br />Durable leather overlays for stability &amp; that locks in your midfoot<br />EVA sockliner provides soft, step-in comfort<br />Charged Cushioning midsole uses compression molded foam for even greater responsiveness &amp; durability, providing optimal cushioning &amp; energy return</p>\r\n<p>Department: Mens<br />Manufacturer: Under Armour<br />ASIN: B07G7ZCZPZ<br />UNSPSC Code: 53111900</p>'),(230,76,0,77,'<table class=\"woocommerce-product-attributes shop_attributes\">\r\n<tbody>\r\n<tr class=\"woocommerce-product-attributes-item woocommerce-product-attributes-item--attribute_department\">\r\n<th class=\"woocommerce-product-attributes-item__label\">Department</th>\r\n<td class=\"woocommerce-product-attributes-item__value\">\r\n<p>Mens</p>\r\n</td>\r\n</tr>\r\n<tr class=\"woocommerce-product-attributes-item woocommerce-product-attributes-item--attribute_manufacturer\">\r\n<th class=\"woocommerce-product-attributes-item__label\">Manufacturer</th>\r\n<td class=\"woocommerce-product-attributes-item__value\">\r\n<p>Under Armour</p>\r\n</td>\r\n</tr>\r\n<tr class=\"woocommerce-product-attributes-item woocommerce-product-attributes-item--attribute_asin\">\r\n<th class=\"woocommerce-product-attributes-item__label\">ASIN</th>\r\n<td class=\"woocommerce-product-attributes-item__value\">\r\n<p>B07G7ZCZPZ</p>\r\n</td>\r\n</tr>\r\n<tr class=\"woocommerce-product-attributes-item woocommerce-product-attributes-item--attribute_unspsc-code\">\r\n<th class=\"woocommerce-product-attributes-item__label\">UNSPSC Code</th>\r\n<td class=\"woocommerce-product-attributes-item__value\">\r\n<p>53111900</p>\r\n</td>\r\n</tr>\r\n</tbody>\r\n</table>'),(231,85,0,77,'Puma Axelion Knit Sneakers'),(232,75,0,78,'<p>84% Polyester, 16% Elastane<br />Imported<br />Rubber sole<br />Shaft measures approximately low-top from arch<br />NEUTRAL: For runners who need a balance of flexibility &amp; cushioning<br />Lightweight mesh upper with 3-color digital print delivers complete breathability<br />Durable leather overlays for stability &amp; that locks in your midfoot<br />EVA sockliner provides soft, step-in comfort<br />Charged Cushioning midsole uses compression molded foam for even greater responsiveness &amp; durability, providing optimal cushioning &amp; energy return</p>\r\n<p>Department: Mens<br />Manufacturer: Under Armour<br />ASIN: B07G7ZCZPZ<br />UNSPSC Code: 53111900</p>'),(233,76,0,78,'<table class=\"woocommerce-product-attributes shop_attributes\">\r\n<tbody>\r\n<tr class=\"woocommerce-product-attributes-item woocommerce-product-attributes-item--attribute_department\">\r\n<th class=\"woocommerce-product-attributes-item__label\">Department</th>\r\n<td class=\"woocommerce-product-attributes-item__value\">\r\n<p>Mens</p>\r\n</td>\r\n</tr>\r\n<tr class=\"woocommerce-product-attributes-item woocommerce-product-attributes-item--attribute_manufacturer\">\r\n<th class=\"woocommerce-product-attributes-item__label\">Manufacturer</th>\r\n<td class=\"woocommerce-product-attributes-item__value\">\r\n<p>Under Armour</p>\r\n</td>\r\n</tr>\r\n<tr class=\"woocommerce-product-attributes-item woocommerce-product-attributes-item--attribute_asin\">\r\n<th class=\"woocommerce-product-attributes-item__label\">ASIN</th>\r\n<td class=\"woocommerce-product-attributes-item__value\">\r\n<p>B07G7ZCZPZ</p>\r\n</td>\r\n</tr>\r\n<tr class=\"woocommerce-product-attributes-item woocommerce-product-attributes-item--attribute_unspsc-code\">\r\n<th class=\"woocommerce-product-attributes-item__label\">UNSPSC Code</th>\r\n<td class=\"woocommerce-product-attributes-item__value\">\r\n<p>53111900</p>\r\n</td>\r\n</tr>\r\n</tbody>\r\n</table>'),(234,85,0,78,'Puma Axelion Knit Sneakers'),(235,75,0,79,'<p>84% Polyester, 16% Elastane<br />Imported<br />Rubber sole<br />Shaft measures approximately low-top from arch<br />NEUTRAL: For runners who need a balance of flexibility &amp; cushioning<br />Lightweight mesh upper with 3-color digital print delivers complete breathability<br />Durable leather overlays for stability &amp; that locks in your midfoot<br />EVA sockliner provides soft, step-in comfort<br />Charged Cushioning midsole uses compression molded foam for even greater responsiveness &amp; durability, providing optimal cushioning &amp; energy return</p>\r\n<p>Department: Mens<br />Manufacturer: Under Armour<br />ASIN: B07G7ZCZPZ<br />UNSPSC Code: 53111900</p>'),(236,76,0,79,'<table class=\"woocommerce-product-attributes shop_attributes\">\r\n<tbody>\r\n<tr class=\"woocommerce-product-attributes-item woocommerce-product-attributes-item--attribute_department\">\r\n<th class=\"woocommerce-product-attributes-item__label\">Department</th>\r\n<td class=\"woocommerce-product-attributes-item__value\">\r\n<p>Mens</p>\r\n</td>\r\n</tr>\r\n<tr class=\"woocommerce-product-attributes-item woocommerce-product-attributes-item--attribute_manufacturer\">\r\n<th class=\"woocommerce-product-attributes-item__label\">Manufacturer</th>\r\n<td class=\"woocommerce-product-attributes-item__value\">\r\n<p>Under Armour</p>\r\n</td>\r\n</tr>\r\n<tr class=\"woocommerce-product-attributes-item woocommerce-product-attributes-item--attribute_asin\">\r\n<th class=\"woocommerce-product-attributes-item__label\">ASIN</th>\r\n<td class=\"woocommerce-product-attributes-item__value\">\r\n<p>B07G7ZCZPZ</p>\r\n</td>\r\n</tr>\r\n<tr class=\"woocommerce-product-attributes-item woocommerce-product-attributes-item--attribute_unspsc-code\">\r\n<th class=\"woocommerce-product-attributes-item__label\">UNSPSC Code</th>\r\n<td class=\"woocommerce-product-attributes-item__value\">\r\n<p>53111900</p>\r\n</td>\r\n</tr>\r\n</tbody>\r\n</table>'),(237,85,0,79,'Puma Axelion Knit Sneakers'),(238,75,0,80,'<p>84% Polyester, 16% Elastane<br />Imported<br />Rubber sole<br />Shaft measures approximately low-top from arch<br />NEUTRAL: For runners who need a balance of flexibility &amp; cushioning<br />Lightweight mesh upper with 3-color digital print delivers complete breathability<br />Durable leather overlays for stability &amp; that locks in your midfoot<br />EVA sockliner provides soft, step-in comfort<br />Charged Cushioning midsole uses compression molded foam for even greater responsiveness &amp; durability, providing optimal cushioning &amp; energy return</p>\r\n<p>Department: Mens<br />Manufacturer: Under Armour<br />ASIN: B07G7ZCZPZ<br />UNSPSC Code: 53111900</p>'),(239,76,0,80,'<table class=\"woocommerce-product-attributes shop_attributes\">\r\n<tbody>\r\n<tr class=\"woocommerce-product-attributes-item woocommerce-product-attributes-item--attribute_department\">\r\n<th class=\"woocommerce-product-attributes-item__label\">Department</th>\r\n<td class=\"woocommerce-product-attributes-item__value\">\r\n<p>Mens</p>\r\n</td>\r\n</tr>\r\n<tr class=\"woocommerce-product-attributes-item woocommerce-product-attributes-item--attribute_manufacturer\">\r\n<th class=\"woocommerce-product-attributes-item__label\">Manufacturer</th>\r\n<td class=\"woocommerce-product-attributes-item__value\">\r\n<p>Under Armour</p>\r\n</td>\r\n</tr>\r\n<tr class=\"woocommerce-product-attributes-item woocommerce-product-attributes-item--attribute_asin\">\r\n<th class=\"woocommerce-product-attributes-item__label\">ASIN</th>\r\n<td class=\"woocommerce-product-attributes-item__value\">\r\n<p>B07G7ZCZPZ</p>\r\n</td>\r\n</tr>\r\n<tr class=\"woocommerce-product-attributes-item woocommerce-product-attributes-item--attribute_unspsc-code\">\r\n<th class=\"woocommerce-product-attributes-item__label\">UNSPSC Code</th>\r\n<td class=\"woocommerce-product-attributes-item__value\">\r\n<p>53111900</p>\r\n</td>\r\n</tr>\r\n</tbody>\r\n</table>'),(240,85,0,80,'Puma Axelion Knit Sneakers'),(241,75,0,81,'<p>84% Polyester, 16% Elastane<br />Imported<br />Rubber sole<br />Shaft measures approximately low-top from arch<br />NEUTRAL: For runners who need a balance of flexibility &amp; cushioning<br />Lightweight mesh upper with 3-color digital print delivers complete breathability<br />Durable leather overlays for stability &amp; that locks in your midfoot<br />EVA sockliner provides soft, step-in comfort<br />Charged Cushioning midsole uses compression molded foam for even greater responsiveness &amp; durability, providing optimal cushioning &amp; energy return</p>\r\n<p>Department: Mens<br />Manufacturer: Under Armour<br />ASIN: B07G7ZCZPZ<br />UNSPSC Code: 53111900</p>'),(242,76,0,81,'<table class=\"woocommerce-product-attributes shop_attributes\">\r\n<tbody>\r\n<tr class=\"woocommerce-product-attributes-item woocommerce-product-attributes-item--attribute_department\">\r\n<th class=\"woocommerce-product-attributes-item__label\">Department</th>\r\n<td class=\"woocommerce-product-attributes-item__value\">\r\n<p>Mens</p>\r\n</td>\r\n</tr>\r\n<tr class=\"woocommerce-product-attributes-item woocommerce-product-attributes-item--attribute_manufacturer\">\r\n<th class=\"woocommerce-product-attributes-item__label\">Manufacturer</th>\r\n<td class=\"woocommerce-product-attributes-item__value\">\r\n<p>Under Armour</p>\r\n</td>\r\n</tr>\r\n<tr class=\"woocommerce-product-attributes-item woocommerce-product-attributes-item--attribute_asin\">\r\n<th class=\"woocommerce-product-attributes-item__label\">ASIN</th>\r\n<td class=\"woocommerce-product-attributes-item__value\">\r\n<p>B07G7ZCZPZ</p>\r\n</td>\r\n</tr>\r\n<tr class=\"woocommerce-product-attributes-item woocommerce-product-attributes-item--attribute_unspsc-code\">\r\n<th class=\"woocommerce-product-attributes-item__label\">UNSPSC Code</th>\r\n<td class=\"woocommerce-product-attributes-item__value\">\r\n<p>53111900</p>\r\n</td>\r\n</tr>\r\n</tbody>\r\n</table>'),(243,85,0,81,'Puma Axelion Knit Sneakers'),(247,75,0,83,'<p>84% Polyester, 16% Elastane<br />Imported<br />Rubber sole<br />Shaft measures approximately low-top from arch<br />NEUTRAL: For runners who need a balance of flexibility &amp; cushioning<br />Lightweight mesh upper with 3-color digital print delivers complete breathability<br />Durable leather overlays for stability &amp; that locks in your midfoot<br />EVA sockliner provides soft, step-in comfort<br />Charged Cushioning midsole uses compression molded foam for even greater responsiveness &amp; durability, providing optimal cushioning &amp; energy return</p>\r\n<p>Department: Mens<br />Manufacturer: Under Armour<br />ASIN: B07G7ZCZPZ<br />UNSPSC Code: 53111900</p>'),(248,76,0,83,'<table class=\"woocommerce-product-attributes shop_attributes\">\r\n<tbody>\r\n<tr class=\"woocommerce-product-attributes-item woocommerce-product-attributes-item--attribute_department\">\r\n<th class=\"woocommerce-product-attributes-item__label\">Department</th>\r\n<td class=\"woocommerce-product-attributes-item__value\">\r\n<p>Mens</p>\r\n</td>\r\n</tr>\r\n<tr class=\"woocommerce-product-attributes-item woocommerce-product-attributes-item--attribute_manufacturer\">\r\n<th class=\"woocommerce-product-attributes-item__label\">Manufacturer</th>\r\n<td class=\"woocommerce-product-attributes-item__value\">\r\n<p>Under Armour</p>\r\n</td>\r\n</tr>\r\n<tr class=\"woocommerce-product-attributes-item woocommerce-product-attributes-item--attribute_asin\">\r\n<th class=\"woocommerce-product-attributes-item__label\">ASIN</th>\r\n<td class=\"woocommerce-product-attributes-item__value\">\r\n<p>B07G7ZCZPZ</p>\r\n</td>\r\n</tr>\r\n<tr class=\"woocommerce-product-attributes-item woocommerce-product-attributes-item--attribute_unspsc-code\">\r\n<th class=\"woocommerce-product-attributes-item__label\">UNSPSC Code</th>\r\n<td class=\"woocommerce-product-attributes-item__value\">\r\n<p>53111900</p>\r\n</td>\r\n</tr>\r\n</tbody>\r\n</table>'),(249,85,0,83,'Nike Air Max Motion 2 Sneakers'),(250,75,0,84,'<p>84% Polyester, 16% Elastane<br />Imported<br />Rubber sole<br />Shaft measures approximately low-top from arch<br />NEUTRAL: For runners who need a balance of flexibility &amp; cushioning<br />Lightweight mesh upper with 3-color digital print delivers complete breathability<br />Durable leather overlays for stability &amp; that locks in your midfoot<br />EVA sockliner provides soft, step-in comfort<br />Charged Cushioning midsole uses compression molded foam for even greater responsiveness &amp; durability, providing optimal cushioning &amp; energy return</p>\r\n<p>Department: Mens<br />Manufacturer: Under Armour<br />ASIN: B07G7ZCZPZ<br />UNSPSC Code: 53111900</p>'),(251,76,0,84,'<table class=\"woocommerce-product-attributes shop_attributes\">\r\n<tbody>\r\n<tr class=\"woocommerce-product-attributes-item woocommerce-product-attributes-item--attribute_department\">\r\n<th class=\"woocommerce-product-attributes-item__label\">Department</th>\r\n<td class=\"woocommerce-product-attributes-item__value\">\r\n<p>Mens</p>\r\n</td>\r\n</tr>\r\n<tr class=\"woocommerce-product-attributes-item woocommerce-product-attributes-item--attribute_manufacturer\">\r\n<th class=\"woocommerce-product-attributes-item__label\">Manufacturer</th>\r\n<td class=\"woocommerce-product-attributes-item__value\">\r\n<p>Under Armour</p>\r\n</td>\r\n</tr>\r\n<tr class=\"woocommerce-product-attributes-item woocommerce-product-attributes-item--attribute_asin\">\r\n<th class=\"woocommerce-product-attributes-item__label\">ASIN</th>\r\n<td class=\"woocommerce-product-attributes-item__value\">\r\n<p>B07G7ZCZPZ</p>\r\n</td>\r\n</tr>\r\n<tr class=\"woocommerce-product-attributes-item woocommerce-product-attributes-item--attribute_unspsc-code\">\r\n<th class=\"woocommerce-product-attributes-item__label\">UNSPSC Code</th>\r\n<td class=\"woocommerce-product-attributes-item__value\">\r\n<p>53111900</p>\r\n</td>\r\n</tr>\r\n</tbody>\r\n</table>'),(252,85,0,84,'Nike Air Max Motion 2 Sneakers'),(253,75,0,85,'<p>84% Polyester, 16% Elastane<br />Imported<br />Rubber sole<br />Shaft measures approximately low-top from arch<br />NEUTRAL: For runners who need a balance of flexibility &amp; cushioning<br />Lightweight mesh upper with 3-color digital print delivers complete breathability<br />Durable leather overlays for stability &amp; that locks in your midfoot<br />EVA sockliner provides soft, step-in comfort<br />Charged Cushioning midsole uses compression molded foam for even greater responsiveness &amp; durability, providing optimal cushioning &amp; energy return</p>\r\n<p>Department: Mens<br />Manufacturer: Under Armour<br />ASIN: B07G7ZCZPZ<br />UNSPSC Code: 53111900</p>'),(254,76,0,85,'<table class=\"woocommerce-product-attributes shop_attributes\">\r\n<tbody>\r\n<tr class=\"woocommerce-product-attributes-item woocommerce-product-attributes-item--attribute_department\">\r\n<th class=\"woocommerce-product-attributes-item__label\">Department</th>\r\n<td class=\"woocommerce-product-attributes-item__value\">\r\n<p>Mens</p>\r\n</td>\r\n</tr>\r\n<tr class=\"woocommerce-product-attributes-item woocommerce-product-attributes-item--attribute_manufacturer\">\r\n<th class=\"woocommerce-product-attributes-item__label\">Manufacturer</th>\r\n<td class=\"woocommerce-product-attributes-item__value\">\r\n<p>Under Armour</p>\r\n</td>\r\n</tr>\r\n<tr class=\"woocommerce-product-attributes-item woocommerce-product-attributes-item--attribute_asin\">\r\n<th class=\"woocommerce-product-attributes-item__label\">ASIN</th>\r\n<td class=\"woocommerce-product-attributes-item__value\">\r\n<p>B07G7ZCZPZ</p>\r\n</td>\r\n</tr>\r\n<tr class=\"woocommerce-product-attributes-item woocommerce-product-attributes-item--attribute_unspsc-code\">\r\n<th class=\"woocommerce-product-attributes-item__label\">UNSPSC Code</th>\r\n<td class=\"woocommerce-product-attributes-item__value\">\r\n<p>53111900</p>\r\n</td>\r\n</tr>\r\n</tbody>\r\n</table>'),(255,85,0,85,'Nike Air Max Motion 2 Sneakers'),(256,75,0,86,'<p>84% Polyester, 16% Elastane<br />Imported<br />Rubber sole<br />Shaft measures approximately low-top from arch<br />NEUTRAL: For runners who need a balance of flexibility &amp; cushioning<br />Lightweight mesh upper with 3-color digital print delivers complete breathability<br />Durable leather overlays for stability &amp; that locks in your midfoot<br />EVA sockliner provides soft, step-in comfort<br />Charged Cushioning midsole uses compression molded foam for even greater responsiveness &amp; durability, providing optimal cushioning &amp; energy return</p>\r\n<p>Department: Mens<br />Manufacturer: Under Armour<br />ASIN: B07G7ZCZPZ<br />UNSPSC Code: 53111900</p>'),(257,76,0,86,'<table class=\"woocommerce-product-attributes shop_attributes\">\r\n<tbody>\r\n<tr class=\"woocommerce-product-attributes-item woocommerce-product-attributes-item--attribute_department\">\r\n<th class=\"woocommerce-product-attributes-item__label\">Department</th>\r\n<td class=\"woocommerce-product-attributes-item__value\">\r\n<p>Mens</p>\r\n</td>\r\n</tr>\r\n<tr class=\"woocommerce-product-attributes-item woocommerce-product-attributes-item--attribute_manufacturer\">\r\n<th class=\"woocommerce-product-attributes-item__label\">Manufacturer</th>\r\n<td class=\"woocommerce-product-attributes-item__value\">\r\n<p>Under Armour</p>\r\n</td>\r\n</tr>\r\n<tr class=\"woocommerce-product-attributes-item woocommerce-product-attributes-item--attribute_asin\">\r\n<th class=\"woocommerce-product-attributes-item__label\">ASIN</th>\r\n<td class=\"woocommerce-product-attributes-item__value\">\r\n<p>B07G7ZCZPZ</p>\r\n</td>\r\n</tr>\r\n<tr class=\"woocommerce-product-attributes-item woocommerce-product-attributes-item--attribute_unspsc-code\">\r\n<th class=\"woocommerce-product-attributes-item__label\">UNSPSC Code</th>\r\n<td class=\"woocommerce-product-attributes-item__value\">\r\n<p>53111900</p>\r\n</td>\r\n</tr>\r\n</tbody>\r\n</table>'),(258,85,0,86,'Nike Air Max Motion 2 Sneakers'),(259,75,0,87,'<p>84% Polyester, 16% Elastane<br />Imported<br />Rubber sole<br />Shaft measures approximately low-top from arch<br />NEUTRAL: For runners who need a balance of flexibility &amp; cushioning<br />Lightweight mesh upper with 3-color digital print delivers complete breathability<br />Durable leather overlays for stability &amp; that locks in your midfoot<br />EVA sockliner provides soft, step-in comfort<br />Charged Cushioning midsole uses compression molded foam for even greater responsiveness &amp; durability, providing optimal cushioning &amp; energy return</p>\r\n<p>Department: Mens<br />Manufacturer: Under Armour<br />ASIN: B07G7ZCZPZ<br />UNSPSC Code: 53111900</p>'),(260,76,0,87,'<table class=\"woocommerce-product-attributes shop_attributes\">\r\n<tbody>\r\n<tr class=\"woocommerce-product-attributes-item woocommerce-product-attributes-item--attribute_department\">\r\n<th class=\"woocommerce-product-attributes-item__label\">Department</th>\r\n<td class=\"woocommerce-product-attributes-item__value\">\r\n<p>Mens</p>\r\n</td>\r\n</tr>\r\n<tr class=\"woocommerce-product-attributes-item woocommerce-product-attributes-item--attribute_manufacturer\">\r\n<th class=\"woocommerce-product-attributes-item__label\">Manufacturer</th>\r\n<td class=\"woocommerce-product-attributes-item__value\">\r\n<p>Under Armour</p>\r\n</td>\r\n</tr>\r\n<tr class=\"woocommerce-product-attributes-item woocommerce-product-attributes-item--attribute_asin\">\r\n<th class=\"woocommerce-product-attributes-item__label\">ASIN</th>\r\n<td class=\"woocommerce-product-attributes-item__value\">\r\n<p>B07G7ZCZPZ</p>\r\n</td>\r\n</tr>\r\n<tr class=\"woocommerce-product-attributes-item woocommerce-product-attributes-item--attribute_unspsc-code\">\r\n<th class=\"woocommerce-product-attributes-item__label\">UNSPSC Code</th>\r\n<td class=\"woocommerce-product-attributes-item__value\">\r\n<p>53111900</p>\r\n</td>\r\n</tr>\r\n</tbody>\r\n</table>'),(261,85,0,87,'Nike Air Max Motion 2 Sneakers'),(262,75,0,88,'<p>84% Polyester, 16% Elastane<br />Imported<br />Rubber sole<br />Shaft measures approximately low-top from arch<br />NEUTRAL: For runners who need a balance of flexibility &amp; cushioning<br />Lightweight mesh upper with 3-color digital print delivers complete breathability<br />Durable leather overlays for stability &amp; that locks in your midfoot<br />EVA sockliner provides soft, step-in comfort<br />Charged Cushioning midsole uses compression molded foam for even greater responsiveness &amp; durability, providing optimal cushioning &amp; energy return</p>\r\n<p>Department: Mens<br />Manufacturer: Under Armour<br />ASIN: B07G7ZCZPZ<br />UNSPSC Code: 53111900</p>'),(263,76,0,88,'<table class=\"woocommerce-product-attributes shop_attributes\">\r\n<tbody>\r\n<tr class=\"woocommerce-product-attributes-item woocommerce-product-attributes-item--attribute_department\">\r\n<th class=\"woocommerce-product-attributes-item__label\">Department</th>\r\n<td class=\"woocommerce-product-attributes-item__value\">\r\n<p>Mens</p>\r\n</td>\r\n</tr>\r\n<tr class=\"woocommerce-product-attributes-item woocommerce-product-attributes-item--attribute_manufacturer\">\r\n<th class=\"woocommerce-product-attributes-item__label\">Manufacturer</th>\r\n<td class=\"woocommerce-product-attributes-item__value\">\r\n<p>Under Armour</p>\r\n</td>\r\n</tr>\r\n<tr class=\"woocommerce-product-attributes-item woocommerce-product-attributes-item--attribute_asin\">\r\n<th class=\"woocommerce-product-attributes-item__label\">ASIN</th>\r\n<td class=\"woocommerce-product-attributes-item__value\">\r\n<p>B07G7ZCZPZ</p>\r\n</td>\r\n</tr>\r\n<tr class=\"woocommerce-product-attributes-item woocommerce-product-attributes-item--attribute_unspsc-code\">\r\n<th class=\"woocommerce-product-attributes-item__label\">UNSPSC Code</th>\r\n<td class=\"woocommerce-product-attributes-item__value\">\r\n<p>53111900</p>\r\n</td>\r\n</tr>\r\n</tbody>\r\n</table>'),(264,85,0,88,'Nike Air Max Motion 2 Sneakers'),(265,75,0,89,'<p>84% Polyester, 16% Elastane<br />Imported<br />Rubber sole<br />Shaft measures approximately low-top from arch<br />NEUTRAL: For runners who need a balance of flexibility &amp; cushioning<br />Lightweight mesh upper with 3-color digital print delivers complete breathability<br />Durable leather overlays for stability &amp; that locks in your midfoot<br />EVA sockliner provides soft, step-in comfort<br />Charged Cushioning midsole uses compression molded foam for even greater responsiveness &amp; durability, providing optimal cushioning &amp; energy return</p>\r\n<p>Department: Mens<br />Manufacturer: Under Armour<br />ASIN: B07G7ZCZPZ<br />UNSPSC Code: 53111900</p>'),(266,76,0,89,'<table class=\"woocommerce-product-attributes shop_attributes\">\r\n<tbody>\r\n<tr class=\"woocommerce-product-attributes-item woocommerce-product-attributes-item--attribute_department\">\r\n<th class=\"woocommerce-product-attributes-item__label\">Department</th>\r\n<td class=\"woocommerce-product-attributes-item__value\">\r\n<p>Mens</p>\r\n</td>\r\n</tr>\r\n<tr class=\"woocommerce-product-attributes-item woocommerce-product-attributes-item--attribute_manufacturer\">\r\n<th class=\"woocommerce-product-attributes-item__label\">Manufacturer</th>\r\n<td class=\"woocommerce-product-attributes-item__value\">\r\n<p>Under Armour</p>\r\n</td>\r\n</tr>\r\n<tr class=\"woocommerce-product-attributes-item woocommerce-product-attributes-item--attribute_asin\">\r\n<th class=\"woocommerce-product-attributes-item__label\">ASIN</th>\r\n<td class=\"woocommerce-product-attributes-item__value\">\r\n<p>B07G7ZCZPZ</p>\r\n</td>\r\n</tr>\r\n<tr class=\"woocommerce-product-attributes-item woocommerce-product-attributes-item--attribute_unspsc-code\">\r\n<th class=\"woocommerce-product-attributes-item__label\">UNSPSC Code</th>\r\n<td class=\"woocommerce-product-attributes-item__value\">\r\n<p>53111900</p>\r\n</td>\r\n</tr>\r\n</tbody>\r\n</table>'),(267,85,0,89,'Nike Air Max Motion 2 Sneakers'),(268,75,0,90,'<p>84% Polyester, 16% Elastane<br />Imported<br />Rubber sole<br />Shaft measures approximately low-top from arch<br />NEUTRAL: For runners who need a balance of flexibility &amp; cushioning<br />Lightweight mesh upper with 3-color digital print delivers complete breathability<br />Durable leather overlays for stability &amp; that locks in your midfoot<br />EVA sockliner provides soft, step-in comfort<br />Charged Cushioning midsole uses compression molded foam for even greater responsiveness &amp; durability, providing optimal cushioning &amp; energy return</p>\r\n<p>Department: Mens<br />Manufacturer: Under Armour<br />ASIN: B07G7ZCZPZ<br />UNSPSC Code: 53111900</p>'),(269,76,0,90,'<table class=\"woocommerce-product-attributes shop_attributes\">\r\n<tbody>\r\n<tr class=\"woocommerce-product-attributes-item woocommerce-product-attributes-item--attribute_department\">\r\n<th class=\"woocommerce-product-attributes-item__label\">Department</th>\r\n<td class=\"woocommerce-product-attributes-item__value\">\r\n<p>Mens</p>\r\n</td>\r\n</tr>\r\n<tr class=\"woocommerce-product-attributes-item woocommerce-product-attributes-item--attribute_manufacturer\">\r\n<th class=\"woocommerce-product-attributes-item__label\">Manufacturer</th>\r\n<td class=\"woocommerce-product-attributes-item__value\">\r\n<p>Under Armour</p>\r\n</td>\r\n</tr>\r\n<tr class=\"woocommerce-product-attributes-item woocommerce-product-attributes-item--attribute_asin\">\r\n<th class=\"woocommerce-product-attributes-item__label\">ASIN</th>\r\n<td class=\"woocommerce-product-attributes-item__value\">\r\n<p>B07G7ZCZPZ</p>\r\n</td>\r\n</tr>\r\n<tr class=\"woocommerce-product-attributes-item woocommerce-product-attributes-item--attribute_unspsc-code\">\r\n<th class=\"woocommerce-product-attributes-item__label\">UNSPSC Code</th>\r\n<td class=\"woocommerce-product-attributes-item__value\">\r\n<p>53111900</p>\r\n</td>\r\n</tr>\r\n</tbody>\r\n</table>'),(270,85,0,90,'Nike Air Max Motion 2 Sneakers'),(271,75,0,91,'<p>84% Polyester, 16% Elastane<br />Imported<br />Rubber sole<br />Shaft measures approximately low-top from arch<br />NEUTRAL: For runners who need a balance of flexibility &amp; cushioning<br />Lightweight mesh upper with 3-color digital print delivers complete breathability<br />Durable leather overlays for stability &amp; that locks in your midfoot<br />EVA sockliner provides soft, step-in comfort<br />Charged Cushioning midsole uses compression molded foam for even greater responsiveness &amp; durability, providing optimal cushioning &amp; energy return</p>\r\n<p>Department: Mens<br />Manufacturer: Under Armour<br />ASIN: B07G7ZCZPZ<br />UNSPSC Code: 53111900</p>'),(272,76,0,91,'<table class=\"woocommerce-product-attributes shop_attributes\">\r\n<tbody>\r\n<tr class=\"woocommerce-product-attributes-item woocommerce-product-attributes-item--attribute_department\">\r\n<th class=\"woocommerce-product-attributes-item__label\">Department</th>\r\n<td class=\"woocommerce-product-attributes-item__value\">\r\n<p>Mens</p>\r\n</td>\r\n</tr>\r\n<tr class=\"woocommerce-product-attributes-item woocommerce-product-attributes-item--attribute_manufacturer\">\r\n<th class=\"woocommerce-product-attributes-item__label\">Manufacturer</th>\r\n<td class=\"woocommerce-product-attributes-item__value\">\r\n<p>Under Armour</p>\r\n</td>\r\n</tr>\r\n<tr class=\"woocommerce-product-attributes-item woocommerce-product-attributes-item--attribute_asin\">\r\n<th class=\"woocommerce-product-attributes-item__label\">ASIN</th>\r\n<td class=\"woocommerce-product-attributes-item__value\">\r\n<p>B07G7ZCZPZ</p>\r\n</td>\r\n</tr>\r\n<tr class=\"woocommerce-product-attributes-item woocommerce-product-attributes-item--attribute_unspsc-code\">\r\n<th class=\"woocommerce-product-attributes-item__label\">UNSPSC Code</th>\r\n<td class=\"woocommerce-product-attributes-item__value\">\r\n<p>53111900</p>\r\n</td>\r\n</tr>\r\n</tbody>\r\n</table>'),(273,85,0,91,'Nike Air Max Motion 2 Sneakers'),(274,137,0,2,'5'),(275,137,0,1,'4'),(276,137,0,3,'2'),(277,137,0,4,'2'),(278,137,0,5,'3'),(279,137,0,6,'6'),(280,137,0,14,'1'),(281,137,0,15,'4'),(282,137,0,16,'5'),(283,137,0,17,'3'),(284,137,0,18,'4'),(285,137,0,19,'3'),(286,137,0,20,'5'),(287,137,0,21,'6'),(288,137,0,22,'6'),(289,137,0,23,'2'),(290,137,0,24,'1'),(291,137,0,27,'4'),(292,137,0,26,'5'),(293,137,0,28,'5'),(294,137,0,29,'5'),(295,137,0,30,'5'),(296,137,0,31,'5'),(297,137,0,32,'4'),(298,137,0,33,'4'),(299,137,0,34,'4'),(300,137,0,35,'4'),(301,137,0,36,'4'),(302,137,0,37,'4'),(303,137,0,38,'4'),(304,137,0,39,'4'),(305,137,0,40,'4'),(306,137,0,41,'4'),(307,137,0,42,'2'),(308,137,0,44,'1'),(309,137,0,45,'2'),(310,137,0,46,'3'),(311,137,0,47,'5'),(312,137,0,48,'6'),(313,137,0,49,'5'),(314,137,0,50,'5'),(315,137,0,51,'3'),(316,137,0,52,'5'),(317,137,0,53,'5'),(318,137,0,54,'5'),(319,137,0,55,'2'),(320,137,0,56,'6'),(321,137,0,57,'2'),(322,137,0,58,'2'),(323,137,0,59,'2'),(324,137,0,60,'5'),(325,137,0,61,'4'),(326,137,0,62,'5'),(327,137,0,63,'5'),(328,137,0,64,'5'),(329,137,0,65,'5'),(330,137,0,66,'5'),(331,137,0,67,'5'),(332,137,0,68,'5'),(333,137,0,69,'2'),(334,137,0,25,'2'),(335,137,0,70,'5'),(336,137,0,71,'5'),(337,137,0,72,'5'),(338,137,0,73,'5'),(339,137,0,74,'5'),(340,137,0,75,'5'),(341,137,0,76,'5'),(342,137,0,77,'5'),(343,137,0,78,'5'),(344,137,0,79,'5'),(345,137,0,80,'5'),(346,137,0,81,'5'),(347,137,0,83,'1'),(348,137,0,84,'1'),(349,137,0,85,'1'),(350,137,0,86,'1'),(351,137,0,87,'1'),(352,137,0,88,'1'),(353,137,0,89,'1'),(354,137,0,90,'1'),(355,137,0,91,'1');

--
-- Table structure for table `catalog_product_entity_tier_price`
--

CREATE TABLE `catalog_product_entity_tier_price` (
  `value_id` int(11) NOT NULL AUTO_INCREMENT COMMENT 'Value ID',
  `entity_id` int(10) unsigned NOT NULL DEFAULT 0 COMMENT 'Entity ID',
  `all_groups` smallint(5) unsigned NOT NULL DEFAULT 1 COMMENT 'Is Applicable To All Customer Groups',
  `customer_group_id` int(10) unsigned NOT NULL DEFAULT 0 COMMENT 'Customer Group ID',
  `qty` decimal(12,4) NOT NULL DEFAULT 1.0000 COMMENT 'QTY',
  `value` decimal(20,6) NOT NULL DEFAULT 0.000000 COMMENT 'Value',
  `website_id` smallint(5) unsigned NOT NULL COMMENT 'Website ID',
  `percentage_value` decimal(5,2) DEFAULT NULL COMMENT 'Percentage value',
  PRIMARY KEY (`value_id`),
  UNIQUE KEY `UNQ_E8AB433B9ACB00343ABB312AD2FAB087` (`entity_id`,`all_groups`,`customer_group_id`,`qty`,`website_id`),
  KEY `CATALOG_PRODUCT_ENTITY_TIER_PRICE_CUSTOMER_GROUP_ID` (`customer_group_id`),
  KEY `CATALOG_PRODUCT_ENTITY_TIER_PRICE_WEBSITE_ID` (`website_id`),
  CONSTRAINT `CAT_PRD_ENTT_TIER_PRICE_CSTR_GROUP_ID_CSTR_GROUP_CSTR_GROUP_ID` FOREIGN KEY (`customer_group_id`) REFERENCES `customer_group` (`customer_group_id`) ON DELETE CASCADE,
  CONSTRAINT `CAT_PRD_ENTT_TIER_PRICE_ENTT_ID_CAT_PRD_ENTT_ENTT_ID` FOREIGN KEY (`entity_id`) REFERENCES `catalog_product_entity` (`entity_id`) ON DELETE CASCADE,
  CONSTRAINT `CAT_PRD_ENTT_TIER_PRICE_WS_ID_STORE_WS_WS_ID` FOREIGN KEY (`website_id`) REFERENCES `store_website` (`website_id`) ON DELETE CASCADE
) ENGINE=InnoDB AUTO_INCREMENT=2 DEFAULT CHARSET=utf8 COMMENT='Catalog Product Tier Price Attribute Backend Table';

--
-- Dumping data for table `catalog_product_entity_tier_price`
--


--
-- Table structure for table `catalog_product_entity_varchar`
--

CREATE TABLE `catalog_product_entity_varchar` (
  `value_id` int(11) NOT NULL AUTO_INCREMENT COMMENT 'Value ID',
  `attribute_id` smallint(5) unsigned NOT NULL DEFAULT 0 COMMENT 'Attribute ID',
  `store_id` smallint(5) unsigned NOT NULL DEFAULT 0 COMMENT 'Store ID',
  `entity_id` int(10) unsigned NOT NULL DEFAULT 0 COMMENT 'Entity ID',
  `value` varchar(255) DEFAULT NULL COMMENT 'Value',
  PRIMARY KEY (`value_id`),
  UNIQUE KEY `CATALOG_PRODUCT_ENTITY_VARCHAR_ENTITY_ID_ATTRIBUTE_ID_STORE_ID` (`entity_id`,`attribute_id`,`store_id`),
  KEY `CATALOG_PRODUCT_ENTITY_VARCHAR_ATTRIBUTE_ID` (`attribute_id`),
  KEY `CATALOG_PRODUCT_ENTITY_VARCHAR_STORE_ID` (`store_id`),
  CONSTRAINT `CATALOG_PRODUCT_ENTITY_VARCHAR_STORE_ID_STORE_STORE_ID` FOREIGN KEY (`store_id`) REFERENCES `store` (`store_id`) ON DELETE CASCADE,
  CONSTRAINT `CAT_PRD_ENTT_VCHR_ATTR_ID_EAV_ATTR_ATTR_ID` FOREIGN KEY (`attribute_id`) REFERENCES `eav_attribute` (`attribute_id`) ON DELETE CASCADE,
  CONSTRAINT `CAT_PRD_ENTT_VCHR_ENTT_ID_CAT_PRD_ENTT_ENTT_ID` FOREIGN KEY (`entity_id`) REFERENCES `catalog_product_entity` (`entity_id`) ON DELETE CASCADE
) ENGINE=InnoDB AUTO_INCREMENT=2533 DEFAULT CHARSET=utf8 COMMENT='Catalog Product Varchar Attribute Backend Table';

--
-- Dumping data for table `catalog_product_entity_varchar`
--

INSERT INTO `catalog_product_entity_varchar` VALUES (1,73,0,1,'360 S Carronade low floor lamp'),(2,84,0,1,'Chairs With Metal Legs'),(3,86,0,1,'Chairs With Metal Legs More Information\r\n\r\n\r\nWeight\r\n0.200000\r\n\r\n\r\nDimensions\r\n25.2 x 15.5 x 7.4\r\n\r\n\r\nWarranty\r\n5 year\r\n\r\n\r\n'),(4,87,0,1,'/1/_/1_3.jpg'),(5,88,0,1,'/1/_/1_1.jpg'),(6,89,0,1,'/1/_/1_3.jpg'),(7,106,0,1,'container2'),(8,121,0,1,'chairs-with-metal-legs'),(9,124,0,1,'0'),(10,129,0,1,'2'),(11,135,0,1,'/1/_/1_1.jpg'),(24,73,0,2,'260 Carronade table/wall lamp'),(25,84,0,2,'Wonderful Geometric'),(26,86,0,2,'Wonderful Geometric \r\n\r\nDelphine Chandelier is imported from Brazil and features a rich pattern of browns, gold, and black speckles accented by sharply contrasting alabaster and ivory fragments. This truly striking stone is a wonderful option for memorabl'),(27,87,0,2,'/3/_/3_1_1.jpg'),(28,88,0,2,'/3/_/3_1_1.jpg'),(29,89,0,2,'/2/_/2_2_2.jpg'),(30,106,0,2,'container2'),(31,121,0,2,'wonderful-geometric'),(32,124,0,2,'0'),(33,129,0,2,'2'),(34,135,0,2,'/2/_/2_3_2.jpg'),(39,73,0,3,' PH 5 Pendant Lamp Copper'),(40,84,0,3,'Dining Room'),(41,86,0,3,'Dining Room Delphine Chandelier is imported from Brazil and features a rich pattern of browns, gold, and black speckles accented by sharply contrasting alabaster and ivory fragments. This truly striking stone is a wonderful option for memorable interior a'),(42,87,0,3,'/2/_/2_2_3.jpg'),(43,88,0,3,'/2/_/2_1_2.jpg'),(44,89,0,3,'/2/_/2_2_3.jpg'),(45,106,0,3,'container2'),(46,121,0,3,'dining-room'),(47,124,0,3,'0'),(48,129,0,3,'2'),(52,73,0,4,'Grain pendant lamp                              '),(53,84,0,4,'Table Temporary Glass                                '),(54,86,0,4,'Table Temporary Glass                                 Delphine Chandelier is imported from Brazil and features a rich pattern of browns, gold, and black speckles accented by sharply contrasting alabaster and ivory fragments. This truly striking stone is a'),(55,87,0,4,'/4/_/4_1_1.jpg'),(56,88,0,4,'/4/_/4_2.jpg'),(57,89,0,4,'/4/_/4_1_1.jpg'),(58,106,0,4,'container2'),(59,121,0,4,'table-temporary-glass'),(60,124,0,4,'0'),(61,129,0,4,'2'),(62,135,0,4,'/4/_/4_2.jpg'),(83,135,0,3,'/2/_/2_1_2.jpg'),(92,73,0,5,' Lune Pendant-pink'),(93,84,0,5,' Lune Pendant'),(94,86,0,5,' Lune Pendant Delphine Chandelier is imported from Brazil and features a rich pattern of browns, gold, and black speckles accented by sharply contrasting alabaster and ivory fragments. This truly striking stone is a wonderful option for memorable interior'),(95,87,0,5,'/5/_/5_1_1.jpg'),(96,88,0,5,'/5/_/5_1_1.jpg'),(97,89,0,5,'/4/_/4_2_2.jpg'),(98,106,0,5,'container2'),(99,121,0,5,'lune-pendant-pink'),(100,129,0,5,'0'),(104,73,0,6,' Series 7 chair'),(105,84,0,6,' Lune Pendant'),(106,86,0,6,' Lune Pendant Delphine Chandelier is imported from Brazil and features a rich pattern of browns, gold, and black speckles accented by sharply contrasting alabaster and ivory fragments. This truly striking stone is a wonderful option for memorable interior'),(107,87,0,6,'/6/_/6_2.jpg'),(108,88,0,6,'/6/_/6_3.jpg'),(109,89,0,6,'/6/_/6_2.jpg'),(110,106,0,6,'container2'),(111,121,0,6,'lune-pendant-yellow'),(112,129,0,6,'0'),(201,124,0,5,'0'),(202,135,0,5,'/3/_/3_1_1_2.jpg'),(207,124,0,6,'0'),(208,135,0,6,'/6/_/6_3.jpg'),(213,73,0,14,'Bertoia Molded Shell Side Chair'),(214,84,0,14,'Bertoia Molded Shell Side Chair'),(215,86,0,14,'Bertoia Molded Shell Side Chair Delphine Chandelier is imported from Brazil and features a rich pattern of browns, gold, and black speckles accented by sharply contrasting alabaster and ivory fragments. This truly striking stone is a wonderful option for '),(216,87,0,14,'/7/_/7_2.jpg'),(217,88,0,14,'/7/_/7_1.jpg'),(218,89,0,14,'/7/_/7_2.jpg'),(219,106,0,14,'container2'),(220,121,0,14,'bertoia-molded-shell-side-chair'),(221,129,0,14,'2'),(225,73,0,15,' Spade Chair'),(226,84,0,15,' Spade Chair'),(227,86,0,15,' Spade Chair '),(228,87,0,15,'/8/_/8_2.jpg'),(229,88,0,15,'/8/_/8_2.jpg'),(230,89,0,15,'/8/_/8_1.jpg'),(231,106,0,15,'container2'),(232,121,0,15,'spade-chair'),(233,124,0,15,'0'),(234,129,0,15,'2'),(241,73,0,16,'Grand Prix™ chair'),(242,84,0,16,'Grand Prix™ chair'),(243,86,0,16,'Grand Prix™ chair Delphine Chandelier is imported from Brazil and features a rich pattern of browns, gold, and black speckles accented by sharply contrasting alabaster and ivory fragments. This truly striking stone is a wonderful option for memorable inte'),(244,87,0,16,'/9/_/9_2_1.jpg'),(245,88,0,16,'/9/_/9_1_1.jpg'),(246,89,0,16,'/9/_/9_1_1.jpg'),(247,106,0,16,'container2'),(248,121,0,16,'grand-prixtm-chair'),(249,124,0,16,'0'),(250,126,0,16,'Samples'),(251,127,0,16,'Links'),(252,129,0,16,'2'),(256,73,0,17,'Flower vase'),(257,84,0,17,'Flower vase'),(258,86,0,17,'Flower vase Delphine Chandelier is imported from Brazil and features a rich pattern of browns, gold, and black speckles accented by sharply contrasting alabaster and ivory fragments. This truly striking stone is a wonderful option for memorable interior a'),(259,87,0,17,'/1/0/10_1.jpg'),(260,88,0,17,'/1/0/10_2.jpg'),(261,89,0,17,'/1/0/10_1.jpg'),(262,106,0,17,'container2'),(263,121,0,17,'flower-vase'),(264,124,0,17,'0'),(265,129,0,17,'2'),(266,135,0,17,'/1/0/10_2.jpg'),(271,73,0,18,'Orbis vase'),(272,84,0,18,'Orbis vase'),(273,86,0,18,'Orbis vase Delphine Chandelier is imported from Brazil and features a rich pattern of browns, gold, and black speckles accented by sharply contrasting alabaster and ivory fragments. This truly striking stone is a wonderful option for memorable interior an'),(274,87,0,18,'/1/1/11_1.jpg'),(275,88,0,18,'/1/2/12_3.jpg'),(276,89,0,18,'/1/1/11_1.jpg'),(277,106,0,18,'container2'),(278,121,0,18,'orbis-vase'),(279,124,0,18,'0'),(280,129,0,18,'2'),(281,135,0,18,'/1/2/12_3.jpg'),(286,73,0,19,'Tivoli Bazaar Vase'),(287,84,0,19,'Tivoli Bazaar Vase'),(288,86,0,19,'Tivoli Bazaar Vase Delphine Chandelier is imported from Brazil and features a rich pattern of browns, gold, and black speckles accented by sharply contrasting alabaster and ivory fragments. This truly striking stone is a wonderful option for memorable int'),(289,87,0,19,'/1/2/12_1_1.jpg'),(290,88,0,19,'/1/2/12_2_1.jpg'),(291,89,0,19,'/1/2/12_1_1.jpg'),(292,106,0,19,'container2'),(293,121,0,19,'tivoli-bazaar-vase'),(294,124,0,19,'0'),(295,129,0,19,'2'),(296,135,0,19,'/1/2/12_3_1.jpg'),(305,73,0,20,'Ribbed sweater '),(306,84,0,20,'Ribbed sweater '),(307,86,0,20,'Ribbed sweater  Delphine Chandelier is imported from Brazil and features a rich pattern of browns, gold, and black speckles accented by sharply contrasting alabaster and ivory fragments. This truly striking stone is a wonderful option for memorable interi'),(308,87,0,20,'/1/3/13_1.jpg'),(309,88,0,20,'/1/3/13_1.jpg'),(310,89,0,20,'/1/3/13_3.jpg'),(311,106,0,20,'container2'),(312,121,0,20,'ribbed-sweater'),(313,124,0,20,'0'),(314,129,0,20,'2'),(315,135,0,20,'/1/3/13_3.jpg'),(320,73,0,21,'Salt & Pepper'),(321,84,0,21,'Salt & Pepper'),(322,86,0,21,'Salt & Pepper Delphine Chandelier is imported from Brazil and features a rich pattern of browns, gold, and black speckles accented by sharply contrasting alabaster and ivory fragments. This truly striking stone is a wonderful option for memorable interior'),(323,87,0,21,'no_selection'),(324,88,0,21,'/1/4/14_1.jpg'),(325,89,0,21,'/1/4/14_2.jpg'),(326,106,0,21,'container2'),(327,121,0,21,'salt-pepper'),(328,124,0,21,'0'),(329,129,0,21,'2'),(330,135,0,21,'/1/4/14_2.jpg'),(335,73,0,22,'Craft Salt and Pepper mill'),(336,84,0,22,'Craft Salt and Pepper mill'),(337,86,0,22,'Craft Salt and Pepper mill Delphine Chandelier is imported from Brazil and features a rich pattern of browns, gold, and black speckles accented by sharply contrasting alabaster and ivory fragments. This truly striking stone is a wonderful option for memor'),(338,87,0,22,'/1/5/15_1.jpg'),(339,88,0,22,'/1/5/15_2.jpg'),(340,89,0,22,'/1/5/15_1.jpg'),(341,106,0,22,'container2'),(342,121,0,22,'craft-salt-and-pepper-mill'),(343,124,0,22,'0'),(344,129,0,22,'2'),(345,135,0,22,'/1/5/15_2.jpg'),(350,73,0,23,'Sarpaneva casserole'),(351,84,0,23,'Sarpaneva casserole'),(352,86,0,23,'Sarpaneva casserole Delphine Chandelier is imported from Brazil and features a rich pattern of browns, gold, and black speckles accented by sharply contrasting alabaster and ivory fragments. This truly striking stone is a wonderful option for memorable in'),(353,87,0,23,'/1/6/16_1.jpg'),(354,88,0,23,'/1/6/16_2.jpg'),(355,89,0,23,'/1/6/16_1.jpg'),(356,106,0,23,'container2'),(357,121,0,23,'sarpaneva-casserole'),(358,124,0,23,'0'),(359,129,0,23,'2'),(360,135,0,23,'/1/6/16_1.jpg'),(365,73,0,24,'Marble wall clock'),(366,84,0,24,'Marble wall clock'),(367,86,0,24,'Marble wall clock Delphine Chandelier is imported from Brazil and features a rich pattern of browns, gold, and black speckles accented by sharply contrasting alabaster and ivory fragments. This truly striking stone is a wonderful option for memorable inte'),(368,87,0,24,'/1/7/17_1_1.jpg'),(369,88,0,24,'/1/7/17_2_1.jpg'),(370,89,0,24,'/1/7/17_1_1.jpg'),(371,106,0,24,'container2'),(372,121,0,24,'marble-wall-clock'),(373,124,0,24,'0'),(374,129,0,24,'2'),(375,135,0,24,'/1/7/17_2_1.jpg'),(380,73,0,25,' P12 Rockinghorse'),(381,84,0,25,' P12 Rockinghorse'),(382,86,0,25,' P12 Rockinghorse Delphine Chandelier is imported from Brazil and features a rich pattern of browns, gold, and black speckles accented by sharply contrasting alabaster and ivory fragments. This truly striking stone is a wonderful option for memorable inte'),(383,87,0,25,'/1/8/18_1_1.jpg'),(384,88,0,25,'/1/8/18_1_1.jpg'),(385,89,0,25,'/2/0/20_1.jpg'),(386,106,0,25,'container2'),(387,121,0,25,'p12-rockinghorse'),(388,124,0,25,'0'),(389,129,0,25,'2'),(390,135,0,25,'/2/0/20_1.jpg'),(395,73,0,26,'Small Dustpan & Brush Set'),(396,84,0,26,'Small Dustpan & Brush Set'),(397,86,0,26,'Small Dustpan & Brush Set Delphine Chandelier is imported from Brazil and features a rich pattern of browns, gold, and black speckles accented by sharply contrasting alabaster and ivory fragments. This truly striking stone is a wonderful option for memora'),(398,87,0,26,'/1/9/19_1_2.jpg'),(399,88,0,26,'/1/9/19_2_1.jpg'),(400,89,0,26,'/1/9/19_1_2.jpg'),(401,106,0,26,'container2'),(402,121,0,26,'small-dustpan-brush-set'),(403,124,0,26,'0'),(404,129,0,26,'2'),(405,135,0,26,'/1/9/19_2_1.jpg'),(410,73,0,27,'Drop colander'),(411,84,0,27,'Drop colander'),(412,86,0,27,'Drop colander Delphine Chandelier is imported from Brazil and features a rich pattern of browns, gold, and black speckles accented by sharply contrasting alabaster and ivory fragments. This truly striking stone is a wonderful option for memorable interior'),(413,87,0,27,'/2/0/20_1_2.jpg'),(414,88,0,27,'/2/0/20_1_2.jpg'),(415,89,0,27,'/4/_/4_1_2.jpg'),(416,106,0,27,'container2'),(417,121,0,27,'drop-colander'),(418,124,0,27,'0'),(419,129,0,27,'2'),(420,135,0,27,'/4/_/4_1_2.jpg'),(450,153,0,2,'1'),(534,153,0,1,'1'),(540,153,0,3,'1'),(546,153,0,4,'1'),(552,153,0,5,'1'),(558,153,0,6,'1'),(568,153,0,15,'1'),(573,153,0,16,'1'),(578,153,0,17,'1'),(584,153,0,18,'1'),(590,153,0,19,'1'),(596,153,0,20,'1'),(602,153,0,21,'1'),(608,153,0,22,'1'),(614,153,0,23,'1'),(620,153,0,24,'1'),(626,153,0,27,'1'),(632,153,0,26,'1'),(741,73,0,28,'260 Carronade table/wall lamp-pink'),(742,84,0,28,'Wonderful Geometric'),(743,86,0,28,'Wonderful Geometric \r\n\r\nDelphine Chandelier is imported from Brazil and features a rich pattern of browns, gold, and black speckles accented by sharply contrasting alabaster and ivory fragments. This truly striking stone is a wonderful option for memorabl'),(744,106,0,28,'container2'),(745,121,0,28,'260-carronade-table-wall-lamp-pink'),(746,124,0,28,'0'),(747,129,0,28,'0'),(749,153,0,28,'1'),(750,73,0,29,'260 Carronade table/wall lamp-yellow'),(751,84,0,29,'Wonderful Geometric'),(752,86,0,29,'Wonderful Geometric \r\n\r\nDelphine Chandelier is imported from Brazil and features a rich pattern of browns, gold, and black speckles accented by sharply contrasting alabaster and ivory fragments. This truly striking stone is a wonderful option for memorabl'),(753,106,0,29,'container2'),(754,121,0,29,'260-carronade-table-wall-lamp-yellow'),(755,124,0,29,'0'),(756,129,0,29,'0'),(758,153,0,29,'1'),(759,73,0,30,'260 Carronade table/wall lamp-Blue'),(760,84,0,30,'Wonderful Geometric'),(761,86,0,30,'Wonderful Geometric \r\n\r\nDelphine Chandelier is imported from Brazil and features a rich pattern of browns, gold, and black speckles accented by sharply contrasting alabaster and ivory fragments. This truly striking stone is a wonderful option for memorabl'),(762,106,0,30,'container2'),(763,121,0,30,'260-carronade-table-wall-lamp-blue'),(764,124,0,30,'0'),(765,129,0,30,'0'),(767,153,0,30,'1'),(768,73,0,31,'260 Carronade table/wall lamp-red'),(769,84,0,31,'Wonderful Geometric'),(770,86,0,31,'Wonderful Geometric \r\n\r\nDelphine Chandelier is imported from Brazil and features a rich pattern of browns, gold, and black speckles accented by sharply contrasting alabaster and ivory fragments. This truly striking stone is a wonderful option for memorabl'),(771,106,0,31,'container2'),(772,121,0,31,'260-carronade-table-wall-lamp-red'),(773,124,0,31,'0'),(774,129,0,31,'0'),(776,153,0,31,'1'),(863,73,0,32,'Crewneck Blouse'),(864,84,0,32,'Crewneck Blouse'),(865,86,0,32,'High Top Sneakers Delphine Chandelier is imported from Brazil and features a rich pattern of browns, gold, and black speckles accented by sharply contrasting alabaster and ivory fragments. This truly striking stone is a wonderful option for memorable inte'),(866,87,0,32,'/1/_/1_1_1_2.jpg'),(867,88,0,32,'/1/_/1_2_1.jpg'),(868,89,0,32,'/1/_/1_1_1_2.jpg'),(869,106,0,32,'container2'),(870,121,0,32,'crewneck-blouse'),(871,124,0,32,'0'),(872,129,0,32,'2'),(873,135,0,32,'/1/_/1_2_1.jpg'),(875,153,0,32,'1'),(888,73,0,33,'Boxy Runway T-Shirt'),(889,84,0,33,'Boxy Runway T-Shirt'),(890,86,0,33,'Denim Dress Delphine Chandelier is imported from Brazil and features a rich pattern of browns, gold, and black speckles accented by sharply contrasting alabaster and ivory fragments. This truly striking stone is a wonderful option for memorable interior a'),(891,87,0,33,'/2/_/2_1_2_1.jpg'),(892,88,0,33,'/2/_/2_2_1_1.jpg'),(893,89,0,33,'/2/_/2_1_2_1.jpg'),(894,106,0,33,'container2'),(895,121,0,33,'boxy-runway-tshirt'),(896,124,0,33,'0'),(897,129,0,33,'2'),(898,135,0,33,'/2/_/2_2_1_1.jpg'),(900,153,0,33,'1'),(913,73,0,34,'Blue Raincoat'),(914,84,0,34,'Blue Raincoat'),(915,86,0,34,'Blue Raincoat Delphine Chandelier is imported from Brazil and features a rich pattern of browns, gold, and black speckles accented by sharply contrasting alabaster and ivory fragments. This truly striking stone is a wonderful option for memorable interior'),(916,87,0,34,'/3/_/3_1_5.jpg'),(917,88,0,34,'/3/_/3_2.jpg'),(918,89,0,34,'/3/_/3_1_5.jpg'),(919,106,0,34,'container2'),(920,121,0,34,'blue-raincoat'),(921,124,0,34,'0'),(922,129,0,34,'2'),(923,135,0,34,'/3/_/3_2.jpg'),(925,153,0,34,'1'),(930,73,0,35,'Bomber in Cotton'),(931,84,0,35,'Bomber in Cotton'),(932,86,0,35,'Bomber in Cotton Delphine Chandelier is imported from Brazil and features a rich pattern of browns, gold, and black speckles accented by sharply contrasting alabaster and ivory fragments. This truly striking stone is a wonderful option for memorable inter'),(933,87,0,35,'/4/_/4_1_3.jpg'),(934,88,0,35,'/4/_/4_2_3.jpg'),(935,89,0,35,'/4/_/4_1_3.jpg'),(936,106,0,35,'container2'),(937,121,0,35,'bomber-in-cotton'),(938,124,0,35,'0'),(939,129,0,35,'2'),(940,135,0,35,'/4/_/4_2_3.jpg'),(942,153,0,35,'1'),(947,73,0,36,'Sleeveless Dress'),(948,84,0,36,'Sleeveless Dress'),(949,86,0,36,'Sleeveless Dress Delphine Chandelier is imported from Brazil and features a rich pattern of browns, gold, and black speckles accented by sharply contrasting alabaster and ivory fragments. This truly striking stone is a wonderful option for memorable inter'),(950,87,0,36,'/5/_/5_1_3.jpg'),(951,88,0,36,'/5/_/5_2.jpg'),(952,89,0,36,'/5/_/5_1_3.jpg'),(953,106,0,36,'container2'),(954,121,0,36,'sleeveless-dress'),(955,124,0,36,'0'),(956,129,0,36,'2'),(957,135,0,36,'/5/_/5_2.jpg'),(959,153,0,36,'1'),(964,73,0,37,'Hooded Coat'),(965,84,0,37,'Hooded Coat'),(966,86,0,37,'Hooded Coat Delphine Chandelier is imported from Brazil and features a rich pattern of browns, gold, and black speckles accented by sharply contrasting alabaster and ivory fragments. This truly striking stone is a wonderful option for memorable interior a'),(967,87,0,37,'/6/_/6_1_4.jpg'),(968,88,0,37,'/6/_/6_2_2.jpg'),(969,89,0,37,'/6/_/6_1_4.jpg'),(970,106,0,37,'container2'),(971,121,0,37,'hooded-coat'),(972,124,0,37,'0'),(973,129,0,37,'2'),(974,135,0,37,'/6/_/6_2_2.jpg'),(976,153,0,37,'1'),(981,73,0,38,'Light Felt Coat'),(982,84,0,38,'Light Felt Coat'),(983,86,0,38,'Light Felt Coat Delphine Chandelier is imported from Brazil and features a rich pattern of browns, gold, and black speckles accented by sharply contrasting alabaster and ivory fragments. This truly striking stone is a wonderful option for memorable interi'),(984,87,0,38,'/7/_/7_1_1.jpg'),(985,88,0,38,'/7/_/7_2_1.jpg'),(986,89,0,38,'/7/_/7_1_1.jpg'),(987,106,0,38,'container2'),(988,121,0,38,'light-felt-coat'),(989,124,0,38,'0'),(990,129,0,38,'2'),(991,135,0,38,'/7/_/7_2_1.jpg'),(993,153,0,38,'1'),(998,73,0,39,'Flared Skirts'),(999,84,0,39,'Flared Skirts'),(1000,86,0,39,'Flared Skirts Delphine Chandelier is imported from Brazil and features a rich pattern of browns, gold, and black speckles accented by sharply contrasting alabaster and ivory fragments. This truly striking stone is a wonderful option for memorable interior'),(1001,87,0,39,'/8/_/8_1_1.jpg'),(1002,88,0,39,'/8/_/8_2_1.jpg'),(1003,89,0,39,'/8/_/8_1_1.jpg'),(1004,106,0,39,'container2'),(1005,121,0,39,'flared-skirts'),(1006,124,0,39,'0'),(1007,129,0,39,'2'),(1008,135,0,39,'/8/_/8_2_1.jpg'),(1010,153,0,39,'1'),(1015,73,0,40,'Cotton Jacket'),(1016,84,0,40,'Cotton Jacket'),(1017,86,0,40,'Cotton Jacket Delphine Chandelier is imported from Brazil and features a rich pattern of browns, gold, and black speckles accented by sharply contrasting alabaster and ivory fragments. This truly striking stone is a wonderful option for memorable interior'),(1018,87,0,40,'/1/0/10_1_1.jpg'),(1019,88,0,40,'/1/0/10_2_1.jpg'),(1020,89,0,40,'/1/0/10_1_1.jpg'),(1021,106,0,40,'container2'),(1022,121,0,40,'cotton-jacket'),(1023,124,0,40,'0'),(1024,129,0,40,'2'),(1025,135,0,40,'/1/0/10_2_1.jpg'),(1027,153,0,40,'1'),(1032,73,0,41,'Cotton Poplin Dress'),(1033,84,0,41,'Cotton Poplin Dress'),(1034,86,0,41,'Cotton Poplin Dress Delphine Chandelier is imported from Brazil and features a rich pattern of browns, gold, and black speckles accented by sharply contrasting alabaster and ivory fragments. This truly striking stone is a wonderful option for memorable in'),(1035,87,0,41,'/1/1/11_1_2.jpg'),(1036,88,0,41,'/1/1/11_2.jpg'),(1037,89,0,41,'/1/1/11_1_2.jpg'),(1038,106,0,41,'container2'),(1039,121,0,41,'cotton-poplin-dress'),(1040,124,0,41,'0'),(1041,129,0,41,'2'),(1042,135,0,41,'/1/1/11_2.jpg'),(1044,153,0,41,'1'),(1049,73,0,42,'Cotton T-shirt'),(1050,84,0,42,'Cotton T-shirt'),(1051,86,0,42,'Cotton T-shirt Delphine Chandelier is imported from Brazil and features a rich pattern of browns, gold, and black speckles accented by sharply contrasting alabaster and ivory fragments. This truly striking stone is a wonderful option for memorable interio'),(1052,87,0,42,'/1/2/12_1_2.jpg'),(1053,88,0,42,'/1/2/12_2_2.jpg'),(1054,89,0,42,'/1/2/12_1_2.jpg'),(1055,106,0,42,'container2'),(1056,121,0,42,'cotton-t-shirt'),(1057,124,0,42,'0'),(1058,129,0,42,'2'),(1059,135,0,42,'/1/2/12_2_2.jpg'),(1061,153,0,42,'1'),(1127,73,0,44,'Nike Air Max Motion 2 Sneakers'),(1128,84,0,44,'Nike Air Max Motion 2 Sneakers'),(1129,86,0,44,'Nike Air Max Motion 2 Sneakers 84% Polyester, 16% ElastaneImportedRubber soleShaft measures approximately low-top from archNEUTRAL: For runners who need a balance of flexibility &amp; cushioningLightweight mesh upper with 3-color digital print delivers co'),(1130,87,0,44,'/1/_/1_2_1_1.jpg'),(1131,88,0,44,'/1/_/1_1_1_3.jpg'),(1132,89,0,44,'/1/_/1_2_1_1.jpg'),(1133,106,0,44,'container2'),(1134,121,0,44,'nike-air-max-motion-2-sneakers'),(1135,124,0,44,'0'),(1136,129,0,44,'2'),(1137,135,0,44,'/1/_/1_1_1_3.jpg'),(1139,153,0,44,'1'),(1144,73,0,45,'Fila Memory Vernato Windlift'),(1145,84,0,45,'Fila Memory Vernato Windlift'),(1146,86,0,45,'Fila Memory Vernato Windlift 84% Polyester, 16% ElastaneImportedRubber soleShaft measures approximately low-top from archNEUTRAL: For runners who need a balance of flexibility &amp; cushioningLightweight mesh upper with 3-color digital print delivers comp'),(1147,87,0,45,'no_selection'),(1148,88,0,45,'/2/_/2_1_2_2.jpg'),(1149,89,0,45,'/2/_/2_2_1_2.jpg'),(1150,106,0,45,'container2'),(1151,121,0,45,'fila-memory-vernato-windlift'),(1152,124,0,45,'0'),(1153,129,0,45,'2'),(1154,135,0,45,'/2/_/2_1_2_2.jpg'),(1156,153,0,45,'1'),(1161,73,0,46,'New Balance Draft Running Shoes'),(1162,84,0,46,'New Balance Draft Running Shoes'),(1163,86,0,46,'New Balance Draft Running Shoes 84% Polyester, 16% ElastaneImportedRubber soleShaft measures approximately low-top from archNEUTRAL: For runners who need a balance of flexibility &amp; cushioningLightweight mesh upper with 3-color digital print delivers c'),(1164,87,0,46,'/3/_/3_1_6.jpg'),(1165,88,0,46,'/3/_/3_1_6.jpg'),(1166,89,0,46,'/3/_/3_3_1.jpg'),(1167,106,0,46,'container2'),(1168,121,0,46,'new-balance-draft-running-shoes'),(1169,124,0,46,'0'),(1170,129,0,46,'2'),(1171,135,0,46,'/3/_/3_4.jpg'),(1173,153,0,46,'1'),(1178,73,0,47,'Dynamight Paradise Wave Sneakers'),(1179,84,0,47,'Dynamight Paradise Wave Sneakers'),(1180,86,0,47,'Dynamight Paradise Wave Sneakers 84% Polyester, 16% ElastaneImportedRubber soleShaft measures approximately low-top from archNEUTRAL: For runners who need a balance of flexibility &amp; cushioningLightweight mesh upper with 3-color digital print delivers '),(1181,87,0,47,'/4/_/4_1_4.jpg'),(1182,88,0,47,'/4/_/4_1_4.jpg'),(1183,89,0,47,'/4/_/4_3_3.jpg'),(1184,106,0,47,'container2'),(1185,121,0,47,'dynamight-paradise-wave-sneakers'),(1186,124,0,47,'0'),(1187,129,0,47,'2'),(1188,135,0,47,'/4/_/4_3_3.jpg'),(1190,153,0,47,'1'),(1195,73,0,48,'Adidas Sport X Running Shoes'),(1196,84,0,48,'Adidas Sport X Running Shoes'),(1197,86,0,48,'Adidas Sport X Running Shoes 84% Polyester, 16% ElastaneImportedRubber soleShaft measures approximately low-top from archNEUTRAL: For runners who need a balance of flexibility &amp; cushioningLightweight mesh upper with 3-color digital print delivers comp'),(1198,87,0,48,'/5/_/5_1_4.jpg'),(1199,88,0,48,'/5/_/5_1_4.jpg'),(1200,89,0,48,'/5/_/5_2_1.jpg'),(1201,106,0,48,'container2'),(1202,121,0,48,'adidas-sport-x-running-shoes'),(1203,124,0,48,'0'),(1204,129,0,48,'2'),(1205,135,0,48,'/5/_/5_2_1.jpg'),(1207,153,0,48,'1'),(1212,73,0,49,'Puma Pacer Cage Sneakers'),(1213,84,0,49,'Puma Pacer Cage Sneakers'),(1214,86,0,49,'Puma Pacer Cage Sneakers 84% Polyester, 16% ElastaneImportedRubber soleShaft measures approximately low-top from archNEUTRAL: For runners who need a balance of flexibility &amp; cushioningLightweight mesh upper with 3-color digital print delivers complete'),(1215,87,0,49,'/6/_/6_1_5.jpg'),(1216,88,0,49,'/6/_/6_1_5.jpg'),(1217,89,0,49,'/6/_/6_3_2.jpg'),(1218,106,0,49,'container2'),(1219,121,0,49,'puma-pacer-cage-sneakers'),(1220,124,0,49,'0'),(1221,129,0,49,'2'),(1222,135,0,49,'/6/_/6_3_2.jpg'),(1224,153,0,49,'1'),(1229,73,0,50,'Asher Slip-On Skate Shoes'),(1230,84,0,50,'Asher Slip-On Skate Shoes'),(1231,86,0,50,'Asher Slip-On Skate Shoes 84% Polyester, 16% ElastaneImportedRubber soleShaft measures approximately low-top from archNEUTRAL: For runners who need a balance of flexibility &amp; cushioningLightweight mesh upper with 3-color digital print delivers complet'),(1232,87,0,50,'/1/3/13_1_2.jpg'),(1233,88,0,50,'/1/3/13_1_2.jpg'),(1234,89,0,50,'/1/3/13_3_1.jpg'),(1235,106,0,50,'container2'),(1236,121,0,50,'asher-slip-on-skate-shoes'),(1237,124,0,50,'0'),(1238,129,0,50,'2'),(1239,135,0,50,'/1/3/13_3_1.jpg'),(1241,153,0,50,'1'),(1246,73,0,51,'Hike Slip-On Flatform Sneakers'),(1247,84,0,51,'Hike Slip-On Flatform Sneakers'),(1248,86,0,51,'Hike Slip-On Flatform Sneakers 84% Polyester, 16% ElastaneImportedRubber soleShaft measures approximately low-top from archNEUTRAL: For runners who need a balance of flexibility &amp; cushioningLightweight mesh upper with 3-color digital print delivers co'),(1249,87,0,51,'/7/_/7_1_2.jpg'),(1250,88,0,51,'/7/_/7_1_2.jpg'),(1251,89,0,51,'/7/_/7_2_2.jpg'),(1252,106,0,51,'container2'),(1253,121,0,51,'hike-slip-on-flatform-sneakers'),(1254,124,0,51,'0'),(1255,129,0,51,'2'),(1256,135,0,51,'/7/_/7_4.jpg'),(1258,153,0,51,'1'),(1263,73,0,52,'Fila Memory Finition Sneakers'),(1264,84,0,52,'Fila Memory Finition Sneakers'),(1265,86,0,52,'Fila Memory Finition Sneakers 84% Polyester, 16% ElastaneImportedRubber soleShaft measures approximately low-top from archNEUTRAL: For runners who need a balance of flexibility &amp; cushioningLightweight mesh upper with 3-color digital print delivers com'),(1266,87,0,52,'/8/_/8_1_2.jpg'),(1267,88,0,52,'/8/_/8_1_2.jpg'),(1268,89,0,52,'/8/_/8_2_2.jpg'),(1269,106,0,52,'container2'),(1270,121,0,52,'fila-memory-finition-sneakers'),(1271,124,0,52,'0'),(1272,129,0,52,'2'),(1273,135,0,52,'/8/_/8_2_2.jpg'),(1275,153,0,52,'1'),(1280,73,0,53,'Strength Slip-On Sneakers'),(1281,84,0,53,'Strength Slip-On Sneakers'),(1282,86,0,53,'Strength Slip-On Sneakers 84% Polyester, 16% ElastaneImportedRubber soleShaft measures approximately low-top from archNEUTRAL: For runners who need a balance of flexibility &amp; cushioningLightweight mesh upper with 3-color digital print delivers complet'),(1283,87,0,53,'/9/_/9_1_2.jpg'),(1284,88,0,53,'/9/_/9_1_2.jpg'),(1285,89,0,53,'/9/_/9_2_2.jpg'),(1286,106,0,53,'container2'),(1287,121,0,53,'strength-slip-on-sneakers'),(1288,124,0,53,'0'),(1289,129,0,53,'2'),(1290,135,0,53,'/9/_/9_3_1.jpg'),(1292,153,0,53,'1'),(1297,73,0,54,'Puma Axelion Knit Sneakers'),(1298,84,0,54,'Puma Axelion Knit Sneakers'),(1299,86,0,54,'Puma Axelion Knit Sneakers 84% Polyester, 16% ElastaneImportedRubber soleShaft measures approximately low-top from archNEUTRAL: For runners who need a balance of flexibility &amp; cushioningLightweight mesh upper with 3-color digital print delivers comple'),(1300,87,0,54,'no_selection'),(1301,88,0,54,'/1/0/10_1_2.jpg'),(1302,89,0,54,'/1/0/10_3_2.jpg'),(1303,106,0,54,'container2'),(1304,121,0,54,'puma-axelion-knit-sneakers'),(1305,124,0,54,'0'),(1306,129,0,54,'2'),(1307,135,0,54,'/1/0/10_3_2.jpg'),(1309,153,0,54,'1'),(1314,73,0,55,'Nike Lebron Witness'),(1315,84,0,55,'Nike Lebron Witness'),(1316,86,0,55,'Nike Lebron Witness 84% Polyester, 16% ElastaneImportedRubber soleShaft measures approximately low-top from archNEUTRAL: For runners who need a balance of flexibility &amp; cushioningLightweight mesh upper with 3-color digital print delivers complete brea'),(1317,87,0,55,'/1/1/11_1_3.jpg'),(1318,88,0,55,'/1/1/11_1_3.jpg'),(1319,89,0,55,'/1/1/11_3.jpg'),(1320,106,0,55,'container2'),(1321,121,0,55,'nike-lebron-witness'),(1322,124,0,55,'0'),(1323,129,0,55,'2'),(1324,135,0,55,'/1/1/11_2_1.jpg'),(1326,153,0,55,'1'),(1331,73,0,56,'Nike Reposto Sneakers'),(1332,84,0,56,'Nike Reposto Sneakers'),(1333,86,0,56,'Nike Reposto Sneakers 84% Polyester, 16% ElastaneImportedRubber soleShaft measures approximately low-top from archNEUTRAL: For runners who need a balance of flexibility &amp; cushioningLightweight mesh upper with 3-color digital print delivers complete br'),(1334,87,0,56,'/1/2/12_1_3.jpg'),(1335,88,0,56,'/1/2/12_1_3.jpg'),(1336,89,0,56,'/1/2/12_2_3.jpg'),(1337,106,0,56,'container2'),(1338,121,0,56,'nike-reposto-sneakers'),(1339,124,0,56,'0'),(1340,129,0,56,'2'),(1341,135,0,56,'/1/2/12_2_3.jpg'),(1343,153,0,56,'1'),(1524,135,0,16,'/9/_/9_2_1.jpg'),(1656,73,0,57,'Grain pendant lamp                              -XL'),(1657,84,0,57,'Table Temporary Glass                                '),(1658,86,0,57,'Table Temporary Glass                                 Delphine Chandelier is imported from Brazil and features a rich pattern of browns, gold, and black speckles accented by sharply contrasting alabaster and ivory fragments. This truly striking stone is a'),(1659,106,0,57,'container2'),(1660,121,0,57,'grain-pendant-lamp-xl'),(1661,124,0,57,'0'),(1662,129,0,57,'0'),(1664,153,0,57,'1'),(1665,73,0,58,'Grain pendant lamp                              -L'),(1666,84,0,58,'Table Temporary Glass                                '),(1667,86,0,58,'Table Temporary Glass                                 Delphine Chandelier is imported from Brazil and features a rich pattern of browns, gold, and black speckles accented by sharply contrasting alabaster and ivory fragments. This truly striking stone is a'),(1668,106,0,58,'container2'),(1669,121,0,58,'grain-pendant-lamp-l'),(1670,124,0,58,'0'),(1671,129,0,58,'0'),(1673,153,0,58,'1'),(1674,73,0,59,'Grain pendant lamp                              -M'),(1675,84,0,59,'Table Temporary Glass                                '),(1676,86,0,59,'Table Temporary Glass                                 Delphine Chandelier is imported from Brazil and features a rich pattern of browns, gold, and black speckles accented by sharply contrasting alabaster and ivory fragments. This truly striking stone is a'),(1677,106,0,59,'container2'),(1678,121,0,59,'grain-pendant-lamp-m'),(1679,124,0,59,'0'),(1680,129,0,59,'0'),(1682,153,0,59,'1'),(1687,73,0,60,'Ribbed sweater -S-pink'),(1688,84,0,60,'Ribbed sweater '),(1689,86,0,60,'Ribbed sweater  Delphine Chandelier is imported from Brazil and features a rich pattern of browns, gold, and black speckles accented by sharply contrasting alabaster and ivory fragments. This truly striking stone is a wonderful option for memorable interi'),(1690,106,0,60,'container2'),(1691,121,0,60,'ribbed-sweater-s-pink'),(1692,124,0,60,'0'),(1693,129,0,60,'0'),(1695,153,0,60,'1'),(1696,73,0,61,'Ribbed sweater -S-yellow'),(1697,84,0,61,'Ribbed sweater '),(1698,86,0,61,'Ribbed sweater  Delphine Chandelier is imported from Brazil and features a rich pattern of browns, gold, and black speckles accented by sharply contrasting alabaster and ivory fragments. This truly striking stone is a wonderful option for memorable interi'),(1699,106,0,61,'container2'),(1700,121,0,61,'ribbed-sweater-s-yellow'),(1701,124,0,61,'0'),(1702,129,0,61,'0'),(1704,153,0,61,'1'),(1705,73,0,62,'Ribbed sweater -S-red'),(1706,84,0,62,'Ribbed sweater '),(1707,86,0,62,'Ribbed sweater  Delphine Chandelier is imported from Brazil and features a rich pattern of browns, gold, and black speckles accented by sharply contrasting alabaster and ivory fragments. This truly striking stone is a wonderful option for memorable interi'),(1708,106,0,62,'container2'),(1709,121,0,62,'ribbed-sweater-s-red'),(1710,124,0,62,'0'),(1711,129,0,62,'0'),(1713,153,0,62,'1'),(1714,73,0,63,'Ribbed sweater -XS-pink'),(1715,84,0,63,'Ribbed sweater '),(1716,86,0,63,'Ribbed sweater  Delphine Chandelier is imported from Brazil and features a rich pattern of browns, gold, and black speckles accented by sharply contrasting alabaster and ivory fragments. This truly striking stone is a wonderful option for memorable interi'),(1717,106,0,63,'container2'),(1718,121,0,63,'ribbed-sweater-xs-pink'),(1719,124,0,63,'0'),(1720,129,0,63,'0'),(1722,153,0,63,'1'),(1723,73,0,64,'Ribbed sweater -XS-yellow'),(1724,84,0,64,'Ribbed sweater '),(1725,86,0,64,'Ribbed sweater  Delphine Chandelier is imported from Brazil and features a rich pattern of browns, gold, and black speckles accented by sharply contrasting alabaster and ivory fragments. This truly striking stone is a wonderful option for memorable interi'),(1726,106,0,64,'container2'),(1727,121,0,64,'ribbed-sweater-xs-yellow'),(1728,124,0,64,'0'),(1729,129,0,64,'0'),(1731,153,0,64,'1'),(1732,73,0,65,'Ribbed sweater -XS-red'),(1733,84,0,65,'Ribbed sweater '),(1734,86,0,65,'Ribbed sweater  Delphine Chandelier is imported from Brazil and features a rich pattern of browns, gold, and black speckles accented by sharply contrasting alabaster and ivory fragments. This truly striking stone is a wonderful option for memorable interi'),(1735,106,0,65,'container2'),(1736,121,0,65,'ribbed-sweater-xs-red'),(1737,124,0,65,'0'),(1738,129,0,65,'0'),(1740,153,0,65,'1'),(1741,73,0,66,'Ribbed sweater -L-pink'),(1742,84,0,66,'Ribbed sweater '),(1743,86,0,66,'Ribbed sweater  Delphine Chandelier is imported from Brazil and features a rich pattern of browns, gold, and black speckles accented by sharply contrasting alabaster and ivory fragments. This truly striking stone is a wonderful option for memorable interi'),(1744,106,0,66,'container2'),(1745,121,0,66,'ribbed-sweater-l-pink'),(1746,124,0,66,'0'),(1747,129,0,66,'0'),(1749,153,0,66,'1'),(1750,73,0,67,'Ribbed sweater -L-yellow'),(1751,84,0,67,'Ribbed sweater '),(1752,86,0,67,'Ribbed sweater  Delphine Chandelier is imported from Brazil and features a rich pattern of browns, gold, and black speckles accented by sharply contrasting alabaster and ivory fragments. This truly striking stone is a wonderful option for memorable interi'),(1753,106,0,67,'container2'),(1754,121,0,67,'ribbed-sweater-l-yellow'),(1755,124,0,67,'0'),(1756,129,0,67,'0'),(1758,153,0,67,'1'),(1759,73,0,68,'Ribbed sweater -L-red'),(1760,84,0,68,'Ribbed sweater '),(1761,86,0,68,'Ribbed sweater  Delphine Chandelier is imported from Brazil and features a rich pattern of browns, gold, and black speckles accented by sharply contrasting alabaster and ivory fragments. This truly striking stone is a wonderful option for memorable interi'),(1762,106,0,68,'container2'),(1763,121,0,68,'ribbed-sweater-l-red'),(1764,124,0,68,'0'),(1765,129,0,68,'0'),(1767,153,0,68,'1'),(1772,73,0,69,'Grain pendant lamp                              -S'),(1773,84,0,69,'Table Temporary Glass                                '),(1774,86,0,69,'Table Temporary Glass                                 Delphine Chandelier is imported from Brazil and features a rich pattern of browns, gold, and black speckles accented by sharply contrasting alabaster and ivory fragments. This truly striking stone is a'),(1775,106,0,69,'container2'),(1776,121,0,69,'grain-pendant-lamp-s'),(1777,124,0,69,'0'),(1778,129,0,69,'0'),(1780,153,0,69,'1'),(1825,153,0,25,'1'),(1909,73,0,70,'Puma Axelion Knit Sneakers-M-red'),(1910,84,0,70,'Puma Axelion Knit Sneakers'),(1911,86,0,70,'Puma Axelion Knit Sneakers 84% Polyester, 16% ElastaneImportedRubber soleShaft measures approximately low-top from archNEUTRAL: For runners who need a balance of flexibility &amp; cushioningLightweight mesh upper with 3-color digital print delivers comple'),(1912,106,0,70,'container2'),(1913,121,0,70,'puma-axelion-knit-sneakers-m-red'),(1914,124,0,70,'0'),(1915,129,0,70,'0'),(1917,153,0,70,'1'),(1918,73,0,71,'Puma Axelion Knit Sneakers-M-pink'),(1919,84,0,71,'Puma Axelion Knit Sneakers'),(1920,86,0,71,'Puma Axelion Knit Sneakers 84% Polyester, 16% ElastaneImportedRubber soleShaft measures approximately low-top from archNEUTRAL: For runners who need a balance of flexibility &amp; cushioningLightweight mesh upper with 3-color digital print delivers comple'),(1921,106,0,71,'container2'),(1922,121,0,71,'puma-axelion-knit-sneakers-m-pink'),(1923,124,0,71,'0'),(1924,129,0,71,'0'),(1926,153,0,71,'1'),(1927,73,0,72,'Puma Axelion Knit Sneakers-M-yellow'),(1928,84,0,72,'Puma Axelion Knit Sneakers'),(1929,86,0,72,'Puma Axelion Knit Sneakers 84% Polyester, 16% ElastaneImportedRubber soleShaft measures approximately low-top from archNEUTRAL: For runners who need a balance of flexibility &amp; cushioningLightweight mesh upper with 3-color digital print delivers comple'),(1930,106,0,72,'container2'),(1931,121,0,72,'puma-axelion-knit-sneakers-m-yellow'),(1932,124,0,72,'0'),(1933,129,0,72,'0'),(1935,153,0,72,'1'),(1936,73,0,73,'Puma Axelion Knit Sneakers-M-Blue'),(1937,84,0,73,'Puma Axelion Knit Sneakers'),(1938,86,0,73,'Puma Axelion Knit Sneakers 84% Polyester, 16% ElastaneImportedRubber soleShaft measures approximately low-top from archNEUTRAL: For runners who need a balance of flexibility &amp; cushioningLightweight mesh upper with 3-color digital print delivers comple'),(1939,106,0,73,'container2'),(1940,121,0,73,'puma-axelion-knit-sneakers-m-blue'),(1941,124,0,73,'0'),(1942,129,0,73,'0'),(1944,153,0,73,'1'),(1945,73,0,74,'Puma Axelion Knit Sneakers-XS-red'),(1946,84,0,74,'Puma Axelion Knit Sneakers'),(1947,86,0,74,'Puma Axelion Knit Sneakers 84% Polyester, 16% ElastaneImportedRubber soleShaft measures approximately low-top from archNEUTRAL: For runners who need a balance of flexibility &amp; cushioningLightweight mesh upper with 3-color digital print delivers comple'),(1948,106,0,74,'container2'),(1949,121,0,74,'puma-axelion-knit-sneakers-xs-red'),(1950,124,0,74,'0'),(1951,129,0,74,'0'),(1953,153,0,74,'1'),(1954,73,0,75,'Puma Axelion Knit Sneakers-XS-pink'),(1955,84,0,75,'Puma Axelion Knit Sneakers'),(1956,86,0,75,'Puma Axelion Knit Sneakers 84% Polyester, 16% ElastaneImportedRubber soleShaft measures approximately low-top from archNEUTRAL: For runners who need a balance of flexibility &amp; cushioningLightweight mesh upper with 3-color digital print delivers comple'),(1957,106,0,75,'container2'),(1958,121,0,75,'puma-axelion-knit-sneakers-xs-pink'),(1959,124,0,75,'0'),(1960,129,0,75,'0'),(1962,153,0,75,'1'),(1963,73,0,76,'Puma Axelion Knit Sneakers-XS-yellow'),(1964,84,0,76,'Puma Axelion Knit Sneakers'),(1965,86,0,76,'Puma Axelion Knit Sneakers 84% Polyester, 16% ElastaneImportedRubber soleShaft measures approximately low-top from archNEUTRAL: For runners who need a balance of flexibility &amp; cushioningLightweight mesh upper with 3-color digital print delivers comple'),(1966,106,0,76,'container2'),(1967,121,0,76,'puma-axelion-knit-sneakers-xs-yellow'),(1968,124,0,76,'0'),(1969,129,0,76,'0'),(1971,153,0,76,'1'),(1972,73,0,77,'Puma Axelion Knit Sneakers-XS-Blue'),(1973,84,0,77,'Puma Axelion Knit Sneakers'),(1974,86,0,77,'Puma Axelion Knit Sneakers 84% Polyester, 16% ElastaneImportedRubber soleShaft measures approximately low-top from archNEUTRAL: For runners who need a balance of flexibility &amp; cushioningLightweight mesh upper with 3-color digital print delivers comple'),(1975,106,0,77,'container2'),(1976,121,0,77,'puma-axelion-knit-sneakers-xs-blue'),(1977,124,0,77,'0'),(1978,129,0,77,'0'),(1980,153,0,77,'1'),(1981,73,0,78,'Puma Axelion Knit Sneakers-S-red'),(1982,84,0,78,'Puma Axelion Knit Sneakers'),(1983,86,0,78,'Puma Axelion Knit Sneakers 84% Polyester, 16% ElastaneImportedRubber soleShaft measures approximately low-top from archNEUTRAL: For runners who need a balance of flexibility &amp; cushioningLightweight mesh upper with 3-color digital print delivers comple'),(1984,106,0,78,'container2'),(1985,121,0,78,'puma-axelion-knit-sneakers-s-red'),(1986,124,0,78,'0'),(1987,129,0,78,'0'),(1989,153,0,78,'1'),(1990,73,0,79,'Puma Axelion Knit Sneakers-S-pink'),(1991,84,0,79,'Puma Axelion Knit Sneakers'),(1992,86,0,79,'Puma Axelion Knit Sneakers 84% Polyester, 16% ElastaneImportedRubber soleShaft measures approximately low-top from archNEUTRAL: For runners who need a balance of flexibility &amp; cushioningLightweight mesh upper with 3-color digital print delivers comple'),(1993,106,0,79,'container2'),(1994,121,0,79,'puma-axelion-knit-sneakers-s-pink'),(1995,124,0,79,'0'),(1996,129,0,79,'0'),(1998,153,0,79,'1'),(1999,73,0,80,'Puma Axelion Knit Sneakers-S-yellow'),(2000,84,0,80,'Puma Axelion Knit Sneakers'),(2001,86,0,80,'Puma Axelion Knit Sneakers 84% Polyester, 16% ElastaneImportedRubber soleShaft measures approximately low-top from archNEUTRAL: For runners who need a balance of flexibility &amp; cushioningLightweight mesh upper with 3-color digital print delivers comple'),(2002,106,0,80,'container2'),(2003,121,0,80,'puma-axelion-knit-sneakers-s-yellow'),(2004,124,0,80,'0'),(2005,129,0,80,'0'),(2007,153,0,80,'1'),(2008,73,0,81,'Puma Axelion Knit Sneakers-S-Blue'),(2009,84,0,81,'Puma Axelion Knit Sneakers'),(2010,86,0,81,'Puma Axelion Knit Sneakers 84% Polyester, 16% ElastaneImportedRubber soleShaft measures approximately low-top from archNEUTRAL: For runners who need a balance of flexibility &amp; cushioningLightweight mesh upper with 3-color digital print delivers comple'),(2011,106,0,81,'container2'),(2012,121,0,81,'puma-axelion-knit-sneakers-s-blue'),(2013,124,0,81,'0'),(2014,129,0,81,'0'),(2016,153,0,81,'1'),(2340,73,0,83,'Nike Air Max Motion 2 Sneakers-red-M'),(2341,84,0,83,'Nike Air Max Motion 2 Sneakers'),(2342,86,0,83,'Nike Air Max Motion 2 Sneakers 84% Polyester, 16% ElastaneImportedRubber soleShaft measures approximately low-top from archNEUTRAL: For runners who need a balance of flexibility &amp; cushioningLightweight mesh upper with 3-color digital print delivers co'),(2343,87,0,83,'/1/_/1_2_2_1.jpg'),(2344,88,0,83,'/1/_/1_2_2_1.jpg'),(2345,89,0,83,'/1/_/1_2_2_1.jpg'),(2346,106,0,83,'container2'),(2347,121,0,83,'nike-air-max-motion-2-sneakers-red-m'),(2348,124,0,83,'0'),(2349,129,0,83,'0'),(2350,135,0,83,'/1/_/1_2_2_1.jpg'),(2352,153,0,83,'1'),(2357,73,0,84,'Nike Air Max Motion 2 Sneakers-red-L'),(2358,84,0,84,'Nike Air Max Motion 2 Sneakers'),(2359,86,0,84,'Nike Air Max Motion 2 Sneakers 84% Polyester, 16% ElastaneImportedRubber soleShaft measures approximately low-top from archNEUTRAL: For runners who need a balance of flexibility &amp; cushioningLightweight mesh upper with 3-color digital print delivers co'),(2360,87,0,84,'/1/_/1_2_2_2.jpg'),(2361,88,0,84,'/1/_/1_2_2_2.jpg'),(2362,89,0,84,'/1/_/1_2_2_2.jpg'),(2363,106,0,84,'container2'),(2364,121,0,84,'nike-air-max-motion-2-sneakers-red-l'),(2365,124,0,84,'0'),(2366,129,0,84,'0'),(2367,135,0,84,'/1/_/1_2_2_2.jpg'),(2369,153,0,84,'1'),(2374,73,0,85,'Nike Air Max Motion 2 Sneakers-yellow-M'),(2375,84,0,85,'Nike Air Max Motion 2 Sneakers'),(2376,86,0,85,'Nike Air Max Motion 2 Sneakers 84% Polyester, 16% ElastaneImportedRubber soleShaft measures approximately low-top from archNEUTRAL: For runners who need a balance of flexibility &amp; cushioningLightweight mesh upper with 3-color digital print delivers co'),(2377,87,0,85,'/2/_/2_2_2_1.jpg'),(2378,88,0,85,'/2/_/2_2_2_1.jpg'),(2379,89,0,85,'/2/_/2_2_2_1.jpg'),(2380,106,0,85,'container2'),(2381,121,0,85,'nike-air-max-motion-2-sneakers-yellow-m'),(2382,124,0,85,'0'),(2383,129,0,85,'0'),(2384,135,0,85,'/2/_/2_2_2_1.jpg'),(2386,153,0,85,'1'),(2391,73,0,86,'Nike Air Max Motion 2 Sneakers-yellow-L'),(2392,84,0,86,'Nike Air Max Motion 2 Sneakers'),(2393,86,0,86,'Nike Air Max Motion 2 Sneakers 84% Polyester, 16% ElastaneImportedRubber soleShaft measures approximately low-top from archNEUTRAL: For runners who need a balance of flexibility &amp; cushioningLightweight mesh upper with 3-color digital print delivers co'),(2394,87,0,86,'/2/_/2_2_2_2.jpg'),(2395,88,0,86,'/2/_/2_2_2_2.jpg'),(2396,89,0,86,'/2/_/2_2_2_2.jpg'),(2397,106,0,86,'container2'),(2398,121,0,86,'nike-air-max-motion-2-sneakers-yellow-l'),(2399,124,0,86,'0'),(2400,129,0,86,'0'),(2401,135,0,86,'/2/_/2_2_2_2.jpg'),(2403,153,0,86,'1'),(2408,73,0,87,'Nike Air Max Motion 2 Sneakers-Blue-M'),(2409,84,0,87,'Nike Air Max Motion 2 Sneakers'),(2410,86,0,87,'Nike Air Max Motion 2 Sneakers 84% Polyester, 16% ElastaneImportedRubber soleShaft measures approximately low-top from archNEUTRAL: For runners who need a balance of flexibility &amp; cushioningLightweight mesh upper with 3-color digital print delivers co'),(2411,87,0,87,'/4/_/4_2_1_1.jpg'),(2412,88,0,87,'/4/_/4_2_1_1.jpg'),(2413,89,0,87,'/4/_/4_2_1_1.jpg'),(2414,106,0,87,'container2'),(2415,121,0,87,'nike-air-max-motion-2-sneakers-blue-m'),(2416,124,0,87,'0'),(2417,129,0,87,'0'),(2418,135,0,87,'/4/_/4_2_1_1.jpg'),(2420,153,0,87,'1'),(2425,73,0,88,'Nike Air Max Motion 2 Sneakers-Blue-L'),(2426,84,0,88,'Nike Air Max Motion 2 Sneakers'),(2427,86,0,88,'Nike Air Max Motion 2 Sneakers 84% Polyester, 16% ElastaneImportedRubber soleShaft measures approximately low-top from archNEUTRAL: For runners who need a balance of flexibility &amp; cushioningLightweight mesh upper with 3-color digital print delivers co'),(2428,87,0,88,'/4/_/4_2_2_1.jpg'),(2429,88,0,88,'/4/_/4_2_2_1.jpg'),(2430,89,0,88,'/4/_/4_2_2_1.jpg'),(2431,106,0,88,'container2'),(2432,121,0,88,'nike-air-max-motion-2-sneakers-blue-l'),(2433,124,0,88,'0'),(2434,129,0,88,'0'),(2435,135,0,88,'/4/_/4_2_2_1.jpg'),(2437,153,0,88,'1'),(2446,73,0,89,'Nike Air Max Motion 2 Sneakers-yellow'),(2447,84,0,89,'Nike Air Max Motion 2 Sneakers'),(2448,86,0,89,'Nike Air Max Motion 2 Sneakers 84% Polyester, 16% ElastaneImportedRubber soleShaft measures approximately low-top from archNEUTRAL: For runners who need a balance of flexibility &amp; cushioningLightweight mesh upper with 3-color digital print delivers co'),(2449,87,0,89,'/1/_/1_2_2_1_1.jpg'),(2450,88,0,89,'/1/_/1_2_2_1_1.jpg'),(2451,89,0,89,'/1/_/1_2_2_1_1.jpg'),(2452,106,0,89,'container2'),(2453,121,0,89,'nike-air-max-motion-2-sneakers-yellow'),(2454,124,0,89,'0'),(2455,129,0,89,'0'),(2456,135,0,89,'/1/_/1_2_2_1_1.jpg'),(2458,153,0,89,'1'),(2463,73,0,90,'Nike Air Max Motion 2 Sneakers-Blue'),(2464,84,0,90,'Nike Air Max Motion 2 Sneakers'),(2465,86,0,90,'Nike Air Max Motion 2 Sneakers 84% Polyester, 16% ElastaneImportedRubber soleShaft measures approximately low-top from archNEUTRAL: For runners who need a balance of flexibility &amp; cushioningLightweight mesh upper with 3-color digital print delivers co'),(2466,87,0,90,'/2/_/2_2_2_1_1.jpg'),(2467,88,0,90,'/2/_/2_2_2_1_1.jpg'),(2468,89,0,90,'/2/_/2_2_2_1_1.jpg'),(2469,106,0,90,'container2'),(2470,121,0,90,'nike-air-max-motion-2-sneakers-blue'),(2471,124,0,90,'0'),(2472,129,0,90,'0'),(2473,135,0,90,'/2/_/2_2_2_1_1.jpg'),(2475,153,0,90,'1'),(2480,73,0,91,'Nike Air Max Motion 2 Sneakers-red'),(2481,84,0,91,'Nike Air Max Motion 2 Sneakers'),(2482,86,0,91,'Nike Air Max Motion 2 Sneakers 84% Polyester, 16% ElastaneImportedRubber soleShaft measures approximately low-top from archNEUTRAL: For runners who need a balance of flexibility &amp; cushioningLightweight mesh upper with 3-color digital print delivers co'),(2483,87,0,91,'/3/_/3_2_2_1.jpg'),(2484,88,0,91,'/3/_/3_2_2_1.jpg'),(2485,89,0,91,'/3/_/3_2_2_1.jpg'),(2486,106,0,91,'container2'),(2487,121,0,91,'nike-air-max-motion-2-sneakers-red'),(2488,124,0,91,'0'),(2489,129,0,91,'0'),(2490,135,0,91,'/3/_/3_2_2_1.jpg'),(2492,153,0,91,'1');

--
-- Table structure for table `catalog_product_frontend_action`
--

CREATE TABLE `catalog_product_frontend_action` (
  `action_id` bigint(20) unsigned NOT NULL AUTO_INCREMENT COMMENT 'Product Action ID',
  `type_id` varchar(64) NOT NULL COMMENT 'Type of product action',
  `visitor_id` int(10) unsigned DEFAULT NULL COMMENT 'Visitor ID',
  `customer_id` int(10) unsigned DEFAULT NULL COMMENT 'Customer ID',
  `product_id` int(10) unsigned NOT NULL COMMENT 'Product ID',
  `added_at` bigint(20) NOT NULL COMMENT 'Added At',
  PRIMARY KEY (`action_id`),
  UNIQUE KEY `CATALOG_PRODUCT_FRONTEND_ACTION_VISITOR_ID_PRODUCT_ID_TYPE_ID` (`visitor_id`,`product_id`,`type_id`),
  UNIQUE KEY `CATALOG_PRODUCT_FRONTEND_ACTION_CUSTOMER_ID_PRODUCT_ID_TYPE_ID` (`customer_id`,`product_id`,`type_id`),
  KEY `CAT_PRD_FRONTEND_ACTION_PRD_ID_CAT_PRD_ENTT_ENTT_ID` (`product_id`),
  CONSTRAINT `CAT_PRD_FRONTEND_ACTION_CSTR_ID_CSTR_ENTT_ENTT_ID` FOREIGN KEY (`customer_id`) REFERENCES `customer_entity` (`entity_id`) ON DELETE CASCADE,
  CONSTRAINT `CAT_PRD_FRONTEND_ACTION_PRD_ID_CAT_PRD_ENTT_ENTT_ID` FOREIGN KEY (`product_id`) REFERENCES `catalog_product_entity` (`entity_id`) ON DELETE CASCADE
) ENGINE=InnoDB DEFAULT CHARSET=utf8 COMMENT='Catalog Product Frontend Action Table';

--
-- Dumping data for table `catalog_product_frontend_action`
--


--
-- Table structure for table `catalog_product_index_eav`
--

CREATE TABLE `catalog_product_index_eav` (
  `entity_id` int(10) unsigned NOT NULL COMMENT 'Entity ID',
  `attribute_id` smallint(5) unsigned NOT NULL COMMENT 'Attribute ID',
  `store_id` smallint(5) unsigned NOT NULL COMMENT 'Store ID',
  `value` int(10) unsigned NOT NULL COMMENT 'Value',
  `source_id` int(10) unsigned NOT NULL DEFAULT 0 COMMENT 'Original entity ID for attribute value',
  PRIMARY KEY (`entity_id`,`attribute_id`,`store_id`,`value`,`source_id`),
  KEY `CATALOG_PRODUCT_INDEX_EAV_ATTRIBUTE_ID` (`attribute_id`),
  KEY `CATALOG_PRODUCT_INDEX_EAV_STORE_ID` (`store_id`),
  KEY `CATALOG_PRODUCT_INDEX_EAV_VALUE` (`value`)
) ENGINE=InnoDB DEFAULT CHARSET=utf8 COMMENT='Catalog Product EAV Index Table';

--
-- Dumping data for table `catalog_product_index_eav`
--

INSERT INTO `catalog_product_index_eav` VALUES (1,93,1,6,1),(1,93,5,6,1),(1,93,6,6,1),(1,93,7,6,1),(1,93,8,6,1),(1,93,9,6,1),(1,93,10,6,1),(1,93,11,6,1),(1,93,14,6,1),(1,93,15,6,1),(1,93,16,6,1),(1,93,17,6,1),(1,99,1,4,1),(1,99,5,4,1),(1,99,6,4,1),(1,99,7,4,1),(1,99,8,4,1),(1,99,9,4,1),(1,99,10,4,1),(1,99,11,4,1),(1,99,14,4,1),(1,99,15,4,1),(1,99,16,4,1),(1,99,17,4,1),(1,173,1,14,1),(1,173,5,14,1),(1,173,6,14,1),(1,173,7,14,1),(1,173,8,14,1),(1,173,9,14,1),(1,173,10,14,1),(1,173,11,14,1),(1,173,14,14,1),(1,173,15,14,1),(1,173,16,14,1),(1,173,17,14,1),(2,93,1,6,2),(2,93,5,6,2),(2,93,6,6,2),(2,93,7,6,2),(2,93,8,6,2),(2,93,9,6,2),(2,93,10,6,2),(2,93,11,6,2),(2,93,14,6,2),(2,93,15,6,2),(2,93,16,6,2),(2,93,17,6,2),(2,99,1,4,2),(2,99,5,4,2),(2,99,6,4,2),(2,99,7,4,2),(2,99,8,4,2),(2,99,9,4,2),(2,99,10,4,2),(2,99,11,4,2),(2,99,14,4,2),(2,99,15,4,2),(2,99,16,4,2),(2,99,17,4,2),(2,173,1,16,2),(2,173,5,16,2),(2,173,6,16,2),(2,173,7,16,2),(2,173,8,16,2),(2,173,9,16,2),(2,173,10,16,2),(2,173,11,16,2),(2,173,14,16,2),(2,173,15,16,2),(2,173,16,16,2),(2,173,17,16,2),(3,93,1,6,3),(3,93,5,6,3),(3,93,6,6,3),(3,93,7,6,3),(3,93,8,6,3),(3,93,9,6,3),(3,93,10,6,3),(3,93,11,6,3),(3,93,14,6,3),(3,93,15,6,3),(3,93,16,6,3),(3,93,17,6,3),(3,99,1,4,3),(3,99,5,4,3),(3,99,6,4,3),(3,99,7,4,3),(3,99,8,4,3),(3,99,9,4,3),(3,99,10,4,3),(3,99,11,4,3),(3,99,14,4,3),(3,99,15,4,3),(3,99,16,4,3),(3,99,17,4,3),(3,173,1,14,3),(3,173,5,14,3),(3,173,6,14,3),(3,173,7,14,3),(3,173,8,14,3),(3,173,9,14,3),(3,173,10,14,3),(3,173,11,14,3),(3,173,14,14,3),(3,173,15,14,3),(3,173,16,14,3),(3,173,17,14,3),(4,93,1,6,4),(4,93,1,6,57),(4,93,1,6,58),(4,93,1,6,59),(4,93,5,6,4),(4,93,5,6,57),(4,93,5,6,58),(4,93,5,6,59),(4,93,6,6,4),(4,93,6,6,57),(4,93,6,6,58),(4,93,6,6,59),(4,93,7,6,4),(4,93,7,6,57),(4,93,7,6,58),(4,93,7,6,59),(4,93,8,6,4),(4,93,8,6,57),(4,93,8,6,58),(4,93,8,6,59),(4,93,9,6,4),(4,93,9,6,57),(4,93,9,6,58),(4,93,9,6,59),(4,93,10,6,4),(4,93,10,6,57),(4,93,10,6,58),(4,93,10,6,59),(4,93,11,6,4),(4,93,11,6,57),(4,93,11,6,58),(4,93,11,6,59),(4,93,14,6,4),(4,93,15,6,4),(4,93,16,6,4),(4,93,17,6,4),(4,99,1,1,57),(4,99,1,1,58),(4,99,1,1,59),(4,99,1,4,4),(4,99,5,1,57),(4,99,5,1,58),(4,99,5,1,59),(4,99,5,4,4),(4,99,6,1,57),(4,99,6,1,58),(4,99,6,1,59),(4,99,6,4,4),(4,99,7,1,57),(4,99,7,1,58),(4,99,7,1,59),(4,99,7,4,4),(4,99,8,1,57),(4,99,8,1,58),(4,99,8,1,59),(4,99,8,4,4),(4,99,9,1,57),(4,99,9,1,58),(4,99,9,1,59),(4,99,9,4,4),(4,99,10,1,57),(4,99,10,1,58),(4,99,10,1,59),(4,99,10,4,4),(4,99,11,1,57),(4,99,11,1,58),(4,99,11,1,59),(4,99,11,4,4),(4,99,14,4,4),(4,99,15,4,4),(4,99,16,4,4),(4,99,17,4,4),(4,173,1,13,57),(4,173,1,14,58),(4,173,1,15,59),(4,173,5,13,57),(4,173,5,14,58),(4,173,5,15,59),(4,173,6,13,57),(4,173,6,14,58),(4,173,6,15,59),(4,173,7,13,57),(4,173,7,14,58),(4,173,7,15,59),(4,173,8,13,57),(4,173,8,14,58),(4,173,8,15,59),(4,173,9,13,57),(4,173,9,14,58),(4,173,9,15,59),(4,173,10,13,57),(4,173,10,14,58),(4,173,10,15,59),(4,173,11,13,57),(4,173,11,14,58),(4,173,11,15,59),(5,93,1,6,5),(5,93,5,6,5),(5,93,6,6,5),(5,93,7,6,5),(5,93,8,6,5),(5,93,9,6,5),(5,93,10,6,5),(5,93,11,6,5),(5,93,14,6,5),(5,93,15,6,5),(5,93,16,6,5),(5,93,17,6,5),(5,99,1,4,5),(5,99,5,4,5),(5,99,6,4,5),(5,99,7,4,5),(5,99,8,4,5),(5,99,9,4,5),(5,99,10,4,5),(5,99,11,4,5),(5,99,14,4,5),(5,99,15,4,5),(5,99,16,4,5),(5,99,17,4,5),(5,173,1,14,5),(5,173,5,14,5),(5,173,6,14,5),(5,173,7,14,5),(5,173,8,14,5),(5,173,9,14,5),(5,173,10,14,5),(5,173,11,14,5),(5,173,14,14,5),(5,173,15,14,5),(5,173,16,14,5),(5,173,17,14,5),(6,93,1,4,6),(6,93,5,4,6),(6,93,6,4,6),(6,93,7,4,6),(6,93,8,4,6),(6,93,9,4,6),(6,93,10,4,6),(6,93,11,4,6),(6,93,14,4,6),(6,93,15,4,6),(6,93,16,4,6),(6,93,17,4,6),(6,99,1,4,6),(6,99,5,4,6),(6,99,6,4,6),(6,99,7,4,6),(6,99,8,4,6),(6,99,9,4,6),(6,99,10,4,6),(6,99,11,4,6),(6,99,14,4,6),(6,99,15,4,6),(6,99,16,4,6),(6,99,17,4,6),(14,93,1,6,2),(14,93,5,6,2),(14,93,6,6,2),(14,93,7,6,2),(14,93,8,6,2),(14,93,9,6,2),(14,93,10,6,2),(14,93,11,6,2),(14,99,1,4,2),(14,99,1,4,14),(14,99,5,4,2),(14,99,5,4,14),(14,99,6,4,2),(14,99,6,4,14),(14,99,7,4,2),(14,99,7,4,14),(14,99,8,4,2),(14,99,8,4,14),(14,99,9,4,2),(14,99,9,4,14),(14,99,10,4,2),(14,99,10,4,14),(14,99,11,4,2),(14,99,11,4,14),(14,99,14,4,14),(14,99,15,4,14),(14,99,16,4,14),(14,99,17,4,14),(14,173,1,16,2),(14,173,5,16,2),(14,173,6,16,2),(14,173,7,16,2),(14,173,8,16,2),(14,173,9,16,2),(14,173,10,16,2),(14,173,11,16,2),(15,93,1,6,1),(15,93,1,6,2),(15,93,5,6,1),(15,93,5,6,2),(15,93,6,6,1),(15,93,6,6,2),(15,93,7,6,1),(15,93,7,6,2),(15,93,8,6,1),(15,93,8,6,2),(15,93,9,6,1),(15,93,9,6,2),(15,93,10,6,1),(15,93,10,6,2),(15,93,11,6,1),(15,93,11,6,2),(15,99,1,4,1),(15,99,1,4,2),(15,99,5,4,1),(15,99,5,4,2),(15,99,6,4,1),(15,99,6,4,2),(15,99,7,4,1),(15,99,7,4,2),(15,99,8,4,1),(15,99,8,4,2),(15,99,9,4,1),(15,99,9,4,2),(15,99,10,4,1),(15,99,10,4,2),(15,99,11,4,1),(15,99,11,4,2),(15,173,1,14,1),(15,173,1,16,2),(15,173,5,14,1),(15,173,5,16,2),(15,173,6,14,1),(15,173,6,16,2),(15,173,7,14,1),(15,173,7,16,2),(15,173,8,14,1),(15,173,8,16,2),(15,173,9,14,1),(15,173,9,16,2),(15,173,10,14,1),(15,173,10,16,2),(15,173,11,14,1),(15,173,11,16,2),(16,93,1,6,16),(16,93,5,6,16),(16,93,6,6,16),(16,93,7,6,16),(16,93,8,6,16),(16,93,9,6,16),(16,93,10,6,16),(16,93,11,6,16),(16,93,14,6,16),(16,93,15,6,16),(16,93,16,6,16),(16,93,17,6,16),(16,99,1,4,16),(16,99,5,4,16),(16,99,6,4,16),(16,99,7,4,16),(16,99,8,4,16),(16,99,9,4,16),(16,99,10,4,16),(16,99,11,4,16),(16,99,14,4,16),(16,99,15,4,16),(16,99,16,4,16),(16,99,17,4,16),(16,173,1,13,16),(16,173,5,13,16),(16,173,6,13,16),(16,173,7,13,16),(16,173,8,13,16),(16,173,9,13,16),(16,173,10,13,16),(16,173,11,13,16),(16,173,14,13,16),(16,173,15,13,16),(16,173,16,13,16),(16,173,17,13,16),(17,93,1,6,17),(17,93,5,6,17),(17,93,6,6,17),(17,93,7,6,17),(17,93,8,6,17),(17,93,9,6,17),(17,93,10,6,17),(17,93,11,6,17),(17,93,14,6,17),(17,93,15,6,17),(17,93,16,6,17),(17,93,17,6,17),(17,99,1,4,17),(17,99,5,4,17),(17,99,6,4,17),(17,99,7,4,17),(17,99,8,4,17),(17,99,9,4,17),(17,99,10,4,17),(17,99,11,4,17),(17,99,14,4,17),(17,99,15,4,17),(17,99,16,4,17),(17,99,17,4,17),(17,173,1,15,17),(17,173,5,15,17),(17,173,6,15,17),(17,173,7,15,17),(17,173,8,15,17),(17,173,9,15,17),(17,173,10,15,17),(17,173,11,15,17),(17,173,14,15,17),(17,173,15,15,17),(17,173,16,15,17),(17,173,17,15,17),(18,93,1,6,18),(18,93,5,6,18),(18,93,6,6,18),(18,93,7,6,18),(18,93,8,6,18),(18,93,9,6,18),(18,93,10,6,18),(18,93,11,6,18),(18,93,14,6,18),(18,93,15,6,18),(18,93,16,6,18),(18,93,17,6,18),(18,99,1,4,18),(18,99,5,4,18),(18,99,6,4,18),(18,99,7,4,18),(18,99,8,4,18),(18,99,9,4,18),(18,99,10,4,18),(18,99,11,4,18),(18,99,14,4,18),(18,99,15,4,18),(18,99,16,4,18),(18,99,17,4,18),(18,173,1,13,18),(18,173,5,13,18),(18,173,6,13,18),(18,173,7,13,18),(18,173,8,13,18),(18,173,9,13,18),(18,173,10,13,18),(18,173,11,13,18),(18,173,14,13,18),(18,173,15,13,18),(18,173,16,13,18),(18,173,17,13,18),(19,93,1,6,19),(19,93,5,6,19),(19,93,6,6,19),(19,93,7,6,19),(19,93,8,6,19),(19,93,9,6,19),(19,93,10,6,19),(19,93,11,6,19),(19,93,14,6,19),(19,93,15,6,19),(19,93,16,6,19),(19,93,17,6,19),(19,99,1,4,19),(19,99,5,4,19),(19,99,6,4,19),(19,99,7,4,19),(19,99,8,4,19),(19,99,9,4,19),(19,99,10,4,19),(19,99,11,4,19),(19,99,14,4,19),(19,99,15,4,19),(19,99,16,4,19),(19,99,17,4,19),(19,173,1,17,19),(19,173,5,17,19),(19,173,6,17,19),(19,173,7,17,19),(19,173,8,17,19),(19,173,9,17,19),(19,173,10,17,19),(19,173,11,17,19),(19,173,14,17,19),(19,173,15,17,19),(19,173,16,17,19),(19,173,17,17,19),(20,93,1,4,60),(20,93,1,4,63),(20,93,1,4,66),(20,93,1,5,61),(20,93,1,5,64),(20,93,1,5,67),(20,93,1,7,62),(20,93,1,7,65),(20,93,1,7,68),(20,93,5,4,60),(20,93,5,4,63),(20,93,5,4,66),(20,93,5,5,61),(20,93,5,5,64),(20,93,5,5,67),(20,93,5,7,62),(20,93,5,7,65),(20,93,5,7,68),(20,93,6,4,60),(20,93,6,4,63),(20,93,6,4,66),(20,93,6,5,61),(20,93,6,5,64),(20,93,6,5,67),(20,93,6,7,62),(20,93,6,7,65),(20,93,6,7,68),(20,93,7,4,60),(20,93,7,4,63),(20,93,7,4,66),(20,93,7,5,61),(20,93,7,5,64),(20,93,7,5,67),(20,93,7,7,62),(20,93,7,7,65),(20,93,7,7,68),(20,93,8,4,60),(20,93,8,4,63),(20,93,8,4,66),(20,93,8,5,61),(20,93,8,5,64),(20,93,8,5,67),(20,93,8,7,62),(20,93,8,7,65),(20,93,8,7,68),(20,93,9,4,60),(20,93,9,4,63),(20,93,9,4,66),(20,93,9,5,61),(20,93,9,5,64),(20,93,9,5,67),(20,93,9,7,62),(20,93,9,7,65),(20,93,9,7,68),(20,93,10,4,60),(20,93,10,4,63),(20,93,10,4,66),(20,93,10,5,61),(20,93,10,5,64),(20,93,10,5,67),(20,93,10,7,62),(20,93,10,7,65),(20,93,10,7,68),(20,93,11,4,60),(20,93,11,4,63),(20,93,11,4,66),(20,93,11,5,61),(20,93,11,5,64),(20,93,11,5,67),(20,93,11,7,62),(20,93,11,7,65),(20,93,11,7,68),(20,99,1,1,60),(20,99,1,1,61),(20,99,1,1,62),(20,99,1,1,63),(20,99,1,1,64),(20,99,1,1,65),(20,99,1,1,66),(20,99,1,1,67),(20,99,1,1,68),(20,99,1,4,20),(20,99,5,1,60),(20,99,5,1,61),(20,99,5,1,62),(20,99,5,1,63),(20,99,5,1,64),(20,99,5,1,65),(20,99,5,1,66),(20,99,5,1,67),(20,99,5,1,68),(20,99,5,4,20),(20,99,6,1,60),(20,99,6,1,61),(20,99,6,1,62),(20,99,6,1,63),(20,99,6,1,64),(20,99,6,1,65),(20,99,6,1,66),(20,99,6,1,67),(20,99,6,1,68),(20,99,6,4,20),(20,99,7,1,60),(20,99,7,1,61),(20,99,7,1,62),(20,99,7,1,63),(20,99,7,1,64),(20,99,7,1,65),(20,99,7,1,66),(20,99,7,1,67),(20,99,7,1,68),(20,99,7,4,20),(20,99,8,1,60),(20,99,8,1,61),(20,99,8,1,62),(20,99,8,1,63),(20,99,8,1,64),(20,99,8,1,65),(20,99,8,1,66),(20,99,8,1,67),(20,99,8,1,68),(20,99,8,4,20),(20,99,9,1,60),(20,99,9,1,61),(20,99,9,1,62),(20,99,9,1,63),(20,99,9,1,64),(20,99,9,1,65),(20,99,9,1,66),(20,99,9,1,67),(20,99,9,1,68),(20,99,9,4,20),(20,99,10,1,60),(20,99,10,1,61),(20,99,10,1,62),(20,99,10,1,63),(20,99,10,1,64),(20,99,10,1,65),(20,99,10,1,66),(20,99,10,1,67),(20,99,10,1,68),(20,99,10,4,20),(20,99,11,1,60),(20,99,11,1,61),(20,99,11,1,62),(20,99,11,1,63),(20,99,11,1,64),(20,99,11,1,65),(20,99,11,1,66),(20,99,11,1,67),(20,99,11,1,68),(20,99,11,4,20),(20,99,14,4,20),(20,99,15,4,20),(20,99,16,4,20),(20,99,17,4,20),(20,173,1,14,66),(20,173,1,14,67),(20,173,1,14,68),(20,173,1,16,60),(20,173,1,16,61),(20,173,1,16,62),(20,173,1,17,63),(20,173,1,17,64),(20,173,1,17,65),(20,173,5,14,66),(20,173,5,14,67),(20,173,5,14,68),(20,173,5,16,60),(20,173,5,16,61),(20,173,5,16,62),(20,173,5,17,63),(20,173,5,17,64),(20,173,5,17,65),(20,173,6,14,66),(20,173,6,14,67),(20,173,6,14,68),(20,173,6,16,60),(20,173,6,16,61),(20,173,6,16,62),(20,173,6,17,63),(20,173,6,17,64),(20,173,6,17,65),(20,173,7,14,66),(20,173,7,14,67),(20,173,7,14,68),(20,173,7,16,60),(20,173,7,16,61),(20,173,7,16,62),(20,173,7,17,63),(20,173,7,17,64),(20,173,7,17,65),(20,173,8,14,66),(20,173,8,14,67),(20,173,8,14,68),(20,173,8,16,60),(20,173,8,16,61),(20,173,8,16,62),(20,173,8,17,63),(20,173,8,17,64),(20,173,8,17,65),(20,173,9,14,66),(20,173,9,14,67),(20,173,9,14,68),(20,173,9,16,60),(20,173,9,16,61),(20,173,9,16,62),(20,173,9,17,63),(20,173,9,17,64),(20,173,9,17,65),(20,173,10,14,66),(20,173,10,14,67),(20,173,10,14,68),(20,173,10,16,60),(20,173,10,16,61),(20,173,10,16,62),(20,173,10,17,63),(20,173,10,17,64),(20,173,10,17,65),(20,173,11,14,66),(20,173,11,14,67),(20,173,11,14,68),(20,173,11,16,60),(20,173,11,16,61),(20,173,11,16,62),(20,173,11,17,63),(20,173,11,17,64),(20,173,11,17,65),(21,93,1,6,21),(21,93,5,6,21),(21,93,6,6,21),(21,93,7,6,21),(21,93,8,6,21),(21,93,9,6,21),(21,93,10,6,21),(21,93,11,6,21),(21,93,14,6,21),(21,93,15,6,21),(21,93,16,6,21),(21,93,17,6,21),(21,99,1,4,21),(21,99,5,4,21),(21,99,6,4,21),(21,99,7,4,21),(21,99,8,4,21),(21,99,9,4,21),(21,99,10,4,21),(21,99,11,4,21),(21,99,14,4,21),(21,99,15,4,21),(21,99,16,4,21),(21,99,17,4,21),(21,173,1,17,21),(21,173,5,17,21),(21,173,6,17,21),(21,173,7,17,21),(21,173,8,17,21),(21,173,9,17,21),(21,173,10,17,21),(21,173,11,17,21),(21,173,14,17,21),(21,173,15,17,21),(21,173,16,17,21),(21,173,17,17,21),(22,93,1,6,22),(22,93,5,6,22),(22,93,6,6,22),(22,93,7,6,22),(22,93,8,6,22),(22,93,9,6,22),(22,93,10,6,22),(22,93,11,6,22),(22,93,14,6,22),(22,93,15,6,22),(22,93,16,6,22),(22,93,17,6,22),(22,99,1,4,22),(22,99,5,4,22),(22,99,6,4,22),(22,99,7,4,22),(22,99,8,4,22),(22,99,9,4,22),(22,99,10,4,22),(22,99,11,4,22),(22,99,14,4,22),(22,99,15,4,22),(22,99,16,4,22),(22,99,17,4,22),(22,173,1,15,22),(22,173,5,15,22),(22,173,6,15,22),(22,173,7,15,22),(22,173,8,15,22),(22,173,9,15,22),(22,173,10,15,22),(22,173,11,15,22),(22,173,14,15,22),(22,173,15,15,22),(22,173,16,15,22),(22,173,17,15,22),(23,93,1,6,23),(23,93,5,6,23),(23,93,6,6,23),(23,93,7,6,23),(23,93,8,6,23),(23,93,9,6,23),(23,93,10,6,23),(23,93,11,6,23),(23,93,14,6,23),(23,93,15,6,23),(23,93,16,6,23),(23,93,17,6,23),(23,99,1,4,23),(23,99,5,4,23),(23,99,6,4,23),(23,99,7,4,23),(23,99,8,4,23),(23,99,9,4,23),(23,99,10,4,23),(23,99,11,4,23),(23,99,14,4,23),(23,99,15,4,23),(23,99,16,4,23),(23,99,17,4,23),(23,173,1,15,23),(23,173,5,15,23),(23,173,6,15,23),(23,173,7,15,23),(23,173,8,15,23),(23,173,9,15,23),(23,173,10,15,23),(23,173,11,15,23),(23,173,14,15,23),(23,173,15,15,23),(23,173,16,15,23),(23,173,17,15,23),(24,93,1,6,24),(24,93,5,6,24),(24,93,6,6,24),(24,93,7,6,24),(24,93,8,6,24),(24,93,9,6,24),(24,93,10,6,24),(24,93,11,6,24),(24,93,14,6,24),(24,93,15,6,24),(24,93,16,6,24),(24,93,17,6,24),(24,99,1,4,24),(24,99,5,4,24),(24,99,6,4,24),(24,99,7,4,24),(24,99,8,4,24),(24,99,9,4,24),(24,99,10,4,24),(24,99,11,4,24),(24,99,14,4,24),(24,99,15,4,24),(24,99,16,4,24),(24,99,17,4,24),(25,93,1,6,25),(25,93,5,6,25),(25,93,6,6,25),(25,93,7,6,25),(25,93,8,6,25),(25,93,9,6,25),(25,93,10,6,25),(25,93,11,6,25),(25,93,14,6,25),(25,93,15,6,25),(25,93,16,6,25),(25,93,17,6,25),(25,99,1,4,25),(25,99,5,4,25),(25,99,6,4,25),(25,99,7,4,25),(25,99,8,4,25),(25,99,9,4,25),(25,99,10,4,25),(25,99,11,4,25),(25,99,14,4,25),(25,99,15,4,25),(25,99,16,4,25),(25,99,17,4,25),(25,173,1,16,25),(25,173,5,16,25),(25,173,6,16,25),(25,173,7,16,25),(25,173,8,16,25),(25,173,9,16,25),(25,173,10,16,25),(25,173,11,16,25),(25,173,14,16,25),(25,173,15,16,25),(25,173,16,16,25),(25,173,17,16,25),(26,93,1,6,26),(26,93,5,6,26),(26,93,6,6,26),(26,93,7,6,26),(26,93,8,6,26),(26,93,9,6,26),(26,93,10,6,26),(26,93,11,6,26),(26,93,14,6,26),(26,93,15,6,26),(26,93,16,6,26),(26,93,17,6,26),(26,99,1,4,26),(26,99,5,4,26),(26,99,6,4,26),(26,99,7,4,26),(26,99,8,4,26),(26,99,9,4,26),(26,99,10,4,26),(26,99,11,4,26),(26,99,14,4,26),(26,99,15,4,26),(26,99,16,4,26),(26,99,17,4,26),(26,173,1,15,26),(26,173,5,15,26),(26,173,6,15,26),(26,173,7,15,26),(26,173,8,15,26),(26,173,9,15,26),(26,173,10,15,26),(26,173,11,15,26),(26,173,14,15,26),(26,173,15,15,26),(26,173,16,15,26),(26,173,17,15,26),(27,93,1,6,27),(27,93,5,6,27),(27,93,6,6,27),(27,93,7,6,27),(27,93,8,6,27),(27,93,9,6,27),(27,93,10,6,27),(27,93,11,6,27),(27,93,14,6,27),(27,93,15,6,27),(27,93,16,6,27),(27,93,17,6,27),(27,99,1,4,27),(27,99,5,4,27),(27,99,6,4,27),(27,99,7,4,27),(27,99,8,4,27),(27,99,9,4,27),(27,99,10,4,27),(27,99,11,4,27),(27,99,14,4,27),(27,99,15,4,27),(27,99,16,4,27),(27,99,17,4,27),(27,173,1,14,27),(27,173,5,14,27),(27,173,6,14,27),(27,173,7,14,27),(27,173,8,14,27),(27,173,9,14,27),(27,173,10,14,27),(27,173,11,14,27),(27,173,14,14,27),(27,173,15,14,27),(27,173,16,14,27),(27,173,17,14,27),(32,93,1,6,32),(32,93,5,6,32),(32,93,6,6,32),(32,93,7,6,32),(32,93,8,6,32),(32,93,9,6,32),(32,93,10,6,32),(32,93,11,6,32),(32,93,14,6,32),(32,93,15,6,32),(32,93,16,6,32),(32,93,17,6,32),(32,99,1,4,32),(32,99,5,4,32),(32,99,6,4,32),(32,99,7,4,32),(32,99,8,4,32),(32,99,9,4,32),(32,99,10,4,32),(32,99,11,4,32),(32,99,14,4,32),(32,99,15,4,32),(32,99,16,4,32),(32,99,17,4,32),(32,173,1,13,32),(32,173,5,13,32),(32,173,6,13,32),(32,173,7,13,32),(32,173,8,13,32),(32,173,9,13,32),(32,173,10,13,32),(32,173,11,13,32),(32,173,14,13,32),(32,173,15,13,32),(32,173,16,13,32),(32,173,17,13,32),(33,93,1,6,33),(33,93,5,6,33),(33,93,6,6,33),(33,93,7,6,33),(33,93,8,6,33),(33,93,9,6,33),(33,93,10,6,33),(33,93,11,6,33),(33,93,14,6,33),(33,93,15,6,33),(33,93,16,6,33),(33,93,17,6,33),(33,99,1,4,33),(33,99,5,4,33),(33,99,6,4,33),(33,99,7,4,33),(33,99,8,4,33),(33,99,9,4,33),(33,99,10,4,33),(33,99,11,4,33),(33,99,14,4,33),(33,99,15,4,33),(33,99,16,4,33),(33,99,17,4,33),(33,173,1,15,33),(33,173,5,15,33),(33,173,6,15,33),(33,173,7,15,33),(33,173,8,15,33),(33,173,9,15,33),(33,173,10,15,33),(33,173,11,15,33),(33,173,14,15,33),(33,173,15,15,33),(33,173,16,15,33),(33,173,17,15,33),(34,93,1,7,34),(34,93,5,7,34),(34,93,6,7,34),(34,93,7,7,34),(34,93,8,7,34),(34,93,9,7,34),(34,93,10,7,34),(34,93,11,7,34),(34,93,14,7,34),(34,93,15,7,34),(34,93,16,7,34),(34,93,17,7,34),(34,99,1,4,34),(34,99,5,4,34),(34,99,6,4,34),(34,99,7,4,34),(34,99,8,4,34),(34,99,9,4,34),(34,99,10,4,34),(34,99,11,4,34),(34,99,14,4,34),(34,99,15,4,34),(34,99,16,4,34),(34,99,17,4,34),(34,173,1,17,34),(34,173,5,17,34),(34,173,6,17,34),(34,173,7,17,34),(34,173,8,17,34),(34,173,9,17,34),(34,173,10,17,34),(34,173,11,17,34),(34,173,14,17,34),(34,173,15,17,34),(34,173,16,17,34),(34,173,17,17,34),(35,93,1,4,35),(35,93,5,4,35),(35,93,6,4,35),(35,93,7,4,35),(35,93,8,4,35),(35,93,9,4,35),(35,93,10,4,35),(35,93,11,4,35),(35,93,14,4,35),(35,93,15,4,35),(35,93,16,4,35),(35,93,17,4,35),(35,99,1,4,35),(35,99,5,4,35),(35,99,6,4,35),(35,99,7,4,35),(35,99,8,4,35),(35,99,9,4,35),(35,99,10,4,35),(35,99,11,4,35),(35,99,14,4,35),(35,99,15,4,35),(35,99,16,4,35),(35,99,17,4,35),(35,173,1,13,35),(35,173,5,13,35),(35,173,6,13,35),(35,173,7,13,35),(35,173,8,13,35),(35,173,9,13,35),(35,173,10,13,35),(35,173,11,13,35),(35,173,14,13,35),(35,173,15,13,35),(35,173,16,13,35),(35,173,17,13,35),(36,93,1,4,36),(36,93,5,4,36),(36,93,6,4,36),(36,93,7,4,36),(36,93,8,4,36),(36,93,9,4,36),(36,93,10,4,36),(36,93,11,4,36),(36,93,14,4,36),(36,93,15,4,36),(36,93,16,4,36),(36,93,17,4,36),(36,99,1,4,36),(36,99,5,4,36),(36,99,6,4,36),(36,99,7,4,36),(36,99,8,4,36),(36,99,9,4,36),(36,99,10,4,36),(36,99,11,4,36),(36,99,14,4,36),(36,99,15,4,36),(36,99,16,4,36),(36,99,17,4,36),(36,173,1,17,36),(36,173,5,17,36),(36,173,6,17,36),(36,173,7,17,36),(36,173,8,17,36),(36,173,9,17,36),(36,173,10,17,36),(36,173,11,17,36),(36,173,14,17,36),(36,173,15,17,36),(36,173,16,17,36),(36,173,17,17,36),(37,93,1,5,37),(37,93,5,5,37),(37,93,6,5,37),(37,93,7,5,37),(37,93,8,5,37),(37,93,9,5,37),(37,93,10,5,37),(37,93,11,5,37),(37,93,14,5,37),(37,93,15,5,37),(37,93,16,5,37),(37,93,17,5,37),(37,99,1,4,37),(37,99,5,4,37),(37,99,6,4,37),(37,99,7,4,37),(37,99,8,4,37),(37,99,9,4,37),(37,99,10,4,37),(37,99,11,4,37),(37,99,14,4,37),(37,99,15,4,37),(37,99,16,4,37),(37,99,17,4,37),(37,173,1,13,37),(37,173,5,13,37),(37,173,6,13,37),(37,173,7,13,37),(37,173,8,13,37),(37,173,9,13,37),(37,173,10,13,37),(37,173,11,13,37),(37,173,14,13,37),(37,173,15,13,37),(37,173,16,13,37),(37,173,17,13,37),(38,93,1,6,38),(38,93,5,6,38),(38,93,6,6,38),(38,93,7,6,38),(38,93,8,6,38),(38,93,9,6,38),(38,93,10,6,38),(38,93,11,6,38),(38,93,14,6,38),(38,93,15,6,38),(38,93,16,6,38),(38,93,17,6,38),(38,99,1,4,38),(38,99,5,4,38),(38,99,6,4,38),(38,99,7,4,38),(38,99,8,4,38),(38,99,9,4,38),(38,99,10,4,38),(38,99,11,4,38),(38,99,14,4,38),(38,99,15,4,38),(38,99,16,4,38),(38,99,17,4,38),(38,173,1,15,38),(38,173,5,15,38),(38,173,6,15,38),(38,173,7,15,38),(38,173,8,15,38),(38,173,9,15,38),(38,173,10,15,38),(38,173,11,15,38),(38,173,14,15,38),(38,173,15,15,38),(38,173,16,15,38),(38,173,17,15,38),(39,93,1,6,39),(39,93,5,6,39),(39,93,6,6,39),(39,93,7,6,39),(39,93,8,6,39),(39,93,9,6,39),(39,93,10,6,39),(39,93,11,6,39),(39,93,14,6,39),(39,93,15,6,39),(39,93,16,6,39),(39,93,17,6,39),(39,99,1,4,39),(39,99,5,4,39),(39,99,6,4,39),(39,99,7,4,39),(39,99,8,4,39),(39,99,9,4,39),(39,99,10,4,39),(39,99,11,4,39),(39,99,14,4,39),(39,99,15,4,39),(39,99,16,4,39),(39,99,17,4,39),(39,173,1,14,39),(39,173,5,14,39),(39,173,6,14,39),(39,173,7,14,39),(39,173,8,14,39),(39,173,9,14,39),(39,173,10,14,39),(39,173,11,14,39),(39,173,14,14,39),(39,173,15,14,39),(39,173,16,14,39),(39,173,17,14,39),(40,93,1,5,40),(40,93,5,5,40),(40,93,6,5,40),(40,93,7,5,40),(40,93,8,5,40),(40,93,9,5,40),(40,93,10,5,40),(40,93,11,5,40),(40,93,14,5,40),(40,93,15,5,40),(40,93,16,5,40),(40,93,17,5,40),(40,99,1,4,40),(40,99,5,4,40),(40,99,6,4,40),(40,99,7,4,40),(40,99,8,4,40),(40,99,9,4,40),(40,99,10,4,40),(40,99,11,4,40),(40,99,14,4,40),(40,99,15,4,40),(40,99,16,4,40),(40,99,17,4,40),(40,173,1,14,40),(40,173,5,14,40),(40,173,6,14,40),(40,173,7,14,40),(40,173,8,14,40),(40,173,9,14,40),(40,173,10,14,40),(40,173,11,14,40),(40,173,14,14,40),(40,173,15,14,40),(40,173,16,14,40),(40,173,17,14,40),(41,93,1,6,41),(41,93,5,6,41),(41,93,6,6,41),(41,93,7,6,41),(41,93,8,6,41),(41,93,9,6,41),(41,93,10,6,41),(41,93,11,6,41),(41,93,14,6,41),(41,93,15,6,41),(41,93,16,6,41),(41,93,17,6,41),(41,99,1,4,41),(41,99,5,4,41),(41,99,6,4,41),(41,99,7,4,41),(41,99,8,4,41),(41,99,9,4,41),(41,99,10,4,41),(41,99,11,4,41),(41,99,14,4,41),(41,99,15,4,41),(41,99,16,4,41),(41,99,17,4,41),(41,173,1,17,41),(41,173,5,17,41),(41,173,6,17,41),(41,173,7,17,41),(41,173,8,17,41),(41,173,9,17,41),(41,173,10,17,41),(41,173,11,17,41),(41,173,14,17,41),(41,173,15,17,41),(41,173,16,17,41),(41,173,17,17,41),(42,93,1,6,42),(42,93,5,6,42),(42,93,6,6,42),(42,93,7,6,42),(42,93,8,6,42),(42,93,9,6,42),(42,93,10,6,42),(42,93,11,6,42),(42,93,14,6,42),(42,93,15,6,42),(42,93,16,6,42),(42,93,17,6,42),(42,99,1,4,42),(42,99,5,4,42),(42,99,6,4,42),(42,99,7,4,42),(42,99,8,4,42),(42,99,9,4,42),(42,99,10,4,42),(42,99,11,4,42),(42,99,14,4,42),(42,99,15,4,42),(42,99,16,4,42),(42,99,17,4,42),(44,93,16,5,89),(44,93,16,6,90),(44,93,16,7,91),(44,93,17,5,89),(44,93,17,6,90),(44,93,17,7,91),(44,99,1,4,44),(44,99,5,4,44),(44,99,6,4,44),(44,99,7,4,44),(44,99,8,4,44),(44,99,9,4,44),(44,99,10,4,44),(44,99,11,4,44),(44,99,14,4,44),(44,99,15,4,44),(44,99,16,1,89),(44,99,16,1,90),(44,99,16,1,91),(44,99,16,4,44),(44,99,17,1,89),(44,99,17,1,90),(44,99,17,1,91),(44,99,17,4,44),(45,93,1,4,45),(45,93,5,4,45),(45,93,6,4,45),(45,93,7,4,45),(45,93,8,4,45),(45,93,9,4,45),(45,93,10,4,45),(45,93,11,4,45),(45,93,14,4,45),(45,93,15,4,45),(45,93,16,4,45),(45,93,17,4,45),(45,99,1,4,45),(45,99,5,4,45),(45,99,6,4,45),(45,99,7,4,45),(45,99,8,4,45),(45,99,9,4,45),(45,99,10,4,45),(45,99,11,4,45),(45,99,14,4,45),(45,99,15,4,45),(45,99,16,4,45),(45,99,17,4,45),(45,173,1,14,45),(45,173,5,14,45),(45,173,6,14,45),(45,173,7,14,45),(45,173,8,14,45),(45,173,9,14,45),(45,173,10,14,45),(45,173,11,14,45),(45,173,14,14,45),(45,173,15,14,45),(45,173,16,14,45),(45,173,17,14,45),(46,93,1,5,46),(46,93,5,5,46),(46,93,6,5,46),(46,93,7,5,46),(46,93,8,5,46),(46,93,9,5,46),(46,93,10,5,46),(46,93,11,5,46),(46,93,14,5,46),(46,93,15,5,46),(46,93,16,5,46),(46,93,17,5,46),(46,99,1,4,46),(46,99,5,4,46),(46,99,6,4,46),(46,99,7,4,46),(46,99,8,4,46),(46,99,9,4,46),(46,99,10,4,46),(46,99,11,4,46),(46,99,14,4,46),(46,99,15,4,46),(46,99,16,4,46),(46,99,17,4,46),(46,173,1,13,46),(46,173,5,13,46),(46,173,6,13,46),(46,173,7,13,46),(46,173,8,13,46),(46,173,9,13,46),(46,173,10,13,46),(46,173,11,13,46),(46,173,14,13,46),(46,173,15,13,46),(46,173,16,13,46),(46,173,17,13,46),(47,93,1,7,47),(47,93,5,7,47),(47,93,6,7,47),(47,93,7,7,47),(47,93,8,7,47),(47,93,9,7,47),(47,93,10,7,47),(47,93,11,7,47),(47,93,14,7,47),(47,93,15,7,47),(47,93,16,7,47),(47,93,17,7,47),(47,99,1,4,47),(47,99,5,4,47),(47,99,6,4,47),(47,99,7,4,47),(47,99,8,4,47),(47,99,9,4,47),(47,99,10,4,47),(47,99,11,4,47),(47,99,14,4,47),(47,99,15,4,47),(47,99,16,4,47),(47,99,17,4,47),(47,173,1,17,47),(47,173,5,17,47),(47,173,6,17,47),(47,173,7,17,47),(47,173,8,17,47),(47,173,9,17,47),(47,173,10,17,47),(47,173,11,17,47),(47,173,14,17,47),(47,173,15,17,47),(47,173,16,17,47),(47,173,17,17,47),(48,93,1,6,48),(48,93,5,6,48),(48,93,6,6,48),(48,93,7,6,48),(48,93,8,6,48),(48,93,9,6,48),(48,93,10,6,48),(48,93,11,6,48),(48,93,14,6,48),(48,93,15,6,48),(48,93,16,6,48),(48,93,17,6,48),(48,99,1,4,48),(48,99,5,4,48),(48,99,6,4,48),(48,99,7,4,48),(48,99,8,4,48),(48,99,9,4,48),(48,99,10,4,48),(48,99,11,4,48),(48,99,14,4,48),(48,99,15,4,48),(48,99,16,4,48),(48,99,17,4,48),(48,173,1,16,48),(48,173,5,16,48),(48,173,6,16,48),(48,173,7,16,48),(48,173,8,16,48),(48,173,9,16,48),(48,173,10,16,48),(48,173,11,16,48),(48,173,14,16,48),(48,173,15,16,48),(48,173,16,16,48),(48,173,17,16,48),(49,93,1,7,49),(49,93,5,7,49),(49,93,6,7,49),(49,93,7,7,49),(49,93,8,7,49),(49,93,9,7,49),(49,93,10,7,49),(49,93,11,7,49),(49,93,14,7,49),(49,93,15,7,49),(49,93,16,7,49),(49,93,17,7,49),(49,99,1,4,49),(49,99,5,4,49),(49,99,6,4,49),(49,99,7,4,49),(49,99,8,4,49),(49,99,9,4,49),(49,99,10,4,49),(49,99,11,4,49),(49,99,14,4,49),(49,99,15,4,49),(49,99,16,4,49),(49,99,17,4,49),(49,173,1,15,49),(49,173,5,15,49),(49,173,6,15,49),(49,173,7,15,49),(49,173,8,15,49),(49,173,9,15,49),(49,173,10,15,49),(49,173,11,15,49),(49,173,14,15,49),(49,173,15,15,49),(49,173,16,15,49),(49,173,17,15,49),(50,93,1,6,50),(50,93,5,6,50),(50,93,6,6,50),(50,93,7,6,50),(50,93,8,6,50),(50,93,9,6,50),(50,93,10,6,50),(50,93,11,6,50),(50,93,14,6,50),(50,93,15,6,50),(50,93,16,6,50),(50,93,17,6,50),(50,99,1,4,50),(50,99,5,4,50),(50,99,6,4,50),(50,99,7,4,50),(50,99,8,4,50),(50,99,9,4,50),(50,99,10,4,50),(50,99,11,4,50),(50,99,14,4,50),(50,99,15,4,50),(50,99,16,4,50),(50,99,17,4,50),(50,173,1,14,50),(50,173,5,14,50),(50,173,6,14,50),(50,173,7,14,50),(50,173,8,14,50),(50,173,9,14,50),(50,173,10,14,50),(50,173,11,14,50),(50,173,14,14,50),(50,173,15,14,50),(50,173,16,14,50),(50,173,17,14,50),(51,93,1,4,51),(51,93,5,4,51),(51,93,6,4,51),(51,93,7,4,51),(51,93,8,4,51),(51,93,9,4,51),(51,93,10,4,51),(51,93,11,4,51),(51,93,14,4,51),(51,93,15,4,51),(51,93,16,4,51),(51,93,17,4,51),(51,99,1,4,51),(51,99,5,4,51),(51,99,6,4,51),(51,99,7,4,51),(51,99,8,4,51),(51,99,9,4,51),(51,99,10,4,51),(51,99,11,4,51),(51,99,14,4,51),(51,99,15,4,51),(51,99,16,4,51),(51,99,17,4,51),(51,173,1,17,51),(51,173,5,17,51),(51,173,6,17,51),(51,173,7,17,51),(51,173,8,17,51),(51,173,9,17,51),(51,173,10,17,51),(51,173,11,17,51),(51,173,14,17,51),(51,173,15,17,51),(51,173,16,17,51),(51,173,17,17,51),(52,93,1,5,52),(52,93,5,5,52),(52,93,6,5,52),(52,93,7,5,52),(52,93,8,5,52),(52,93,9,5,52),(52,93,10,5,52),(52,93,11,5,52),(52,93,14,5,52),(52,93,15,5,52),(52,93,16,5,52),(52,93,17,5,52),(52,99,1,4,52),(52,99,5,4,52),(52,99,6,4,52),(52,99,7,4,52),(52,99,8,4,52),(52,99,9,4,52),(52,99,10,4,52),(52,99,11,4,52),(52,99,14,4,52),(52,99,15,4,52),(52,99,16,4,52),(52,99,17,4,52),(52,173,1,16,52),(52,173,5,16,52),(52,173,6,16,52),(52,173,7,16,52),(52,173,8,16,52),(52,173,9,16,52),(52,173,10,16,52),(52,173,11,16,52),(52,173,14,16,52),(52,173,15,16,52),(52,173,16,16,52),(52,173,17,16,52),(53,93,1,7,53),(53,93,5,7,53),(53,93,6,7,53),(53,93,7,7,53),(53,93,8,7,53),(53,93,9,7,53),(53,93,10,7,53),(53,93,11,7,53),(53,93,14,7,53),(53,93,15,7,53),(53,93,16,7,53),(53,93,17,7,53),(53,99,1,4,53),(53,99,5,4,53),(53,99,6,4,53),(53,99,7,4,53),(53,99,8,4,53),(53,99,9,4,53),(53,99,10,4,53),(53,99,11,4,53),(53,99,14,4,53),(53,99,15,4,53),(53,99,16,4,53),(53,99,17,4,53),(53,173,1,13,53),(53,173,5,13,53),(53,173,6,13,53),(53,173,7,13,53),(53,173,8,13,53),(53,173,9,13,53),(53,173,10,13,53),(53,173,11,13,53),(53,173,14,13,53),(53,173,15,13,53),(53,173,16,13,53),(53,173,17,13,53),(54,93,16,4,71),(54,93,16,4,75),(54,93,16,4,79),(54,93,16,5,72),(54,93,16,5,76),(54,93,16,5,80),(54,93,16,6,73),(54,93,16,6,77),(54,93,16,6,81),(54,93,16,7,70),(54,93,16,7,74),(54,93,16,7,78),(54,93,17,4,71),(54,93,17,4,75),(54,93,17,4,79),(54,93,17,5,72),(54,93,17,5,76),(54,93,17,5,80),(54,93,17,6,73),(54,93,17,6,77),(54,93,17,6,81),(54,93,17,7,70),(54,93,17,7,74),(54,93,17,7,78),(54,99,1,4,54),(54,99,5,4,54),(54,99,6,4,54),(54,99,7,4,54),(54,99,8,4,54),(54,99,9,4,54),(54,99,10,4,54),(54,99,11,4,54),(54,99,14,4,54),(54,99,15,4,54),(54,99,16,1,70),(54,99,16,1,71),(54,99,16,1,72),(54,99,16,1,73),(54,99,16,1,74),(54,99,16,1,75),(54,99,16,1,76),(54,99,16,1,77),(54,99,16,1,78),(54,99,16,1,79),(54,99,16,1,80),(54,99,16,1,81),(54,99,16,4,54),(54,99,17,1,70),(54,99,17,1,71),(54,99,17,1,72),(54,99,17,1,73),(54,99,17,1,74),(54,99,17,1,75),(54,99,17,1,76),(54,99,17,1,77),(54,99,17,1,78),(54,99,17,1,79),(54,99,17,1,80),(54,99,17,1,81),(54,99,17,4,54),(54,173,16,15,70),(54,173,16,15,71),(54,173,16,15,72),(54,173,16,15,73),(54,173,16,16,78),(54,173,16,16,79),(54,173,16,16,80),(54,173,16,16,81),(54,173,16,17,74),(54,173,16,17,75),(54,173,16,17,76),(54,173,16,17,77),(54,173,17,15,70),(54,173,17,15,71),(54,173,17,15,72),(54,173,17,15,73),(54,173,17,16,78),(54,173,17,16,79),(54,173,17,16,80),(54,173,17,16,81),(54,173,17,17,74),(54,173,17,17,75),(54,173,17,17,76),(54,173,17,17,77),(55,93,1,7,55),(55,93,5,7,55),(55,93,6,7,55),(55,93,7,7,55),(55,93,8,7,55),(55,93,9,7,55),(55,93,10,7,55),(55,93,11,7,55),(55,93,14,7,55),(55,93,15,7,55),(55,93,16,7,55),(55,93,17,7,55),(55,99,1,4,55),(55,99,5,4,55),(55,99,6,4,55),(55,99,7,4,55),(55,99,8,4,55),(55,99,9,4,55),(55,99,10,4,55),(55,99,11,4,55),(55,99,14,4,55),(55,99,15,4,55),(55,99,16,4,55),(55,99,17,4,55),(55,173,1,14,55),(55,173,5,14,55),(55,173,6,14,55),(55,173,7,14,55),(55,173,8,14,55),(55,173,9,14,55),(55,173,10,14,55),(55,173,11,14,55),(55,173,14,14,55),(55,173,15,14,55),(55,173,16,14,55),(55,173,17,14,55),(56,93,1,6,56),(56,93,5,6,56),(56,93,6,6,56),(56,93,7,6,56),(56,93,8,6,56),(56,93,9,6,56),(56,93,10,6,56),(56,93,11,6,56),(56,93,14,6,56),(56,93,15,6,56),(56,93,16,6,56),(56,93,17,6,56),(56,99,1,4,56),(56,99,5,4,56),(56,99,6,4,56),(56,99,7,4,56),(56,99,8,4,56),(56,99,9,4,56),(56,99,10,4,56),(56,99,11,4,56),(56,99,14,4,56),(56,99,15,4,56),(56,99,16,4,56),(56,99,17,4,56),(56,173,1,13,56),(56,173,5,13,56),(56,173,6,13,56),(56,173,7,13,56),(56,173,8,13,56),(56,173,9,13,56),(56,173,10,13,56),(56,173,11,13,56),(56,173,14,13,56),(56,173,15,13,56),(56,173,16,13,56),(56,173,17,13,56);

--
-- Table structure for table `catalog_product_index_eav_decimal`
--

CREATE TABLE `catalog_product_index_eav_decimal` (
  `entity_id` int(10) unsigned NOT NULL COMMENT 'Entity ID',
  `attribute_id` smallint(5) unsigned NOT NULL COMMENT 'Attribute ID',
  `store_id` smallint(5) unsigned NOT NULL COMMENT 'Store ID',
  `value` decimal(12,4) NOT NULL COMMENT 'Value',
  `source_id` int(10) unsigned NOT NULL DEFAULT 0 COMMENT 'Original entity ID for attribute value',
  PRIMARY KEY (`entity_id`,`attribute_id`,`store_id`,`value`,`source_id`),
  KEY `CATALOG_PRODUCT_INDEX_EAV_DECIMAL_ATTRIBUTE_ID` (`attribute_id`),
  KEY `CATALOG_PRODUCT_INDEX_EAV_DECIMAL_STORE_ID` (`store_id`),
  KEY `CATALOG_PRODUCT_INDEX_EAV_DECIMAL_VALUE` (`value`)
) ENGINE=InnoDB DEFAULT CHARSET=utf8 COMMENT='Catalog Product EAV Decimal Index Table';

--
-- Dumping data for table `catalog_product_index_eav_decimal`
--


--
-- Table structure for table `catalog_product_index_eav_decimal_idx`
--

CREATE TABLE `catalog_product_index_eav_decimal_idx` (
  `entity_id` int(10) unsigned NOT NULL COMMENT 'Entity ID',
  `attribute_id` smallint(5) unsigned NOT NULL COMMENT 'Attribute ID',
  `store_id` smallint(5) unsigned NOT NULL COMMENT 'Store ID',
  `value` decimal(12,4) NOT NULL COMMENT 'Value',
  `source_id` int(10) unsigned NOT NULL DEFAULT 0 COMMENT 'Original entity ID for attribute value',
  PRIMARY KEY (`entity_id`,`attribute_id`,`store_id`,`value`,`source_id`),
  KEY `CATALOG_PRODUCT_INDEX_EAV_DECIMAL_IDX_ATTRIBUTE_ID` (`attribute_id`),
  KEY `CATALOG_PRODUCT_INDEX_EAV_DECIMAL_IDX_STORE_ID` (`store_id`),
  KEY `CATALOG_PRODUCT_INDEX_EAV_DECIMAL_IDX_VALUE` (`value`)
) ENGINE=InnoDB DEFAULT CHARSET=utf8 COMMENT='Catalog Product EAV Decimal Indexer Index Table';

--
-- Dumping data for table `catalog_product_index_eav_decimal_idx`
--


--
-- Table structure for table `catalog_product_index_eav_decimal_replica`
--

CREATE TABLE `catalog_product_index_eav_decimal_replica` (
  `entity_id` int(10) unsigned NOT NULL COMMENT 'Entity ID',
  `attribute_id` smallint(5) unsigned NOT NULL COMMENT 'Attribute ID',
  `store_id` smallint(5) unsigned NOT NULL COMMENT 'Store ID',
  `value` decimal(12,4) NOT NULL COMMENT 'Value',
  `source_id` int(10) unsigned NOT NULL DEFAULT 0 COMMENT 'Original entity ID for attribute value',
  PRIMARY KEY (`entity_id`,`attribute_id`,`store_id`,`value`,`source_id`),
  KEY `CATALOG_PRODUCT_INDEX_EAV_DECIMAL_ATTRIBUTE_ID` (`attribute_id`),
  KEY `CATALOG_PRODUCT_INDEX_EAV_DECIMAL_STORE_ID` (`store_id`),
  KEY `CATALOG_PRODUCT_INDEX_EAV_DECIMAL_VALUE` (`value`)
) ENGINE=InnoDB DEFAULT CHARSET=utf8 COMMENT='Catalog Product EAV Decimal Index Table';

--
-- Dumping data for table `catalog_product_index_eav_decimal_replica`
--


--
-- Table structure for table `catalog_product_index_eav_decimal_tmp`
--

CREATE TABLE `catalog_product_index_eav_decimal_tmp` (
  `entity_id` int(10) unsigned NOT NULL COMMENT 'Entity ID',
  `attribute_id` smallint(5) unsigned NOT NULL COMMENT 'Attribute ID',
  `store_id` smallint(5) unsigned NOT NULL COMMENT 'Store ID',
  `value` decimal(12,4) NOT NULL COMMENT 'Value',
  `source_id` int(10) unsigned NOT NULL DEFAULT 0 COMMENT 'Original entity ID for attribute value',
  PRIMARY KEY (`entity_id`,`attribute_id`,`store_id`,`value`,`source_id`),
  KEY `CATALOG_PRODUCT_INDEX_EAV_DECIMAL_TMP_ATTRIBUTE_ID` (`attribute_id`),
  KEY `CATALOG_PRODUCT_INDEX_EAV_DECIMAL_TMP_STORE_ID` (`store_id`),
  KEY `CATALOG_PRODUCT_INDEX_EAV_DECIMAL_TMP_VALUE` (`value`)
) ENGINE=InnoDB DEFAULT CHARSET=utf8 COMMENT='Catalog Product EAV Decimal Indexer Temp Table';

--
-- Dumping data for table `catalog_product_index_eav_decimal_tmp`
--


--
-- Table structure for table `catalog_product_index_eav_idx`
--

CREATE TABLE `catalog_product_index_eav_idx` (
  `entity_id` int(10) unsigned NOT NULL COMMENT 'Entity ID',
  `attribute_id` smallint(5) unsigned NOT NULL COMMENT 'Attribute ID',
  `store_id` smallint(5) unsigned NOT NULL COMMENT 'Store ID',
  `value` int(10) unsigned NOT NULL COMMENT 'Value',
  `source_id` int(10) unsigned NOT NULL DEFAULT 0 COMMENT 'Original entity ID for attribute value',
  PRIMARY KEY (`entity_id`,`attribute_id`,`store_id`,`value`,`source_id`),
  KEY `CATALOG_PRODUCT_INDEX_EAV_IDX_ATTRIBUTE_ID` (`attribute_id`),
  KEY `CATALOG_PRODUCT_INDEX_EAV_IDX_STORE_ID` (`store_id`),
  KEY `CATALOG_PRODUCT_INDEX_EAV_IDX_VALUE` (`value`)
) ENGINE=InnoDB DEFAULT CHARSET=utf8 COMMENT='Catalog Product EAV Indexer Index Table';

--
-- Dumping data for table `catalog_product_index_eav_idx`
--


--
-- Table structure for table `catalog_product_index_eav_replica`
--

CREATE TABLE `catalog_product_index_eav_replica` (
  `entity_id` int(10) unsigned NOT NULL COMMENT 'Entity ID',
  `attribute_id` smallint(5) unsigned NOT NULL COMMENT 'Attribute ID',
  `store_id` smallint(5) unsigned NOT NULL COMMENT 'Store ID',
  `value` int(10) unsigned NOT NULL COMMENT 'Value',
  `source_id` int(10) unsigned NOT NULL DEFAULT 0 COMMENT 'Original entity ID for attribute value',
  PRIMARY KEY (`entity_id`,`attribute_id`,`store_id`,`value`,`source_id`),
  KEY `CATALOG_PRODUCT_INDEX_EAV_ATTRIBUTE_ID` (`attribute_id`),
  KEY `CATALOG_PRODUCT_INDEX_EAV_STORE_ID` (`store_id`),
  KEY `CATALOG_PRODUCT_INDEX_EAV_VALUE` (`value`)
) ENGINE=InnoDB DEFAULT CHARSET=utf8 COMMENT='Catalog Product EAV Index Table';

--
-- Dumping data for table `catalog_product_index_eav_replica`
--

INSERT INTO `catalog_product_index_eav_replica` VALUES (1,93,1,6,1),(1,93,5,6,1),(1,93,6,6,1),(1,93,7,6,1),(1,93,8,6,1),(1,93,9,6,1),(1,93,10,6,1),(1,93,11,6,1),(1,93,14,6,1),(1,93,15,6,1),(1,93,16,6,1),(1,93,17,6,1),(1,99,1,4,1),(1,99,5,4,1),(1,99,6,4,1),(1,99,7,4,1),(1,99,8,4,1),(1,99,9,4,1),(1,99,10,4,1),(1,99,11,4,1),(1,99,14,4,1),(1,99,15,4,1),(1,99,16,4,1),(1,99,17,4,1),(1,173,1,14,1),(1,173,5,14,1),(1,173,6,14,1),(1,173,7,14,1),(1,173,8,14,1),(1,173,9,14,1),(1,173,10,14,1),(1,173,11,14,1),(1,173,14,14,1),(1,173,15,14,1),(1,173,16,14,1),(1,173,17,14,1),(2,93,1,6,2),(2,93,5,6,2),(2,93,6,6,2),(2,93,7,6,2),(2,93,8,6,2),(2,93,9,6,2),(2,93,10,6,2),(2,93,11,6,2),(2,93,14,6,2),(2,93,15,6,2),(2,93,16,6,2),(2,93,17,6,2),(2,99,1,4,2),(2,99,5,4,2),(2,99,6,4,2),(2,99,7,4,2),(2,99,8,4,2),(2,99,9,4,2),(2,99,10,4,2),(2,99,11,4,2),(2,99,14,4,2),(2,99,15,4,2),(2,99,16,4,2),(2,99,17,4,2),(2,173,1,16,2),(2,173,5,16,2),(2,173,6,16,2),(2,173,7,16,2),(2,173,8,16,2),(2,173,9,16,2),(2,173,10,16,2),(2,173,11,16,2),(2,173,14,16,2),(2,173,15,16,2),(2,173,16,16,2),(2,173,17,16,2),(3,93,1,6,3),(3,93,5,6,3),(3,93,6,6,3),(3,93,7,6,3),(3,93,8,6,3),(3,93,9,6,3),(3,93,10,6,3),(3,93,11,6,3),(3,93,14,6,3),(3,93,15,6,3),(3,93,16,6,3),(3,93,17,6,3),(3,99,1,4,3),(3,99,5,4,3),(3,99,6,4,3),(3,99,7,4,3),(3,99,8,4,3),(3,99,9,4,3),(3,99,10,4,3),(3,99,11,4,3),(3,99,14,4,3),(3,99,15,4,3),(3,99,16,4,3),(3,99,17,4,3),(3,173,1,14,3),(3,173,5,14,3),(3,173,6,14,3),(3,173,7,14,3),(3,173,8,14,3),(3,173,9,14,3),(3,173,10,14,3),(3,173,11,14,3),(3,173,14,14,3),(3,173,15,14,3),(3,173,16,14,3),(3,173,17,14,3),(4,93,1,6,4),(4,93,1,6,57),(4,93,1,6,58),(4,93,1,6,59),(4,93,5,6,4),(4,93,5,6,57),(4,93,5,6,58),(4,93,5,6,59),(4,93,6,6,4),(4,93,6,6,57),(4,93,6,6,58),(4,93,6,6,59),(4,93,7,6,4),(4,93,7,6,57),(4,93,7,6,58),(4,93,7,6,59),(4,93,8,6,4),(4,93,8,6,57),(4,93,8,6,58),(4,93,8,6,59),(4,93,9,6,4),(4,93,9,6,57),(4,93,9,6,58),(4,93,9,6,59),(4,93,10,6,4),(4,93,10,6,57),(4,93,10,6,58),(4,93,10,6,59),(4,93,11,6,4),(4,93,11,6,57),(4,93,11,6,58),(4,93,11,6,59),(4,93,14,6,4),(4,93,15,6,4),(4,93,16,6,4),(4,93,17,6,4),(4,99,1,1,57),(4,99,1,1,58),(4,99,1,1,59),(4,99,1,4,4),(4,99,5,1,57),(4,99,5,1,58),(4,99,5,1,59),(4,99,5,4,4),(4,99,6,1,57),(4,99,6,1,58),(4,99,6,1,59),(4,99,6,4,4),(4,99,7,1,57),(4,99,7,1,58),(4,99,7,1,59),(4,99,7,4,4),(4,99,8,1,57),(4,99,8,1,58),(4,99,8,1,59),(4,99,8,4,4),(4,99,9,1,57),(4,99,9,1,58),(4,99,9,1,59),(4,99,9,4,4),(4,99,10,1,57),(4,99,10,1,58),(4,99,10,1,59),(4,99,10,4,4),(4,99,11,1,57),(4,99,11,1,58),(4,99,11,1,59),(4,99,11,4,4),(4,99,14,4,4),(4,99,15,4,4),(4,99,16,4,4),(4,99,17,4,4),(4,173,1,13,57),(4,173,1,14,58),(4,173,1,15,59),(4,173,5,13,57),(4,173,5,14,58),(4,173,5,15,59),(4,173,6,13,57),(4,173,6,14,58),(4,173,6,15,59),(4,173,7,13,57),(4,173,7,14,58),(4,173,7,15,59),(4,173,8,13,57),(4,173,8,14,58),(4,173,8,15,59),(4,173,9,13,57),(4,173,9,14,58),(4,173,9,15,59),(4,173,10,13,57),(4,173,10,14,58),(4,173,10,15,59),(4,173,11,13,57),(4,173,11,14,58),(4,173,11,15,59),(5,93,1,6,5),(5,93,5,6,5),(5,93,6,6,5),(5,93,7,6,5),(5,93,8,6,5),(5,93,9,6,5),(5,93,10,6,5),(5,93,11,6,5),(5,93,14,6,5),(5,93,15,6,5),(5,93,16,6,5),(5,93,17,6,5),(5,99,1,4,5),(5,99,5,4,5),(5,99,6,4,5),(5,99,7,4,5),(5,99,8,4,5),(5,99,9,4,5),(5,99,10,4,5),(5,99,11,4,5),(5,99,14,4,5),(5,99,15,4,5),(5,99,16,4,5),(5,99,17,4,5),(5,173,1,14,5),(5,173,5,14,5),(5,173,6,14,5),(5,173,7,14,5),(5,173,8,14,5),(5,173,9,14,5),(5,173,10,14,5),(5,173,11,14,5),(5,173,14,14,5),(5,173,15,14,5),(5,173,16,14,5),(5,173,17,14,5),(6,93,1,4,6),(6,93,5,4,6),(6,93,6,4,6),(6,93,7,4,6),(6,93,8,4,6),(6,93,9,4,6),(6,93,10,4,6),(6,93,11,4,6),(6,93,14,4,6),(6,93,15,4,6),(6,93,16,4,6),(6,93,17,4,6),(6,99,1,4,6),(6,99,5,4,6),(6,99,6,4,6),(6,99,7,4,6),(6,99,8,4,6),(6,99,9,4,6),(6,99,10,4,6),(6,99,11,4,6),(6,99,14,4,6),(6,99,15,4,6),(6,99,16,4,6),(6,99,17,4,6),(14,93,1,6,2),(14,93,5,6,2),(14,93,6,6,2),(14,93,7,6,2),(14,93,8,6,2),(14,93,9,6,2),(14,93,10,6,2),(14,93,11,6,2),(14,99,1,4,2),(14,99,1,4,14),(14,99,5,4,2),(14,99,5,4,14),(14,99,6,4,2),(14,99,6,4,14),(14,99,7,4,2),(14,99,7,4,14),(14,99,8,4,2),(14,99,8,4,14),(14,99,9,4,2),(14,99,9,4,14),(14,99,10,4,2),(14,99,10,4,14),(14,99,11,4,2),(14,99,11,4,14),(14,99,14,4,14),(14,99,15,4,14),(14,99,16,4,14),(14,99,17,4,14),(14,173,1,16,2),(14,173,5,16,2),(14,173,6,16,2),(14,173,7,16,2),(14,173,8,16,2),(14,173,9,16,2),(14,173,10,16,2),(14,173,11,16,2),(15,93,1,6,1),(15,93,1,6,2),(15,93,5,6,1),(15,93,5,6,2),(15,93,6,6,1),(15,93,6,6,2),(15,93,7,6,1),(15,93,7,6,2),(15,93,8,6,1),(15,93,8,6,2),(15,93,9,6,1),(15,93,9,6,2),(15,93,10,6,1),(15,93,10,6,2),(15,93,11,6,1),(15,93,11,6,2),(15,99,1,4,1),(15,99,1,4,2),(15,99,5,4,1),(15,99,5,4,2),(15,99,6,4,1),(15,99,6,4,2),(15,99,7,4,1),(15,99,7,4,2),(15,99,8,4,1),(15,99,8,4,2),(15,99,9,4,1),(15,99,9,4,2),(15,99,10,4,1),(15,99,10,4,2),(15,99,11,4,1),(15,99,11,4,2),(15,173,1,14,1),(15,173,1,16,2),(15,173,5,14,1),(15,173,5,16,2),(15,173,6,14,1),(15,173,6,16,2),(15,173,7,14,1),(15,173,7,16,2),(15,173,8,14,1),(15,173,8,16,2),(15,173,9,14,1),(15,173,9,16,2),(15,173,10,14,1),(15,173,10,16,2),(15,173,11,14,1),(15,173,11,16,2),(16,93,1,6,16),(16,93,5,6,16),(16,93,6,6,16),(16,93,7,6,16),(16,93,8,6,16),(16,93,9,6,16),(16,93,10,6,16),(16,93,11,6,16),(16,93,14,6,16),(16,93,15,6,16),(16,93,16,6,16),(16,93,17,6,16),(16,99,1,4,16),(16,99,5,4,16),(16,99,6,4,16),(16,99,7,4,16),(16,99,8,4,16),(16,99,9,4,16),(16,99,10,4,16),(16,99,11,4,16),(16,99,14,4,16),(16,99,15,4,16),(16,99,16,4,16),(16,99,17,4,16),(16,173,1,13,16),(16,173,5,13,16),(16,173,6,13,16),(16,173,7,13,16),(16,173,8,13,16),(16,173,9,13,16),(16,173,10,13,16),(16,173,11,13,16),(16,173,14,13,16),(16,173,15,13,16),(16,173,16,13,16),(16,173,17,13,16),(17,93,1,6,17),(17,93,5,6,17),(17,93,6,6,17),(17,93,7,6,17),(17,93,8,6,17),(17,93,9,6,17),(17,93,10,6,17),(17,93,11,6,17),(17,93,14,6,17),(17,93,15,6,17),(17,93,16,6,17),(17,93,17,6,17),(17,99,1,4,17),(17,99,5,4,17),(17,99,6,4,17),(17,99,7,4,17),(17,99,8,4,17),(17,99,9,4,17),(17,99,10,4,17),(17,99,11,4,17),(17,99,14,4,17),(17,99,15,4,17),(17,99,16,4,17),(17,99,17,4,17),(17,173,1,15,17),(17,173,5,15,17),(17,173,6,15,17),(17,173,7,15,17),(17,173,8,15,17),(17,173,9,15,17),(17,173,10,15,17),(17,173,11,15,17),(17,173,14,15,17),(17,173,15,15,17),(17,173,16,15,17),(17,173,17,15,17),(18,93,1,6,18),(18,93,5,6,18),(18,93,6,6,18),(18,93,7,6,18),(18,93,8,6,18),(18,93,9,6,18),(18,93,10,6,18),(18,93,11,6,18),(18,93,14,6,18),(18,93,15,6,18),(18,93,16,6,18),(18,93,17,6,18),(18,99,1,4,18),(18,99,5,4,18),(18,99,6,4,18),(18,99,7,4,18),(18,99,8,4,18),(18,99,9,4,18),(18,99,10,4,18),(18,99,11,4,18),(18,99,14,4,18),(18,99,15,4,18),(18,99,16,4,18),(18,99,17,4,18),(18,173,1,13,18),(18,173,5,13,18),(18,173,6,13,18),(18,173,7,13,18),(18,173,8,13,18),(18,173,9,13,18),(18,173,10,13,18),(18,173,11,13,18),(18,173,14,13,18),(18,173,15,13,18),(18,173,16,13,18),(18,173,17,13,18),(19,93,1,6,19),(19,93,5,6,19),(19,93,6,6,19),(19,93,7,6,19),(19,93,8,6,19),(19,93,9,6,19),(19,93,10,6,19),(19,93,11,6,19),(19,93,14,6,19),(19,93,15,6,19),(19,93,16,6,19),(19,93,17,6,19),(19,99,1,4,19),(19,99,5,4,19),(19,99,6,4,19),(19,99,7,4,19),(19,99,8,4,19),(19,99,9,4,19),(19,99,10,4,19),(19,99,11,4,19),(19,99,14,4,19),(19,99,15,4,19),(19,99,16,4,19),(19,99,17,4,19),(19,173,1,17,19),(19,173,5,17,19),(19,173,6,17,19),(19,173,7,17,19),(19,173,8,17,19),(19,173,9,17,19),(19,173,10,17,19),(19,173,11,17,19),(19,173,14,17,19),(19,173,15,17,19),(19,173,16,17,19),(19,173,17,17,19),(20,93,1,4,60),(20,93,1,4,63),(20,93,1,4,66),(20,93,1,5,61),(20,93,1,5,64),(20,93,1,5,67),(20,93,1,7,62),(20,93,1,7,65),(20,93,1,7,68),(20,93,5,4,60),(20,93,5,4,63),(20,93,5,4,66),(20,93,5,5,61),(20,93,5,5,64),(20,93,5,5,67),(20,93,5,7,62),(20,93,5,7,65),(20,93,5,7,68),(20,93,6,4,60),(20,93,6,4,63),(20,93,6,4,66),(20,93,6,5,61),(20,93,6,5,64),(20,93,6,5,67),(20,93,6,7,62),(20,93,6,7,65),(20,93,6,7,68),(20,93,7,4,60),(20,93,7,4,63),(20,93,7,4,66),(20,93,7,5,61),(20,93,7,5,64),(20,93,7,5,67),(20,93,7,7,62),(20,93,7,7,65),(20,93,7,7,68),(20,93,8,4,60),(20,93,8,4,63),(20,93,8,4,66),(20,93,8,5,61),(20,93,8,5,64),(20,93,8,5,67),(20,93,8,7,62),(20,93,8,7,65),(20,93,8,7,68),(20,93,9,4,60),(20,93,9,4,63),(20,93,9,4,66),(20,93,9,5,61),(20,93,9,5,64),(20,93,9,5,67),(20,93,9,7,62),(20,93,9,7,65),(20,93,9,7,68),(20,93,10,4,60),(20,93,10,4,63),(20,93,10,4,66),(20,93,10,5,61),(20,93,10,5,64),(20,93,10,5,67),(20,93,10,7,62),(20,93,10,7,65),(20,93,10,7,68),(20,93,11,4,60),(20,93,11,4,63),(20,93,11,4,66),(20,93,11,5,61),(20,93,11,5,64),(20,93,11,5,67),(20,93,11,7,62),(20,93,11,7,65),(20,93,11,7,68),(20,99,1,1,60),(20,99,1,1,61),(20,99,1,1,62),(20,99,1,1,63),(20,99,1,1,64),(20,99,1,1,65),(20,99,1,1,66),(20,99,1,1,67),(20,99,1,1,68),(20,99,1,4,20),(20,99,5,1,60),(20,99,5,1,61),(20,99,5,1,62),(20,99,5,1,63),(20,99,5,1,64),(20,99,5,1,65),(20,99,5,1,66),(20,99,5,1,67),(20,99,5,1,68),(20,99,5,4,20),(20,99,6,1,60),(20,99,6,1,61),(20,99,6,1,62),(20,99,6,1,63),(20,99,6,1,64),(20,99,6,1,65),(20,99,6,1,66),(20,99,6,1,67),(20,99,6,1,68),(20,99,6,4,20),(20,99,7,1,60),(20,99,7,1,61),(20,99,7,1,62),(20,99,7,1,63),(20,99,7,1,64),(20,99,7,1,65),(20,99,7,1,66),(20,99,7,1,67),(20,99,7,1,68),(20,99,7,4,20),(20,99,8,1,60),(20,99,8,1,61),(20,99,8,1,62),(20,99,8,1,63),(20,99,8,1,64),(20,99,8,1,65),(20,99,8,1,66),(20,99,8,1,67),(20,99,8,1,68),(20,99,8,4,20),(20,99,9,1,60),(20,99,9,1,61),(20,99,9,1,62),(20,99,9,1,63),(20,99,9,1,64),(20,99,9,1,65),(20,99,9,1,66),(20,99,9,1,67),(20,99,9,1,68),(20,99,9,4,20),(20,99,10,1,60),(20,99,10,1,61),(20,99,10,1,62),(20,99,10,1,63),(20,99,10,1,64),(20,99,10,1,65),(20,99,10,1,66),(20,99,10,1,67),(20,99,10,1,68),(20,99,10,4,20),(20,99,11,1,60),(20,99,11,1,61),(20,99,11,1,62),(20,99,11,1,63),(20,99,11,1,64),(20,99,11,1,65),(20,99,11,1,66),(20,99,11,1,67),(20,99,11,1,68),(20,99,11,4,20),(20,99,14,4,20),(20,99,15,4,20),(20,99,16,4,20),(20,99,17,4,20),(20,173,1,14,66),(20,173,1,14,67),(20,173,1,14,68),(20,173,1,16,60),(20,173,1,16,61),(20,173,1,16,62),(20,173,1,17,63),(20,173,1,17,64),(20,173,1,17,65),(20,173,5,14,66),(20,173,5,14,67),(20,173,5,14,68),(20,173,5,16,60),(20,173,5,16,61),(20,173,5,16,62),(20,173,5,17,63),(20,173,5,17,64),(20,173,5,17,65),(20,173,6,14,66),(20,173,6,14,67),(20,173,6,14,68),(20,173,6,16,60),(20,173,6,16,61),(20,173,6,16,62),(20,173,6,17,63),(20,173,6,17,64),(20,173,6,17,65),(20,173,7,14,66),(20,173,7,14,67),(20,173,7,14,68),(20,173,7,16,60),(20,173,7,16,61),(20,173,7,16,62),(20,173,7,17,63),(20,173,7,17,64),(20,173,7,17,65),(20,173,8,14,66),(20,173,8,14,67),(20,173,8,14,68),(20,173,8,16,60),(20,173,8,16,61),(20,173,8,16,62),(20,173,8,17,63),(20,173,8,17,64),(20,173,8,17,65),(20,173,9,14,66),(20,173,9,14,67),(20,173,9,14,68),(20,173,9,16,60),(20,173,9,16,61),(20,173,9,16,62),(20,173,9,17,63),(20,173,9,17,64),(20,173,9,17,65),(20,173,10,14,66),(20,173,10,14,67),(20,173,10,14,68),(20,173,10,16,60),(20,173,10,16,61),(20,173,10,16,62),(20,173,10,17,63),(20,173,10,17,64),(20,173,10,17,65),(20,173,11,14,66),(20,173,11,14,67),(20,173,11,14,68),(20,173,11,16,60),(20,173,11,16,61),(20,173,11,16,62),(20,173,11,17,63),(20,173,11,17,64),(20,173,11,17,65),(21,93,1,6,21),(21,93,5,6,21),(21,93,6,6,21),(21,93,7,6,21),(21,93,8,6,21),(21,93,9,6,21),(21,93,10,6,21),(21,93,11,6,21),(21,93,14,6,21),(21,93,15,6,21),(21,93,16,6,21),(21,93,17,6,21),(21,99,1,4,21),(21,99,5,4,21),(21,99,6,4,21),(21,99,7,4,21),(21,99,8,4,21),(21,99,9,4,21),(21,99,10,4,21),(21,99,11,4,21),(21,99,14,4,21),(21,99,15,4,21),(21,99,16,4,21),(21,99,17,4,21),(21,173,1,17,21),(21,173,5,17,21),(21,173,6,17,21),(21,173,7,17,21),(21,173,8,17,21),(21,173,9,17,21),(21,173,10,17,21),(21,173,11,17,21),(21,173,14,17,21),(21,173,15,17,21),(21,173,16,17,21),(21,173,17,17,21),(22,93,1,6,22),(22,93,5,6,22),(22,93,6,6,22),(22,93,7,6,22),(22,93,8,6,22),(22,93,9,6,22),(22,93,10,6,22),(22,93,11,6,22),(22,93,14,6,22),(22,93,15,6,22),(22,93,16,6,22),(22,93,17,6,22),(22,99,1,4,22),(22,99,5,4,22),(22,99,6,4,22),(22,99,7,4,22),(22,99,8,4,22),(22,99,9,4,22),(22,99,10,4,22),(22,99,11,4,22),(22,99,14,4,22),(22,99,15,4,22),(22,99,16,4,22),(22,99,17,4,22),(22,173,1,15,22),(22,173,5,15,22),(22,173,6,15,22),(22,173,7,15,22),(22,173,8,15,22),(22,173,9,15,22),(22,173,10,15,22),(22,173,11,15,22),(22,173,14,15,22),(22,173,15,15,22),(22,173,16,15,22),(22,173,17,15,22),(23,93,1,6,23),(23,93,5,6,23),(23,93,6,6,23),(23,93,7,6,23),(23,93,8,6,23),(23,93,9,6,23),(23,93,10,6,23),(23,93,11,6,23),(23,93,14,6,23),(23,93,15,6,23),(23,93,16,6,23),(23,93,17,6,23),(23,99,1,4,23),(23,99,5,4,23),(23,99,6,4,23),(23,99,7,4,23),(23,99,8,4,23),(23,99,9,4,23),(23,99,10,4,23),(23,99,11,4,23),(23,99,14,4,23),(23,99,15,4,23),(23,99,16,4,23),(23,99,17,4,23),(23,173,1,15,23),(23,173,5,15,23),(23,173,6,15,23),(23,173,7,15,23),(23,173,8,15,23),(23,173,9,15,23),(23,173,10,15,23),(23,173,11,15,23),(23,173,14,15,23),(23,173,15,15,23),(23,173,16,15,23),(23,173,17,15,23),(24,93,1,6,24),(24,93,5,6,24),(24,93,6,6,24),(24,93,7,6,24),(24,93,8,6,24),(24,93,9,6,24),(24,93,10,6,24),(24,93,11,6,24),(24,93,14,6,24),(24,93,15,6,24),(24,93,16,6,24),(24,93,17,6,24),(24,99,1,4,24),(24,99,5,4,24),(24,99,6,4,24),(24,99,7,4,24),(24,99,8,4,24),(24,99,9,4,24),(24,99,10,4,24),(24,99,11,4,24),(24,99,14,4,24),(24,99,15,4,24),(24,99,16,4,24),(24,99,17,4,24),(25,93,1,6,25),(25,93,5,6,25),(25,93,6,6,25),(25,93,7,6,25),(25,93,8,6,25),(25,93,9,6,25),(25,93,10,6,25),(25,93,11,6,25),(25,93,14,6,25),(25,93,15,6,25),(25,93,16,6,25),(25,93,17,6,25),(25,99,1,4,25),(25,99,5,4,25),(25,99,6,4,25),(25,99,7,4,25),(25,99,8,4,25),(25,99,9,4,25),(25,99,10,4,25),(25,99,11,4,25),(25,99,14,4,25),(25,99,15,4,25),(25,99,16,4,25),(25,99,17,4,25),(25,173,1,16,25),(25,173,5,16,25),(25,173,6,16,25),(25,173,7,16,25),(25,173,8,16,25),(25,173,9,16,25),(25,173,10,16,25),(25,173,11,16,25),(25,173,14,16,25),(25,173,15,16,25),(25,173,16,16,25),(25,173,17,16,25),(26,93,1,6,26),(26,93,5,6,26),(26,93,6,6,26),(26,93,7,6,26),(26,93,8,6,26),(26,93,9,6,26),(26,93,10,6,26),(26,93,11,6,26),(26,93,14,6,26),(26,93,15,6,26),(26,93,16,6,26),(26,93,17,6,26),(26,99,1,4,26),(26,99,5,4,26),(26,99,6,4,26),(26,99,7,4,26),(26,99,8,4,26),(26,99,9,4,26),(26,99,10,4,26),(26,99,11,4,26),(26,99,14,4,26),(26,99,15,4,26),(26,99,16,4,26),(26,99,17,4,26),(26,173,1,15,26),(26,173,5,15,26),(26,173,6,15,26),(26,173,7,15,26),(26,173,8,15,26),(26,173,9,15,26),(26,173,10,15,26),(26,173,11,15,26),(26,173,14,15,26),(26,173,15,15,26),(26,173,16,15,26),(26,173,17,15,26),(27,93,1,6,27),(27,93,5,6,27),(27,93,6,6,27),(27,93,7,6,27),(27,93,8,6,27),(27,93,9,6,27),(27,93,10,6,27),(27,93,11,6,27),(27,93,14,6,27),(27,93,15,6,27),(27,93,16,6,27),(27,93,17,6,27),(27,99,1,4,27),(27,99,5,4,27),(27,99,6,4,27),(27,99,7,4,27),(27,99,8,4,27),(27,99,9,4,27),(27,99,10,4,27),(27,99,11,4,27),(27,99,14,4,27),(27,99,15,4,27),(27,99,16,4,27),(27,99,17,4,27),(27,173,1,14,27),(27,173,5,14,27),(27,173,6,14,27),(27,173,7,14,27),(27,173,8,14,27),(27,173,9,14,27),(27,173,10,14,27),(27,173,11,14,27),(27,173,14,14,27),(27,173,15,14,27),(27,173,16,14,27),(27,173,17,14,27),(32,93,1,6,32),(32,93,5,6,32),(32,93,6,6,32),(32,93,7,6,32),(32,93,8,6,32),(32,93,9,6,32),(32,93,10,6,32),(32,93,11,6,32),(32,93,14,6,32),(32,93,15,6,32),(32,93,16,6,32),(32,93,17,6,32),(32,99,1,4,32),(32,99,5,4,32),(32,99,6,4,32),(32,99,7,4,32),(32,99,8,4,32),(32,99,9,4,32),(32,99,10,4,32),(32,99,11,4,32),(32,99,14,4,32),(32,99,15,4,32),(32,99,16,4,32),(32,99,17,4,32),(32,173,1,13,32),(32,173,5,13,32),(32,173,6,13,32),(32,173,7,13,32),(32,173,8,13,32),(32,173,9,13,32),(32,173,10,13,32),(32,173,11,13,32),(32,173,14,13,32),(32,173,15,13,32),(32,173,16,13,32),(32,173,17,13,32),(33,93,1,6,33),(33,93,5,6,33),(33,93,6,6,33),(33,93,7,6,33),(33,93,8,6,33),(33,93,9,6,33),(33,93,10,6,33),(33,93,11,6,33),(33,93,14,6,33),(33,93,15,6,33),(33,93,16,6,33),(33,93,17,6,33),(33,99,1,4,33),(33,99,5,4,33),(33,99,6,4,33),(33,99,7,4,33),(33,99,8,4,33),(33,99,9,4,33),(33,99,10,4,33),(33,99,11,4,33),(33,99,14,4,33),(33,99,15,4,33),(33,99,16,4,33),(33,99,17,4,33),(33,173,1,15,33),(33,173,5,15,33),(33,173,6,15,33),(33,173,7,15,33),(33,173,8,15,33),(33,173,9,15,33),(33,173,10,15,33),(33,173,11,15,33),(33,173,14,15,33),(33,173,15,15,33),(33,173,16,15,33),(33,173,17,15,33),(34,93,1,7,34),(34,93,5,7,34),(34,93,6,7,34),(34,93,7,7,34),(34,93,8,7,34),(34,93,9,7,34),(34,93,10,7,34),(34,93,11,7,34),(34,93,14,7,34),(34,93,15,7,34),(34,93,16,7,34),(34,93,17,7,34),(34,99,1,4,34),(34,99,5,4,34),(34,99,6,4,34),(34,99,7,4,34),(34,99,8,4,34),(34,99,9,4,34),(34,99,10,4,34),(34,99,11,4,34),(34,99,14,4,34),(34,99,15,4,34),(34,99,16,4,34),(34,99,17,4,34),(34,173,1,17,34),(34,173,5,17,34),(34,173,6,17,34),(34,173,7,17,34),(34,173,8,17,34),(34,173,9,17,34),(34,173,10,17,34),(34,173,11,17,34),(34,173,14,17,34),(34,173,15,17,34),(34,173,16,17,34),(34,173,17,17,34),(35,93,1,4,35),(35,93,5,4,35),(35,93,6,4,35),(35,93,7,4,35),(35,93,8,4,35),(35,93,9,4,35),(35,93,10,4,35),(35,93,11,4,35),(35,93,14,4,35),(35,93,15,4,35),(35,93,16,4,35),(35,93,17,4,35),(35,99,1,4,35),(35,99,5,4,35),(35,99,6,4,35),(35,99,7,4,35),(35,99,8,4,35),(35,99,9,4,35),(35,99,10,4,35),(35,99,11,4,35),(35,99,14,4,35),(35,99,15,4,35),(35,99,16,4,35),(35,99,17,4,35),(35,173,1,13,35),(35,173,5,13,35),(35,173,6,13,35),(35,173,7,13,35),(35,173,8,13,35),(35,173,9,13,35),(35,173,10,13,35),(35,173,11,13,35),(35,173,14,13,35),(35,173,15,13,35),(35,173,16,13,35),(35,173,17,13,35),(36,93,1,4,36),(36,93,5,4,36),(36,93,6,4,36),(36,93,7,4,36),(36,93,8,4,36),(36,93,9,4,36),(36,93,10,4,36),(36,93,11,4,36),(36,93,14,4,36),(36,93,15,4,36),(36,93,16,4,36),(36,93,17,4,36),(36,99,1,4,36),(36,99,5,4,36),(36,99,6,4,36),(36,99,7,4,36),(36,99,8,4,36),(36,99,9,4,36),(36,99,10,4,36),(36,99,11,4,36),(36,99,14,4,36),(36,99,15,4,36),(36,99,16,4,36),(36,99,17,4,36),(36,173,1,17,36),(36,173,5,17,36),(36,173,6,17,36),(36,173,7,17,36),(36,173,8,17,36),(36,173,9,17,36),(36,173,10,17,36),(36,173,11,17,36),(36,173,14,17,36),(36,173,15,17,36),(36,173,16,17,36),(36,173,17,17,36),(37,93,1,5,37),(37,93,5,5,37),(37,93,6,5,37),(37,93,7,5,37),(37,93,8,5,37),(37,93,9,5,37),(37,93,10,5,37),(37,93,11,5,37),(37,93,14,5,37),(37,93,15,5,37),(37,93,16,5,37),(37,93,17,5,37),(37,99,1,4,37),(37,99,5,4,37),(37,99,6,4,37),(37,99,7,4,37),(37,99,8,4,37),(37,99,9,4,37),(37,99,10,4,37),(37,99,11,4,37),(37,99,14,4,37),(37,99,15,4,37),(37,99,16,4,37),(37,99,17,4,37),(37,173,1,13,37),(37,173,5,13,37),(37,173,6,13,37),(37,173,7,13,37),(37,173,8,13,37),(37,173,9,13,37),(37,173,10,13,37),(37,173,11,13,37),(37,173,14,13,37),(37,173,15,13,37),(37,173,16,13,37),(37,173,17,13,37),(38,93,1,6,38),(38,93,5,6,38),(38,93,6,6,38),(38,93,7,6,38),(38,93,8,6,38),(38,93,9,6,38),(38,93,10,6,38),(38,93,11,6,38),(38,93,14,6,38),(38,93,15,6,38),(38,93,16,6,38),(38,93,17,6,38),(38,99,1,4,38),(38,99,5,4,38),(38,99,6,4,38),(38,99,7,4,38),(38,99,8,4,38),(38,99,9,4,38),(38,99,10,4,38),(38,99,11,4,38),(38,99,14,4,38),(38,99,15,4,38),(38,99,16,4,38),(38,99,17,4,38),(38,173,1,15,38),(38,173,5,15,38),(38,173,6,15,38),(38,173,7,15,38),(38,173,8,15,38),(38,173,9,15,38),(38,173,10,15,38),(38,173,11,15,38),(38,173,14,15,38),(38,173,15,15,38),(38,173,16,15,38),(38,173,17,15,38),(39,93,1,6,39),(39,93,5,6,39),(39,93,6,6,39),(39,93,7,6,39),(39,93,8,6,39),(39,93,9,6,39),(39,93,10,6,39),(39,93,11,6,39),(39,93,14,6,39),(39,93,15,6,39),(39,93,16,6,39),(39,93,17,6,39),(39,99,1,4,39),(39,99,5,4,39),(39,99,6,4,39),(39,99,7,4,39),(39,99,8,4,39),(39,99,9,4,39),(39,99,10,4,39),(39,99,11,4,39),(39,99,14,4,39),(39,99,15,4,39),(39,99,16,4,39),(39,99,17,4,39),(39,173,1,14,39),(39,173,5,14,39),(39,173,6,14,39),(39,173,7,14,39),(39,173,8,14,39),(39,173,9,14,39),(39,173,10,14,39),(39,173,11,14,39),(39,173,14,14,39),(39,173,15,14,39),(39,173,16,14,39),(39,173,17,14,39),(40,93,1,5,40),(40,93,5,5,40),(40,93,6,5,40),(40,93,7,5,40),(40,93,8,5,40),(40,93,9,5,40),(40,93,10,5,40),(40,93,11,5,40),(40,93,14,5,40),(40,93,15,5,40),(40,93,16,5,40),(40,93,17,5,40),(40,99,1,4,40),(40,99,5,4,40),(40,99,6,4,40),(40,99,7,4,40),(40,99,8,4,40),(40,99,9,4,40),(40,99,10,4,40),(40,99,11,4,40),(40,99,14,4,40),(40,99,15,4,40),(40,99,16,4,40),(40,99,17,4,40),(40,173,1,14,40),(40,173,5,14,40),(40,173,6,14,40),(40,173,7,14,40),(40,173,8,14,40),(40,173,9,14,40),(40,173,10,14,40),(40,173,11,14,40),(40,173,14,14,40),(40,173,15,14,40),(40,173,16,14,40),(40,173,17,14,40),(41,93,1,6,41),(41,93,5,6,41),(41,93,6,6,41),(41,93,7,6,41),(41,93,8,6,41),(41,93,9,6,41),(41,93,10,6,41),(41,93,11,6,41),(41,93,14,6,41),(41,93,15,6,41),(41,93,16,6,41),(41,93,17,6,41),(41,99,1,4,41),(41,99,5,4,41),(41,99,6,4,41),(41,99,7,4,41),(41,99,8,4,41),(41,99,9,4,41),(41,99,10,4,41),(41,99,11,4,41),(41,99,14,4,41),(41,99,15,4,41),(41,99,16,4,41),(41,99,17,4,41),(41,173,1,17,41),(41,173,5,17,41),(41,173,6,17,41),(41,173,7,17,41),(41,173,8,17,41),(41,173,9,17,41),(41,173,10,17,41),(41,173,11,17,41),(41,173,14,17,41),(41,173,15,17,41),(41,173,16,17,41),(41,173,17,17,41),(42,93,1,6,42),(42,93,5,6,42),(42,93,6,6,42),(42,93,7,6,42),(42,93,8,6,42),(42,93,9,6,42),(42,93,10,6,42),(42,93,11,6,42),(42,93,14,6,42),(42,93,15,6,42),(42,93,16,6,42),(42,93,17,6,42),(42,99,1,4,42),(42,99,5,4,42),(42,99,6,4,42),(42,99,7,4,42),(42,99,8,4,42),(42,99,9,4,42),(42,99,10,4,42),(42,99,11,4,42),(42,99,14,4,42),(42,99,15,4,42),(42,99,16,4,42),(42,99,17,4,42),(44,93,16,5,89),(44,93,16,6,90),(44,93,16,7,91),(44,93,17,5,89),(44,93,17,6,90),(44,93,17,7,91),(44,99,1,4,44),(44,99,5,4,44),(44,99,6,4,44),(44,99,7,4,44),(44,99,8,4,44),(44,99,9,4,44),(44,99,10,4,44),(44,99,11,4,44),(44,99,14,4,44),(44,99,15,4,44),(44,99,16,1,89),(44,99,16,1,90),(44,99,16,1,91),(44,99,16,4,44),(44,99,17,1,89),(44,99,17,1,90),(44,99,17,1,91),(44,99,17,4,44),(45,93,1,4,45),(45,93,5,4,45),(45,93,6,4,45),(45,93,7,4,45),(45,93,8,4,45),(45,93,9,4,45),(45,93,10,4,45),(45,93,11,4,45),(45,93,14,4,45),(45,93,15,4,45),(45,93,16,4,45),(45,93,17,4,45),(45,99,1,4,45),(45,99,5,4,45),(45,99,6,4,45),(45,99,7,4,45),(45,99,8,4,45),(45,99,9,4,45),(45,99,10,4,45),(45,99,11,4,45),(45,99,14,4,45),(45,99,15,4,45),(45,99,16,4,45),(45,99,17,4,45),(45,173,1,14,45),(45,173,5,14,45),(45,173,6,14,45),(45,173,7,14,45),(45,173,8,14,45),(45,173,9,14,45),(45,173,10,14,45),(45,173,11,14,45),(45,173,14,14,45),(45,173,15,14,45),(45,173,16,14,45),(45,173,17,14,45),(46,93,1,5,46),(46,93,5,5,46),(46,93,6,5,46),(46,93,7,5,46),(46,93,8,5,46),(46,93,9,5,46),(46,93,10,5,46),(46,93,11,5,46),(46,93,14,5,46),(46,93,15,5,46),(46,93,16,5,46),(46,93,17,5,46),(46,99,1,4,46),(46,99,5,4,46),(46,99,6,4,46),(46,99,7,4,46),(46,99,8,4,46),(46,99,9,4,46),(46,99,10,4,46),(46,99,11,4,46),(46,99,14,4,46),(46,99,15,4,46),(46,99,16,4,46),(46,99,17,4,46),(46,173,1,13,46),(46,173,5,13,46),(46,173,6,13,46),(46,173,7,13,46),(46,173,8,13,46),(46,173,9,13,46),(46,173,10,13,46),(46,173,11,13,46),(46,173,14,13,46),(46,173,15,13,46),(46,173,16,13,46),(46,173,17,13,46),(47,93,1,7,47),(47,93,5,7,47),(47,93,6,7,47),(47,93,7,7,47),(47,93,8,7,47),(47,93,9,7,47),(47,93,10,7,47),(47,93,11,7,47),(47,93,14,7,47),(47,93,15,7,47),(47,93,16,7,47),(47,93,17,7,47),(47,99,1,4,47),(47,99,5,4,47),(47,99,6,4,47),(47,99,7,4,47),(47,99,8,4,47),(47,99,9,4,47),(47,99,10,4,47),(47,99,11,4,47),(47,99,14,4,47),(47,99,15,4,47),(47,99,16,4,47),(47,99,17,4,47),(47,173,1,17,47),(47,173,5,17,47),(47,173,6,17,47),(47,173,7,17,47),(47,173,8,17,47),(47,173,9,17,47),(47,173,10,17,47),(47,173,11,17,47),(47,173,14,17,47),(47,173,15,17,47),(47,173,16,17,47),(47,173,17,17,47),(48,93,1,6,48),(48,93,5,6,48),(48,93,6,6,48),(48,93,7,6,48),(48,93,8,6,48),(48,93,9,6,48),(48,93,10,6,48),(48,93,11,6,48),(48,93,14,6,48),(48,93,15,6,48),(48,93,16,6,48),(48,93,17,6,48),(48,99,1,4,48),(48,99,5,4,48),(48,99,6,4,48),(48,99,7,4,48),(48,99,8,4,48),(48,99,9,4,48),(48,99,10,4,48),(48,99,11,4,48),(48,99,14,4,48),(48,99,15,4,48),(48,99,16,4,48),(48,99,17,4,48),(48,173,1,16,48),(48,173,5,16,48),(48,173,6,16,48),(48,173,7,16,48),(48,173,8,16,48),(48,173,9,16,48),(48,173,10,16,48),(48,173,11,16,48),(48,173,14,16,48),(48,173,15,16,48),(48,173,16,16,48),(48,173,17,16,48),(49,93,1,7,49),(49,93,5,7,49),(49,93,6,7,49),(49,93,7,7,49),(49,93,8,7,49),(49,93,9,7,49),(49,93,10,7,49),(49,93,11,7,49),(49,93,14,7,49),(49,93,15,7,49),(49,93,16,7,49),(49,93,17,7,49),(49,99,1,4,49),(49,99,5,4,49),(49,99,6,4,49),(49,99,7,4,49),(49,99,8,4,49),(49,99,9,4,49),(49,99,10,4,49),(49,99,11,4,49),(49,99,14,4,49),(49,99,15,4,49),(49,99,16,4,49),(49,99,17,4,49),(49,173,1,15,49),(49,173,5,15,49),(49,173,6,15,49),(49,173,7,15,49),(49,173,8,15,49),(49,173,9,15,49),(49,173,10,15,49),(49,173,11,15,49),(49,173,14,15,49),(49,173,15,15,49),(49,173,16,15,49),(49,173,17,15,49),(50,93,1,6,50),(50,93,5,6,50),(50,93,6,6,50),(50,93,7,6,50),(50,93,8,6,50),(50,93,9,6,50),(50,93,10,6,50),(50,93,11,6,50),(50,93,14,6,50),(50,93,15,6,50),(50,93,16,6,50),(50,93,17,6,50),(50,99,1,4,50),(50,99,5,4,50),(50,99,6,4,50),(50,99,7,4,50),(50,99,8,4,50),(50,99,9,4,50),(50,99,10,4,50),(50,99,11,4,50),(50,99,14,4,50),(50,99,15,4,50),(50,99,16,4,50),(50,99,17,4,50),(50,173,1,14,50),(50,173,5,14,50),(50,173,6,14,50),(50,173,7,14,50),(50,173,8,14,50),(50,173,9,14,50),(50,173,10,14,50),(50,173,11,14,50),(50,173,14,14,50),(50,173,15,14,50),(50,173,16,14,50),(50,173,17,14,50),(51,93,1,4,51),(51,93,5,4,51),(51,93,6,4,51),(51,93,7,4,51),(51,93,8,4,51),(51,93,9,4,51),(51,93,10,4,51),(51,93,11,4,51),(51,93,14,4,51),(51,93,15,4,51),(51,93,16,4,51),(51,93,17,4,51),(51,99,1,4,51),(51,99,5,4,51),(51,99,6,4,51),(51,99,7,4,51),(51,99,8,4,51),(51,99,9,4,51),(51,99,10,4,51),(51,99,11,4,51),(51,99,14,4,51),(51,99,15,4,51),(51,99,16,4,51),(51,99,17,4,51),(51,173,1,17,51),(51,173,5,17,51),(51,173,6,17,51),(51,173,7,17,51),(51,173,8,17,51),(51,173,9,17,51),(51,173,10,17,51),(51,173,11,17,51),(51,173,14,17,51),(51,173,15,17,51),(51,173,16,17,51),(51,173,17,17,51),(52,93,1,5,52),(52,93,5,5,52),(52,93,6,5,52),(52,93,7,5,52),(52,93,8,5,52),(52,93,9,5,52),(52,93,10,5,52),(52,93,11,5,52),(52,93,14,5,52),(52,93,15,5,52),(52,93,16,5,52),(52,93,17,5,52),(52,99,1,4,52),(52,99,5,4,52),(52,99,6,4,52),(52,99,7,4,52),(52,99,8,4,52),(52,99,9,4,52),(52,99,10,4,52),(52,99,11,4,52),(52,99,14,4,52),(52,99,15,4,52),(52,99,16,4,52),(52,99,17,4,52),(52,173,1,16,52),(52,173,5,16,52),(52,173,6,16,52),(52,173,7,16,52),(52,173,8,16,52),(52,173,9,16,52),(52,173,10,16,52),(52,173,11,16,52),(52,173,14,16,52),(52,173,15,16,52),(52,173,16,16,52),(52,173,17,16,52),(53,93,1,7,53),(53,93,5,7,53),(53,93,6,7,53),(53,93,7,7,53),(53,93,8,7,53),(53,93,9,7,53),(53,93,10,7,53),(53,93,11,7,53),(53,93,14,7,53),(53,93,15,7,53),(53,93,16,7,53),(53,93,17,7,53),(53,99,1,4,53),(53,99,5,4,53),(53,99,6,4,53),(53,99,7,4,53),(53,99,8,4,53),(53,99,9,4,53),(53,99,10,4,53),(53,99,11,4,53),(53,99,14,4,53),(53,99,15,4,53),(53,99,16,4,53),(53,99,17,4,53),(53,173,1,13,53),(53,173,5,13,53),(53,173,6,13,53),(53,173,7,13,53),(53,173,8,13,53),(53,173,9,13,53),(53,173,10,13,53),(53,173,11,13,53),(53,173,14,13,53),(53,173,15,13,53),(53,173,16,13,53),(53,173,17,13,53),(54,93,16,4,71),(54,93,16,4,75),(54,93,16,4,79),(54,93,16,5,72),(54,93,16,5,76),(54,93,16,5,80),(54,93,16,6,73),(54,93,16,6,77),(54,93,16,6,81),(54,93,16,7,70),(54,93,16,7,74),(54,93,16,7,78),(54,93,17,4,71),(54,93,17,4,75),(54,93,17,4,79),(54,93,17,5,72),(54,93,17,5,76),(54,93,17,5,80),(54,93,17,6,73),(54,93,17,6,77),(54,93,17,6,81),(54,93,17,7,70),(54,93,17,7,74),(54,93,17,7,78),(54,99,1,4,54),(54,99,5,4,54),(54,99,6,4,54),(54,99,7,4,54),(54,99,8,4,54),(54,99,9,4,54),(54,99,10,4,54),(54,99,11,4,54),(54,99,14,4,54),(54,99,15,4,54),(54,99,16,1,70),(54,99,16,1,71),(54,99,16,1,72),(54,99,16,1,73),(54,99,16,1,74),(54,99,16,1,75),(54,99,16,1,76),(54,99,16,1,77),(54,99,16,1,78),(54,99,16,1,79),(54,99,16,1,80),(54,99,16,1,81),(54,99,16,4,54),(54,99,17,1,70),(54,99,17,1,71),(54,99,17,1,72),(54,99,17,1,73),(54,99,17,1,74),(54,99,17,1,75),(54,99,17,1,76),(54,99,17,1,77),(54,99,17,1,78),(54,99,17,1,79),(54,99,17,1,80),(54,99,17,1,81),(54,99,17,4,54),(54,173,16,15,70),(54,173,16,15,71),(54,173,16,15,72),(54,173,16,15,73),(54,173,16,16,78),(54,173,16,16,79),(54,173,16,16,80),(54,173,16,16,81),(54,173,16,17,74),(54,173,16,17,75),(54,173,16,17,76),(54,173,16,17,77),(54,173,17,15,70),(54,173,17,15,71),(54,173,17,15,72),(54,173,17,15,73),(54,173,17,16,78),(54,173,17,16,79),(54,173,17,16,80),(54,173,17,16,81),(54,173,17,17,74),(54,173,17,17,75),(54,173,17,17,76),(54,173,17,17,77),(55,93,1,7,55),(55,93,5,7,55),(55,93,6,7,55),(55,93,7,7,55),(55,93,8,7,55),(55,93,9,7,55),(55,93,10,7,55),(55,93,11,7,55),(55,93,14,7,55),(55,93,15,7,55),(55,93,16,7,55),(55,93,17,7,55),(55,99,1,4,55),(55,99,5,4,55),(55,99,6,4,55),(55,99,7,4,55),(55,99,8,4,55),(55,99,9,4,55),(55,99,10,4,55),(55,99,11,4,55),(55,99,14,4,55),(55,99,15,4,55),(55,99,16,4,55),(55,99,17,4,55),(55,173,1,14,55),(55,173,5,14,55),(55,173,6,14,55),(55,173,7,14,55),(55,173,8,14,55),(55,173,9,14,55),(55,173,10,14,55),(55,173,11,14,55),(55,173,14,14,55),(55,173,15,14,55),(55,173,16,14,55),(55,173,17,14,55),(56,93,1,6,56),(56,93,5,6,56),(56,93,6,6,56),(56,93,7,6,56),(56,93,8,6,56),(56,93,9,6,56),(56,93,10,6,56),(56,93,11,6,56),(56,93,14,6,56),(56,93,15,6,56),(56,93,16,6,56),(56,93,17,6,56),(56,99,1,4,56),(56,99,5,4,56),(56,99,6,4,56),(56,99,7,4,56),(56,99,8,4,56),(56,99,9,4,56),(56,99,10,4,56),(56,99,11,4,56),(56,99,14,4,56),(56,99,15,4,56),(56,99,16,4,56),(56,99,17,4,56),(56,173,1,13,56),(56,173,5,13,56),(56,173,6,13,56),(56,173,7,13,56),(56,173,8,13,56),(56,173,9,13,56),(56,173,10,13,56),(56,173,11,13,56),(56,173,14,13,56),(56,173,15,13,56),(56,173,16,13,56),(56,173,17,13,56);

--
